-- Generated by Craft v2.6.2985 on Jul 10, 2017, 11:44:13 PM.

--
-- Disable foreign key checks and autocommit.
--





--
-- Schema for table `guide_assetfiles`
--
CREATE TABLE `guide_assetfiles` (
  `id` int(11) NOT NULL,
  `sourceId` int(11) DEFAULT NULL,
  `folderId` int(11) NOT NULL,
  `filename` varchar(255) COLLATE utf8_unicode_ci NOT NULL,
  `kind` varchar(50) COLLATE utf8_unicode_ci NOT NULL DEFAULT 'unknown',
  `width` int(11) unsigned DEFAULT NULL,
  `height` int(11) unsigned DEFAULT NULL,
  `size` bigint(20) unsigned DEFAULT NULL,
  `dateModified` datetime DEFAULT NULL,
  `dateCreated` datetime NOT NULL,
  `dateUpdated` datetime NOT NULL,
  `uid` char(36) COLLATE utf8_unicode_ci NOT NULL DEFAULT '0',
  PRIMARY KEY (`id`),
  UNIQUE KEY `guide_assetfiles_filename_folderId_unq_idx` (`filename`,`folderId`),
  KEY `guide_assetfiles_sourceId_fk` (`sourceId`),
  KEY `guide_assetfiles_folderId_fk` (`folderId`)
) ENGINE=InnoDB DEFAULT CHARSET=utf8 COLLATE=utf8_unicode_ci;

--
-- Data for table `guide_assetfiles`
--

INSERT INTO `guide_assetfiles` (`id`, `sourceId`, `folderId`, `filename`, `kind`, `width`, `height`, `size`, `dateModified`, `dateCreated`, `dateUpdated`, `uid`) VALUES
 ('8', '1', '1', '2249.jpg', 'image', '1920', '1280', '1495210', '2017-06-13 21:27:36', '2017-06-13 21:27:36', '2017-07-10 22:01:51', '905568f0-111c-4c1c-9bbb-f38a0dfba20b'),
 ('9', '4', '4', '2249.jpg', 'image', '1920', '1280', '1495210', '2017-06-13 21:34:11', '2017-06-13 21:34:11', '2017-07-10 22:01:41', '1ec6ee78-1c17-44c1-885f-8842e2799149'),
 ('10', '1', '1', '1899.jpg', 'image', '1920', '1280', '1446434', '2017-06-13 21:38:53', '2017-06-13 21:38:54', '2017-07-10 22:01:49', '9060d58c-bd7a-44c8-b257-b29f94650dc9'),
 ('12', '3', '3', '35847.jpg', 'image', '1920', '1079', '1456079', '2017-06-13 21:43:44', '2017-06-13 21:43:44', '2017-07-10 22:01:40', 'aa5f0fbb-05a4-492b-886b-cab0eb9ec6ba'),
 ('14', '2', '2', 'gopro.jpg', 'image', '1920', '1080', '301793', '2017-06-13 21:50:33', '2017-06-13 21:50:33', '2017-07-10 22:01:38', 'fe1f39dc-5f06-4167-9995-32b44253c0f3'),
 ('17', '4', '4', 'kaci-baum-266662-min.jpg', 'image', '3840', '2048', '1501621', '2017-06-14 17:16:21', '2017-06-14 16:26:59', '2017-07-10 22:01:44', '9f0b76f7-5baf-487b-ab8e-c85b7e85c589'),
 ('25', '5', '5', 'heineken-icon.svg', 'image', '339', '80', '5966', '2017-06-14 19:30:43', '2017-06-14 19:23:57', '2017-07-10 22:01:48', '0955803b-fb26-47a0-8fca-35cd1582317d'),
 ('26', '5', '5', 'logo-heineken.png', 'image', '678', '160', '9161', '2017-06-14 19:33:59', '2017-06-14 19:27:13', '2017-07-10 22:01:48', 'eb5ecd5f-eafd-4ebb-b083-9883a40d5598'),
 ('27', '3', '3', 'patrick-tomasso-42345-min.jpg', 'image', '1920', '1440', '687517', '2017-06-14 20:08:45', '2017-06-14 20:02:00', '2017-07-10 22:01:41', 'ba009cf0-b78d-42ed-b345-93f4ed13a74b'),
 ('29', '3', '3', '19126134_10210672482501367_280490407_o.jpg', 'image', '2048', '1365', '336604', '2017-06-14 20:13:08', '2017-06-14 20:06:23', '2017-07-10 22:01:40', 'a5ffaba7-a52f-42d4-b33c-482e09632144'),
 ('31', '1', '1', 'dasha-vdovichenko-41596.jpg', 'image', '3487', '2190', '988239', '2017-06-14 22:35:11', '2017-06-14 22:28:31', '2017-07-10 22:01:52', '078078e2-198c-4634-a5ff-4f9022724108'),
 ('32', '1', '1', 'anthony-tori-115580-min.jpg', 'image', '3840', '2560', '1235245', '2017-06-14 22:40:07', '2017-06-14 22:32:09', '2017-07-10 22:01:51', '7ad926c4-c491-4e19-a975-042418256f1e'),
 ('35', '4', '4', 'IMG_20150710_152245-min.jpg', 'image', '3840', '2880', '1432650', '2017-06-14 22:46:18', '2017-06-14 22:39:38', '2017-07-10 22:01:42', '4e7877a4-8d57-4e67-a01d-f49fea303b20'),
 ('36', '1', '1', 'clay-banks-170882.jpg', 'image', '2300', '1535', '1275296', '2017-06-14 22:49:30', '2017-06-14 22:42:50', '2017-07-10 22:01:52', 'cb45e3d6-feeb-443f-bd70-127e7852bec1'),
 ('37', '5', '5', 'logo-uber.png', 'image', '230', '48', '2800', '2017-06-14 22:51:05', '2017-06-14 22:44:25', '2017-07-10 22:01:48', '1c6b534b-f4c5-49fe-99ce-83a76290074e'),
 ('38', '1', '1', 'matthew-kane-278419.jpg', 'image', '3992', '2242', '2086068', '2017-06-14 22:55:25', '2017-06-14 22:48:45', '2017-07-10 22:01:54', 'c466c2fb-4925-4a99-ae0e-05588bb9d0ed'),
 ('39', '1', '1', 'matthew-kane-171732-min.jpg', 'image', '3840', '2157', '2579817', '2017-06-14 23:02:31', '2017-06-14 22:55:51', '2017-07-10 22:01:53', 'f5dc1876-122a-4d31-962b-aa98ed02ce56'),
 ('40', '4', '4', 'matthew-kane-171732-min.jpg', 'image', '3840', '2157', '2579817', '2017-06-14 23:07:10', '2017-06-14 23:00:31', '2017-07-10 22:01:45', 'edbefe9d-4cd8-4430-93ab-e4d9b4808133'),
 ('41', '4', '4', 'jonny-clow-35081-min.jpg', 'image', '3840', '2562', '1002683', '2017-06-14 23:09:53', '2017-06-14 23:03:13', '2017-07-10 22:01:44', '89fa231c-ef88-4ef7-8a62-438b41866e17'),
 ('42', '1', '1', 'jonny-clow-35081-min.jpg', 'image', '3840', '2562', '1002683', '2017-06-14 23:10:35', '2017-06-14 23:03:56', '2017-07-10 22:01:53', '761debb8-88d9-4895-a02c-db1b4b2b1c79'),
 ('44', '2', '2', 'product-03.jpg', 'image', '1500', '1000', '387575', '2017-06-15 14:28:48', '2017-06-15 14:28:48', '2017-07-10 22:01:39', 'fa359a56-49c5-43cc-a501-9a3db5dfb51e'),
 ('48', '8', '8', '2qIFuF.jpg', 'image', '1200', '400', '427761', '2017-06-15 16:59:23', '2017-06-15 16:52:46', '2017-07-10 22:01:48', '55ae356b-cc63-4959-a1ea-e811f1257f0b'),
 ('50', '8', '8', '1tzpGr.jpg', 'image', '1200', '400', '385952', '2017-06-15 17:04:53', '2017-06-15 16:58:16', '2017-07-10 22:01:47', '380e422a-d50d-42ab-9eb4-f0f864fc243e'),
 ('52', '8', '8', 'Z2q31u2.jpg', 'image', '1200', '400', '495088', '2017-06-15 17:06:12', '2017-06-15 16:59:35', '2017-07-10 22:01:48', 'e0286bea-cdfe-460d-8361-7a0b1d91aa30'),
 ('54', '2', '2', 'bag.jpg', 'image', '980', '653', '343420', '2017-06-15 19:59:42', '2017-06-15 19:53:10', '2017-07-10 22:01:38', '595d604f-577c-43de-87c8-099c1b44d9a5'),
 ('56', '2', '2', 'unpacked.jpg', 'image', '909', '615', '77967', '2017-06-15 20:01:49', '2017-06-15 19:55:17', '2017-07-10 22:01:39', '65dcafdc-a6f7-4258-8158-efe904a19788'),
 ('57', '2', '2', 'Todd-Glaser-packing-list-4.jpg', 'image', '980', '653', '299682', '2017-06-15 20:03:23', '2017-06-15 19:56:51', '2017-07-10 22:01:36', '72f4f906-ef2e-4f3c-9e1d-f54271692c99'),
 ('59', '4', '4', 'john-towner-117301-min.jpg', 'image', '3840', '2160', '1767931', '2017-06-16 15:15:51', '2017-06-16 15:06:22', '2017-07-10 22:01:43', 'c2e8f9eb-5635-42b6-a403-0607b7f549cf'),
 ('60', '4', '4', 'noah-silliman-155839-min.jpg', 'image', '3840', '2560', '1684844', '2017-06-16 15:15:53', '2017-06-16 15:06:23', '2017-07-10 22:01:46', '37823fcb-aba4-4d5c-b612-67e3363274d5'),
 ('61', '4', '4', 'annie-spratt-126510-min.jpg', 'image', '3840', '2556', '1986852', '2017-06-16 15:15:55', '2017-06-16 15:06:26', '2017-07-10 22:01:42', '20f9a814-4a44-4b00-bb62-f3ac0b9d8b2a'),
 ('62', '4', '4', 'vadim-sherbakov-41909-min.jpg', 'image', '3840', '2560', '2107066', '2017-06-16 15:15:57', '2017-06-16 15:06:28', '2017-07-10 22:01:46', 'b1d082ab-0a90-43f3-add6-1360b3fc99bb'),
 ('64', '1', '1', 'annie-spratt-126510-min.jpg', 'image', '3840', '2556', '1986852', '2017-06-16 15:57:02', '2017-06-16 15:47:34', '2017-07-10 22:01:50', '90ea28a3-e719-46db-ab84-4cccc5a910cb'),
 ('70', '1', '1', 'andre-benz-250740-min.jpg', 'image', '3840', '2647', '1205301', '2017-06-21 14:02:50', '2017-06-21 14:02:50', '2017-07-10 22:01:50', '88f78231-650f-4856-bc55-4cb8b961bb33'),
 ('89', '1', '1', 'rob-bye-66757-min.jpg', 'image', '3264', '2448', '874257', '2017-06-22 10:48:51', '2017-06-22 10:48:51', '2017-07-10 22:01:54', 'e2d4689b-6ed3-4df2-9e04-a21c87dac5ef'),
 ('94', '2', '2', 'ryan-hafey-176641-min.jpg', 'image', '3840', '2560', '905958', '2017-06-23 12:35:54', '2017-06-23 12:35:53', '2017-07-10 22:01:39', '3c9008d8-245a-418b-a0eb-eac9ec21ca97'),
 ('95', '2', '2', 'alexander-andrews-247193-min.jpg', 'image', '3316', '2267', '2293178', '2017-06-23 12:37:45', '2017-06-23 12:37:44', '2017-07-10 22:01:37', '53a2b821-a423-48fc-afa6-5746f2712617'),
 ('96', '4', '4', 'jeremy-bishop-219587-min.jpg', 'image', '3840', '2560', '1405392', '2017-06-23 12:42:57', '2017-06-23 12:42:57', '2017-07-10 22:01:43', '3afa9014-a5ef-4985-a2a8-9be7799c4f17'),
 ('97', '6', '6', 'gopro.jpg', 'image', '1920', '1080', '301793', '2017-06-23 12:54:26', '2017-06-23 12:54:26', '2017-07-10 22:01:47', 'def47d8d-a308-4df4-a3b0-27030187d2f9'),
 ('100', '2', '2', 'alexander-andrews-247193-min-markers-min.jpg', 'image', '3316', '2267', '1793153', '2017-06-24 11:08:01', '2017-06-24 11:08:01', '2017-07-10 22:01:38', '208fdf72-6ff5-4386-b896-aa24a7874156');





--
-- Schema for table `guide_assetfolders`
--
CREATE TABLE `guide_assetfolders` (
  `id` int(11) NOT NULL AUTO_INCREMENT,
  `parentId` int(11) DEFAULT NULL,
  `sourceId` int(11) DEFAULT NULL,
  `name` varchar(255) COLLATE utf8_unicode_ci NOT NULL,
  `path` varchar(255) COLLATE utf8_unicode_ci DEFAULT NULL,
  `dateCreated` datetime NOT NULL,
  `dateUpdated` datetime NOT NULL,
  `uid` char(36) COLLATE utf8_unicode_ci NOT NULL DEFAULT '0',
  PRIMARY KEY (`id`),
  UNIQUE KEY `guide_assetfolders_name_parentId_sourceId_unq_idx` (`name`,`parentId`,`sourceId`),
  KEY `guide_assetfolders_parentId_fk` (`parentId`),
  KEY `guide_assetfolders_sourceId_fk` (`sourceId`)
) ENGINE=InnoDB AUTO_INCREMENT=9 DEFAULT CHARSET=utf8 COLLATE=utf8_unicode_ci;

--
-- Data for table `guide_assetfolders`
--

INSERT INTO `guide_assetfolders` (`id`, `parentId`, `sourceId`, `name`, `path`, `dateCreated`, `dateUpdated`, `uid`) VALUES
 ('1', NULL, '1', 'Cities', '', '2017-06-05 17:58:34', '2017-06-05 17:58:34', '33252528-a55d-498d-935b-561de10780a4'),
 ('2', NULL, '2', 'Gears', '', '2017-06-05 17:59:22', '2017-06-05 17:59:22', '204e447f-a9e8-4bcd-a919-a401e9c104e0'),
 ('3', NULL, '3', 'Places', '', '2017-06-05 18:07:39', '2017-06-05 18:07:39', 'b67aed75-94c1-4f6f-b146-ee1c3994fa6f'),
 ('4', NULL, '4', 'Others', '', '2017-06-05 18:08:18', '2017-06-05 18:08:18', 'a8475eee-308a-4c0e-9a34-ef337d32d793'),
 ('5', NULL, '5', 'Promotions', '', '2017-06-06 16:58:12', '2017-06-06 16:58:12', '941c7d57-132a-4cba-b3a4-3b7709ab71ef'),
 ('6', NULL, '6', 'Users', '', '2017-06-13 20:58:33', '2017-06-13 20:58:33', 'de823464-c28c-427d-b266-598c0748ba3a'),
 ('7', NULL, '7', 'Logos', '', '2017-06-14 19:25:08', '2017-06-14 19:25:08', '4adbe00d-79ec-4fd6-a4aa-9d614aa2ca1c'),
 ('8', NULL, '8', 'Briefs', '', '2017-06-15 16:45:38', '2017-06-15 16:45:38', '88876060-9f4a-46f1-8dcf-d71611f37dc8');





--
-- Schema for table `guide_assetindexdata`
--
CREATE TABLE `guide_assetindexdata` (
  `id` int(11) NOT NULL AUTO_INCREMENT,
  `sessionId` varchar(36) COLLATE utf8_unicode_ci NOT NULL DEFAULT '',
  `sourceId` int(10) NOT NULL,
  `offset` int(10) NOT NULL,
  `uri` varchar(255) COLLATE utf8_unicode_ci DEFAULT NULL,
  `size` varchar(255) COLLATE utf8_unicode_ci DEFAULT NULL,
  `recordId` int(10) DEFAULT NULL,
  `dateCreated` datetime NOT NULL,
  `dateUpdated` datetime NOT NULL,
  `uid` char(36) COLLATE utf8_unicode_ci NOT NULL DEFAULT '0',
  PRIMARY KEY (`id`),
  UNIQUE KEY `guide_assetindexdata_sessionId_sourceId_offset_unq_idx` (`sessionId`,`sourceId`,`offset`),
  KEY `guide_assetindexdata_sourceId_fk` (`sourceId`)
) ENGINE=InnoDB AUTO_INCREMENT=72 DEFAULT CHARSET=utf8 COLLATE=utf8_unicode_ci;



--
-- Schema for table `guide_assetsources`
--
CREATE TABLE `guide_assetsources` (
  `id` int(11) NOT NULL AUTO_INCREMENT,
  `name` varchar(255) COLLATE utf8_unicode_ci NOT NULL,
  `handle` varchar(255) COLLATE utf8_unicode_ci NOT NULL,
  `type` varchar(150) COLLATE utf8_unicode_ci NOT NULL,
  `settings` text COLLATE utf8_unicode_ci,
  `sortOrder` smallint(6) unsigned DEFAULT NULL,
  `fieldLayoutId` int(10) DEFAULT NULL,
  `dateCreated` datetime NOT NULL,
  `dateUpdated` datetime NOT NULL,
  `uid` char(36) COLLATE utf8_unicode_ci NOT NULL DEFAULT '0',
  PRIMARY KEY (`id`),
  UNIQUE KEY `guide_assetsources_name_unq_idx` (`name`),
  UNIQUE KEY `guide_assetsources_handle_unq_idx` (`handle`),
  KEY `guide_assetsources_fieldLayoutId_fk` (`fieldLayoutId`)
) ENGINE=InnoDB AUTO_INCREMENT=9 DEFAULT CHARSET=utf8 COLLATE=utf8_unicode_ci;

--
-- Data for table `guide_assetsources`
--

INSERT INTO `guide_assetsources` (`id`, `name`, `handle`, `type`, `settings`, `sortOrder`, `fieldLayoutId`, `dateCreated`, `dateUpdated`, `uid`) VALUES
 ('1', 'Cities', 'cities', 'Local', '{\"path\":\"\\/var\\/www\\/wanderbrief-guides\\/public\\/storage\\/images\\/cities\\/\",\"publicURLs\":\"1\",\"url\":\"http:\\/\\/wanderbrief-guides.devrage.io\\/storage\\/images\\/cities\\/\"}', '1', '167', '2017-06-05 17:58:34', '2017-07-10 22:01:29', 'b675aebe-2b4a-47d5-951b-9106f3df6a75'),
 ('2', 'Gears', 'gears', 'Local', '{\"path\":\"\\/var\\/www\\/wanderbrief-guides\\/public\\/storage\\/images\\/gears\\/\",\"publicURLs\":\"1\",\"url\":\"http:\\/\\/wanderbrief-guides.devrage.io\\/storage\\/images\\/gears\\/\"}', '2', '158', '2017-06-05 17:59:22', '2017-07-10 21:57:56', '76f3b074-50eb-46d3-9a4b-f57b10474d46'),
 ('3', 'Places', 'places', 'Local', '{\"path\":\"\\/var\\/www\\/wanderbrief-guides\\/public\\/storage\\/images\\/places\\/\",\"publicURLs\":\"1\",\"url\":\"http:\\/\\/wanderbrief-guides.devrage.io\\/storage\\/images\\/places\\/\"}', '3', '159', '2017-06-05 18:07:39', '2017-07-10 21:58:04', 'b0409883-802e-4709-9647-c29c38cff572'),
 ('4', 'Others', 'others', 'Local', '{\"path\":\"\\/var\\/www\\/wanderbrief-guides\\/public\\/storage\\/images\\/others\\/\",\"publicURLs\":\"1\",\"url\":\"http:\\/\\/wanderbrief-guides.devrage.io\\/storage\\/images\\/others\\/\"}', '4', '160', '2017-06-05 18:08:18', '2017-07-10 21:58:10', '60734df6-bc82-4d8c-ae21-2cb286b3727b'),
 ('5', 'Promotions', 'promotions', 'Local', '{\"path\":\"\\/var\\/www\\/wanderbrief-guides\\/public\\/storage\\/images\\/promotions\\/\",\"publicURLs\":\"1\",\"url\":\"http:\\/\\/wanderbrief-guides.devrage.io\\/storage\\/images\\/promotions\\/\"}', '5', '166', '2017-06-06 16:58:12', '2017-07-10 22:01:21', '5430d38f-800b-4471-863a-33a5895223d5'),
 ('6', 'Users', 'users', 'Local', '{\"path\":\"\\/var\\/www\\/wanderbrief-guides\\/public\\/storage\\/images\\/users\\/\",\"publicURLs\":\"1\",\"url\":\"http:\\/\\/wanderbrief-guides.devrage.io\\/storage\\/images\\/users\\/\"}', '6', '163', '2017-06-13 20:58:33', '2017-07-10 21:58:27', '9322557d-0a81-422d-91cd-5825a8e4233d'),
 ('7', 'Logos', 'logos', 'Local', '{\"path\":\"\\/var\\/www\\/wanderbrief-guides\\/public\\/storage\\/images\\/logos\\/\",\"publicURLs\":\"1\",\"url\":\"http:\\/\\/wanderbrief-guides.devrage.io\\/storage\\/images\\/logos\\/\"}', '7', '164', '2017-06-14 19:25:08', '2017-07-10 21:58:34', '033bf622-26e3-4604-8f22-c19e35a0efac'),
 ('8', 'Briefs', 'briefs', 'Local', '{\"path\":\"\\/var\\/www\\/wanderbrief-guides\\/public\\/storage\\/images\\/briefs\\/\",\"publicURLs\":\"1\",\"url\":\"http:\\/\\/wanderbrief-guides.devrage.io\\/storage\\/images\\/briefs\\/\"}', '8', '165', '2017-06-15 16:45:38', '2017-07-10 21:58:42', '1dd31f9d-9e87-4e7e-a324-337a438b4bd6');





--
-- Schema for table `guide_assettransformindex`
--
CREATE TABLE `guide_assettransformindex` (
  `id` int(11) NOT NULL AUTO_INCREMENT,
  `fileId` int(11) NOT NULL,
  `filename` varchar(255) COLLATE utf8_unicode_ci DEFAULT NULL,
  `format` varchar(255) COLLATE utf8_unicode_ci DEFAULT NULL,
  `location` varchar(255) COLLATE utf8_unicode_ci NOT NULL,
  `sourceId` int(11) DEFAULT NULL,
  `fileExists` tinyint(1) DEFAULT NULL,
  `inProgress` tinyint(1) DEFAULT NULL,
  `dateIndexed` datetime DEFAULT NULL,
  `dateCreated` datetime NOT NULL,
  `dateUpdated` datetime NOT NULL,
  `uid` char(36) COLLATE utf8_unicode_ci NOT NULL DEFAULT '0',
  PRIMARY KEY (`id`),
  KEY `guide_assettransformindex_sourceId_fileId_location_idx` (`sourceId`,`fileId`,`location`)
) ENGINE=InnoDB AUTO_INCREMENT=24 DEFAULT CHARSET=utf8 COLLATE=utf8_unicode_ci;



--
-- Schema for table `guide_assettransforms`
--
CREATE TABLE `guide_assettransforms` (
  `id` int(11) NOT NULL AUTO_INCREMENT,
  `name` varchar(255) COLLATE utf8_unicode_ci NOT NULL,
  `handle` varchar(255) COLLATE utf8_unicode_ci NOT NULL,
  `mode` enum('stretch','fit','crop') COLLATE utf8_unicode_ci NOT NULL DEFAULT 'crop',
  `position` enum('top-left','top-center','top-right','center-left','center-center','center-right','bottom-left','bottom-center','bottom-right') COLLATE utf8_unicode_ci NOT NULL DEFAULT 'center-center',
  `height` int(10) DEFAULT NULL,
  `width` int(10) DEFAULT NULL,
  `format` varchar(255) COLLATE utf8_unicode_ci DEFAULT NULL,
  `quality` int(10) DEFAULT NULL,
  `dimensionChangeTime` datetime DEFAULT NULL,
  `dateCreated` datetime NOT NULL,
  `dateUpdated` datetime NOT NULL,
  `uid` char(36) COLLATE utf8_unicode_ci NOT NULL DEFAULT '0',
  PRIMARY KEY (`id`),
  UNIQUE KEY `guide_assettransforms_name_unq_idx` (`name`),
  UNIQUE KEY `guide_assettransforms_handle_unq_idx` (`handle`)
) ENGINE=InnoDB AUTO_INCREMENT=5 DEFAULT CHARSET=utf8 COLLATE=utf8_unicode_ci;

--
-- Data for table `guide_assettransforms`
--

INSERT INTO `guide_assettransforms` (`id`, `name`, `handle`, `mode`, `position`, `height`, `width`, `format`, `quality`, `dimensionChangeTime`, `dateCreated`, `dateUpdated`, `uid`) VALUES
 ('1', 'Cover', 'cover', 'crop', 'center-center', '1024', '1920', 'jpg', '82', '2017-06-14 17:11:07', '2017-06-06 14:40:20', '2017-06-14 17:11:07', 'f9ffb9e2-eaf8-421d-ac9c-831f4fb9d5f2'),
 ('2', 'Square', 'square', 'crop', 'center-center', '1280', '1280', 'jpg', '82', '2017-06-06 14:40:45', '2017-06-06 14:40:45', '2017-06-06 14:40:45', '091fcfe6-a652-43a9-9d24-23a19f7f071c'),
 ('3', 'Avatar', 'avatar', 'crop', 'center-center', '200', '200', 'jpg', NULL, '2017-06-13 20:59:12', '2017-06-13 20:59:12', '2017-06-13 20:59:12', '205764a1-dea5-4b0f-be7d-599a195dc501'),
 ('4', 'Logo', 'logo', 'fit', 'center-center', '200', '400', 'png', '82', '2017-06-14 19:22:15', '2017-06-14 19:22:15', '2017-06-14 19:22:15', '15e9e85b-92eb-44c9-bfd7-ca76ce6f7e54');





--
-- Schema for table `guide_categories`
--
CREATE TABLE `guide_categories` (
  `id` int(11) NOT NULL,
  `groupId` int(11) NOT NULL,
  `dateCreated` datetime NOT NULL,
  `dateUpdated` datetime NOT NULL,
  `uid` char(36) COLLATE utf8_unicode_ci NOT NULL DEFAULT '0',
  PRIMARY KEY (`id`),
  KEY `guide_categories_groupId_fk` (`groupId`)
) ENGINE=InnoDB DEFAULT CHARSET=utf8 COLLATE=utf8_unicode_ci;

--
-- Data for table `guide_categories`
--

INSERT INTO `guide_categories` (`id`, `groupId`, `dateCreated`, `dateUpdated`, `uid`) VALUES
 ('46', '1', '2017-06-15 15:06:46', '2017-06-15 15:06:46', '7139bfb3-020b-41c7-a532-b442925b8e58'),
 ('47', '1', '2017-06-15 15:06:53', '2017-06-15 15:06:53', '74c295a3-9689-46ac-9cc9-4586b2a690b8');





--
-- Schema for table `guide_categorygroups`
--
CREATE TABLE `guide_categorygroups` (
  `id` int(11) NOT NULL AUTO_INCREMENT,
  `structureId` int(11) NOT NULL,
  `fieldLayoutId` int(11) DEFAULT NULL,
  `name` varchar(255) COLLATE utf8_unicode_ci NOT NULL,
  `handle` varchar(255) COLLATE utf8_unicode_ci NOT NULL,
  `hasUrls` tinyint(1) unsigned NOT NULL DEFAULT '1',
  `template` varchar(500) COLLATE utf8_unicode_ci DEFAULT NULL,
  `dateCreated` datetime NOT NULL,
  `dateUpdated` datetime NOT NULL,
  `uid` char(36) COLLATE utf8_unicode_ci NOT NULL DEFAULT '0',
  PRIMARY KEY (`id`),
  UNIQUE KEY `guide_categorygroups_name_unq_idx` (`name`),
  UNIQUE KEY `guide_categorygroups_handle_unq_idx` (`handle`),
  KEY `guide_categorygroups_structureId_fk` (`structureId`),
  KEY `guide_categorygroups_fieldLayoutId_fk` (`fieldLayoutId`)
) ENGINE=InnoDB AUTO_INCREMENT=2 DEFAULT CHARSET=utf8 COLLATE=utf8_unicode_ci;

--
-- Data for table `guide_categorygroups`
--

INSERT INTO `guide_categorygroups` (`id`, `structureId`, `fieldLayoutId`, `name`, `handle`, `hasUrls`, `template`, `dateCreated`, `dateUpdated`, `uid`) VALUES
 ('1', '1', '37', 'Gears', 'gears', '0', NULL, '2017-06-05 18:56:37', '2017-06-05 18:56:37', 'd919b6d3-f9f8-4f4c-b547-82040c7f346e');





--
-- Schema for table `guide_categorygroups_i18n`
--
CREATE TABLE `guide_categorygroups_i18n` (
  `id` int(11) NOT NULL AUTO_INCREMENT,
  `groupId` int(11) NOT NULL,
  `locale` char(12) COLLATE utf8_unicode_ci NOT NULL,
  `urlFormat` text COLLATE utf8_unicode_ci,
  `nestedUrlFormat` text COLLATE utf8_unicode_ci,
  `dateCreated` datetime NOT NULL,
  `dateUpdated` datetime NOT NULL,
  `uid` char(36) COLLATE utf8_unicode_ci NOT NULL DEFAULT '0',
  PRIMARY KEY (`id`),
  UNIQUE KEY `guide_categorygroups_i18n_groupId_locale_unq_idx` (`groupId`,`locale`),
  KEY `guide_categorygroups_i18n_locale_fk` (`locale`)
) ENGINE=InnoDB AUTO_INCREMENT=2 DEFAULT CHARSET=utf8 COLLATE=utf8_unicode_ci;

--
-- Data for table `guide_categorygroups_i18n`
--

INSERT INTO `guide_categorygroups_i18n` (`id`, `groupId`, `locale`, `urlFormat`, `nestedUrlFormat`, `dateCreated`, `dateUpdated`, `uid`) VALUES
 ('1', '1', 'en', NULL, NULL, '2017-06-05 18:56:37', '2017-06-05 18:56:37', 'fda1f70d-50d4-44a2-bfc8-972878a01d78');





--
-- Schema for table `guide_content`
--
CREATE TABLE `guide_content` (
  `id` int(11) NOT NULL AUTO_INCREMENT,
  `elementId` int(11) NOT NULL,
  `locale` char(12) COLLATE utf8_unicode_ci NOT NULL,
  `title` varchar(255) COLLATE utf8_unicode_ci DEFAULT NULL,
  `field_body` text COLLATE utf8_unicode_ci,
  `field_shortDescription` text COLLATE utf8_unicode_ci,
  `field_metaTitle` varchar(70) COLLATE utf8_unicode_ci DEFAULT NULL,
  `field_metaDescription` varchar(220) COLLATE utf8_unicode_ci DEFAULT NULL,
  `field_internetSpeed` varchar(30) COLLATE utf8_unicode_ci DEFAULT NULL,
  `field_funFactor` varchar(255) COLLATE utf8_unicode_ci DEFAULT 'medium',
  `field_safetyFactor` varchar(255) COLLATE utf8_unicode_ci DEFAULT 'medium',
  `field_polutionFactor` varchar(255) COLLATE utf8_unicode_ci DEFAULT 'medium',
  `field_nomadFriendly` tinyint(1) unsigned NOT NULL DEFAULT '0',
  `field_uberAvailable` text COLLATE utf8_unicode_ci,
  `field_airbnbAvailable` text COLLATE utf8_unicode_ci,
  `field_pricingMeal` varchar(30) COLLATE utf8_unicode_ci DEFAULT NULL,
  `field_pricingCoffee` varchar(30) COLLATE utf8_unicode_ci DEFAULT NULL,
  `field_pricingUnitLocalTransport` varchar(30) COLLATE utf8_unicode_ci DEFAULT NULL,
  `field_pricingTaxi` varchar(30) COLLATE utf8_unicode_ci DEFAULT NULL,
  `field_updateLog` text COLLATE utf8_unicode_ci,
  `field_pros` text COLLATE utf8_unicode_ci,
  `field_cons` text COLLATE utf8_unicode_ci,
  `field_speciality` varchar(120) COLLATE utf8_unicode_ci DEFAULT NULL,
  `field_vibe` varchar(255) COLLATE utf8_unicode_ci DEFAULT NULL,
  `field_placeType` varchar(255) COLLATE utf8_unicode_ci DEFAULT NULL,
  `field_veganOptions` tinyint(1) unsigned NOT NULL DEFAULT '0',
  `field_fullAddress` text COLLATE utf8_unicode_ci,
  `field_googleMapLink` text COLLATE utf8_unicode_ci,
  `field_phone` varchar(30) COLLATE utf8_unicode_ci DEFAULT NULL,
  `field_website` varchar(120) COLLATE utf8_unicode_ci DEFAULT NULL,
  `field_openingHours` text COLLATE utf8_unicode_ci,
  `field_rating` decimal(2,1) unsigned DEFAULT '0.0',
  `field_position` smallint(4) unsigned DEFAULT '0',
  `field_announcerName` varchar(120) COLLATE utf8_unicode_ci DEFAULT NULL,
  `field_promotionLink` text COLLATE utf8_unicode_ci,
  `field_promotionText` text COLLATE utf8_unicode_ci,
  `field_promotionStartAt` datetime DEFAULT NULL,
  `field_promotionEndAt` datetime DEFAULT NULL,
  `field_promotionActive` tinyint(1) unsigned NOT NULL DEFAULT '0',
  `field_fullname` varchar(60) COLLATE utf8_unicode_ci DEFAULT NULL,
  `field_siteUrl` varchar(250) COLLATE utf8_unicode_ci DEFAULT NULL,
  `field_facebookUrl` text COLLATE utf8_unicode_ci,
  `field_instagramUrl` text COLLATE utf8_unicode_ci,
  `field_twitterUrl` text COLLATE utf8_unicode_ci,
  `field_snapchatUrl` text COLLATE utf8_unicode_ci,
  `field_contactEmail` text COLLATE utf8_unicode_ci,
  `field_supportEmail` text COLLATE utf8_unicode_ci,
  `field_tagline` text COLLATE utf8_unicode_ci,
  `field_continent` varchar(255) COLLATE utf8_unicode_ci DEFAULT NULL,
  `field_company` varchar(60) COLLATE utf8_unicode_ci DEFAULT NULL,
  `field_dateFrom` datetime DEFAULT NULL,
  `field_duration` tinyint(3) unsigned DEFAULT '0',
  `field_location` varchar(80) COLLATE utf8_unicode_ci DEFAULT NULL,
  `field_briefslink` text COLLATE utf8_unicode_ci,
  `field_bio` text COLLATE utf8_unicode_ci,
  `field_gearList` text COLLATE utf8_unicode_ci,
  `field_promotionEssentials` text COLLATE utf8_unicode_ci,
  `field_quote` text COLLATE utf8_unicode_ci,
  `field_lng` decimal(16,6) DEFAULT '0.000000',
  `field_lat` decimal(16,6) DEFAULT '0.000000',
  `field_zoom` tinyint(2) unsigned DEFAULT '0',
  `field_radius` smallint(5) unsigned DEFAULT '0',
  `field_pricingAirbnb` varchar(30) COLLATE utf8_unicode_ci DEFAULT NULL,
  `field_pricingBooking` varchar(30) COLLATE utf8_unicode_ci DEFAULT NULL,
  `field_weather` text COLLATE utf8_unicode_ci,
  `dateCreated` datetime NOT NULL,
  `dateUpdated` datetime NOT NULL,
  `uid` char(36) COLLATE utf8_unicode_ci NOT NULL DEFAULT '0',
  PRIMARY KEY (`id`),
  UNIQUE KEY `guide_content_elementId_locale_unq_idx` (`elementId`,`locale`),
  KEY `guide_content_title_idx` (`title`),
  KEY `guide_content_locale_fk` (`locale`)
) ENGINE=InnoDB AUTO_INCREMENT=104 DEFAULT CHARSET=utf8 COLLATE=utf8_unicode_ci;

--
-- Data for table `guide_content`
--

INSERT INTO `guide_content` (`id`, `elementId`, `locale`, `title`, `field_body`, `field_shortDescription`, `field_metaTitle`, `field_metaDescription`, `field_internetSpeed`, `field_funFactor`, `field_safetyFactor`, `field_polutionFactor`, `field_nomadFriendly`, `field_uberAvailable`, `field_airbnbAvailable`, `field_pricingMeal`, `field_pricingCoffee`, `field_pricingUnitLocalTransport`, `field_pricingTaxi`, `field_updateLog`, `field_pros`, `field_cons`, `field_speciality`, `field_vibe`, `field_placeType`, `field_veganOptions`, `field_fullAddress`, `field_googleMapLink`, `field_phone`, `field_website`, `field_openingHours`, `field_rating`, `field_position`, `field_announcerName`, `field_promotionLink`, `field_promotionText`, `field_promotionStartAt`, `field_promotionEndAt`, `field_promotionActive`, `field_fullname`, `field_siteUrl`, `field_facebookUrl`, `field_instagramUrl`, `field_twitterUrl`, `field_snapchatUrl`, `field_contactEmail`, `field_supportEmail`, `field_tagline`, `field_continent`, `field_company`, `field_dateFrom`, `field_duration`, `field_location`, `field_briefslink`, `field_bio`, `field_gearList`, `field_promotionEssentials`, `field_quote`, `field_lng`, `field_lat`, `field_zoom`, `field_radius`, `field_pricingAirbnb`, `field_pricingBooking`, `field_weather`, `dateCreated`, `dateUpdated`, `uid`) VALUES
 ('1', '1', 'en', NULL, NULL, NULL, NULL, NULL, NULL, NULL, NULL, NULL, '0', NULL, NULL, NULL, NULL, NULL, NULL, NULL, NULL, NULL, NULL, NULL, NULL, '0', NULL, NULL, NULL, NULL, NULL, '0.0', '0', NULL, NULL, NULL, NULL, NULL, '0', NULL, NULL, NULL, NULL, NULL, NULL, NULL, NULL, NULL, NULL, NULL, NULL, '0', NULL, NULL, NULL, NULL, NULL, NULL, '0.000000', '0.000000', '0', '0', '0', NULL, NULL, '2017-06-05 15:46:29', '2017-06-05 15:46:29', '45577930-6daa-4d56-ae08-e0dd4fbd39d3'),
 ('2', '2', 'en', 'Home', '<p>It’s true, this site doesn’t have a whole lot of content yet, but don’t worry. Our web developers have just installed the CMS, and they’re setting things up for the content editors this very moment. Soon Wanderbrief-guides.local will be an oasis of fresh perspectives, sharp analyses, and astute opinions that will keep you coming back again and again.</p>', '<p>Wanderbrief is the platform that enables people to work from anywhere while roaming the globe. We hook you up with the coolest remote jobs and community-curated insights on the best cities to live and work remotely.</p>', 'Wanderbrief CityGuides — Curated by local nomads.', 'Wanderbrief City Guides help you plan the perfect remote working trip with information on the best coffee, internet speed, co-working spaces, local adventures and meetups with like-minded nomads across the city.', NULL, NULL, NULL, NULL, '0', NULL, NULL, NULL, NULL, NULL, NULL, NULL, NULL, NULL, NULL, NULL, NULL, '0', NULL, NULL, NULL, NULL, NULL, '0.0', '0', NULL, NULL, NULL, NULL, NULL, '0', NULL, NULL, NULL, NULL, NULL, NULL, NULL, NULL, '<p><strong>Work</strong> &amp; <strong>live</strong><strong> </strong>abroad like a local.</p>', NULL, NULL, NULL, '0', NULL, NULL, NULL, NULL, NULL, NULL, '0.000000', '0.000000', '0', '0', '0', NULL, NULL, '2017-06-05 15:46:31', '2017-07-10 18:13:36', '25d7fb9f-d833-44de-a5d1-da89af0840c2'),
 ('4', '4', 'en', 'Amsterdam', NULL, '<p>Amsterdam radiates an electric energy that can be felt even by those who pass through for a brief visit – it might have something to do with the dizzying amount of bicycles that race through the city at any given moment. And still, it’s easy to get (welcomingly) lost in the city’s small streets. The famous canal belt is something out of a movie; the crooked facades of the historic buildings are so imperfectly perfect it’s hard to imagine they’re actually real. In a city like this, it’s about finding the beauty in the chaos.</p>', '', '', '', 'high', 'medium', 'low', '1', '', '', '$13.41 ~ $22.34', '$2.68 ~ $3.91', '$2.23 ~ $3.24', '$2.23 - $3.35', '[{\"col1\":\"\",\"col2\":\"\",\"col3\":\"\"}]', 'Amsterdam is all about contrasts; it’s equal parts old and new, innovative and down-to-earth, frenzied and calm, humble and proud. It’s amongst these dichotomies that we find comfort and belonging. Add to the mix a relaxed work culture (forget ‘work hard, play hard’, we’re all about ‘work a little, play more’) and you might never want to leave.', 'There’s a reason why people flock to Amsterdam to experience the magic themselves. But that also means there are tourists all year round. Then throw bikes in the mix and it doesn’t always make for a pretty sight. My advice, if you don’t feel stable on two wheels (and don’t ride at home), don’t try it here! We’re ruthless on our bikes!', NULL, NULL, NULL, '0', NULL, NULL, NULL, NULL, NULL, '0.0', '0', 'Uber', 'https://uber.com', '', '2017-06-04 00:00:00', '2017-06-27 00:00:00', '1', NULL, NULL, NULL, NULL, NULL, NULL, NULL, NULL, NULL, 'Europe', NULL, NULL, '0', NULL, NULL, NULL, NULL, NULL, 'Amsterdam is all about contrasts; it’s equal parts old and new, innovative and down-to-earth, frenzied and calm, humble and proud. It’s amongst these dichotomies that we find comfort and belonging.', '0.000000', '0.000000', '0', '0', '$90 ~ $120', '$70 ~ $100', 'amsterdam,nl', '2017-06-05 19:31:18', '2017-07-06 21:24:49', '91112744-d0a4-4d26-9196-a97653f82656'),
 ('5', '5', 'en', 'Noord', NULL, '<p>The once so ‘boring’ industrial area has become one of the hotspots of the city. From hippie-markets to the world’s most creative companies and epic festivals all year round, Amsterdam Noord is the place to be. One of the best things about this area is that it’s more relaxing to walk around compared to areas like the centre. On top of that you have an amazing view over the modest skyline of Amsterdam with (if you’re lucky) the sun shining on your side all day.</p>', '', '', NULL, NULL, NULL, NULL, '0', NULL, NULL, NULL, NULL, NULL, NULL, '[{\"col1\":\"\",\"col2\":\"\",\"col3\":\"\"}]', NULL, NULL, NULL, NULL, NULL, '0', NULL, NULL, NULL, NULL, NULL, '0.0', '0', 'Uber', '', '<p>Bla bla bla</p>', NULL, NULL, '1', NULL, NULL, NULL, NULL, NULL, NULL, NULL, NULL, NULL, NULL, NULL, NULL, '0', NULL, NULL, NULL, NULL, NULL, NULL, '4.912519', '52.387896', '13', '1000', '0', NULL, NULL, '2017-06-05 19:40:41', '2017-07-06 20:29:24', '7e0700f0-978d-4f4c-a400-29f9ccab3eab'),
 ('7', '7', 'en', 'Starbucks', NULL, '', '', '', NULL, 'medium', 'medium', 'medium', '0', NULL, NULL, NULL, NULL, NULL, NULL, '[{\"col1\":\"\",\"col2\":\"\",\"col3\":\"\"}]', NULL, NULL, '', 'hipster', 'Fast Food', '0', '', '', '', '', '[{\"col1\":\"\",\"col2\":\"\",\"col3\":\"\",\"col4\":\"\",\"col5\":\"\",\"col6\":\"\",\"col7\":\"\"}]', '0.0', '0', 'Starbucks', '', '', '2017-06-05 07:00:00', '2017-06-12 07:00:00', '1', NULL, NULL, NULL, NULL, NULL, NULL, NULL, NULL, NULL, NULL, NULL, NULL, '0', NULL, NULL, NULL, NULL, NULL, NULL, '0.000000', '0.000000', '0', '0', '0', NULL, NULL, '2017-06-08 15:01:08', '2017-06-16 13:49:41', 'dcc178ab-356b-426f-9a46-b88db9a508ec'),
 ('8', '8', 'en', '2249', NULL, NULL, NULL, NULL, NULL, 'medium', 'medium', 'medium', '0', NULL, NULL, NULL, NULL, NULL, NULL, NULL, NULL, NULL, NULL, NULL, NULL, '0', NULL, NULL, NULL, NULL, NULL, '0.0', '0', NULL, NULL, NULL, NULL, NULL, '0', NULL, NULL, NULL, NULL, NULL, NULL, NULL, NULL, NULL, NULL, NULL, NULL, '0', NULL, NULL, NULL, NULL, NULL, NULL, '0.000000', '0.000000', '0', '0', '0', NULL, NULL, '2017-06-13 21:27:36', '2017-07-10 22:01:51', 'ed8597a4-162c-40b3-8bc6-1e456f5d9139'),
 ('9', '9', 'en', '2249', NULL, NULL, NULL, NULL, NULL, 'medium', 'medium', 'medium', '0', NULL, NULL, NULL, NULL, NULL, NULL, NULL, NULL, NULL, NULL, NULL, NULL, '0', NULL, NULL, NULL, NULL, NULL, '0.0', '0', NULL, NULL, NULL, NULL, NULL, '0', NULL, NULL, NULL, NULL, NULL, NULL, NULL, NULL, NULL, NULL, NULL, NULL, '0', NULL, NULL, NULL, NULL, NULL, NULL, '0.000000', '0.000000', '0', '0', '0', NULL, NULL, '2017-06-13 21:34:11', '2017-07-10 22:01:41', 'd77855d1-f612-4df2-842e-a6bd458f4c4b'),
 ('10', '10', 'en', '1899', NULL, NULL, NULL, NULL, NULL, 'medium', 'medium', 'medium', '0', NULL, NULL, NULL, NULL, NULL, NULL, NULL, NULL, NULL, NULL, NULL, NULL, '0', NULL, NULL, NULL, NULL, NULL, '0.0', '0', NULL, NULL, NULL, NULL, NULL, '0', NULL, NULL, NULL, NULL, NULL, NULL, NULL, NULL, NULL, NULL, NULL, NULL, '0', NULL, NULL, NULL, NULL, NULL, NULL, '0.000000', '0.000000', '0', '0', '0', NULL, NULL, '2017-06-13 21:38:53', '2017-07-10 22:01:49', '3f8ef858-77f3-4554-9dca-85d8086975f1'),
 ('12', '12', 'en', '35847', '<p>Cafe</p>', NULL, NULL, NULL, NULL, 'medium', 'medium', 'medium', '0', NULL, NULL, NULL, NULL, NULL, NULL, NULL, NULL, NULL, NULL, NULL, NULL, '0', NULL, NULL, NULL, NULL, NULL, '0.0', '0', NULL, NULL, NULL, NULL, NULL, '0', NULL, NULL, NULL, NULL, NULL, NULL, NULL, NULL, NULL, NULL, NULL, NULL, '0', NULL, NULL, NULL, NULL, NULL, NULL, '0.000000', '0.000000', '0', '0', '0', NULL, NULL, '2017-06-13 21:43:44', '2017-07-10 22:01:40', '3e1959ee-b8c1-49d8-982f-4814cfc62682'),
 ('14', '14', 'en', 'Gopro', NULL, NULL, NULL, NULL, NULL, 'medium', 'medium', 'medium', '0', NULL, NULL, NULL, NULL, NULL, NULL, NULL, NULL, NULL, NULL, NULL, NULL, '0', NULL, NULL, NULL, NULL, NULL, '0.0', '0', NULL, NULL, NULL, NULL, NULL, '0', NULL, NULL, NULL, NULL, NULL, NULL, NULL, NULL, NULL, NULL, NULL, NULL, '0', NULL, NULL, NULL, NULL, NULL, NULL, '0.000000', '0.000000', '0', '0', '0', NULL, NULL, '2017-06-13 21:50:33', '2017-07-10 22:01:38', '881ed0a0-870b-47f2-b39b-fbea04dff4d0'),
 ('15', '15', 'en', NULL, NULL, NULL, NULL, NULL, NULL, 'medium', 'medium', 'medium', '0', NULL, NULL, NULL, NULL, NULL, NULL, NULL, NULL, NULL, NULL, NULL, NULL, '0', NULL, NULL, NULL, NULL, NULL, '0.0', '0', NULL, NULL, NULL, NULL, NULL, '0', NULL, NULL, 'https://www.facebook.com/wanderbrief', 'https://www.instagram.com/wanderbrief', 'https://twitter.com/wanderbrief', '', 'contact@wanderbrief.com', 'support@wanderbrief.com', NULL, NULL, NULL, NULL, '0', NULL, NULL, NULL, NULL, NULL, NULL, '0.000000', '0.000000', '0', '0', '0', NULL, NULL, '2017-06-13 22:11:06', '2017-06-21 13:57:53', 'b6b47597-008c-4eb8-8ee0-c129e05a5660'),
 ('16', '16', 'en', NULL, NULL, NULL, NULL, NULL, NULL, 'medium', 'medium', 'medium', '0', NULL, NULL, NULL, NULL, NULL, NULL, NULL, NULL, NULL, NULL, NULL, NULL, '0', NULL, NULL, NULL, NULL, NULL, '0.0', '0', NULL, NULL, NULL, NULL, NULL, '0', NULL, NULL, NULL, NULL, NULL, NULL, NULL, NULL, NULL, NULL, NULL, NULL, '0', NULL, NULL, NULL, NULL, NULL, NULL, '0.000000', '0.000000', '0', '0', '0', NULL, NULL, '2017-06-13 22:11:32', '2017-06-13 22:11:32', 'cf75b490-73bf-4bd3-a075-7bb27ba7f351'),
 ('17', '17', 'en', 'Hero', NULL, NULL, NULL, NULL, NULL, 'medium', 'medium', 'medium', '0', NULL, NULL, NULL, NULL, NULL, NULL, NULL, NULL, NULL, NULL, NULL, NULL, '0', NULL, NULL, NULL, NULL, NULL, '0.0', '0', NULL, NULL, NULL, NULL, NULL, '0', NULL, NULL, NULL, NULL, NULL, NULL, NULL, NULL, NULL, NULL, NULL, NULL, '0', NULL, NULL, NULL, NULL, NULL, NULL, '0.000000', '0.000000', '0', '0', '0', NULL, NULL, '2017-06-14 16:26:59', '2017-07-10 22:01:44', '9ad2babc-d284-48cf-a265-47fe889736ee'),
 ('23', '23', 'en', 'Tokyo', NULL, '<p>Lorem ipsum dolor sit amet...</p>', '', '', '', 'medium', 'medium', 'medium', '1', '', '', '', '', '', '', '[{\"col1\":\"\",\"col2\":\"\",\"col3\":\"\"}]', 'With world-class museums, quirky festivals, theatre, live music, laid-back bars and delightful restaurants, there\'s never a shortage of things to do in Amsterdam!', 'Lorem ipsm dolor sit amet', NULL, NULL, NULL, '0', NULL, NULL, NULL, NULL, NULL, '0.0', '0', '', '', '', NULL, NULL, '0', NULL, NULL, NULL, NULL, NULL, NULL, NULL, NULL, NULL, 'Asia', NULL, NULL, '0', NULL, NULL, NULL, NULL, NULL, 'Lorem ipsm dolor sit amet', '139.691706', '35.689488', '0', '0', '0', '', 'tokyo,jp', '2017-06-14 18:49:51', '2017-07-10 21:31:49', '2fe01e68-1fca-4b9f-aa97-a666a8bd8b49'),
 ('24', '24', 'en', 'Sydney', NULL, '<p>Lorem ipsum dolor sit amet...</p>', '', '', '', 'medium', 'medium', 'medium', '1', '', '', '', '', '', '', '[{\"col1\":\"\",\"col2\":\"\",\"col3\":\"\"}]', 'With world-class museums, quirky festivals, theatre, live music, laid-back bars and delightful restaurants, there\'s never a shortage of things to do in Amsterdam!', 'Lorem ipsum dolor sit amet...', NULL, NULL, NULL, '0', NULL, NULL, NULL, NULL, NULL, '0.0', '0', '', '', '', NULL, NULL, '0', NULL, NULL, NULL, NULL, NULL, NULL, NULL, NULL, NULL, 'Australia', NULL, NULL, '0', NULL, NULL, NULL, NULL, NULL, 'Lorem ipsum dolor sit amet...', '0.000000', '0.000000', '0', '0', '0', '', 'Sydney,au', '2017-06-14 18:50:21', '2017-07-07 13:09:51', '5ee686a1-b44f-4442-85dd-9fc4409ab010'),
 ('25', '25', 'en', 'Heineken Icon', NULL, NULL, NULL, NULL, NULL, 'medium', 'medium', 'medium', '0', NULL, NULL, NULL, NULL, NULL, NULL, NULL, NULL, NULL, NULL, NULL, NULL, '0', NULL, NULL, NULL, NULL, NULL, '0.0', '0', NULL, NULL, NULL, NULL, NULL, '0', NULL, NULL, NULL, NULL, NULL, NULL, NULL, NULL, NULL, NULL, NULL, NULL, '0', NULL, NULL, NULL, NULL, NULL, NULL, '0.000000', '0.000000', '0', '0', '0', NULL, NULL, '2017-06-14 19:23:57', '2017-07-10 22:01:48', '319c9e86-d878-4aa6-8766-c55db9919409'),
 ('26', '26', 'en', 'Logo Heineken', NULL, NULL, NULL, NULL, NULL, 'medium', 'medium', 'medium', '0', NULL, NULL, NULL, NULL, NULL, NULL, NULL, NULL, NULL, NULL, NULL, NULL, '0', NULL, NULL, NULL, NULL, NULL, '0.0', '0', NULL, NULL, NULL, NULL, NULL, '0', NULL, NULL, NULL, NULL, NULL, NULL, NULL, NULL, NULL, NULL, NULL, NULL, '0', NULL, NULL, NULL, NULL, NULL, NULL, '0.000000', '0.000000', '0', '0', '0', NULL, NULL, '2017-06-14 19:27:13', '2017-07-10 22:01:48', '176f470e-b499-4811-accb-4e45a5b5cb8a'),
 ('27', '27', 'en', 'Cafe', '<p>Café</p>', NULL, NULL, NULL, NULL, 'medium', 'medium', 'medium', '0', NULL, NULL, NULL, NULL, NULL, NULL, NULL, NULL, NULL, NULL, NULL, NULL, '0', NULL, NULL, NULL, NULL, NULL, '0.0', '0', NULL, NULL, NULL, NULL, NULL, '0', NULL, NULL, NULL, NULL, NULL, NULL, NULL, NULL, NULL, NULL, NULL, NULL, '0', NULL, NULL, NULL, NULL, NULL, NULL, '0.000000', '0.000000', '0', '0', '0', NULL, NULL, '2017-06-14 20:02:00', '2017-07-10 22:01:40', '85078f0a-4055-46b2-a874-38d8fd596e32'),
 ('28', '28', 'en', 'Café Parvis', NULL, '', '', '', NULL, 'medium', 'medium', 'medium', '0', NULL, NULL, NULL, NULL, NULL, NULL, '[{\"col1\":\"\",\"col2\":\"\",\"col3\":\"\"}]', NULL, NULL, '', 'hipster', 'Pub', '0', '', '', '', '', '[{\"col1\":\"\",\"col2\":\"\",\"col3\":\"\",\"col4\":\"\",\"col5\":\"\",\"col6\":\"\",\"col7\":\"\"}]', '0.0', '0', '', '', '', NULL, NULL, '0', NULL, NULL, NULL, NULL, NULL, NULL, NULL, NULL, NULL, NULL, NULL, NULL, '0', NULL, NULL, NULL, NULL, NULL, NULL, '0.000000', '0.000000', '0', '0', '0', NULL, NULL, '2017-06-14 20:02:14', '2017-06-16 13:49:36', '0fb4fc61-b71b-4c04-99f7-6ee88f1d6532'),
 ('29', '29', 'en', '19126134 10210672482501367 280490407 O', NULL, NULL, NULL, NULL, NULL, 'medium', 'medium', 'medium', '0', NULL, NULL, NULL, NULL, NULL, NULL, NULL, NULL, NULL, NULL, NULL, NULL, '0', NULL, NULL, NULL, NULL, NULL, '0.0', '0', NULL, NULL, NULL, NULL, NULL, '0', NULL, NULL, NULL, NULL, NULL, NULL, NULL, NULL, NULL, NULL, NULL, NULL, '0', NULL, NULL, NULL, NULL, NULL, NULL, '0.000000', '0.000000', '0', '0', '0', NULL, NULL, '2017-06-14 20:06:23', '2017-07-10 22:01:40', '30847077-67e0-450c-b660-2b6c35664941'),
 ('30', '30', 'en', 'Le Tableau Blanc', NULL, '<p>Lorem ipsum...</p>', '', '', '', 'medium', 'medium', 'medium', '0', NULL, NULL, NULL, NULL, NULL, NULL, '[{\"col1\":\"\",\"col2\":\"\",\"col3\":\"\"}]', NULL, NULL, '', 'hipster', 'Caterer', '0', '', '', '', '', '[{\"col1\":\"\",\"col2\":\"\",\"col3\":\"\",\"col4\":\"\",\"col5\":\"\",\"col6\":\"\",\"col7\":\"\"}]', '0.0', '0', '', '', '', NULL, NULL, '0', NULL, NULL, NULL, NULL, NULL, NULL, NULL, NULL, NULL, NULL, NULL, NULL, '0', NULL, NULL, NULL, NULL, NULL, NULL, '0.000000', '0.000000', '0', '0', '0', NULL, NULL, '2017-06-14 20:06:30', '2017-06-16 13:50:01', 'e7684b8c-5d99-4146-a018-bd5f0607dc71'),
 ('31', '31', 'en', 'Dasha Vdovichenko 41596', NULL, NULL, NULL, NULL, NULL, 'medium', 'medium', 'medium', '0', NULL, NULL, NULL, NULL, NULL, NULL, NULL, NULL, NULL, NULL, NULL, NULL, '0', NULL, NULL, NULL, NULL, NULL, '0.0', '0', NULL, NULL, NULL, NULL, NULL, '0', NULL, NULL, NULL, NULL, NULL, NULL, NULL, NULL, NULL, NULL, NULL, NULL, '0', NULL, NULL, NULL, NULL, NULL, NULL, '0.000000', '0.000000', '0', '0', '0', NULL, NULL, '2017-06-14 22:28:31', '2017-07-10 22:01:52', '14645ee9-d1d7-4193-86bf-968ba7ade39d'),
 ('32', '32', 'en', 'Anthony Tori 115580 Min', NULL, NULL, NULL, NULL, NULL, 'medium', 'medium', 'medium', '0', NULL, NULL, NULL, NULL, NULL, NULL, NULL, NULL, NULL, NULL, NULL, NULL, '0', NULL, NULL, NULL, NULL, NULL, '0.0', '0', NULL, NULL, NULL, NULL, NULL, '0', NULL, NULL, NULL, NULL, NULL, NULL, NULL, NULL, NULL, NULL, NULL, NULL, '0', NULL, NULL, NULL, NULL, NULL, NULL, '0.000000', '0.000000', '0', '0', '0', NULL, NULL, '2017-06-14 22:32:09', '2017-07-10 22:01:51', '752e11cf-50f2-4c86-9e36-eede9cbe9846'),
 ('35', '35', 'en', 'Img 20150710 152245 Min', NULL, NULL, NULL, NULL, NULL, 'medium', 'medium', 'medium', '0', NULL, NULL, NULL, NULL, NULL, NULL, NULL, NULL, NULL, NULL, NULL, NULL, '0', NULL, NULL, NULL, NULL, NULL, '0.0', '0', NULL, NULL, NULL, NULL, NULL, '0', NULL, NULL, NULL, NULL, NULL, NULL, NULL, NULL, NULL, NULL, NULL, NULL, '0', NULL, NULL, NULL, NULL, NULL, NULL, '0.000000', '0.000000', '0', '0', '0', NULL, NULL, '2017-06-14 22:39:38', '2017-07-10 22:01:42', '7f070985-9446-4224-8e17-e7d5f272e610'),
 ('36', '36', 'en', 'Clay Banks 170882', NULL, NULL, NULL, NULL, NULL, 'medium', 'medium', 'medium', '0', NULL, NULL, NULL, NULL, NULL, NULL, NULL, NULL, NULL, NULL, NULL, NULL, '0', NULL, NULL, NULL, NULL, NULL, '0.0', '0', NULL, NULL, NULL, NULL, NULL, '0', NULL, NULL, NULL, NULL, NULL, NULL, NULL, NULL, NULL, NULL, NULL, NULL, '0', NULL, NULL, NULL, NULL, NULL, NULL, '0.000000', '0.000000', '0', '0', '0', NULL, NULL, '2017-06-14 22:42:50', '2017-07-10 22:01:52', 'b644c637-8036-4d19-8b62-f35acdbcc6e3'),
 ('37', '37', 'en', 'Logo Uber', NULL, NULL, NULL, NULL, NULL, 'medium', 'medium', 'medium', '0', NULL, NULL, NULL, NULL, NULL, NULL, NULL, NULL, NULL, NULL, NULL, NULL, '0', NULL, NULL, NULL, NULL, NULL, '0.0', '0', NULL, NULL, NULL, NULL, NULL, '0', NULL, NULL, NULL, NULL, NULL, NULL, NULL, NULL, NULL, NULL, NULL, NULL, '0', NULL, NULL, NULL, NULL, NULL, NULL, '0.000000', '0.000000', '0', '0', '0', NULL, NULL, '2017-06-14 22:44:25', '2017-07-10 22:01:48', '10dacb07-22fb-4f4f-bf77-96981f010e4f'),
 ('38', '38', 'en', 'Matthew Kane 278419', NULL, NULL, NULL, NULL, NULL, 'medium', 'medium', 'medium', '0', NULL, NULL, NULL, NULL, NULL, NULL, NULL, NULL, NULL, NULL, NULL, NULL, '0', NULL, NULL, NULL, NULL, NULL, '0.0', '0', NULL, NULL, NULL, NULL, NULL, '0', NULL, NULL, NULL, NULL, NULL, NULL, NULL, NULL, NULL, NULL, NULL, NULL, '0', NULL, NULL, NULL, NULL, NULL, NULL, '0.000000', '0.000000', '0', '0', '0', NULL, NULL, '2017-06-14 22:48:45', '2017-07-10 22:01:54', '3ad660ac-c2ec-4741-94a0-9cf1113feeae'),
 ('39', '39', 'en', 'Matthew Kane 171732 Min', NULL, NULL, NULL, NULL, NULL, 'medium', 'medium', 'medium', '0', NULL, NULL, NULL, NULL, NULL, NULL, NULL, NULL, NULL, NULL, NULL, NULL, '0', NULL, NULL, NULL, NULL, NULL, '0.0', '0', NULL, NULL, NULL, NULL, NULL, '0', NULL, NULL, NULL, NULL, NULL, NULL, NULL, NULL, NULL, NULL, NULL, NULL, '0', NULL, NULL, NULL, NULL, NULL, NULL, '0.000000', '0.000000', '0', '0', '0', NULL, NULL, '2017-06-14 22:55:51', '2017-07-10 22:01:53', '52462c1c-85a6-4bf5-84ed-0e1d8c9fe308'),
 ('40', '40', 'en', 'Matthew Kane 171732 Min', NULL, NULL, NULL, NULL, NULL, 'medium', 'medium', 'medium', '0', NULL, NULL, NULL, NULL, NULL, NULL, NULL, NULL, NULL, NULL, NULL, NULL, '0', NULL, NULL, NULL, NULL, NULL, '0.0', '0', NULL, NULL, NULL, NULL, NULL, '0', NULL, NULL, NULL, NULL, NULL, NULL, NULL, NULL, NULL, NULL, NULL, NULL, '0', NULL, NULL, NULL, NULL, NULL, NULL, '0.000000', '0.000000', '0', '0', '0', NULL, NULL, '2017-06-14 23:00:31', '2017-07-10 22:01:45', '6816ab22-ad05-43cc-8bbc-72c7dbdcc66a'),
 ('41', '41', 'en', 'Jonny Clow 35081 Min', NULL, NULL, NULL, NULL, NULL, 'medium', 'medium', 'medium', '0', NULL, NULL, NULL, NULL, NULL, NULL, NULL, NULL, NULL, NULL, NULL, NULL, '0', NULL, NULL, NULL, NULL, NULL, '0.0', '0', NULL, NULL, NULL, NULL, NULL, '0', NULL, NULL, NULL, NULL, NULL, NULL, NULL, NULL, NULL, NULL, NULL, NULL, '0', NULL, NULL, NULL, NULL, NULL, NULL, '0.000000', '0.000000', '0', '0', '0', NULL, NULL, '2017-06-14 23:03:13', '2017-07-10 22:01:44', 'f2ff86e6-c9a9-4994-8d45-d2eb1644aaab'),
 ('42', '42', 'en', 'Jonny Clow 35081 Min', NULL, NULL, NULL, NULL, NULL, 'medium', 'medium', 'medium', '0', NULL, NULL, NULL, NULL, NULL, NULL, NULL, NULL, NULL, NULL, NULL, NULL, '0', NULL, NULL, NULL, NULL, NULL, '0.0', '0', NULL, NULL, NULL, NULL, NULL, '0', NULL, NULL, NULL, NULL, NULL, NULL, NULL, NULL, NULL, NULL, NULL, NULL, '0', NULL, NULL, NULL, NULL, NULL, NULL, '0.000000', '0.000000', '0', '0', '0', NULL, NULL, '2017-06-14 23:03:56', '2017-07-10 22:01:53', 'f0a508e6-6ae7-4860-96e1-dc62269585fd'),
 ('43', '43', 'en', 'Phuket', NULL, '<p>Lorem ipsum dolor sit amet, consectetur adipiscing elit. Sed pharetra placerat justo, ac porttitor tortor rhoncus sit amet. Donec a ex ac odio consectetur laoreet.</p>', '', '', '', 'medium', 'medium', 'medium', '1', '', '', '', '', '', '', '[{\"col1\":\"\",\"col2\":\"\",\"col3\":\"\"}]', 'Lorem ipsum dolor sit amet, consectetur adipiscing elit. Sed pharetra placerat justo, ac porttitor tortor rhoncus sit amet. Donec a ex ac odio consectetur laoreet.', 'Lorem ipsum dolor sit amet, consectetur adipiscing elit. Sed pharetra placerat justo, ac porttitor tortor rhoncus sit amet. Donec a ex ac odio consectetur laoreet.', NULL, NULL, NULL, '0', NULL, NULL, NULL, NULL, NULL, '0.0', '0', 'Uber', '', '', NULL, NULL, '1', NULL, NULL, NULL, NULL, NULL, NULL, NULL, NULL, NULL, 'Asia', NULL, NULL, '0', NULL, NULL, NULL, NULL, NULL, 'Lorem ipsum dolor sit amet, consectetur adipiscing elit. Sed pharetra placerat justo, ac porttitor tortor rhoncus sit amet. Donec a ex ac odio consectetur laoreet.', '0.000000', '0.000000', '0', '0', '0', '', 'Phuket,th', '2017-06-14 23:04:25', '2017-07-07 13:09:28', '9408c0df-d5fd-4d87-9850-d243d94f98f9'),
 ('44', '44', 'en', 'Product 03', NULL, NULL, NULL, NULL, NULL, 'medium', 'medium', 'medium', '0', NULL, NULL, NULL, NULL, NULL, NULL, NULL, NULL, NULL, NULL, NULL, NULL, '0', NULL, NULL, NULL, NULL, NULL, '0.0', '0', NULL, NULL, NULL, NULL, NULL, '0', NULL, NULL, NULL, NULL, NULL, NULL, NULL, NULL, NULL, NULL, NULL, NULL, '0', NULL, NULL, NULL, NULL, NULL, NULL, '0.000000', '0.000000', '0', '0', '0', NULL, NULL, '2017-06-15 14:28:48', '2017-07-10 22:01:39', '19fb0962-ed9f-4228-98a7-b17790465b25'),
 ('46', '46', 'en', 'Camera', NULL, NULL, NULL, NULL, NULL, 'medium', 'medium', 'medium', '0', NULL, NULL, NULL, NULL, NULL, NULL, NULL, NULL, NULL, NULL, NULL, NULL, '0', NULL, NULL, NULL, NULL, NULL, '0.0', '0', NULL, NULL, NULL, NULL, NULL, '0', NULL, NULL, NULL, NULL, NULL, NULL, NULL, NULL, NULL, NULL, NULL, NULL, '0', NULL, NULL, NULL, NULL, NULL, NULL, '0.000000', '0.000000', '0', '0', '0', NULL, NULL, '2017-06-15 15:06:46', '2017-06-15 15:06:46', '407b9125-bb64-443a-a808-3e6941f44d0c'),
 ('47', '47', 'en', 'Phone', NULL, NULL, NULL, NULL, NULL, 'medium', 'medium', 'medium', '0', NULL, NULL, NULL, NULL, NULL, NULL, NULL, NULL, NULL, NULL, NULL, NULL, '0', NULL, NULL, NULL, NULL, NULL, '0.0', '0', NULL, NULL, NULL, NULL, NULL, '0', NULL, NULL, NULL, NULL, NULL, NULL, NULL, NULL, NULL, NULL, NULL, NULL, '0', NULL, NULL, NULL, NULL, NULL, NULL, '0.000000', '0.000000', '0', '0', '0', NULL, NULL, '2017-06-15 15:06:53', '2017-06-15 15:06:53', '4207278e-3190-4ed0-b2d1-cf8ed738eb31'),
 ('48', '48', 'en', '2Q Ifu F', NULL, NULL, NULL, NULL, NULL, 'medium', 'medium', 'medium', '0', NULL, NULL, NULL, NULL, NULL, NULL, NULL, NULL, NULL, NULL, NULL, NULL, '0', NULL, NULL, NULL, NULL, NULL, '0.0', '0', NULL, NULL, NULL, NULL, NULL, '0', NULL, NULL, NULL, NULL, NULL, NULL, NULL, NULL, NULL, NULL, NULL, NULL, '0', NULL, NULL, NULL, NULL, NULL, NULL, '0.000000', '0.000000', '0', '0', '0', NULL, NULL, '2017-06-15 16:52:45', '2017-07-10 22:01:48', 'cb9bdbb3-53a2-4f01-8a39-975d66c268f2'),
 ('49', '49', 'en', 'Graphic Designer', NULL, NULL, NULL, NULL, NULL, 'medium', 'medium', 'medium', '0', NULL, NULL, NULL, NULL, NULL, NULL, NULL, NULL, NULL, NULL, NULL, NULL, '0', NULL, NULL, NULL, NULL, NULL, '0.0', '0', '', '', '', NULL, NULL, '0', NULL, 'https://wanderbrief.com/briefs/2qIFuF', NULL, NULL, NULL, NULL, NULL, NULL, NULL, NULL, 'Vodafone', '2017-07-30 22:00:00', '20', 'Reykjavík, Iceland', NULL, NULL, NULL, NULL, NULL, '0.000000', '0.000000', '0', '0', '0', NULL, NULL, '2017-06-15 16:52:50', '2017-06-16 13:49:14', '70688001-a154-49a0-97c7-4235e1b27076'),
 ('50', '50', 'en', '1Tzp Gr', NULL, NULL, NULL, NULL, NULL, 'medium', 'medium', 'medium', '0', NULL, NULL, NULL, NULL, NULL, NULL, NULL, NULL, NULL, NULL, NULL, NULL, '0', NULL, NULL, NULL, NULL, NULL, '0.0', '0', NULL, NULL, NULL, NULL, NULL, '0', NULL, NULL, NULL, NULL, NULL, NULL, NULL, NULL, NULL, NULL, NULL, NULL, '0', NULL, NULL, NULL, NULL, NULL, NULL, '0.000000', '0.000000', '0', '0', '0', NULL, NULL, '2017-06-15 16:58:16', '2017-07-10 22:01:47', 'b7f03023-f2a0-4b70-98bc-a8a1d9a439fc'),
 ('51', '51', 'en', 'Motion Designer', NULL, NULL, NULL, NULL, NULL, 'medium', 'medium', 'medium', '0', NULL, NULL, NULL, NULL, NULL, NULL, NULL, NULL, NULL, NULL, NULL, NULL, '0', NULL, NULL, NULL, NULL, NULL, '0.0', '0', '', '', '', NULL, NULL, '0', NULL, 'https://wanderbrief.com/briefs/1tzpGr', NULL, NULL, NULL, NULL, NULL, NULL, NULL, NULL, 'Porsche HQ', '2017-07-01 22:00:00', '11', 'Stuttgart, Germany', NULL, NULL, NULL, NULL, NULL, '0.000000', '0.000000', '0', '0', '0', NULL, NULL, '2017-06-15 16:58:22', '2017-06-16 13:49:14', '689fc52e-5705-4f5f-af39-4e1bd7a308aa'),
 ('52', '52', 'en', 'Z2Q31U2', NULL, NULL, NULL, NULL, NULL, 'medium', 'medium', 'medium', '0', NULL, NULL, NULL, NULL, NULL, NULL, NULL, NULL, NULL, NULL, NULL, NULL, '0', NULL, NULL, NULL, NULL, NULL, '0.0', '0', NULL, NULL, NULL, NULL, NULL, '0', NULL, NULL, NULL, NULL, NULL, NULL, NULL, NULL, NULL, NULL, NULL, NULL, '0', NULL, NULL, NULL, NULL, NULL, NULL, '0.000000', '0.000000', '0', '0', '0', NULL, NULL, '2017-06-15 16:59:35', '2017-07-10 22:01:48', 'cd2c613c-ba9f-4f25-b099-609d6250f0d2'),
 ('53', '53', 'en', 'Video Producer', NULL, NULL, NULL, NULL, NULL, 'medium', 'medium', 'medium', '0', NULL, NULL, NULL, NULL, NULL, NULL, NULL, NULL, NULL, NULL, NULL, NULL, '0', NULL, NULL, NULL, NULL, NULL, '0.0', '0', '', '', '', NULL, NULL, '0', NULL, 'https://wanderbrief.com/briefs/Z2q31u2', NULL, NULL, NULL, NULL, NULL, NULL, NULL, NULL, 'HI USA', '2017-09-12 22:00:00', '14', 'Chicago, United States', NULL, NULL, NULL, NULL, NULL, '0.000000', '0.000000', '0', '0', '0', NULL, NULL, '2017-06-15 16:59:39', '2017-06-16 13:49:14', '6937dc8d-bd3a-4dfe-a616-bd6533222f6e'),
 ('54', '54', 'en', 'Bag', NULL, NULL, NULL, NULL, NULL, 'medium', 'medium', 'medium', '0', NULL, NULL, NULL, NULL, NULL, NULL, NULL, NULL, NULL, NULL, NULL, NULL, '0', NULL, NULL, NULL, NULL, NULL, '0.0', '0', NULL, NULL, NULL, NULL, NULL, '0', NULL, NULL, NULL, NULL, NULL, NULL, NULL, NULL, NULL, NULL, NULL, NULL, '0', NULL, NULL, NULL, NULL, NULL, NULL, '0.000000', '0.000000', '0', '0', '0', NULL, NULL, '2017-06-15 19:53:10', '2017-07-10 22:01:38', 'c477e701-1af9-496c-8775-a87b57b51830'),
 ('56', '56', 'en', 'Unpacked', NULL, NULL, NULL, NULL, NULL, 'medium', 'medium', 'medium', '0', NULL, NULL, NULL, NULL, NULL, NULL, NULL, NULL, NULL, NULL, NULL, NULL, '0', NULL, NULL, NULL, NULL, NULL, '0.0', '0', NULL, NULL, NULL, NULL, NULL, '0', NULL, NULL, NULL, NULL, NULL, NULL, NULL, NULL, NULL, NULL, NULL, NULL, '0', NULL, NULL, NULL, NULL, NULL, NULL, '0.000000', '0.000000', '0', '0', '0', NULL, NULL, '2017-06-15 19:55:17', '2017-07-10 22:01:39', 'e2c81a76-5a18-4cf7-baa5-3d75ddcfa1bc'),
 ('57', '57', 'en', 'Todd Glaser Packing List 4', NULL, NULL, NULL, NULL, NULL, 'medium', 'medium', 'medium', '0', NULL, NULL, NULL, NULL, NULL, NULL, NULL, NULL, NULL, NULL, NULL, NULL, '0', NULL, NULL, NULL, NULL, NULL, '0.0', '0', NULL, NULL, NULL, NULL, NULL, '0', NULL, NULL, NULL, NULL, NULL, NULL, NULL, NULL, NULL, NULL, NULL, NULL, '0', NULL, NULL, NULL, NULL, NULL, NULL, '0.000000', '0.000000', '0', '0', '0', NULL, NULL, '2017-06-15 19:56:51', '2017-07-10 22:01:36', '39b0cc61-fe97-440d-acb8-5c58acc5947b'),
 ('58', '58', 'en', 'Cities', NULL, NULL, NULL, NULL, NULL, 'medium', 'medium', 'medium', '0', NULL, NULL, NULL, NULL, NULL, NULL, NULL, NULL, NULL, NULL, NULL, NULL, '0', NULL, NULL, NULL, NULL, NULL, '0.0', '0', NULL, NULL, NULL, NULL, NULL, '0', NULL, NULL, NULL, NULL, NULL, NULL, NULL, NULL, '<p>Top Cities</p>', NULL, NULL, NULL, '0', NULL, NULL, NULL, NULL, NULL, NULL, '0.000000', '0.000000', '0', '0', '0', NULL, NULL, '2017-06-16 13:50:19', '2017-06-26 17:37:30', 'f23399bc-cc4e-42b1-8e01-726089e8d12e'),
 ('59', '59', 'en', 'John Towner 117301 Min', NULL, NULL, NULL, NULL, NULL, 'medium', 'medium', 'medium', '0', NULL, NULL, NULL, NULL, NULL, NULL, NULL, NULL, NULL, NULL, NULL, NULL, '0', NULL, NULL, NULL, NULL, NULL, '0.0', '0', NULL, NULL, NULL, NULL, NULL, '0', NULL, NULL, NULL, NULL, NULL, NULL, NULL, NULL, NULL, NULL, NULL, NULL, '0', NULL, NULL, NULL, NULL, NULL, NULL, '0.000000', '0.000000', '0', '0', '0', NULL, NULL, '2017-06-16 15:06:22', '2017-07-10 22:01:43', 'd1436871-54a6-467b-92f8-7bf251be2cab'),
 ('60', '60', 'en', 'Noah Silliman 155839 Min', NULL, NULL, NULL, NULL, NULL, 'medium', 'medium', 'medium', '0', NULL, NULL, NULL, NULL, NULL, NULL, NULL, NULL, NULL, NULL, NULL, NULL, '0', NULL, NULL, NULL, NULL, NULL, '0.0', '0', NULL, NULL, NULL, NULL, NULL, '0', NULL, NULL, NULL, NULL, NULL, NULL, NULL, NULL, NULL, NULL, NULL, NULL, '0', NULL, NULL, NULL, NULL, NULL, NULL, '0.000000', '0.000000', '0', '0', '0', NULL, NULL, '2017-06-16 15:06:23', '2017-07-10 22:01:46', 'fa7f2311-5319-442f-8724-c2940f4afd3d'),
 ('61', '61', 'en', 'Annie Spratt 126510 Min', NULL, NULL, NULL, NULL, NULL, 'medium', 'medium', 'medium', '0', NULL, NULL, NULL, NULL, NULL, NULL, NULL, NULL, NULL, NULL, NULL, NULL, '0', NULL, NULL, NULL, NULL, NULL, '0.0', '0', NULL, NULL, NULL, NULL, NULL, '0', NULL, NULL, NULL, NULL, NULL, NULL, NULL, NULL, NULL, NULL, NULL, NULL, '0', NULL, NULL, NULL, NULL, NULL, NULL, '0.000000', '0.000000', '0', '0', '0', NULL, NULL, '2017-06-16 15:06:26', '2017-07-10 22:01:42', 'd5a98580-e2f2-40fa-988e-2638abc5fe12'),
 ('62', '62', 'en', 'Vadim Sherbakov 41909 Min', NULL, NULL, NULL, NULL, NULL, 'medium', 'medium', 'medium', '0', NULL, NULL, NULL, NULL, NULL, NULL, NULL, NULL, NULL, NULL, NULL, NULL, '0', NULL, NULL, NULL, NULL, NULL, '0.0', '0', NULL, NULL, NULL, NULL, NULL, '0', NULL, NULL, NULL, NULL, NULL, NULL, NULL, NULL, NULL, NULL, NULL, NULL, '0', NULL, NULL, NULL, NULL, NULL, NULL, '0.000000', '0.000000', '0', '0', '0', NULL, NULL, '2017-06-16 15:06:28', '2017-07-10 22:01:46', '8b5989d5-4892-4c53-9151-91d4e6eb5833'),
 ('63', '63', 'en', 'New York', NULL, '<p>Lorem ipsum dolor sit amet</p>', '', '', '', 'medium', 'medium', 'medium', '1', '', '', '', '', '', '', '[{\"col1\":\"\",\"col2\":\"\",\"col3\":\"\"}]', '​Lorem ipsum dolor sit amet', '​Lorem ipsum dolor sit amet', NULL, NULL, NULL, '0', NULL, NULL, NULL, NULL, NULL, '0.0', '0', '', '', '', NULL, NULL, '0', NULL, NULL, NULL, NULL, NULL, NULL, NULL, NULL, NULL, 'North America', NULL, NULL, '0', NULL, NULL, NULL, NULL, NULL, '​Lorem ipsum dolor sit amet', '-73.971249', '40.783060', '0', '0', '0', '', 'New York', '2017-06-16 15:42:13', '2017-07-10 21:36:57', '986bb42f-4a8f-404a-8e20-c94d4239fa7e'),
 ('64', '64', 'en', 'Annie Spratt 126510 Min', NULL, NULL, NULL, NULL, NULL, 'medium', 'medium', 'medium', '0', NULL, NULL, NULL, NULL, NULL, NULL, NULL, NULL, NULL, NULL, NULL, NULL, '0', NULL, NULL, NULL, NULL, NULL, '0.0', '0', NULL, NULL, NULL, NULL, NULL, '0', NULL, NULL, NULL, NULL, NULL, NULL, NULL, NULL, NULL, NULL, NULL, NULL, '0', NULL, NULL, NULL, NULL, NULL, NULL, '0.000000', '0.000000', '0', '0', '0', NULL, NULL, '2017-06-16 15:47:34', '2017-07-10 22:01:50', 'dd72710b-c5d8-454f-a276-909ee0eb8740'),
 ('65', '65', 'en', 'Da Nang', NULL, '<p>Lorem ipsum dolor sit amet.</p>', '', '', '', 'medium', 'medium', 'medium', '1', '', '', '', '', '', '', '[{\"col1\":\"\",\"col2\":\"\",\"col3\":\"\"}]', '​Lorem ipsum dolor sit amet.', '​Lorem ipsum dolor sit amet.', NULL, NULL, NULL, '0', NULL, NULL, NULL, NULL, NULL, '0.0', '0', '', '', '', NULL, NULL, '0', NULL, NULL, NULL, NULL, NULL, NULL, NULL, NULL, NULL, 'Asia', NULL, NULL, '0', NULL, NULL, NULL, NULL, NULL, 'Lorem ipsum dolor sit amet.', '108.202167', '16.054407', '0', '0', '0', '', 'Da Nang,vn', '2017-06-16 15:47:48', '2017-07-10 21:32:48', '8f48305f-cc48-4ccc-9bf5-b51d7511e8da'),
 ('66', '66', 'en', 'Historic', NULL, NULL, NULL, NULL, NULL, 'medium', 'medium', 'medium', '0', NULL, NULL, NULL, NULL, NULL, NULL, NULL, NULL, NULL, NULL, NULL, NULL, '0', NULL, NULL, NULL, NULL, NULL, '0.0', '0', NULL, NULL, NULL, NULL, NULL, '0', NULL, NULL, NULL, NULL, NULL, NULL, NULL, NULL, NULL, NULL, NULL, NULL, '0', NULL, NULL, NULL, NULL, NULL, NULL, '0.000000', '0.000000', '0', '0', '0', NULL, NULL, '2017-06-21 09:56:36', '2017-06-21 09:56:36', '3227473c-f0bf-43b1-81bb-8445d03ea708'),
 ('67', '67', 'en', 'Loved by locals', NULL, NULL, NULL, NULL, NULL, 'medium', 'medium', 'medium', '0', NULL, NULL, NULL, NULL, NULL, NULL, NULL, NULL, NULL, NULL, NULL, NULL, '0', NULL, NULL, NULL, NULL, NULL, '0.0', '0', NULL, NULL, NULL, NULL, NULL, '0', NULL, NULL, NULL, NULL, NULL, NULL, NULL, NULL, NULL, NULL, NULL, NULL, '0', NULL, NULL, NULL, NULL, NULL, NULL, '0.000000', '0.000000', '0', '0', '0', NULL, NULL, '2017-06-21 09:56:45', '2017-06-21 09:56:45', '04723cf2-3250-4bd3-aa65-c6ee8bbd480d'),
 ('68', '68', 'en', 'Architecture', NULL, NULL, NULL, NULL, NULL, 'medium', 'medium', 'medium', '0', NULL, NULL, NULL, NULL, NULL, NULL, NULL, NULL, NULL, NULL, NULL, NULL, '0', NULL, NULL, NULL, NULL, NULL, '0.0', '0', NULL, NULL, NULL, NULL, NULL, '0', NULL, NULL, NULL, NULL, NULL, NULL, NULL, NULL, NULL, NULL, NULL, NULL, '0', NULL, NULL, NULL, NULL, NULL, NULL, '0.000000', '0.000000', '0', '0', '0', NULL, NULL, '2017-06-21 09:56:52', '2017-06-21 09:56:52', '58687541-64d3-4dc0-a055-b13b97100d35'),
 ('69', '69', 'en', NULL, NULL, NULL, NULL, NULL, NULL, 'medium', 'medium', 'medium', '0', NULL, NULL, NULL, NULL, NULL, NULL, NULL, NULL, NULL, NULL, NULL, NULL, '0', NULL, NULL, NULL, NULL, NULL, '0.0', '0', NULL, NULL, NULL, NULL, NULL, '0', NULL, NULL, NULL, NULL, NULL, NULL, NULL, NULL, NULL, NULL, NULL, NULL, '0', NULL, 'https://wanderbrief.com', NULL, NULL, NULL, NULL, '0.000000', '0.000000', '0', '0', '0', NULL, NULL, '2017-06-21 13:38:10', '2017-06-21 13:41:10', '366f4020-6752-4706-a04a-bdeb7b346799'),
 ('70', '70', 'en', 'Andre Benz 250740 Min', NULL, NULL, NULL, NULL, NULL, 'medium', 'medium', 'medium', '0', NULL, NULL, NULL, NULL, NULL, NULL, NULL, NULL, NULL, NULL, NULL, NULL, '0', NULL, NULL, NULL, NULL, NULL, '0.0', '0', NULL, NULL, NULL, NULL, NULL, '0', NULL, NULL, NULL, NULL, NULL, NULL, NULL, NULL, NULL, NULL, NULL, NULL, '0', NULL, NULL, NULL, NULL, NULL, NULL, '0.000000', '0.000000', '0', '0', '0', NULL, NULL, '2017-06-21 14:02:50', '2017-07-10 22:01:50', '37dc67ed-b73c-430c-87a9-760255ad3d41'),
 ('71', '71', 'en', 'Artsy', NULL, NULL, NULL, NULL, NULL, 'medium', 'medium', 'medium', '0', NULL, NULL, NULL, NULL, NULL, NULL, NULL, NULL, NULL, NULL, NULL, NULL, '0', NULL, NULL, NULL, NULL, NULL, '0.0', '0', NULL, NULL, NULL, NULL, NULL, '0', NULL, NULL, NULL, NULL, NULL, NULL, NULL, NULL, NULL, NULL, NULL, NULL, '0', NULL, NULL, NULL, NULL, NULL, NULL, '0.000000', '0.000000', '0', '0', '0', NULL, NULL, '2017-06-21 14:10:04', '2017-06-21 14:10:04', '6a5de0e6-5000-4892-86b3-09e41e7642a4'),
 ('72', '72', 'en', 'West', NULL, '<p>Lorem ipsum dolor sit amet...</p>', '', '', NULL, 'medium', 'medium', 'medium', '0', NULL, NULL, NULL, NULL, NULL, NULL, '[{\"col1\":\"\",\"col2\":\"\",\"col3\":\"\"}]', NULL, NULL, NULL, NULL, NULL, '0', NULL, NULL, NULL, NULL, NULL, '0.0', '0', '', '', '', NULL, NULL, '0', NULL, NULL, NULL, NULL, NULL, NULL, NULL, NULL, NULL, NULL, NULL, NULL, '0', NULL, NULL, NULL, NULL, NULL, NULL, '4.875441', '52.383114', '13', '1200', '0', NULL, NULL, '2017-06-21 14:10:05', '2017-07-06 20:28:46', 'ea7e3282-c9da-45b2-b0fc-b92f9de4b413'),
 ('75', '75', 'en', 'Wanderbriefers worthy', NULL, NULL, NULL, NULL, NULL, 'medium', 'medium', 'medium', '0', NULL, NULL, NULL, NULL, NULL, NULL, NULL, NULL, NULL, NULL, NULL, NULL, '0', NULL, NULL, NULL, NULL, NULL, '0.0', '0', NULL, NULL, NULL, NULL, NULL, '0', NULL, NULL, NULL, NULL, NULL, NULL, NULL, NULL, NULL, NULL, NULL, NULL, '0', NULL, NULL, NULL, NULL, NULL, NULL, '0.000000', '0.000000', '0', '0', '0', NULL, NULL, '2017-06-21 15:23:17', '2017-06-21 15:23:17', '002594b3-441f-4796-84b9-f336177158b3'),
 ('76', '76', 'en', 'Artsy', NULL, NULL, NULL, NULL, NULL, 'medium', 'medium', 'medium', '0', NULL, NULL, NULL, NULL, NULL, NULL, NULL, NULL, NULL, NULL, NULL, NULL, '0', NULL, NULL, NULL, NULL, NULL, '0.0', '0', NULL, NULL, NULL, NULL, NULL, '0', NULL, NULL, NULL, NULL, NULL, NULL, NULL, NULL, NULL, NULL, NULL, NULL, '0', NULL, NULL, NULL, NULL, NULL, NULL, '0.000000', '0.000000', '0', '0', '0', NULL, NULL, '2017-06-21 15:23:41', '2017-06-21 15:23:41', '2043d019-f62e-4504-8b63-88e59a00f4d3'),
 ('77', '77', 'en', 'Famous for food', NULL, NULL, NULL, NULL, NULL, 'medium', 'medium', 'medium', '0', NULL, NULL, NULL, NULL, NULL, NULL, NULL, NULL, NULL, NULL, NULL, NULL, '0', NULL, NULL, NULL, NULL, NULL, '0.0', '0', NULL, NULL, NULL, NULL, NULL, '0', NULL, NULL, NULL, NULL, NULL, NULL, NULL, NULL, NULL, NULL, NULL, NULL, '0', NULL, NULL, NULL, NULL, NULL, NULL, '0.000000', '0.000000', '0', '0', '0', NULL, NULL, '2017-06-21 15:23:47', '2017-06-21 15:23:47', 'ec1cb4a1-7dd0-48ad-907a-292ad0035184'),
 ('78', '78', 'en', 'Party hardy', NULL, NULL, NULL, NULL, NULL, 'medium', 'medium', 'medium', '0', NULL, NULL, NULL, NULL, NULL, NULL, NULL, NULL, NULL, NULL, NULL, NULL, '0', NULL, NULL, NULL, NULL, NULL, '0.0', '0', NULL, NULL, NULL, NULL, NULL, '0', NULL, NULL, NULL, NULL, NULL, NULL, NULL, NULL, NULL, NULL, NULL, NULL, '0', NULL, NULL, NULL, NULL, NULL, NULL, '0.000000', '0.000000', '0', '0', '0', NULL, NULL, '2017-06-21 15:23:52', '2017-06-21 15:23:52', '7aa94eb5-cfc6-415a-808e-70ab585c3572'),
 ('79', '79', 'en', 'Loved by locals', NULL, NULL, NULL, NULL, NULL, 'medium', 'medium', 'medium', '0', NULL, NULL, NULL, NULL, NULL, NULL, NULL, NULL, NULL, NULL, NULL, NULL, '0', NULL, NULL, NULL, NULL, NULL, '0.0', '0', NULL, NULL, NULL, NULL, NULL, '0', NULL, NULL, NULL, NULL, NULL, NULL, NULL, NULL, NULL, NULL, NULL, NULL, '0', NULL, NULL, NULL, NULL, NULL, NULL, '0.000000', '0.000000', '0', '0', '0', NULL, NULL, '2017-06-21 15:24:31', '2017-06-21 15:24:31', '40b5f16c-9792-441b-afe0-c58494e63040'),
 ('80', '80', 'en', 'Adventurous', NULL, NULL, NULL, NULL, NULL, 'medium', 'medium', 'medium', '0', NULL, NULL, NULL, NULL, NULL, NULL, NULL, NULL, NULL, NULL, NULL, NULL, '0', NULL, NULL, NULL, NULL, NULL, '0.0', '0', NULL, NULL, NULL, NULL, NULL, '0', NULL, NULL, NULL, NULL, NULL, NULL, NULL, NULL, NULL, NULL, NULL, NULL, '0', NULL, NULL, NULL, NULL, NULL, NULL, '0.000000', '0.000000', '0', '0', '0', NULL, NULL, '2017-06-21 16:12:48', '2017-06-21 16:12:48', '3c4838f3-125e-4d32-90c8-12487393a4bd'),
 ('81', '81', 'en', 'Culture', NULL, NULL, NULL, NULL, NULL, 'medium', 'medium', 'medium', '0', NULL, NULL, NULL, NULL, NULL, NULL, NULL, NULL, NULL, NULL, NULL, NULL, '0', NULL, NULL, NULL, NULL, NULL, '0.0', '0', NULL, NULL, NULL, NULL, NULL, '0', NULL, NULL, NULL, NULL, NULL, NULL, NULL, NULL, NULL, NULL, NULL, NULL, '0', NULL, NULL, NULL, NULL, NULL, NULL, '0.000000', '0.000000', '0', '0', '0', NULL, NULL, '2017-06-21 16:12:52', '2017-06-21 16:12:52', '03254c94-a5e1-414b-b29b-0f4088902cb4'),
 ('82', '82', 'en', 'Architecture', NULL, NULL, NULL, NULL, NULL, 'medium', 'medium', 'medium', '0', NULL, NULL, NULL, NULL, NULL, NULL, NULL, NULL, NULL, NULL, NULL, NULL, '0', NULL, NULL, NULL, NULL, NULL, '0.0', '0', NULL, NULL, NULL, NULL, NULL, '0', NULL, NULL, NULL, NULL, NULL, NULL, NULL, NULL, NULL, NULL, NULL, NULL, '0', NULL, NULL, NULL, NULL, NULL, NULL, '0.000000', '0.000000', '0', '0', '0', NULL, NULL, '2017-06-21 16:12:59', '2017-06-21 16:12:59', '8f9c3aa4-a741-43e2-a9b3-80120e074d92'),
 ('83', '83', 'en', 'Authentic', NULL, NULL, NULL, NULL, NULL, 'medium', 'medium', 'medium', '0', NULL, NULL, NULL, NULL, NULL, NULL, NULL, NULL, NULL, NULL, NULL, NULL, '0', NULL, NULL, NULL, NULL, NULL, '0.0', '0', NULL, NULL, NULL, NULL, NULL, '0', NULL, NULL, NULL, NULL, NULL, NULL, NULL, NULL, NULL, NULL, NULL, NULL, '0', NULL, NULL, NULL, NULL, NULL, NULL, '0.000000', '0.000000', '0', '0', '0', NULL, NULL, '2017-06-21 16:13:04', '2017-06-21 16:13:04', '4988389c-c360-47da-bce7-bc00795999d7'),
 ('84', '84', 'en', 'Adventurous', NULL, NULL, NULL, NULL, NULL, 'medium', 'medium', 'medium', '0', NULL, NULL, NULL, NULL, NULL, NULL, NULL, NULL, NULL, NULL, NULL, NULL, '0', NULL, NULL, NULL, NULL, NULL, '0.0', '0', NULL, NULL, NULL, NULL, NULL, '0', NULL, NULL, NULL, NULL, NULL, NULL, NULL, NULL, NULL, NULL, NULL, NULL, '0', NULL, NULL, NULL, NULL, NULL, NULL, '0.000000', '0.000000', '0', '0', '0', NULL, NULL, '2017-06-21 16:31:25', '2017-06-21 16:31:25', 'c6ea604d-8b9e-4e43-9453-e4523275bd1b'),
 ('85', '85', 'en', 'Famous for food', NULL, NULL, NULL, NULL, NULL, 'medium', 'medium', 'medium', '0', NULL, NULL, NULL, NULL, NULL, NULL, NULL, NULL, NULL, NULL, NULL, NULL, '0', NULL, NULL, NULL, NULL, NULL, '0.0', '0', NULL, NULL, NULL, NULL, NULL, '0', NULL, NULL, NULL, NULL, NULL, NULL, NULL, NULL, NULL, NULL, NULL, NULL, '0', NULL, NULL, NULL, NULL, NULL, NULL, '0.000000', '0.000000', '0', '0', '0', NULL, NULL, '2017-06-21 16:31:26', '2017-06-21 16:31:26', 'ba15b769-3f21-4673-a3dd-657f2371d513'),
 ('86', '86', 'en', 'Centrum', NULL, '<p>Lorem ipsum dolor sit amet.</p>', '', '', NULL, 'medium', 'medium', 'medium', '0', NULL, NULL, NULL, NULL, NULL, NULL, '[{\"col1\":\"\",\"col2\":\"\",\"col3\":\"\"}]', NULL, NULL, NULL, NULL, NULL, '0', NULL, NULL, NULL, NULL, NULL, '0.0', '0', '', '', '', NULL, NULL, '0', NULL, NULL, NULL, NULL, NULL, NULL, NULL, NULL, NULL, NULL, NULL, NULL, '0', NULL, NULL, NULL, NULL, NULL, NULL, '4.900331', '52.372710', '13', '1500', '0', NULL, NULL, '2017-06-22 08:09:46', '2017-07-06 20:25:48', 'be9c9e9e-91d0-4e3d-8796-81103bef8e8e'),
 ('87', '87', 'en', 'Neighborhoods', NULL, NULL, NULL, NULL, NULL, 'medium', 'medium', 'medium', '0', NULL, NULL, NULL, NULL, NULL, NULL, NULL, NULL, NULL, NULL, NULL, NULL, '0', NULL, NULL, NULL, NULL, NULL, '0.0', '0', NULL, NULL, NULL, NULL, NULL, '0', NULL, NULL, NULL, NULL, NULL, NULL, NULL, NULL, NULL, NULL, NULL, NULL, '0', NULL, NULL, NULL, NULL, NULL, NULL, '0.000000', '0.000000', '0', '0', '0', NULL, NULL, '2017-06-22 08:24:54', '2017-06-22 08:24:54', '3fd54448-8cb1-4727-9268-4581623e3a38'),
 ('88', '88', 'en', 'Places', NULL, NULL, NULL, NULL, NULL, 'medium', 'medium', 'medium', '0', NULL, NULL, NULL, NULL, NULL, NULL, NULL, NULL, NULL, NULL, NULL, NULL, '0', NULL, NULL, NULL, NULL, NULL, '0.0', '0', NULL, NULL, NULL, NULL, NULL, '0', NULL, NULL, NULL, NULL, NULL, NULL, NULL, NULL, NULL, NULL, NULL, NULL, '0', NULL, NULL, NULL, NULL, NULL, NULL, '0.000000', '0.000000', '0', '0', '0', NULL, NULL, '2017-06-22 08:25:27', '2017-06-22 08:25:27', '64fa6c56-086f-459b-b79f-3dd1e9a623f0'),
 ('89', '89', 'en', 'Rob Bye 66757 Min', NULL, NULL, NULL, NULL, NULL, 'medium', 'medium', 'medium', '0', NULL, NULL, NULL, NULL, NULL, NULL, NULL, NULL, NULL, NULL, NULL, NULL, '0', NULL, NULL, NULL, NULL, NULL, '0.0', '0', NULL, NULL, NULL, NULL, NULL, '0', NULL, NULL, NULL, NULL, NULL, NULL, NULL, NULL, NULL, NULL, NULL, NULL, '0', NULL, NULL, NULL, NULL, NULL, NULL, '0.000000', '0.000000', '0', '0', '0', NULL, NULL, '2017-06-22 10:48:51', '2017-07-10 22:01:54', '40d652da-b872-4d12-8e01-bfe90e62ab90'),
 ('91', '91', 'en', 'Nature', NULL, NULL, NULL, NULL, NULL, 'medium', 'medium', 'medium', '0', NULL, NULL, NULL, NULL, NULL, NULL, NULL, NULL, NULL, NULL, NULL, NULL, '0', NULL, NULL, NULL, NULL, NULL, '0.0', '0', NULL, NULL, NULL, NULL, NULL, '0', NULL, NULL, NULL, NULL, NULL, NULL, NULL, NULL, NULL, NULL, NULL, NULL, '0', NULL, NULL, NULL, NULL, NULL, NULL, '0.000000', '0.000000', '0', '0', '0', NULL, NULL, '2017-06-22 14:38:46', '2017-06-22 14:38:46', 'ff421f43-b93f-4958-8f84-41ce7e3d5709'),
 ('92', '92', 'en', 'Bucketlist', NULL, NULL, NULL, NULL, NULL, 'medium', 'medium', 'medium', '0', NULL, NULL, NULL, NULL, NULL, NULL, NULL, NULL, NULL, NULL, NULL, NULL, '0', NULL, NULL, NULL, NULL, NULL, '0.0', '0', NULL, NULL, NULL, NULL, NULL, '0', NULL, NULL, NULL, NULL, NULL, NULL, NULL, NULL, NULL, NULL, NULL, NULL, '0', NULL, NULL, NULL, NULL, NULL, NULL, '0.000000', '0.000000', '0', '0', '0', NULL, NULL, '2017-06-22 14:38:50', '2017-06-22 14:38:50', '56ddd487-fc74-4a01-b4a9-7c81ba01f123'),
 ('93', '93', 'en', 'Historic', NULL, NULL, NULL, NULL, NULL, 'medium', 'medium', 'medium', '0', NULL, NULL, NULL, NULL, NULL, NULL, NULL, NULL, NULL, NULL, NULL, NULL, '0', NULL, NULL, NULL, NULL, NULL, '0.0', '0', NULL, NULL, NULL, NULL, NULL, '0', NULL, NULL, NULL, NULL, NULL, NULL, NULL, NULL, NULL, NULL, NULL, NULL, '0', NULL, NULL, NULL, NULL, NULL, NULL, '0.000000', '0.000000', '0', '0', '0', NULL, NULL, '2017-06-22 14:39:35', '2017-06-22 14:39:35', 'ec239382-7332-4324-b2a3-4a2fe400eb84'),
 ('94', '94', 'en', 'Ryan Hafey 176641 Min', NULL, NULL, NULL, NULL, NULL, 'medium', 'medium', 'medium', '0', NULL, NULL, NULL, NULL, NULL, NULL, NULL, NULL, NULL, NULL, NULL, NULL, '0', NULL, NULL, NULL, NULL, NULL, '0.0', '0', NULL, NULL, NULL, NULL, NULL, '0', NULL, NULL, NULL, NULL, NULL, NULL, NULL, NULL, NULL, NULL, NULL, NULL, '0', NULL, NULL, NULL, NULL, NULL, NULL, '0.000000', '0.000000', '0', '0', '0', NULL, NULL, '2017-06-23 12:35:53', '2017-07-10 22:01:39', '533d425f-05d6-46a8-b7e3-fceb7f95ce1d'),
 ('95', '95', 'en', 'Alexander Andrews 247193 Min', NULL, NULL, NULL, NULL, NULL, 'medium', 'medium', 'medium', '0', NULL, NULL, NULL, NULL, NULL, NULL, NULL, NULL, NULL, NULL, NULL, NULL, '0', NULL, NULL, NULL, NULL, NULL, '0.0', '0', NULL, NULL, NULL, NULL, NULL, '0', NULL, NULL, NULL, NULL, NULL, NULL, NULL, NULL, NULL, NULL, NULL, NULL, '0', NULL, NULL, NULL, NULL, NULL, NULL, '0.000000', '0.000000', '0', '0', '0', NULL, NULL, '2017-06-23 12:37:44', '2017-07-10 22:01:37', 'ff71a448-9801-41d8-973e-783776afb307'),
 ('96', '96', 'en', 'Jeremy Bishop 219587 Min', NULL, NULL, NULL, NULL, NULL, 'medium', 'medium', 'medium', '0', NULL, NULL, NULL, NULL, NULL, NULL, NULL, NULL, NULL, NULL, NULL, NULL, '0', NULL, NULL, NULL, NULL, NULL, '0.0', '0', NULL, NULL, NULL, NULL, NULL, '0', NULL, NULL, NULL, NULL, NULL, NULL, NULL, NULL, NULL, NULL, NULL, NULL, '0', NULL, NULL, NULL, NULL, NULL, NULL, '0.000000', '0.000000', '0', '0', '0', NULL, NULL, '2017-06-23 12:42:57', '2017-07-10 22:01:43', 'e419590c-6ab8-4f1d-8fef-79b76fa7bad6'),
 ('97', '97', 'en', 'Gopro', NULL, NULL, NULL, NULL, NULL, 'medium', 'medium', 'medium', '0', NULL, NULL, NULL, NULL, NULL, NULL, NULL, NULL, NULL, NULL, NULL, NULL, '0', NULL, NULL, NULL, NULL, NULL, '0.0', '0', NULL, NULL, NULL, NULL, NULL, '0', NULL, NULL, NULL, NULL, NULL, NULL, NULL, NULL, NULL, NULL, NULL, NULL, '0', NULL, NULL, NULL, NULL, NULL, NULL, '0.000000', '0.000000', '0', '0', '0', NULL, NULL, '2017-06-23 12:54:26', '2017-07-10 22:01:47', '4fddc1c2-a5a9-49c9-9676-02cfed785417'),
 ('98', '98', 'en', 'Karan Singh, Madebykaran', NULL, '<p>Tokyo is <strong>everything</strong> you anticipate it to be and more. It\'ll confront you in ways which challenge you but then embrace you in serendipitous moments. Japanese efficiency and courtesy will ruin you for everywhere else in the world.</p>', NULL, NULL, NULL, 'medium', 'medium', 'medium', '0', NULL, NULL, NULL, NULL, NULL, NULL, NULL, NULL, NULL, NULL, NULL, NULL, '0', NULL, NULL, NULL, NULL, NULL, '0.0', '0', NULL, NULL, NULL, NULL, NULL, '0', NULL, 'https://instagram.com/wanderbrief', NULL, NULL, NULL, NULL, NULL, NULL, NULL, NULL, NULL, NULL, '0', NULL, NULL, NULL, NULL, NULL, NULL, '0.000000', '0.000000', '0', '0', '0', NULL, NULL, '2017-06-23 12:54:29', '2017-07-10 21:59:45', '7809f097-e557-4830-b053-684d51837d8b'),
 ('99', '99', 'en', 'July 2017 by Karan Singh', NULL, NULL, NULL, NULL, NULL, 'medium', 'medium', 'medium', '0', NULL, NULL, NULL, NULL, NULL, NULL, NULL, NULL, NULL, NULL, NULL, NULL, '0', NULL, NULL, NULL, NULL, NULL, '0.0', '0', NULL, NULL, NULL, NULL, NULL, '0', NULL, NULL, NULL, NULL, NULL, NULL, NULL, NULL, NULL, NULL, NULL, '2017-06-30 22:00:00', '0', NULL, NULL, '<p>xvsfsdfsdfs</p>', '[{\"col1\":\"1\",\"col2\":\"Apple Macbook Pro\",\"col3\":\"15 inch with Retina display\",\"col4\":\"http:\\/\\/amazon.com\"},{\"col1\":\"2\",\"col2\":\"Apple iPad Air 2\",\"col3\":\"with Retina display and 16 GBof storage\",\"col4\":\"http:\\/\\/amazon.com\"}]', NULL, NULL, '0.000000', '0.000000', '0', '0', '0', NULL, NULL, '2017-06-23 12:55:18', '2017-06-24 11:08:13', '8ca25b7a-201d-4594-9109-07cff8672d5c'),
 ('100', '100', 'en', 'Alexander Andrews 247193 Min Markers Min', NULL, NULL, NULL, NULL, NULL, 'medium', 'medium', 'medium', '0', NULL, NULL, NULL, NULL, NULL, NULL, NULL, NULL, NULL, NULL, NULL, NULL, '0', NULL, NULL, NULL, NULL, NULL, '0.0', '0', NULL, NULL, NULL, NULL, NULL, '0', NULL, NULL, NULL, NULL, NULL, NULL, NULL, NULL, NULL, NULL, NULL, NULL, '0', NULL, NULL, NULL, NULL, NULL, NULL, '0.000000', '0.000000', '0', '0', '0', NULL, NULL, '2017-06-24 11:08:01', '2017-07-10 22:01:38', 'ca7da6f5-d79a-4112-acb8-61c0e839875f'),
 ('101', '101', 'en', 'June by Clément Guillou', NULL, NULL, NULL, NULL, NULL, 'medium', 'medium', 'medium', '0', NULL, NULL, NULL, NULL, NULL, NULL, NULL, NULL, NULL, NULL, NULL, NULL, '0', NULL, NULL, NULL, NULL, NULL, '0.0', '0', NULL, NULL, NULL, NULL, NULL, '0', NULL, NULL, NULL, NULL, NULL, NULL, NULL, NULL, NULL, NULL, NULL, '2017-05-31 22:00:00', '0', NULL, NULL, NULL, '[{\"col1\":\"1\",\"col2\":\"Lorem ipsum\",\"col3\":\"Lorem ipsum dolor sit amet\",\"col4\":\"https:\\/\\/amazon.com\"},{\"col1\":\"2\",\"col2\":\"Lorem ipsum\",\"col3\":\"Lorem ipsum dolor sit amet lorem ipsum dolor sit amet\",\"col4\":\"https:\\/\\/amazon.com\"},{\"col1\":\"3\",\"col2\":\"Lorem ipsum\",\"col3\":\"Lorem ipsum dolor sit amet lorem ipsum\",\"col4\":\"https:\\/\\/amazon.com\"},{\"col1\":\"4\",\"col2\":\"Lorem ipsum\",\"col3\":\"Lorem ipsum dolor sit amet\",\"col4\":\"https:\\/\\/amazon.com\"},{\"col1\":\"5\",\"col2\":\"Lorem ipsum\",\"col3\":\"Lorem ipsum dolor sit amet\",\"col4\":\"https:\\/\\/amazon.com\"},{\"col1\":\"6\",\"col2\":\"Lorem ipsum\",\"col3\":\"Lorem ipsum dolor sit amet\",\"col4\":\"https:\\/\\/amazon.com\"},{\"col1\":\"7\",\"col2\":\"Lorem ipsum\",\"col3\":\"Lorem ipsum dolor sit amet\",\"col4\":\"https:\\/\\/amazon.com\"}]', NULL, NULL, '0.000000', '0.000000', '0', '0', '0', NULL, NULL, '2017-06-24 11:21:00', '2017-06-24 11:27:31', '3bb7700a-b4cb-47d2-8b6e-a9cd2c534d87'),
 ('102', '102', 'en', 'Clément Guillou', NULL, '<p>Lorem ipsun dolor sit amet.</p>', NULL, NULL, NULL, 'medium', 'medium', 'medium', '0', NULL, NULL, NULL, NULL, NULL, NULL, NULL, NULL, NULL, NULL, NULL, NULL, '0', NULL, NULL, NULL, NULL, NULL, '0.0', '0', NULL, NULL, NULL, NULL, NULL, '0', NULL, 'http://clementguillou.com', NULL, NULL, NULL, NULL, NULL, NULL, NULL, NULL, NULL, NULL, '0', NULL, NULL, NULL, NULL, NULL, NULL, '0.000000', '0.000000', '0', '0', '0', NULL, NULL, '2017-06-24 11:24:38', '2017-07-10 21:59:36', '0faca584-1c1e-4ab6-8a59-4ae2720e989c'),
 ('103', '103', 'en', NULL, NULL, NULL, NULL, NULL, NULL, 'medium', 'medium', 'medium', '0', NULL, NULL, NULL, NULL, NULL, NULL, NULL, NULL, NULL, NULL, NULL, NULL, '0', NULL, NULL, NULL, NULL, NULL, '0.0', '0', NULL, NULL, NULL, NULL, NULL, '1', NULL, NULL, NULL, NULL, NULL, NULL, NULL, NULL, NULL, NULL, NULL, NULL, '0', NULL, NULL, NULL, NULL, '[{\"col1\":\"World Nomads\",\"col2\":\"Wander safely with this travel insurance for independent travelers from more than 130+ countries.\",\"col3\":\"https:\\/\\/amazon.com\",\"col4\":\"Get discount\",\"col5\":\"1\",\"col6\":\"\"}]', NULL, '0.000000', '0.000000', '0', '0', '0', NULL, NULL, '2017-06-26 16:49:30', '2017-06-26 17:17:05', '366e7d1f-0a00-4627-b9d3-052ecfac24c2');





--
-- Schema for table `guide_deprecationerrors`
--
CREATE TABLE `guide_deprecationerrors` (
  `id` int(11) NOT NULL AUTO_INCREMENT,
  `key` varchar(255) COLLATE utf8_unicode_ci NOT NULL,
  `fingerprint` varchar(255) COLLATE utf8_unicode_ci NOT NULL,
  `lastOccurrence` datetime NOT NULL,
  `file` varchar(255) COLLATE utf8_unicode_ci NOT NULL,
  `line` smallint(6) unsigned NOT NULL,
  `class` varchar(255) COLLATE utf8_unicode_ci DEFAULT NULL,
  `method` varchar(255) COLLATE utf8_unicode_ci DEFAULT NULL,
  `template` varchar(255) COLLATE utf8_unicode_ci DEFAULT NULL,
  `templateLine` smallint(6) unsigned DEFAULT NULL,
  `message` varchar(255) COLLATE utf8_unicode_ci DEFAULT NULL,
  `traces` text COLLATE utf8_unicode_ci,
  `dateCreated` datetime NOT NULL,
  `dateUpdated` datetime NOT NULL,
  `uid` char(36) COLLATE utf8_unicode_ci NOT NULL DEFAULT '0',
  PRIMARY KEY (`id`),
  UNIQUE KEY `guide_deprecationerrors_key_fingerprint_unq_idx` (`key`,`fingerprint`)
) ENGINE=InnoDB DEFAULT CHARSET=utf8 COLLATE=utf8_unicode_ci;



--
-- Schema for table `guide_elementindexsettings`
--
CREATE TABLE `guide_elementindexsettings` (
  `id` int(11) NOT NULL AUTO_INCREMENT,
  `type` varchar(150) COLLATE utf8_unicode_ci NOT NULL,
  `settings` text COLLATE utf8_unicode_ci,
  `dateCreated` datetime NOT NULL,
  `dateUpdated` datetime NOT NULL,
  `uid` char(36) COLLATE utf8_unicode_ci NOT NULL DEFAULT '0',
  PRIMARY KEY (`id`),
  UNIQUE KEY `guide_elementindexsettings_type_unq_idx` (`type`)
) ENGINE=InnoDB AUTO_INCREMENT=2 DEFAULT CHARSET=utf8 COLLATE=utf8_unicode_ci;

--
-- Data for table `guide_elementindexsettings`
--

INSERT INTO `guide_elementindexsettings` (`id`, `type`, `settings`, `dateCreated`, `dateUpdated`, `uid`) VALUES
 ('1', 'Entry', '{\"sourceOrder\":[[\"heading\",\"Guides\"],[\"key\",\"section:4\"],[\"key\",\"section:5\"],[\"heading\",\"Places\"],[\"key\",\"section:6\"],[\"key\",\"section:7\"],[\"key\",\"section:8\"],[\"key\",\"section:9\"],[\"heading\",\"Briefs\"],[\"key\",\"section:11\"],[\"heading\",\"Essentials\"],[\"key\",\"section:3\"],[\"heading\",\"Influencers\"],[\"key\",\"section:10\"],[\"heading\",\"Pages\"],[\"key\",\"singles\"],[\"heading\",\"\"],[\"key\",\"*\"]],\"sources\":{\"*\":{\"tableAttributes\":{\"1\":\"section\",\"2\":\"postDate\",\"3\":\"expiryDate\",\"4\":\"link\"}},\"section:3\":{\"tableAttributes\":{\"1\":\"postDate\",\"2\":\"expiryDate\",\"3\":\"link\"}},\"section:4\":{\"tableAttributes\":{\"1\":\"postDate\",\"2\":\"expiryDate\",\"3\":\"link\"}},\"singles\":{\"tableAttributes\":{\"1\":\"link\"}},\"section:10\":{\"tableAttributes\":{\"1\":\"postDate\",\"2\":\"expiryDate\",\"3\":\"link\"}}}}', '2017-06-05 15:53:03', '2017-06-23 12:51:31', '983b092f-86ac-4c1e-883d-830d372fc7f0');





--
-- Schema for table `guide_elements`
--
CREATE TABLE `guide_elements` (
  `id` int(11) NOT NULL AUTO_INCREMENT,
  `type` varchar(150) COLLATE utf8_unicode_ci NOT NULL,
  `enabled` tinyint(1) unsigned NOT NULL DEFAULT '1',
  `archived` tinyint(1) unsigned NOT NULL DEFAULT '0',
  `dateCreated` datetime NOT NULL,
  `dateUpdated` datetime NOT NULL,
  `uid` char(36) COLLATE utf8_unicode_ci NOT NULL DEFAULT '0',
  PRIMARY KEY (`id`),
  KEY `guide_elements_type_idx` (`type`),
  KEY `guide_elements_enabled_idx` (`enabled`),
  KEY `guide_elements_archived_dateCreated_idx` (`archived`,`dateCreated`)
) ENGINE=InnoDB AUTO_INCREMENT=104 DEFAULT CHARSET=utf8 COLLATE=utf8_unicode_ci;

--
-- Data for table `guide_elements`
--

INSERT INTO `guide_elements` (`id`, `type`, `enabled`, `archived`, `dateCreated`, `dateUpdated`, `uid`) VALUES
 ('1', 'User', '1', '0', '2017-06-05 15:46:29', '2017-06-05 15:46:29', '54b7b6a6-f70b-4a37-bd7d-3c5d6b5860f4'),
 ('2', 'Entry', '1', '0', '2017-06-05 15:46:30', '2017-07-10 18:13:36', 'cbeaa1cb-0280-445a-bdf3-1dbb02f8a2e3'),
 ('4', 'Entry', '1', '0', '2017-06-05 19:31:18', '2017-07-06 21:24:49', 'd47b8baa-2dca-4d64-80a6-0cda525df0f4'),
 ('5', 'Entry', '1', '0', '2017-06-05 19:40:41', '2017-07-06 20:29:24', '1350bc0a-9dd7-44c5-9bde-9975ead76b3c'),
 ('7', 'Entry', '1', '0', '2017-06-08 15:01:08', '2017-06-16 13:49:41', '77357313-2005-425b-b5fb-41527c68c2bd'),
 ('8', 'Asset', '1', '0', '2017-06-13 21:27:36', '2017-07-10 22:01:51', 'e41ca60c-b98d-483d-b1ab-c129b3f0621b'),
 ('9', 'Asset', '1', '0', '2017-06-13 21:34:11', '2017-07-10 22:01:41', '85f52fd8-0df0-4206-971f-249d49bea28a'),
 ('10', 'Asset', '1', '0', '2017-06-13 21:38:53', '2017-07-10 22:01:49', 'e34bfcba-fa52-4a5e-bdc9-8ab649c11af9'),
 ('12', 'Asset', '1', '0', '2017-06-13 21:43:44', '2017-07-10 22:01:40', '939e4e77-a79f-4876-b359-94864ba4cfdc'),
 ('14', 'Asset', '1', '0', '2017-06-13 21:50:33', '2017-07-10 22:01:38', 'df994dab-f002-4002-9c8a-45281c6c51d6'),
 ('15', 'GlobalSet', '1', '0', '2017-06-13 22:11:06', '2017-06-21 13:57:53', '178232de-17f0-48cf-b18e-1b4a28452cb1'),
 ('16', 'GlobalSet', '1', '0', '2017-06-13 22:11:32', '2017-06-13 22:11:32', 'f7543142-6415-4440-9bd1-92e32c5b6ba5'),
 ('17', 'Asset', '1', '0', '2017-06-14 16:26:59', '2017-07-10 22:01:44', '3da0fba1-8f58-443e-ade7-f4987b865645'),
 ('23', 'Entry', '1', '0', '2017-06-14 18:49:51', '2017-07-10 21:31:49', 'cb35fcd2-1a24-4b4e-9a57-1c23be15e7cf'),
 ('24', 'Entry', '1', '0', '2017-06-14 18:50:21', '2017-07-07 13:09:51', '72434f25-7f6c-4054-a3e3-3c7d7361b51f'),
 ('25', 'Asset', '1', '0', '2017-06-14 19:23:57', '2017-07-10 22:01:48', '83a70dae-614d-4239-a30a-2ffd84c009b0'),
 ('26', 'Asset', '1', '0', '2017-06-14 19:27:13', '2017-07-10 22:01:48', '9ca0b764-dc8a-4dcd-9f91-b1cecde23755'),
 ('27', 'Asset', '1', '0', '2017-06-14 20:02:00', '2017-07-10 22:01:40', 'ca7ae31f-d533-4234-8a80-f9c6a22aebfe'),
 ('28', 'Entry', '1', '0', '2017-06-14 20:02:14', '2017-06-16 13:49:36', 'c43d608e-47c1-439f-a267-e3a183cb86e8'),
 ('29', 'Asset', '1', '0', '2017-06-14 20:06:23', '2017-07-10 22:01:40', 'a448634f-b32b-49d3-8c0a-376e8a2dd437'),
 ('30', 'Entry', '1', '0', '2017-06-14 20:06:30', '2017-06-16 13:50:01', '92368b82-c1ea-425a-903b-97af033b4c3f'),
 ('31', 'Asset', '1', '0', '2017-06-14 22:28:31', '2017-07-10 22:01:52', '5ac8b2f2-6fb5-4835-8454-ad44579498c6'),
 ('32', 'Asset', '1', '0', '2017-06-14 22:32:09', '2017-07-10 22:01:51', 'f5506875-b1ea-477e-97fa-a6bab9c18f09'),
 ('35', 'Asset', '1', '0', '2017-06-14 22:39:38', '2017-07-10 22:01:42', '3b2f4645-6cc6-4e1b-8db3-0f2975309636'),
 ('36', 'Asset', '1', '0', '2017-06-14 22:42:50', '2017-07-10 22:01:52', 'dc66a030-6b5b-499e-bd44-50e79163036e'),
 ('37', 'Asset', '1', '0', '2017-06-14 22:44:25', '2017-07-10 22:01:48', '5c516bc3-22b9-45c8-b2a1-ff0181fecca5'),
 ('38', 'Asset', '1', '0', '2017-06-14 22:48:45', '2017-07-10 22:01:54', '91d0d633-b247-449c-bf0b-ee7db991105a'),
 ('39', 'Asset', '1', '0', '2017-06-14 22:55:51', '2017-07-10 22:01:53', 'e7474a4a-7256-4986-ab86-3dcd258de924'),
 ('40', 'Asset', '1', '0', '2017-06-14 23:00:31', '2017-07-10 22:01:45', '11227f52-3b81-433b-babd-959bc2c3a5b9'),
 ('41', 'Asset', '1', '0', '2017-06-14 23:03:13', '2017-07-10 22:01:44', 'c93efd9a-a984-49f9-92ff-365ac06ca9a9'),
 ('42', 'Asset', '1', '0', '2017-06-14 23:03:56', '2017-07-10 22:01:53', '4c45d0db-019c-4e49-b88d-20e4f4c3bb47'),
 ('43', 'Entry', '1', '0', '2017-06-14 23:04:25', '2017-07-07 13:09:28', 'eeb55143-3a24-42b1-9cdc-6202eea71864'),
 ('44', 'Asset', '1', '0', '2017-06-15 14:28:48', '2017-07-10 22:01:39', '328bdfc0-f350-4876-9232-87eb96675873'),
 ('46', 'Category', '1', '0', '2017-06-15 15:06:46', '2017-06-15 15:06:46', '8da85317-8557-41ee-a7b4-715c6a172176'),
 ('47', 'Category', '1', '0', '2017-06-15 15:06:53', '2017-06-15 15:06:53', '2a8c3afe-bc52-4a05-8815-86a47e5bcfe7'),
 ('48', 'Asset', '1', '0', '2017-06-15 16:52:45', '2017-07-10 22:01:48', 'eb81971b-1af6-4bae-a701-82b5b409d9e3'),
 ('49', 'Entry', '1', '0', '2017-06-15 16:52:50', '2017-06-16 13:49:14', '97a867d3-9bb0-4af2-989e-90e6404b8950'),
 ('50', 'Asset', '1', '0', '2017-06-15 16:58:16', '2017-07-10 22:01:47', '6a2374c4-b872-4bd9-ab85-4f1adf24fed5'),
 ('51', 'Entry', '1', '0', '2017-06-15 16:58:22', '2017-06-16 13:49:14', 'eca974b7-faa4-43b7-aeb1-f3d8906b0d95'),
 ('52', 'Asset', '1', '0', '2017-06-15 16:59:35', '2017-07-10 22:01:48', 'a77f4500-a3f5-419f-9d04-6d1b50168996'),
 ('53', 'Entry', '1', '0', '2017-06-15 16:59:39', '2017-06-16 13:49:14', '566c28d4-13f5-4b9c-bd34-1627c84ca5d6'),
 ('54', 'Asset', '1', '0', '2017-06-15 19:53:10', '2017-07-10 22:01:38', 'f77ad2b0-9fcc-434c-831d-cfa1a057c58d'),
 ('56', 'Asset', '1', '0', '2017-06-15 19:55:17', '2017-07-10 22:01:39', '63c5f7cb-6280-402b-8ca5-8247697e5c9a'),
 ('57', 'Asset', '1', '0', '2017-06-15 19:56:51', '2017-07-10 22:01:36', '31d8ecc7-9a41-422e-9c90-c00401f30c2f'),
 ('58', 'Entry', '1', '0', '2017-06-16 13:50:19', '2017-06-26 17:37:30', 'd793dbd0-2066-4ba5-ad07-9da9a6232ae0'),
 ('59', 'Asset', '1', '0', '2017-06-16 15:06:22', '2017-07-10 22:01:43', '7565571d-64ab-47f4-ae96-4ac346ed3907'),
 ('60', 'Asset', '1', '0', '2017-06-16 15:06:23', '2017-07-10 22:01:46', '64910bee-f0d2-46c5-a4d7-ee95823d96b8'),
 ('61', 'Asset', '1', '0', '2017-06-16 15:06:26', '2017-07-10 22:01:42', '450685c2-1cdd-4ca0-9dbc-e2e2c31e74e6'),
 ('62', 'Asset', '1', '0', '2017-06-16 15:06:28', '2017-07-10 22:01:46', 'df57fdab-42cc-4982-aabf-8c7dfc6aa2de'),
 ('63', 'Entry', '1', '0', '2017-06-16 15:42:13', '2017-07-10 21:36:57', 'f8ec6b1e-4425-42da-9b07-2aef7ce1d30d'),
 ('64', 'Asset', '1', '0', '2017-06-16 15:47:34', '2017-07-10 22:01:50', 'c076e1b7-bdfe-4f8a-bf7c-a10c0d7ccac6'),
 ('65', 'Entry', '1', '0', '2017-06-16 15:47:48', '2017-07-10 21:32:48', 'cc92e885-9987-4723-9d4a-6b83ee8115d6'),
 ('66', 'Tag', '1', '0', '2017-06-21 09:56:36', '2017-06-21 09:56:36', 'fdfc7f22-7eeb-4f7c-9c2a-bed623b7a361'),
 ('67', 'Tag', '1', '0', '2017-06-21 09:56:45', '2017-06-21 09:56:45', '73ed2e95-4607-4035-a084-a144dc6a8cb3'),
 ('68', 'Tag', '1', '0', '2017-06-21 09:56:52', '2017-06-21 09:56:52', '83138026-a337-4e5b-a537-fa8da9c11a18'),
 ('69', 'GlobalSet', '1', '0', '2017-06-21 13:38:10', '2017-06-21 13:41:10', '53ce2e50-cad3-446f-8c94-1a3b5b6bb659'),
 ('70', 'Asset', '1', '0', '2017-06-21 14:02:50', '2017-07-10 22:01:50', '8df98770-9529-4c2b-99dc-577e7ceb9f96'),
 ('71', 'Tag', '1', '0', '2017-06-21 14:10:04', '2017-06-21 14:10:04', 'a890c1e7-27ed-4550-bd91-9c8bf1c73dcd'),
 ('72', 'Entry', '1', '0', '2017-06-21 14:10:05', '2017-07-06 20:28:46', '8ca5cb27-f5b1-42bb-811a-19d8afaf12ca'),
 ('75', 'Tag', '1', '0', '2017-06-21 15:23:17', '2017-06-21 15:23:17', 'ac9df24d-c21d-479e-9183-bbc1e2a6a073'),
 ('76', 'Tag', '1', '0', '2017-06-21 15:23:41', '2017-06-21 15:23:41', '3bc43b84-73ec-4500-bffc-6aca6333fe55'),
 ('77', 'Tag', '1', '0', '2017-06-21 15:23:47', '2017-06-21 15:23:47', '7ee3bc2e-570d-467b-bd35-453aaf34744f'),
 ('78', 'Tag', '1', '0', '2017-06-21 15:23:52', '2017-06-21 15:23:52', 'df9e50a1-c4d1-4dba-87e1-3dba4ca3ced5'),
 ('79', 'Tag', '1', '0', '2017-06-21 15:24:31', '2017-06-21 15:24:31', '66ebf189-a5d0-4413-b039-07a7c694b924'),
 ('80', 'Tag', '1', '0', '2017-06-21 16:12:48', '2017-06-21 16:12:48', '17684e9d-23c4-4739-8c59-aa9dd804839b'),
 ('81', 'Tag', '1', '0', '2017-06-21 16:12:52', '2017-06-21 16:12:52', 'a086da43-a544-4d9e-b0c7-5f0b47a79ebd'),
 ('82', 'Tag', '1', '0', '2017-06-21 16:12:59', '2017-06-21 16:12:59', 'b13cbdc3-1783-482a-b251-feb7bf3b0c6a'),
 ('83', 'Tag', '1', '0', '2017-06-21 16:13:04', '2017-06-21 16:13:04', '70b862d0-61de-427e-b845-98548bd1c94b'),
 ('84', 'Tag', '1', '0', '2017-06-21 16:31:25', '2017-06-21 16:31:25', '6caec15b-eb7f-4982-982d-e571834db6a2'),
 ('85', 'Tag', '1', '0', '2017-06-21 16:31:26', '2017-06-21 16:31:26', 'b620a8f8-eae7-4361-9e54-c25f1b6a1c74'),
 ('86', 'Entry', '1', '0', '2017-06-22 08:09:46', '2017-07-06 20:25:48', 'c8711440-36c7-4073-b192-3ce5e1175a00'),
 ('87', 'Entry', '1', '0', '2017-06-22 08:24:54', '2017-06-22 08:24:54', '0ba22107-c6c3-4820-8486-2aefdb08168c'),
 ('88', 'Entry', '1', '0', '2017-06-22 08:25:27', '2017-06-22 08:25:27', 'fdc1a58d-81ce-4ec7-a0b5-34e8916459b6'),
 ('89', 'Asset', '1', '0', '2017-06-22 10:48:51', '2017-07-10 22:01:54', 'a8a10b21-949b-4841-a99e-b6373d62d4f1'),
 ('91', 'Tag', '1', '0', '2017-06-22 14:38:46', '2017-06-22 14:38:46', '69d6b994-a98c-4198-9c7c-c685cc2cafba'),
 ('92', 'Tag', '1', '0', '2017-06-22 14:38:50', '2017-06-22 14:38:50', 'a86119d6-ca8f-46b8-a185-ba547d669f4c'),
 ('93', 'Tag', '1', '0', '2017-06-22 14:39:35', '2017-06-22 14:39:35', 'd31bedad-c6e4-4233-8c87-4e2bc9d0467b'),
 ('94', 'Asset', '1', '0', '2017-06-23 12:35:53', '2017-07-10 22:01:39', 'c0e8ad54-c56a-4e5d-8f19-e9271e1a7c6a'),
 ('95', 'Asset', '1', '0', '2017-06-23 12:37:44', '2017-07-10 22:01:37', 'cdee85d4-4598-4037-9b64-364f9c565a21'),
 ('96', 'Asset', '1', '0', '2017-06-23 12:42:57', '2017-07-10 22:01:43', '22852997-3264-48e1-8236-b8b9c238133a'),
 ('97', 'Asset', '1', '0', '2017-06-23 12:54:26', '2017-07-10 22:01:47', '35107af3-dec5-4fd1-9a74-9b8048b76c5a'),
 ('98', 'Entry', '1', '0', '2017-06-23 12:54:29', '2017-07-10 21:59:45', 'cbce7950-ce3e-47d1-bb08-bf7b9322ec10'),
 ('99', 'Entry', '1', '0', '2017-06-23 12:55:18', '2017-06-24 11:08:13', 'ed5f1b42-153b-40b5-b01f-870653a4d6fc'),
 ('100', 'Asset', '1', '0', '2017-06-24 11:08:01', '2017-07-10 22:01:38', '0c16b83c-2be7-4a36-ac63-5e8023e5426d'),
 ('101', 'Entry', '1', '0', '2017-06-24 11:21:00', '2017-06-24 11:27:31', '096ab1ab-db9d-4a63-a594-1c8dc4065fde'),
 ('102', 'Entry', '1', '0', '2017-06-24 11:24:38', '2017-07-10 21:59:36', '4cc898d3-b299-4091-9198-d5a0dfa33b5e'),
 ('103', 'GlobalSet', '1', '0', '2017-06-26 16:49:30', '2017-06-26 17:17:05', 'd4c5db00-be43-4192-96f2-15d658ab358a');





--
-- Schema for table `guide_elements_i18n`
--
CREATE TABLE `guide_elements_i18n` (
  `id` int(11) NOT NULL AUTO_INCREMENT,
  `elementId` int(11) NOT NULL,
  `locale` char(12) COLLATE utf8_unicode_ci NOT NULL,
  `slug` varchar(255) COLLATE utf8_unicode_ci DEFAULT NULL,
  `uri` varchar(255) COLLATE utf8_unicode_ci DEFAULT NULL,
  `enabled` tinyint(1) unsigned NOT NULL DEFAULT '1',
  `dateCreated` datetime NOT NULL,
  `dateUpdated` datetime NOT NULL,
  `uid` char(36) COLLATE utf8_unicode_ci NOT NULL DEFAULT '0',
  PRIMARY KEY (`id`),
  UNIQUE KEY `guide_elements_i18n_elementId_locale_unq_idx` (`elementId`,`locale`),
  UNIQUE KEY `guide_elements_i18n_uri_locale_unq_idx` (`uri`,`locale`),
  KEY `guide_elements_i18n_slug_locale_idx` (`slug`,`locale`),
  KEY `guide_elements_i18n_enabled_idx` (`enabled`),
  KEY `guide_elements_i18n_locale_fk` (`locale`)
) ENGINE=InnoDB AUTO_INCREMENT=104 DEFAULT CHARSET=utf8 COLLATE=utf8_unicode_ci;

--
-- Data for table `guide_elements_i18n`
--

INSERT INTO `guide_elements_i18n` (`id`, `elementId`, `locale`, `slug`, `uri`, `enabled`, `dateCreated`, `dateUpdated`, `uid`) VALUES
 ('1', '1', 'en', '', NULL, '1', '2017-06-05 15:46:29', '2017-06-05 15:46:29', 'd29d3fd3-3d45-46c7-9257-169cae44308f'),
 ('2', '2', 'en', 'homepage', '__home__', '1', '2017-06-05 15:46:31', '2017-07-10 18:13:36', 'b93b12ec-a321-4845-b50a-0df7bca448a7'),
 ('4', '4', 'en', 'amsterdam', 'cities/amsterdam', '1', '2017-06-05 19:31:19', '2017-07-06 21:24:49', '65085697-108a-4d7b-80df-899272b5b9c7'),
 ('5', '5', 'en', 'noord', 'neighborhoods/noord', '1', '2017-06-05 19:40:41', '2017-07-06 20:29:25', 'cac60e1f-b842-4877-8a5f-562108e89a70'),
 ('7', '7', 'en', 'starbucks', 'places/food/starbucks', '1', '2017-06-08 15:01:09', '2017-06-16 13:49:41', 'f05f43d2-852e-4d66-9b7c-b3955441c66a'),
 ('8', '8', 'en', '2249', NULL, '1', '2017-06-13 21:27:36', '2017-07-10 22:01:51', 'd8b2f583-894b-4a62-bbb1-fc2fc96d20ea'),
 ('9', '9', 'en', '2249', NULL, '1', '2017-06-13 21:34:11', '2017-07-10 22:01:41', 'c41d3705-f171-4036-aeb4-8221fef4578a'),
 ('10', '10', 'en', '1899', NULL, '1', '2017-06-13 21:38:54', '2017-07-10 22:01:49', '1a5dee00-fd95-4422-9543-abcafe2300a7'),
 ('12', '12', 'en', 'jazmin-quaynor-35847', NULL, '1', '2017-06-13 21:43:44', '2017-07-10 22:01:40', '053b959d-21fb-4506-9ce7-c0586f60a7fd'),
 ('14', '14', 'en', 'gopro', NULL, '1', '2017-06-13 21:50:33', '2017-07-10 22:01:38', '9fc6381a-7871-479d-a56d-9f179c965d7f'),
 ('15', '15', 'en', '', NULL, '1', '2017-06-13 22:11:06', '2017-06-21 13:57:53', 'ac2f428e-5be0-4542-99da-db289e3260f9'),
 ('16', '16', 'en', '', NULL, '1', '2017-06-13 22:11:32', '2017-06-13 22:11:32', 'c521705f-ec47-4e59-9bef-88132240b306'),
 ('17', '17', 'en', 'hero', NULL, '1', '2017-06-14 16:26:59', '2017-07-10 22:01:44', 'c0238b47-d9c7-4814-b673-a2e171e63afd'),
 ('23', '23', 'en', 'tokyo', 'cities/tokyo', '1', '2017-06-14 18:49:51', '2017-07-10 21:31:49', '14507c87-d00e-4bb5-af3b-0d6d826fc117'),
 ('24', '24', 'en', 'sydney', 'cities/sydney', '1', '2017-06-14 18:50:21', '2017-07-07 13:09:51', '4a70b144-e9b4-47ee-9736-1f79838b594b'),
 ('25', '25', 'en', 'heineken-icon', NULL, '1', '2017-06-14 19:23:57', '2017-07-10 22:01:48', '8ccd2296-b576-4216-9bea-798978ae947b'),
 ('26', '26', 'en', 'logo-heineken', NULL, '1', '2017-06-14 19:27:13', '2017-07-10 22:01:48', 'f1e3f497-56bc-44aa-8834-cfafa0c8f773'),
 ('27', '27', 'en', 'patrick-tomasso-42345-min', NULL, '1', '2017-06-14 20:02:00', '2017-07-10 22:01:41', 'b72166e0-1d7b-4183-952b-b27931cbcf01'),
 ('28', '28', 'en', 'café-parvis', 'places/drink/café-parvis', '1', '2017-06-14 20:02:14', '2017-06-16 13:49:37', '51f6c23c-4d46-4c18-a620-13b780ba7f7b'),
 ('29', '29', 'en', '19126134-10210672482501367-280490407-o', NULL, '1', '2017-06-14 20:06:23', '2017-07-10 22:01:40', 'de959032-6e8c-484f-ad93-62bb92349f5b'),
 ('30', '30', 'en', 'le-tableau-blanc', 'places/working/le-tableau-blanc', '1', '2017-06-14 20:06:30', '2017-06-16 13:50:02', '9e8b788a-7b7f-47f8-8910-8fb4d22f5467'),
 ('31', '31', 'en', 'dasha-vdovichenko-41596', NULL, '1', '2017-06-14 22:28:31', '2017-07-10 22:01:52', '72845489-af10-45b5-9b93-cfbc80097bda'),
 ('32', '32', 'en', 'anthony-tori-115580-min', NULL, '1', '2017-06-14 22:32:09', '2017-07-10 22:01:51', '709e13df-fa06-4235-988f-4218cadbf701'),
 ('35', '35', 'en', 'img-20150710-152245-min', NULL, '1', '2017-06-14 22:39:38', '2017-07-10 22:01:42', 'b8a0f96e-b627-42a8-a567-44d0bae191a0'),
 ('36', '36', 'en', 'clay-banks-170882', NULL, '1', '2017-06-14 22:42:50', '2017-07-10 22:01:52', '74f00d16-abc8-4afc-9019-7b0bc51a2d02'),
 ('37', '37', 'en', 'logo-uber', NULL, '1', '2017-06-14 22:44:25', '2017-07-10 22:01:48', 'be5443e3-f8af-4dc9-ac82-c16cb4c00dc5'),
 ('38', '38', 'en', 'matthew-kane-278419', NULL, '1', '2017-06-14 22:48:45', '2017-07-10 22:01:54', 'beee4dc7-ac93-4eea-a669-eeda5107cc32'),
 ('39', '39', 'en', 'matthew-kane-171732-min', NULL, '1', '2017-06-14 22:55:51', '2017-07-10 22:01:53', '10292fbf-b726-4e52-9ed4-f1e65fd63b2c'),
 ('40', '40', 'en', 'matthew-kane-171732-min', NULL, '1', '2017-06-14 23:00:31', '2017-07-10 22:01:45', 'b71f8f6f-9378-4cc1-a796-b33fd1dfa375'),
 ('41', '41', 'en', 'jonny-clow-35081-min', NULL, '1', '2017-06-14 23:03:13', '2017-07-10 22:01:44', 'e1a86c0e-6e5f-4e6f-bb5b-a06cdb768014'),
 ('42', '42', 'en', 'jonny-clow-35081-min', NULL, '1', '2017-06-14 23:03:56', '2017-07-10 22:01:53', '8ea095e8-fced-4eed-b782-b879719fa8aa'),
 ('43', '43', 'en', 'phuket', 'cities/phuket', '1', '2017-06-14 23:04:26', '2017-07-07 13:09:29', 'd6ac5b99-743c-4380-95d0-62130f762139'),
 ('44', '44', 'en', 'product-03', NULL, '1', '2017-06-15 14:28:48', '2017-07-10 22:01:39', '05e69591-2de7-423a-8160-06c7cb6d0daa'),
 ('46', '46', 'en', 'camera', NULL, '1', '2017-06-15 15:06:46', '2017-06-15 15:06:47', 'd7453115-6326-4389-ae1d-c34325b8d50c'),
 ('47', '47', 'en', 'phone', NULL, '1', '2017-06-15 15:06:53', '2017-06-15 15:06:53', '2ea785b2-8a97-45d4-adb9-2675224fe002'),
 ('48', '48', 'en', '2q-ifu-f', NULL, '1', '2017-06-15 16:52:46', '2017-07-10 22:01:48', '680f8cb4-abc4-406a-8094-89d176f113bb'),
 ('49', '49', 'en', 'graphic-designer', NULL, '1', '2017-06-15 16:52:50', '2017-06-16 13:49:14', 'e6993be4-180f-4302-884a-7b40818c341d'),
 ('50', '50', 'en', '1tzp-gr', NULL, '1', '2017-06-15 16:58:16', '2017-07-10 22:01:47', '68cc2d90-e27b-4034-bca1-505e16d61b2c'),
 ('51', '51', 'en', 'motion-graphic-designer', NULL, '1', '2017-06-15 16:58:22', '2017-06-16 13:49:14', 'dc7843af-e750-4790-be05-2fefb1a0dd8c'),
 ('52', '52', 'en', 'z2q31u2', NULL, '1', '2017-06-15 16:59:35', '2017-07-10 22:01:48', '9c9279cb-b5f9-45fa-aa5d-f62523ab4bb6'),
 ('53', '53', 'en', 'video-producer', NULL, '1', '2017-06-15 16:59:39', '2017-06-16 13:49:14', 'fafe6e75-e1da-4350-b57e-16fef3a873dd'),
 ('54', '54', 'en', 'bag', NULL, '1', '2017-06-15 19:53:10', '2017-07-10 22:01:38', 'a9c513b4-60fa-4509-919d-49550143a1e0'),
 ('56', '56', 'en', 'unpacked', NULL, '1', '2017-06-15 19:55:17', '2017-07-10 22:01:39', 'a0e0b41b-8c83-4148-b828-35a7113f0cf3'),
 ('57', '57', 'en', 'todd-glaser-packing-list-4', NULL, '1', '2017-06-15 19:56:51', '2017-07-10 22:01:36', '9560f3ad-3c9a-464e-b182-b03e35ad91a2'),
 ('58', '58', 'en', 'cities', 'cities', '1', '2017-06-16 13:50:19', '2017-06-26 17:37:30', 'be97ada5-b7a0-42fc-ad9f-abd741a4c704'),
 ('59', '59', 'en', 'john-towner-117301-min', NULL, '1', '2017-06-16 15:06:22', '2017-07-10 22:01:43', '6bfa2a8d-158d-4144-815d-4a8c3eed1d1d'),
 ('60', '60', 'en', 'noah-silliman-155839-min', NULL, '1', '2017-06-16 15:06:23', '2017-07-10 22:01:46', '1bbcd535-5da4-4335-a7e6-5b7063afad0f'),
 ('61', '61', 'en', 'annie-spratt-126510-min', NULL, '1', '2017-06-16 15:06:26', '2017-07-10 22:01:42', 'a5370851-2c41-43e8-b180-acb1700a72d9'),
 ('62', '62', 'en', 'vadim-sherbakov-41909-min', NULL, '1', '2017-06-16 15:06:28', '2017-07-10 22:01:46', 'a2f3faed-8f35-4bca-b815-5e430d91d4e4'),
 ('63', '63', 'en', 'new-york', 'cities/new-york', '1', '2017-06-16 15:42:13', '2017-07-10 21:36:57', '2a8f100d-d24e-4ac3-9aad-1744552b56cb'),
 ('64', '64', 'en', 'annie-spratt-126510-min', NULL, '1', '2017-06-16 15:47:34', '2017-07-10 22:01:50', '340a3e3d-ca18-4adc-9f3e-7efdca52d291'),
 ('65', '65', 'en', 'da-nang', 'cities/da-nang', '1', '2017-06-16 15:47:48', '2017-07-10 21:32:48', 'a6ae6095-a9b2-4bfb-8175-a08961ab82ca'),
 ('66', '66', 'en', 'historic', NULL, '1', '2017-06-21 09:56:36', '2017-06-21 09:56:36', '64251c1c-aeb0-4ac3-852a-481f071fbdef'),
 ('67', '67', 'en', 'loved-by-locals', NULL, '1', '2017-06-21 09:56:45', '2017-06-21 09:56:45', 'ce455076-da11-453f-9f3c-5a43efc05ba9'),
 ('68', '68', 'en', 'architecture', NULL, '1', '2017-06-21 09:56:52', '2017-06-21 09:56:52', 'ccf746b2-889b-4528-a84e-2bb9383a7310'),
 ('69', '69', 'en', '', NULL, '1', '2017-06-21 13:38:10', '2017-06-21 13:41:10', 'fc7e1fe4-96e2-4b0a-93f5-2180be7b3740'),
 ('70', '70', 'en', 'andre-benz-250740-min', NULL, '1', '2017-06-21 14:02:50', '2017-07-10 22:01:50', '106991c7-edd9-45fa-9a4c-d5d6355b653b'),
 ('71', '71', 'en', 'artsy', NULL, '1', '2017-06-21 14:10:04', '2017-06-21 14:10:04', '3abf0952-3f9f-4fe1-9e4a-ba4592e3839b'),
 ('72', '72', 'en', 'west', 'neighborhoods/west', '1', '2017-06-21 14:10:05', '2017-07-06 20:28:47', 'fcaf4d53-4869-42e9-a861-330f973d52f2'),
 ('75', '75', 'en', 'wanderbriefers-worthy', NULL, '1', '2017-06-21 15:23:17', '2017-06-21 15:23:17', '25283dbd-3a4c-467f-8fb3-86c0e5b1e56c'),
 ('76', '76', 'en', 'artsy', NULL, '1', '2017-06-21 15:23:41', '2017-06-21 15:23:41', 'bc3128e2-0d60-4781-9cd6-000da05eed8b'),
 ('77', '77', 'en', 'famous-for-food', NULL, '1', '2017-06-21 15:23:47', '2017-06-21 15:23:47', '22f3cbeb-f63b-4e29-a216-1a7531d36dff'),
 ('78', '78', 'en', 'party-hardy', NULL, '1', '2017-06-21 15:23:52', '2017-06-21 15:23:52', 'e57b191b-6c4f-43c2-bcba-492bc802192f'),
 ('79', '79', 'en', 'loved-by-locals', NULL, '1', '2017-06-21 15:24:31', '2017-06-21 15:24:31', 'cc417014-d0d9-4c36-840d-3be04aa59f24'),
 ('80', '80', 'en', 'adventurous', NULL, '1', '2017-06-21 16:12:48', '2017-06-21 16:12:48', 'edd9d374-d4cd-4aaf-9d06-1ec362bf30f6'),
 ('81', '81', 'en', 'culture', NULL, '1', '2017-06-21 16:12:52', '2017-06-21 16:12:52', '08caeed7-2434-41ba-b513-793e1cafdb94'),
 ('82', '82', 'en', 'architecture', NULL, '1', '2017-06-21 16:12:59', '2017-06-21 16:12:59', 'dc53674a-fd1f-48cb-891b-1373357ffc49'),
 ('83', '83', 'en', 'authentic', NULL, '1', '2017-06-21 16:13:04', '2017-06-21 16:13:04', 'd5c35220-0050-4750-84e7-5c61b61fc161'),
 ('84', '84', 'en', 'adventurous', NULL, '1', '2017-06-21 16:31:25', '2017-06-21 16:31:25', '2437a7e3-f59f-45dd-8462-539a2e1c31da'),
 ('85', '85', 'en', 'famous-for-food', NULL, '1', '2017-06-21 16:31:26', '2017-06-21 16:31:26', '35476779-87f3-4229-9002-ebf532394705'),
 ('86', '86', 'en', 'centrum', 'neighborhoods/centrum', '1', '2017-06-22 08:09:46', '2017-07-06 20:25:48', 'b00017d5-1b26-49a2-84cc-f8d2ac2da39a'),
 ('87', '87', 'en', 'neighborhoods', 'neighborhoods', '1', '2017-06-22 08:24:54', '2017-06-22 08:24:54', 'e3b933de-4658-4e9c-be90-f2e40cfabe8e'),
 ('88', '88', 'en', 'places', 'places', '1', '2017-06-22 08:25:27', '2017-06-22 08:25:27', '1ff3eef5-0888-4f5f-bb33-d11645ece729'),
 ('89', '89', 'en', 'rob-bye-66757-min', NULL, '1', '2017-06-22 10:48:51', '2017-07-10 22:01:54', 'eb463a50-cea3-4df4-90d7-98e953ee271b'),
 ('91', '91', 'en', 'nature', NULL, '1', '2017-06-22 14:38:46', '2017-06-22 14:38:46', '6779796e-345a-4a5f-b1c3-358aead45bc1'),
 ('92', '92', 'en', 'bucketlist', NULL, '1', '2017-06-22 14:38:50', '2017-06-22 14:38:50', 'f7d1a25f-c7b9-44ff-94c6-126b75713907'),
 ('93', '93', 'en', 'historic', NULL, '1', '2017-06-22 14:39:35', '2017-06-22 14:39:35', '24f9fcd0-a10e-4f49-a8c5-9899b893b552'),
 ('94', '94', 'en', 'ryan-hafey-176641-min', NULL, '1', '2017-06-23 12:35:53', '2017-07-10 22:01:39', '5ed8d4ee-482e-48e5-9adb-2f389e92efbc'),
 ('95', '95', 'en', 'alexander-andrews-247193-min', NULL, '1', '2017-06-23 12:37:44', '2017-07-10 22:01:37', 'a5c1136e-a4e6-413b-860e-f41f481cba38'),
 ('96', '96', 'en', 'jeremy-bishop-219587-min', NULL, '1', '2017-06-23 12:42:57', '2017-07-10 22:01:43', '789425e7-1135-46e0-8cb4-582e4d1e7466'),
 ('97', '97', 'en', 'gopro', NULL, '1', '2017-06-23 12:54:26', '2017-07-10 22:01:47', 'd8cc0e26-46cb-462d-a3b9-f06a2c2c91ac'),
 ('98', '98', 'en', 'karan-singh-madebykaran', NULL, '1', '2017-06-23 12:54:29', '2017-07-10 21:59:45', 'ac1c97d7-ec99-409d-83bd-58317ce5c1c7'),
 ('99', '99', 'en', 'july-2017-by-karan-singh', 'essentials/july-2017-by-karan-singh', '1', '2017-06-23 12:55:18', '2017-06-24 11:08:13', '48f06cba-f69b-431f-af36-a7abcc8adabc'),
 ('100', '100', 'en', 'alexander-andrews-247193-min-markers-min', NULL, '1', '2017-06-24 11:08:01', '2017-07-10 22:01:38', '9bae3c71-dc4b-474f-88a6-3f79e8673470'),
 ('101', '101', 'en', 'june-by-clement-guillou', 'essentials/june-by-clement-guillou', '1', '2017-06-24 11:21:00', '2017-06-24 11:27:31', '83208307-b1a0-494d-9844-ee9eedbe3e74'),
 ('102', '102', 'en', 'clément-guillou', NULL, '1', '2017-06-24 11:24:39', '2017-07-10 21:59:36', '3002c2ff-fc0f-4ee6-aad2-69efe02244c8'),
 ('103', '103', 'en', '', NULL, '1', '2017-06-26 16:49:30', '2017-06-26 17:17:05', 'c6cab269-d5ea-4513-b22d-e48f39f141a2');





--
-- Schema for table `guide_emailmessages`
--
CREATE TABLE `guide_emailmessages` (
  `id` int(11) NOT NULL AUTO_INCREMENT,
  `key` char(150) COLLATE utf8_unicode_ci NOT NULL,
  `locale` char(12) COLLATE utf8_unicode_ci NOT NULL,
  `subject` varchar(1000) COLLATE utf8_unicode_ci NOT NULL,
  `body` text COLLATE utf8_unicode_ci NOT NULL,
  `dateCreated` datetime NOT NULL,
  `dateUpdated` datetime NOT NULL,
  `uid` char(36) COLLATE utf8_unicode_ci NOT NULL DEFAULT '0',
  PRIMARY KEY (`id`),
  UNIQUE KEY `guide_emailmessages_key_locale_unq_idx` (`key`,`locale`),
  KEY `guide_emailmessages_locale_fk` (`locale`)
) ENGINE=InnoDB DEFAULT CHARSET=utf8 COLLATE=utf8_unicode_ci;



--
-- Schema for table `guide_entries`
--
CREATE TABLE `guide_entries` (
  `id` int(11) NOT NULL,
  `sectionId` int(11) NOT NULL,
  `typeId` int(11) DEFAULT NULL,
  `authorId` int(11) DEFAULT NULL,
  `postDate` datetime DEFAULT NULL,
  `expiryDate` datetime DEFAULT NULL,
  `dateCreated` datetime NOT NULL,
  `dateUpdated` datetime NOT NULL,
  `uid` char(36) COLLATE utf8_unicode_ci NOT NULL DEFAULT '0',
  PRIMARY KEY (`id`),
  KEY `guide_entries_sectionId_idx` (`sectionId`),
  KEY `guide_entries_typeId_idx` (`typeId`),
  KEY `guide_entries_postDate_idx` (`postDate`),
  KEY `guide_entries_expiryDate_idx` (`expiryDate`),
  KEY `guide_entries_authorId_fk` (`authorId`)
) ENGINE=InnoDB DEFAULT CHARSET=utf8 COLLATE=utf8_unicode_ci;

--
-- Data for table `guide_entries`
--

INSERT INTO `guide_entries` (`id`, `sectionId`, `typeId`, `authorId`, `postDate`, `expiryDate`, `dateCreated`, `dateUpdated`, `uid`) VALUES
 ('2', '1', NULL, NULL, '2017-06-05 15:46:30', NULL, '2017-06-05 15:46:31', '2017-07-10 18:13:36', '53916099-5e82-4044-877d-dba569fe380c'),
 ('4', '4', '4', '1', '2017-06-05 19:31:00', NULL, '2017-06-05 19:31:19', '2017-07-06 21:24:49', 'f49feb0b-90c7-4b96-87a2-fca0fc34d47a'),
 ('5', '5', '5', '1', '2017-06-05 19:40:00', NULL, '2017-06-05 19:40:41', '2017-07-06 20:29:25', 'bb63ef92-c3a8-46e5-b237-7aa3a0daa6b6'),
 ('7', '6', '6', '1', '2017-06-08 15:01:00', NULL, '2017-06-08 15:01:09', '2017-06-14 21:00:45', 'b4a5b6aa-0e34-4ee1-b711-947cc2d2c072'),
 ('23', '4', '4', '1', '2017-06-14 18:49:00', NULL, '2017-06-14 18:49:51', '2017-07-10 21:31:49', '3f54dd50-7de8-4d03-8e72-42eba06b7ab3'),
 ('24', '4', '4', '1', '2017-06-14 18:50:00', NULL, '2017-06-14 18:50:21', '2017-07-07 13:09:51', '8609c3a7-661e-4952-879d-7005936fa212'),
 ('28', '7', '7', '1', '2017-06-14 20:02:00', NULL, '2017-06-14 20:02:14', '2017-06-14 21:01:00', '4e109ecc-b4f2-4cd3-92c3-e5274418c94d'),
 ('30', '8', '8', '1', '2017-06-14 20:06:00', NULL, '2017-06-14 20:06:30', '2017-06-14 21:01:10', 'e1f7d046-5ca4-4a43-a5c2-e3ea9f7b9cfe'),
 ('43', '4', '4', '1', '2017-06-14 23:04:00', NULL, '2017-06-14 23:04:26', '2017-07-07 13:09:29', 'df3c9868-f724-4dd2-b5a1-b94736f521c8'),
 ('49', '11', '11', '1', '2017-06-15 16:52:00', NULL, '2017-06-15 16:52:50', '2017-06-15 17:04:00', '1b069a14-c207-40a9-9d9c-d680b6c2e164'),
 ('51', '11', '11', '1', '2017-06-15 16:58:00', NULL, '2017-06-15 16:58:22', '2017-06-15 17:01:21', '616b17a8-be4c-4496-85a8-9188b626f7ca'),
 ('53', '11', '11', '1', '2017-06-15 16:59:39', NULL, '2017-06-15 16:59:39', '2017-06-15 16:59:39', '032375d4-250d-4879-b080-b1bcd8dc4817'),
 ('58', '12', NULL, NULL, '2017-06-16 13:50:18', NULL, '2017-06-16 13:50:19', '2017-06-26 17:37:30', 'ac86357b-1438-4c13-83a8-6bc3057fee54'),
 ('63', '4', '4', '1', '2017-06-16 15:42:00', NULL, '2017-06-16 15:42:13', '2017-07-10 21:36:57', '12d6ce7a-d839-48db-96c0-e3f0902d1f84'),
 ('65', '4', '4', '1', '2017-06-16 15:47:00', NULL, '2017-06-16 15:47:48', '2017-07-10 21:32:48', '0e3892da-db27-4b75-b5e6-617579b3e09a'),
 ('72', '5', '5', '1', '2017-06-21 14:10:00', NULL, '2017-06-21 14:10:06', '2017-07-06 20:28:47', '9eda074c-e90d-41dc-a895-7e0bb13b3407'),
 ('86', '5', '5', '1', '2017-06-22 08:09:00', NULL, '2017-06-22 08:09:46', '2017-07-06 20:25:48', '67f4c73c-a0dc-4e3a-8db1-6ff6d9f5f8c9'),
 ('87', '15', NULL, NULL, '2017-06-22 08:24:54', NULL, '2017-06-22 08:24:54', '2017-06-22 08:24:54', 'c8237a99-16b4-4145-a5d4-001c5abe2708'),
 ('88', '16', NULL, NULL, '2017-06-22 08:25:27', NULL, '2017-06-22 08:25:27', '2017-06-22 08:25:27', '87bf8d75-c45e-4ca6-ae0a-6e8d11b2d3ac'),
 ('98', '10', '10', '1', '2017-06-23 12:54:00', NULL, '2017-06-23 12:54:29', '2017-07-10 21:59:45', 'd1f99da5-685b-4cb9-bc3d-6285d7e14e6c'),
 ('99', '3', '3', '1', '2017-06-23 12:55:00', NULL, '2017-06-23 12:55:18', '2017-06-24 11:08:13', 'adb79670-7830-4729-997f-bc162a77b954'),
 ('101', '3', '3', '1', '2017-06-24 11:21:00', NULL, '2017-06-24 11:21:00', '2017-06-24 11:27:31', '1faeb37f-e6f1-44b0-921f-5803e2b81c8d'),
 ('102', '10', '10', '1', '2017-06-24 11:24:00', NULL, '2017-06-24 11:24:39', '2017-07-10 21:59:36', '1b20ccf4-6bf3-41c0-a360-1979f038cd25');





--
-- Schema for table `guide_entrydrafts`
--
CREATE TABLE `guide_entrydrafts` (
  `id` int(11) NOT NULL AUTO_INCREMENT,
  `entryId` int(11) NOT NULL,
  `sectionId` int(11) NOT NULL,
  `creatorId` int(11) NOT NULL,
  `locale` char(12) COLLATE utf8_unicode_ci NOT NULL,
  `name` varchar(255) COLLATE utf8_unicode_ci NOT NULL,
  `notes` tinytext COLLATE utf8_unicode_ci,
  `data` mediumtext COLLATE utf8_unicode_ci NOT NULL,
  `dateCreated` datetime NOT NULL,
  `dateUpdated` datetime NOT NULL,
  `uid` char(36) COLLATE utf8_unicode_ci NOT NULL DEFAULT '0',
  PRIMARY KEY (`id`),
  KEY `guide_entrydrafts_entryId_locale_idx` (`entryId`,`locale`),
  KEY `guide_entrydrafts_sectionId_fk` (`sectionId`),
  KEY `guide_entrydrafts_creatorId_fk` (`creatorId`),
  KEY `guide_entrydrafts_locale_fk` (`locale`)
) ENGINE=InnoDB DEFAULT CHARSET=utf8 COLLATE=utf8_unicode_ci;



--
-- Schema for table `guide_entrytypes`
--
CREATE TABLE `guide_entrytypes` (
  `id` int(11) NOT NULL AUTO_INCREMENT,
  `sectionId` int(11) NOT NULL,
  `fieldLayoutId` int(11) DEFAULT NULL,
  `name` varchar(255) COLLATE utf8_unicode_ci NOT NULL,
  `handle` varchar(255) COLLATE utf8_unicode_ci NOT NULL,
  `hasTitleField` tinyint(1) unsigned NOT NULL DEFAULT '1',
  `titleLabel` varchar(255) COLLATE utf8_unicode_ci DEFAULT 'Title',
  `titleFormat` varchar(255) COLLATE utf8_unicode_ci DEFAULT NULL,
  `sortOrder` smallint(6) unsigned DEFAULT NULL,
  `dateCreated` datetime NOT NULL,
  `dateUpdated` datetime NOT NULL,
  `uid` char(36) COLLATE utf8_unicode_ci NOT NULL DEFAULT '0',
  PRIMARY KEY (`id`),
  UNIQUE KEY `guide_entrytypes_name_sectionId_unq_idx` (`name`,`sectionId`),
  UNIQUE KEY `guide_entrytypes_handle_sectionId_unq_idx` (`handle`,`sectionId`),
  KEY `guide_entrytypes_sectionId_fk` (`sectionId`),
  KEY `guide_entrytypes_fieldLayoutId_fk` (`fieldLayoutId`)
) ENGINE=InnoDB AUTO_INCREMENT=17 DEFAULT CHARSET=utf8 COLLATE=utf8_unicode_ci;

--
-- Data for table `guide_entrytypes`
--

INSERT INTO `guide_entrytypes` (`id`, `sectionId`, `fieldLayoutId`, `name`, `handle`, `hasTitleField`, `titleLabel`, `titleFormat`, `sortOrder`, `dateCreated`, `dateUpdated`, `uid`) VALUES
 ('1', '1', '154', 'Homepage', 'homepage', '1', 'Title', NULL, '1', '2017-06-05 15:46:30', '2017-07-10 18:12:32', '1593af02-3142-424b-9823-81bafda6fcd3'),
 ('3', '3', '146', 'Gears', 'gears', '1', 'Title', NULL, '1', '2017-06-05 15:47:44', '2017-06-26 16:49:49', '74f5b4b1-f187-4b83-9148-5d70588c358a'),
 ('4', '4', '156', 'Cities', 'cities', '1', 'City Name', NULL, '1', '2017-06-05 15:48:17', '2017-07-10 21:07:55', '317d2629-c992-44e0-b45b-25563e7ba434'),
 ('5', '5', '151', 'Neighborhoods', 'neighborhoods', '1', 'Title', NULL, '1', '2017-06-05 15:48:51', '2017-07-06 20:16:58', '15b0c54d-9461-4b56-b741-3cde5fd41af8'),
 ('6', '6', '94', 'Food places', 'foodPlaces', '1', 'Title', NULL, '1', '2017-06-05 16:45:52', '2017-06-06 18:13:49', '70b3dead-e6cb-44f1-b2f8-362f558d7f23'),
 ('7', '7', '93', 'Drink places', 'drinkPlaces', '1', 'Title', NULL, '1', '2017-06-05 16:46:19', '2017-06-06 18:13:27', '80df6abe-9951-485b-b05d-53352015a45c'),
 ('8', '8', '98', 'Working places', 'workingPlaces', '1', 'Title', NULL, '1', '2017-06-05 16:47:19', '2017-06-06 18:15:19', 'a2f6103a-38ff-43e7-acff-4a2c70544f5e'),
 ('9', '9', '96', 'Living places', 'livingPlaces', '1', 'Title', NULL, '1', '2017-06-05 16:47:56', '2017-06-06 18:14:42', '07e42a4f-06a6-4b8e-9c5c-40558158f701'),
 ('10', '10', '110', 'Author', 'author', '1', 'Name', NULL, '1', '2017-06-13 20:55:38', '2017-06-13 22:01:22', 'b8d5f853-0b33-429d-a10e-db7951ca12b6'),
 ('11', '11', '123', 'Briefs', 'briefs', '1', 'Title', NULL, '1', '2017-06-15 16:41:29', '2017-06-15 16:49:48', 'e87663d2-74c6-42f0-8f0e-5bdf3c0c84aa'),
 ('12', '12', '137', 'Cities', 'cities', '0', NULL, '{section.name|raw}', '1', '2017-06-16 13:50:18', '2017-06-22 14:15:01', '255e1cab-7bd0-4b95-8cf0-e537776aa8fc'),
 ('15', '15', '135', 'Neighborhoods', 'neighborhoods', '0', NULL, '{section.name|raw}', '1', '2017-06-22 08:24:54', '2017-06-22 08:24:54', '83da7224-484b-4725-93e2-d0195714220d'),
 ('16', '16', '136', 'Places', 'places', '0', NULL, '{section.name|raw}', '1', '2017-06-22 08:25:27', '2017-06-22 08:25:27', '3762b8d6-5071-451e-babb-49f8c81f54bb');





--
-- Schema for table `guide_entryversions`
--
CREATE TABLE `guide_entryversions` (
  `id` int(11) NOT NULL AUTO_INCREMENT,
  `entryId` int(11) NOT NULL,
  `sectionId` int(11) NOT NULL,
  `creatorId` int(11) DEFAULT NULL,
  `locale` char(12) COLLATE utf8_unicode_ci NOT NULL,
  `num` smallint(6) unsigned NOT NULL,
  `notes` tinytext COLLATE utf8_unicode_ci,
  `data` mediumtext COLLATE utf8_unicode_ci NOT NULL,
  `dateCreated` datetime NOT NULL,
  `dateUpdated` datetime NOT NULL,
  `uid` char(36) COLLATE utf8_unicode_ci NOT NULL DEFAULT '0',
  PRIMARY KEY (`id`),
  KEY `guide_entryversions_entryId_locale_idx` (`entryId`,`locale`),
  KEY `guide_entryversions_sectionId_fk` (`sectionId`),
  KEY `guide_entryversions_creatorId_fk` (`creatorId`),
  KEY `guide_entryversions_locale_fk` (`locale`)
) ENGINE=InnoDB AUTO_INCREMENT=234 DEFAULT CHARSET=utf8 COLLATE=utf8_unicode_ci;

--
-- Data for table `guide_entryversions`
--

INSERT INTO `guide_entryversions` (`id`, `entryId`, `sectionId`, `creatorId`, `locale`, `num`, `notes`, `data`, `dateCreated`, `dateUpdated`, `uid`) VALUES
 ('1', '2', '1', '1', 'en', '1', NULL, '{\"typeId\":\"1\",\"authorId\":null,\"title\":\"Homepage\",\"slug\":\"homepage\",\"postDate\":1496677590,\"expiryDate\":null,\"enabled\":1,\"parentId\":null,\"fields\":[]}', '2017-06-05 15:46:31', '2017-06-05 15:46:31', '50cd044a-c732-43e6-a463-f5b5d9250e76'),
 ('2', '2', '1', '1', 'en', '2', NULL, '{\"typeId\":null,\"authorId\":null,\"title\":\"Welcome to Wanderbrief-guides.local!\",\"slug\":\"homepage\",\"postDate\":1496677590,\"expiryDate\":null,\"enabled\":\"1\",\"parentId\":null,\"fields\":{\"1\":\"<p>It\\u2019s true, this site doesn\\u2019t have a whole lot of content yet, but don\\u2019t worry. Our web developers have just installed the CMS, and they\\u2019re setting things up for the content editors this very moment. Soon Wanderbrief-guides.local will be an oasis of fresh perspectives, sharp analyses, and astute opinions that will keep you coming back again and again.<\\/p>\"}}', '2017-06-05 15:46:31', '2017-06-05 15:46:31', 'b244cfd3-0bd7-4266-9f4f-e451ae6a43f3'),
 ('4', '4', '4', '1', 'en', '1', '', '{\"typeId\":null,\"authorId\":\"1\",\"title\":\"Amsterdam\",\"slug\":\"amsterdam\",\"postDate\":1496691078,\"expiryDate\":null,\"enabled\":1,\"parentId\":null,\"fields\":{\"20\":\"\",\"38\":\"\",\"35\":\"\",\"8\":\"\",\"6\":\"\",\"15\":\"1\",\"14\":\"\",\"12\":\"\",\"11\":\"\",\"10\":\"\",\"18\":\"1\",\"17\":\"1\",\"29\":\"\",\"30\":\"\",\"24\":\"\",\"25\":\"\",\"32\":\"\",\"31\":\"\",\"23\":\"\",\"21\":\"\",\"27\":\"\",\"33\":\"\",\"28\":\"\",\"26\":\"\",\"22\":\"\",\"37\":\"\",\"16\":\"1\",\"4\":\"<p>With world-class museums, quirky festivals, theatre, live music, laid-back bars and delightful restaurants, there\'s never a shortage of things to do in Amsterdam!<\\/p>\",\"42\":\"\",\"19\":\"\",\"36\":[{\"col1\":\"\",\"col2\":\"\",\"col3\":\"\"}],\"7\":\"\"}}', '2017-06-05 19:31:19', '2017-06-05 19:31:19', 'b3fb9cef-bd89-426c-8f63-0c988667768a'),
 ('5', '5', '5', '1', 'en', '1', '', '{\"typeId\":null,\"authorId\":\"1\",\"title\":\"Noord\",\"slug\":\"noord\",\"postDate\":1496691641,\"expiryDate\":null,\"enabled\":1,\"parentId\":null,\"fields\":{\"40\":[\"4\"],\"35\":\"\",\"8\":\"\",\"6\":\"\",\"12\":\"\",\"11\":\"\",\"39\":\"\",\"4\":\"\",\"41\":\"\",\"36\":[{\"col1\":\"\",\"col2\":\"\",\"col3\":\"\"}],\"7\":\"\"}}', '2017-06-05 19:40:41', '2017-06-05 19:40:41', '66b20616-591d-4764-a1a4-60fb3673ca36'),
 ('6', '4', '4', '1', 'en', '2', '', '{\"typeId\":\"4\",\"authorId\":\"1\",\"title\":\"Amsterdam\",\"slug\":\"amsterdam\",\"postDate\":1496691060,\"expiryDate\":null,\"enabled\":1,\"parentId\":null,\"fields\":{\"20\":\"\",\"38\":\"\",\"35\":\"\",\"8\":\"\",\"6\":\"\",\"15\":\"1\",\"14\":\"\",\"12\":\"\",\"11\":\"\",\"10\":[\"5\"],\"18\":\"1\",\"17\":\"1\",\"29\":\"\",\"30\":\"\",\"24\":\"\",\"25\":\"\",\"32\":\"\",\"31\":\"\",\"23\":\"\",\"21\":\"\",\"27\":\"\",\"33\":\"\",\"28\":\"\",\"26\":\"\",\"22\":\"\",\"37\":\"\",\"16\":\"1\",\"4\":\"<p>With world-class museums, quirky festivals, theatre, live music, laid-back bars and delightful restaurants, there\'s never a shortage of things to do in Amsterdam!<\\/p>\",\"42\":\"\",\"19\":\"\",\"36\":[{\"col1\":\"\",\"col2\":\"\",\"col3\":\"\"}],\"7\":\"\"}}', '2017-06-05 19:41:37', '2017-06-05 19:41:37', 'e1e7bc78-ca94-4962-97e3-14a7e3c6bc09'),
 ('7', '2', '1', '1', 'en', '3', '', '{\"typeId\":null,\"authorId\":null,\"title\":\"Home\",\"slug\":\"homepage\",\"postDate\":1496677590,\"expiryDate\":null,\"enabled\":1,\"parentId\":null,\"fields\":{\"59\":[\"4\"],\"35\":\"\",\"8\":\"\",\"6\":\"\",\"60\":\"\",\"12\":\"\",\"11\":\"Wanderbrief CityGuides | Curated by local nomads.\",\"39\":\"\",\"7\":\"\"}}', '2017-06-06 14:38:38', '2017-06-06 14:38:38', '3de33b94-1357-42f7-8c32-3045f5434bb9'),
 ('8', '2', '1', '1', 'en', '4', '', '{\"typeId\":null,\"authorId\":null,\"title\":\"Home\",\"slug\":\"homepage\",\"postDate\":1496677590,\"expiryDate\":null,\"enabled\":1,\"parentId\":null,\"fields\":{\"59\":[\"4\"],\"35\":\"\",\"8\":\"\",\"6\":\"\",\"60\":\"\",\"12\":\"Wanderbrief City Guides help you plan the perfect remote working trip with information on the best coffee, internet speed, co-working spaces, local adventures and meetups with like-minded nomads across the city.\",\"11\":\"Wanderbrief CityGuides | Curated by local nomads.\",\"39\":\"\",\"7\":\"\"}}', '2017-06-06 14:39:01', '2017-06-06 14:39:01', '8cbe3db9-6b8d-4c4b-a6fc-a1698eefd9bd'),
 ('9', '2', '1', '1', 'en', '5', '', '{\"typeId\":null,\"authorId\":null,\"title\":\"Home\",\"slug\":\"homepage\",\"postDate\":1496677590,\"expiryDate\":null,\"enabled\":1,\"parentId\":null,\"fields\":{\"59\":[\"4\"],\"35\":[\"6\"],\"8\":\"\",\"6\":\"\",\"60\":\"\",\"12\":\"Wanderbrief City Guides help you plan the perfect remote working trip with information on the best coffee, internet speed, co-working spaces, local adventures and meetups with like-minded nomads across the city.\",\"11\":\"Wanderbrief CityGuides | Curated by local nomads.\",\"39\":\"\",\"7\":\"\"}}', '2017-06-06 14:50:20', '2017-06-06 14:50:20', 'f6956b1f-1078-444d-a25b-1aad8b9b01f9'),
 ('10', '2', '1', '1', 'en', '6', '', '{\"typeId\":null,\"authorId\":null,\"title\":\"Home\",\"slug\":\"homepage\",\"postDate\":1496677590,\"expiryDate\":null,\"enabled\":1,\"parentId\":null,\"fields\":{\"59\":[\"4\"],\"35\":[\"6\"],\"8\":\"\",\"6\":\"\",\"60\":\"\",\"12\":\"Wanderbrief City Guides help you plan the perfect remote working trip with information on the best coffee, internet speed, co-working spaces, local adventures and meetups with like-minded nomads across the city.\",\"11\":\"Wanderbrief CityGuides \\u2014 Curated by local nomads.\",\"39\":\"\",\"7\":\"\"}}', '2017-06-06 14:57:34', '2017-06-06 14:57:34', '0a1951dc-dc0f-4949-ada7-43c104d4098a'),
 ('11', '2', '1', '1', 'en', '7', '', '{\"typeId\":null,\"authorId\":null,\"title\":\"Home\",\"slug\":\"homepage\",\"postDate\":1496677590,\"expiryDate\":null,\"enabled\":1,\"parentId\":null,\"fields\":{\"59\":[\"4\"],\"35\":[\"6\"],\"8\":\"\",\"6\":\"\",\"60\":\"\",\"12\":\"Wanderbrief City Guides help you plan the perfect remote working trip with information on the best coffee, internet speed, co-working spaces, local adventures and meetups with like-minded nomads across the city.\",\"11\":\"Wanderbrief CityGuides  \\u2014  Curated by local nomads.\",\"39\":\"\",\"7\":\"\"}}', '2017-06-06 15:02:54', '2017-06-06 15:02:54', '6e95d7f6-d625-4667-b96a-e63140cd2261'),
 ('12', '2', '1', '1', 'en', '8', '', '{\"typeId\":null,\"authorId\":null,\"title\":\"Home\",\"slug\":\"homepage\",\"postDate\":1496677590,\"expiryDate\":null,\"enabled\":1,\"parentId\":null,\"fields\":{\"59\":[\"4\"],\"35\":[\"6\"],\"8\":\"\",\"6\":\"\",\"60\":\"\",\"12\":\"Wanderbrief City Guides help you plan the perfect remote working trip with information on the best coffee, internet speed, co-working spaces, local adventures and meetups with like-minded nomads across the city.\",\"11\":\"Wanderbrief CityGuides \\u2014 Curated by local nomads.\",\"39\":\"\",\"7\":\"\"}}', '2017-06-06 15:03:13', '2017-06-06 15:03:13', '895f7927-b125-465d-a261-7eba8ac48db2'),
 ('13', '4', '4', '1', 'en', '3', '', '{\"typeId\":\"4\",\"authorId\":\"1\",\"title\":\"Amsterdam\",\"slug\":\"amsterdam\",\"postDate\":1496691060,\"expiryDate\":null,\"enabled\":1,\"parentId\":null,\"fields\":{\"20\":\"\",\"72\":\"\",\"73\":\"\",\"71\":\"\",\"74\":\"\",\"38\":\"\",\"62\":\"\",\"8\":\"\",\"6\":\"\",\"15\":\"high\",\"14\":\"\",\"12\":\"\",\"11\":\"\",\"10\":[\"5\"],\"18\":\"1\",\"17\":\"low\",\"64\":\"0\",\"29\":\"\",\"30\":\"\",\"24\":\"\",\"25\":\"\",\"32\":\"\",\"31\":\"\",\"23\":\"\",\"21\":\"\",\"27\":\"\",\"33\":\"\",\"28\":\"\",\"26\":\"\",\"22\":\"\",\"37\":\"\",\"76\":{\"date\":\"\",\"time\":\"\"},\"75\":{\"date\":\"\",\"time\":\"\"},\"16\":\"medium\",\"4\":\"<p>With world-class museums, quirky festivals, theatre, live music, laid-back bars and delightful restaurants, there\'s never a shortage of things to do in Amsterdam!<\\/p>\",\"42\":\"\",\"19\":\"\",\"36\":[{\"col1\":\"\",\"col2\":\"\",\"col3\":\"\"}],\"7\":\"\"}}', '2017-06-06 17:40:34', '2017-06-06 17:40:34', 'c129a1aa-4de5-4e38-b696-5690a12eea04'),
 ('14', '4', '4', '1', 'en', '4', '', '{\"typeId\":\"4\",\"authorId\":\"1\",\"title\":\"Amsterdam\",\"slug\":\"amsterdam\",\"postDate\":1496691060,\"expiryDate\":null,\"enabled\":1,\"parentId\":null,\"fields\":{\"20\":\"\",\"72\":\"http:\\/\\/www.iamsterdam.com\\/fr\\/visiter\",\"73\":\"\",\"71\":\"iamsterdam\",\"74\":\"\",\"38\":\"\",\"62\":\"\",\"8\":\"\",\"6\":\"\",\"15\":\"high\",\"14\":\"\",\"12\":\"\",\"11\":\"\",\"10\":[\"5\"],\"18\":\"1\",\"17\":\"low\",\"64\":\"0\",\"29\":\"\",\"30\":\"\",\"24\":\"\",\"25\":\"\",\"32\":\"\",\"31\":\"\",\"23\":\"\",\"21\":\"\",\"27\":\"\",\"33\":\"\",\"28\":\"\",\"26\":\"\",\"22\":\"\",\"37\":\"\",\"76\":{\"date\":\"\",\"time\":\"\"},\"75\":{\"date\":\"\",\"time\":\"\"},\"16\":\"medium\",\"4\":\"<p>With world-class museums, quirky festivals, theatre, live music, laid-back bars and delightful restaurants, there\'s never a shortage of things to do in Amsterdam!<\\/p>\",\"42\":\"\",\"19\":\"\",\"36\":[{\"col1\":\"\",\"col2\":\"\",\"col3\":\"\"}],\"7\":\"\"}}', '2017-06-06 17:59:03', '2017-06-06 17:59:03', 'a073a2a2-8b2d-496d-8f32-93e32cb0f82f'),
 ('15', '4', '4', '1', 'en', '5', '', '{\"typeId\":\"4\",\"authorId\":\"1\",\"title\":\"Amsterdam\",\"slug\":\"amsterdam\",\"postDate\":1496691060,\"expiryDate\":null,\"enabled\":1,\"parentId\":null,\"fields\":{\"20\":\"\",\"72\":\"http:\\/\\/www.iamsterdam.com\\/fr\\/visiter\",\"73\":\"\",\"71\":\"iamsterdam\",\"74\":\"\",\"38\":\"\",\"62\":\"\",\"8\":\"\",\"6\":\"\",\"15\":\"high\",\"14\":\"\",\"12\":\"\",\"11\":\"\",\"10\":[\"5\"],\"18\":\"1\",\"17\":\"low\",\"64\":\"0\",\"29\":\"\",\"30\":\"\",\"24\":\"\",\"25\":\"\",\"32\":\"\",\"31\":\"\",\"23\":\"\",\"21\":\"\",\"27\":\"\",\"33\":\"\",\"28\":\"\",\"26\":\"\",\"22\":\"\",\"37\":\"\",\"77\":\"1\",\"76\":{\"date\":\"\",\"time\":\"\"},\"75\":{\"date\":\"\",\"time\":\"\"},\"16\":\"medium\",\"4\":\"<p>With world-class museums, quirky festivals, theatre, live music, laid-back bars and delightful restaurants, there\'s never a shortage of things to do in Amsterdam!<\\/p>\",\"42\":\"\",\"19\":\"\",\"36\":[{\"col1\":\"\",\"col2\":\"\",\"col3\":\"\"}],\"7\":\"\"}}', '2017-06-06 18:01:58', '2017-06-06 18:01:58', 'a475a7da-9a52-4aed-ac7d-a33a0856bd9a'),
 ('16', '4', '4', '1', 'en', '6', '', '{\"typeId\":\"4\",\"authorId\":\"1\",\"title\":\"Amsterdam\",\"slug\":\"amsterdam\",\"postDate\":1496691060,\"expiryDate\":null,\"enabled\":1,\"parentId\":null,\"fields\":{\"20\":\"\",\"72\":\"http:\\/\\/www.iamsterdam.com\\/fr\\/visiter\",\"73\":\"\",\"71\":\"iamsterdam\",\"74\":\"\",\"38\":\"\",\"62\":\"\",\"8\":\"\",\"6\":\"\",\"15\":\"high\",\"14\":\"\",\"12\":\"\",\"11\":\"\",\"10\":[\"5\"],\"18\":\"1\",\"17\":\"low\",\"64\":\"0\",\"29\":\"\",\"30\":\"\",\"24\":\"\",\"25\":\"\",\"32\":\"\",\"31\":\"\",\"23\":\"\",\"21\":\"\",\"27\":\"\",\"33\":\"\",\"28\":\"\",\"26\":\"\",\"22\":\"\",\"37\":\"\",\"77\":\"1\",\"76\":{\"date\":\"6\\/14\\/2017\",\"time\":\"12:00 AM\"},\"75\":{\"date\":\"6\\/7\\/2017\",\"time\":\"12:00 AM\"},\"16\":\"medium\",\"4\":\"<p>With world-class museums, quirky festivals, theatre, live music, laid-back bars and delightful restaurants, there\'s never a shortage of things to do in Amsterdam!<\\/p>\",\"42\":\"\",\"19\":\"\",\"36\":[{\"col1\":\"\",\"col2\":\"\",\"col3\":\"\"}],\"7\":\"\"}}', '2017-06-06 18:05:43', '2017-06-06 18:05:43', '74ae4105-f842-4fc2-9895-3a6e069dd35d'),
 ('17', '4', '4', '1', 'en', '7', '', '{\"typeId\":\"4\",\"authorId\":\"1\",\"title\":\"Amsterdam\",\"slug\":\"amsterdam\",\"postDate\":1496691060,\"expiryDate\":null,\"enabled\":1,\"parentId\":null,\"fields\":{\"20\":\"\",\"72\":\"http:\\/\\/www.iamsterdam.com\\/fr\\/visiter\",\"73\":\"\",\"71\":\"iamsterdam\",\"74\":\"\",\"38\":\"\",\"62\":\"\",\"8\":\"\",\"6\":\"\",\"15\":\"high\",\"14\":\"\",\"12\":\"\",\"11\":\"\",\"10\":[\"5\"],\"18\":\"1\",\"17\":\"low\",\"64\":\"0\",\"29\":\"\",\"30\":\"\",\"24\":\"\",\"25\":\"\",\"32\":\"\",\"31\":\"\",\"23\":\"\",\"21\":\"\",\"27\":\"\",\"33\":\"\",\"28\":\"\",\"26\":\"\",\"22\":\"\",\"37\":\"\",\"77\":\"1\",\"76\":{\"date\":\"6\\/18\\/2017\",\"time\":\"12:00 AM\"},\"75\":{\"date\":\"6\\/4\\/2017\",\"time\":\"12:00 AM\"},\"16\":\"medium\",\"4\":\"<p>With world-class museums, quirky festivals, theatre, live music, laid-back bars and delightful restaurants, there\'s never a shortage of things to do in Amsterdam!<\\/p>\",\"42\":\"\",\"19\":\"\",\"36\":[{\"col1\":\"\",\"col2\":\"\",\"col3\":\"\"}],\"7\":\"\"}}', '2017-06-06 18:06:05', '2017-06-06 18:06:05', '77f2449c-d418-4e1a-9e96-37acb8944be0'),
 ('18', '4', '4', '1', 'en', '8', '', '{\"typeId\":\"4\",\"authorId\":\"1\",\"title\":\"Amsterdam\",\"slug\":\"amsterdam\",\"postDate\":1496691060,\"expiryDate\":null,\"enabled\":1,\"parentId\":null,\"fields\":{\"20\":\"\",\"72\":\"http:\\/\\/www.iamsterdam.com\\/fr\\/visiter\",\"73\":\"\",\"71\":\"iamsterdam\",\"74\":\"\",\"38\":\"\",\"62\":\"\",\"8\":\"\",\"6\":\"\",\"15\":\"high\",\"14\":\"\",\"12\":\"\",\"11\":\"\",\"10\":[\"5\"],\"18\":\"1\",\"17\":\"low\",\"64\":\"0\",\"29\":\"\",\"30\":\"\",\"24\":\"\",\"25\":\"\",\"32\":\"\",\"31\":\"\",\"23\":\"\",\"21\":\"\",\"27\":\"\",\"33\":\"\",\"28\":\"\",\"26\":\"\",\"22\":\"\",\"37\":\"\",\"77\":\"\",\"76\":{\"date\":\"6\\/18\\/2017\",\"time\":\"12:00 AM\"},\"75\":{\"date\":\"6\\/4\\/2017\",\"time\":\"12:00 AM\"},\"16\":\"medium\",\"4\":\"<p>With world-class museums, quirky festivals, theatre, live music, laid-back bars and delightful restaurants, there\'s never a shortage of things to do in Amsterdam!<\\/p>\",\"42\":\"\",\"19\":\"\",\"36\":[{\"col1\":\"\",\"col2\":\"\",\"col3\":\"\"}],\"7\":\"\"}}', '2017-06-06 18:06:19', '2017-06-06 18:06:19', '35d1e575-43f5-4b0f-b658-53cffd39d180'),
 ('19', '4', '4', '1', 'en', '9', '', '{\"typeId\":\"4\",\"authorId\":\"1\",\"title\":\"Amsterdam\",\"slug\":\"amsterdam\",\"postDate\":1496691060,\"expiryDate\":null,\"enabled\":1,\"parentId\":null,\"fields\":{\"20\":\"\",\"72\":\"http:\\/\\/www.iamsterdam.com\\/fr\\/visiter\",\"73\":\"\",\"71\":\"iamsterdam\",\"74\":\"\",\"38\":\"\",\"62\":\"\",\"8\":\"\",\"6\":\"\",\"15\":\"high\",\"14\":\"\",\"12\":\"\",\"11\":\"\",\"10\":[\"5\"],\"18\":\"1\",\"17\":\"low\",\"64\":\"0\",\"29\":\"\",\"30\":\"\",\"24\":\"\",\"25\":\"\",\"32\":\"\",\"31\":\"\",\"23\":\"\",\"21\":\"\",\"27\":\"\",\"33\":\"\",\"28\":\"\",\"26\":\"\",\"22\":\"\",\"37\":\"\",\"77\":\"1\",\"76\":{\"date\":\"6\\/18\\/2017\",\"time\":\"12:00 AM\"},\"75\":{\"date\":\"6\\/4\\/2017\",\"time\":\"12:00 AM\"},\"16\":\"medium\",\"4\":\"<p>With world-class museums, quirky festivals, theatre, live music, laid-back bars and delightful restaurants, there\'s never a shortage of things to do in Amsterdam!<\\/p>\",\"42\":\"\",\"19\":\"\",\"36\":[{\"col1\":\"\",\"col2\":\"\",\"col3\":\"\"}],\"7\":\"\"}}', '2017-06-06 18:06:43', '2017-06-06 18:06:43', '347f76f8-9bfa-4c68-ac53-9fe1a158e6c0'),
 ('20', '7', '6', '1', 'en', '1', '', '{\"typeId\":null,\"authorId\":\"1\",\"title\":\"Starbucks\",\"slug\":\"starbucks\",\"postDate\":1496934068,\"expiryDate\":null,\"enabled\":1,\"parentId\":null,\"fields\":{\"73\":\"\",\"71\":\"\",\"34\":\"\",\"52\":\"\",\"53\":\"\",\"12\":\"\",\"11\":\"\",\"49\":\"\",\"39\":\"\",\"56\":[{\"col1\":\"\",\"col2\":\"\",\"col3\":\"\",\"col4\":\"\",\"col5\":\"\",\"col6\":\"\",\"col7\":\"\"}],\"54\":\"\",\"61\":\"\",\"50\":\"fastFood\",\"77\":\"\",\"76\":{\"date\":\"\",\"time\":\"\"},\"78\":\"\",\"72\":\"\",\"75\":{\"date\":\"\",\"time\":\"\"},\"74\":\"\",\"57\":\"0\",\"4\":\"\",\"47\":\"\",\"58\":\"\",\"36\":[{\"col1\":\"\",\"col2\":\"\",\"col3\":\"\"}],\"51\":\"\",\"48\":\"hipster\",\"55\":\"\"}}', '2017-06-08 15:01:09', '2017-06-08 15:01:09', '660f8467-8312-43ab-a394-a29dd2e6d6e3'),
 ('21', '7', '6', '1', 'en', '2', '', '{\"typeId\":\"6\",\"authorId\":\"1\",\"title\":\"Starbucks\",\"slug\":\"starbucks\",\"postDate\":1496934060,\"expiryDate\":null,\"enabled\":1,\"parentId\":null,\"fields\":{\"73\":\"\",\"71\":\"Starbucks\",\"34\":\"\",\"52\":\"\",\"53\":\"\",\"12\":\"\",\"11\":\"\",\"49\":\"\",\"39\":\"\",\"56\":[{\"col1\":\"\",\"col2\":\"\",\"col3\":\"\",\"col4\":\"\",\"col5\":\"\",\"col6\":\"\",\"col7\":\"\"}],\"54\":\"\",\"61\":\"\",\"50\":\"fastFood\",\"77\":\"1\",\"76\":{\"date\":\"6\\/12\\/2017\",\"time\":\"12:00 AM\"},\"78\":\"\",\"72\":\"\",\"75\":{\"date\":\"6\\/5\\/2017\",\"time\":\"12:00 AM\"},\"74\":\"\",\"57\":\"0\",\"4\":\"\",\"47\":\"\",\"58\":\"\",\"36\":[{\"col1\":\"\",\"col2\":\"\",\"col3\":\"\"}],\"51\":\"\",\"48\":\"hipster\",\"55\":\"\"}}', '2017-06-08 15:01:34', '2017-06-08 15:01:34', '684630d8-fbc3-4d6c-9906-0d2f0049b261'),
 ('22', '2', '1', '1', 'en', '9', '', '{\"typeId\":null,\"authorId\":null,\"title\":\"Home\",\"slug\":\"homepage\",\"postDate\":1496677590,\"expiryDate\":null,\"enabled\":1,\"parentId\":null,\"fields\":{\"59\":[\"4\"],\"8\":\"\",\"65\":\"\",\"68\":\"\",\"67\":[\"7\"],\"69\":\"\",\"6\":\"\",\"60\":\"\",\"12\":\"Wanderbrief City Guides help you plan the perfect remote working trip with information on the best coffee, internet speed, co-working spaces, local adventures and meetups with like-minded nomads across the city.\",\"11\":\"Wanderbrief CityGuides \\u2014 Curated by local nomads.\",\"39\":\"\",\"7\":\"\"}}', '2017-06-08 15:04:31', '2017-06-08 15:04:31', '17b7193a-c7e4-4ca6-b2f7-d1e35bcf72b4'),
 ('23', '2', '1', '1', 'en', '10', '', '{\"typeId\":null,\"authorId\":null,\"title\":\"Home\",\"slug\":\"homepage\",\"postDate\":1496677590,\"expiryDate\":null,\"enabled\":1,\"parentId\":null,\"fields\":{\"59\":[\"4\"],\"65\":\"\",\"60\":\"\",\"12\":\"Wanderbrief City Guides help you plan the perfect remote working trip with information on the best coffee, internet speed, co-working spaces, local adventures and meetups with like-minded nomads across the city.\",\"11\":\"Wanderbrief CityGuides \\u2014 Curated by local nomads.\",\"39\":\"\",\"82\":[\"7\"]}}', '2017-06-13 21:14:54', '2017-06-13 21:14:54', '5738e386-ec7f-44a0-91c8-245572ee65b7'),
 ('24', '4', '4', '1', 'en', '10', '', '{\"typeId\":\"4\",\"authorId\":\"1\",\"title\":\"Amsterdam\",\"slug\":\"amsterdam\",\"postDate\":1496691060,\"expiryDate\":null,\"enabled\":1,\"parentId\":null,\"fields\":{\"20\":\"\",\"73\":\"\",\"71\":\"iamsterdam\",\"38\":\"\",\"62\":\"\",\"8\":\"\",\"6\":\"\",\"15\":\"high\",\"14\":\"\",\"12\":\"\",\"11\":\"\",\"10\":[\"5\"],\"18\":\"1\",\"17\":\"low\",\"64\":\"0\",\"29\":\"\",\"30\":\"\",\"24\":\"\",\"25\":\"\",\"32\":\"\",\"31\":\"\",\"23\":\"\",\"21\":\"\",\"27\":\"\",\"33\":\"\",\"28\":\"\",\"26\":\"\",\"22\":\"\",\"37\":\"\",\"77\":\"1\",\"76\":{\"date\":\"6\\/12\\/2017\",\"time\":\"2:00 AM\"},\"78\":\"\",\"72\":\"http:\\/\\/www.iamsterdam.com\\/fr\\/visiter\",\"75\":{\"date\":\"6\\/4\\/2017\",\"time\":\"2:00 AM\"},\"74\":\"\",\"16\":\"medium\",\"4\":\"<p>With world-class museums, quirky festivals, theatre, live music, laid-back bars and delightful restaurants, there\'s never a shortage of things to do in Amsterdam!<\\/p>\",\"42\":\"\",\"19\":\"\",\"36\":[{\"col1\":\"\",\"col2\":\"\",\"col3\":\"\"}],\"7\":\"\"}}', '2017-06-13 21:17:37', '2017-06-13 21:17:37', 'c1afa4f8-3bd8-4f41-ac0c-7599069c75c6'),
 ('25', '4', '4', '1', 'en', '11', '', '{\"typeId\":\"4\",\"authorId\":\"1\",\"title\":\"Amsterdam\",\"slug\":\"amsterdam\",\"postDate\":1496691060,\"expiryDate\":null,\"enabled\":1,\"parentId\":null,\"fields\":{\"20\":\"\",\"73\":\"\",\"71\":\"iamsterdam\",\"38\":\"\",\"62\":\"\",\"8\":\"\",\"6\":\"\",\"15\":\"high\",\"14\":\"\",\"12\":\"\",\"11\":\"\",\"10\":[\"5\"],\"18\":\"1\",\"17\":\"low\",\"64\":\"0\",\"29\":\"\",\"30\":\"\",\"24\":\"\",\"25\":\"\",\"32\":\"\",\"31\":\"\",\"23\":\"\",\"21\":\"\",\"27\":\"\",\"33\":\"\",\"28\":\"\",\"26\":\"\",\"22\":\"\",\"37\":\"\",\"77\":\"1\",\"76\":{\"date\":\"6\\/16\\/2017\",\"time\":\"2:00 AM\"},\"78\":\"\",\"72\":\"http:\\/\\/www.iamsterdam.com\\/fr\\/visiter\",\"75\":{\"date\":\"6\\/4\\/2017\",\"time\":\"2:00 AM\"},\"74\":\"\",\"16\":\"medium\",\"4\":\"<p>With world-class museums, quirky festivals, theatre, live music, laid-back bars and delightful restaurants, there\'s never a shortage of things to do in Amsterdam!<\\/p>\",\"42\":\"\",\"19\":\"\",\"36\":[{\"col1\":\"\",\"col2\":\"\",\"col3\":\"\"}],\"7\":\"\"}}', '2017-06-13 21:17:51', '2017-06-13 21:17:51', 'cf5b77b9-47b8-45c8-b4d3-227b233044a0'),
 ('26', '2', '1', '1', 'en', '11', '', '{\"typeId\":null,\"authorId\":null,\"title\":\"Home\",\"slug\":\"homepage\",\"postDate\":1496677590,\"expiryDate\":null,\"enabled\":1,\"parentId\":null,\"fields\":{\"59\":[\"4\"],\"62\":[\"8\"],\"65\":\"\",\"66\":\"\",\"60\":\"\",\"12\":\"Wanderbrief City Guides help you plan the perfect remote working trip with information on the best coffee, internet speed, co-working spaces, local adventures and meetups with like-minded nomads across the city.\",\"11\":\"Wanderbrief CityGuides \\u2014 Curated by local nomads.\",\"39\":\"\",\"82\":[\"7\"]}}', '2017-06-13 21:27:40', '2017-06-13 21:27:40', '39ad3db2-362f-4aca-8bc7-88ea948c08d4'),
 ('27', '2', '1', '1', 'en', '12', '', '{\"typeId\":null,\"authorId\":null,\"title\":\"Home\",\"slug\":\"homepage\",\"postDate\":1496677590,\"expiryDate\":null,\"enabled\":1,\"parentId\":null,\"fields\":{\"59\":[\"4\"],\"62\":[\"8\"],\"65\":\"\",\"66\":\"\",\"60\":\"\",\"12\":\"Wanderbrief City Guides help you plan the perfect remote working trip with information on the best coffee, internet speed, co-working spaces, local adventures and meetups with like-minded nomads across the city.\",\"11\":\"Wanderbrief CityGuides \\u2014 Curated by local nomads.\",\"39\":\"\",\"82\":[\"7\"]}}', '2017-06-13 21:30:19', '2017-06-13 21:30:19', 'c67319a1-6aea-49e9-b5d9-087c95cb7313'),
 ('28', '2', '1', '1', 'en', '13', '', '{\"typeId\":null,\"authorId\":null,\"title\":\"Home\",\"slug\":\"homepage\",\"postDate\":1496677590,\"expiryDate\":null,\"enabled\":1,\"parentId\":null,\"fields\":{\"59\":[\"4\"],\"62\":[\"8\"],\"65\":\"\",\"66\":\"\",\"60\":\"\",\"12\":\"Wanderbrief City Guides help you plan the perfect remote working trip with information on the best coffee, internet speed, co-working spaces, local adventures and meetups with like-minded nomads across the city.\",\"11\":\"Wanderbrief CityGuides \\u2014 Curated by local nomads.\",\"39\":\"\",\"82\":[\"7\"]}}', '2017-06-13 21:33:02', '2017-06-13 21:33:02', '90847692-0e23-48fc-90e0-8fbc34e8ae8a'),
 ('29', '2', '1', '1', 'en', '14', '', '{\"typeId\":null,\"authorId\":null,\"title\":\"Home\",\"slug\":\"homepage\",\"postDate\":1496677590,\"expiryDate\":null,\"enabled\":1,\"parentId\":null,\"fields\":{\"59\":[\"4\"],\"62\":[\"8\"],\"65\":\"\",\"66\":\"\",\"60\":\"\",\"12\":\"Wanderbrief City Guides help you plan the perfect remote working trip with information on the best coffee, internet speed, co-working spaces, local adventures and meetups with like-minded nomads across the city.\",\"11\":\"Wanderbrief CityGuides \\u2014 Curated by local nomads.\",\"39\":\"\",\"82\":[\"7\"]}}', '2017-06-13 21:34:42', '2017-06-13 21:34:42', '35358f42-1090-42a2-91fb-dc14c2405453'),
 ('30', '2', '1', '1', 'en', '15', '', '{\"typeId\":null,\"authorId\":null,\"title\":\"Home\",\"slug\":\"homepage\",\"postDate\":1496677590,\"expiryDate\":null,\"enabled\":1,\"parentId\":null,\"fields\":{\"59\":[\"4\"],\"62\":[\"8\"],\"65\":\"\",\"66\":\"\",\"60\":\"\",\"12\":\"Wanderbrief City Guides help you plan the perfect remote working trip with information on the best coffee, internet speed, co-working spaces, local adventures and meetups with like-minded nomads across the city.\",\"11\":\"Wanderbrief CityGuides \\u2014 Curated by local nomads.\",\"39\":\"\",\"82\":[\"7\"]}}', '2017-06-13 21:35:53', '2017-06-13 21:35:53', '0063c1e3-a3db-42c2-a198-23e53a7cd13f'),
 ('31', '2', '1', '1', 'en', '16', '', '{\"typeId\":null,\"authorId\":null,\"title\":\"Home\",\"slug\":\"homepage\",\"postDate\":1496677590,\"expiryDate\":null,\"enabled\":1,\"parentId\":null,\"fields\":{\"59\":[\"4\"],\"35\":[\"9\"],\"65\":\"\",\"66\":\"\",\"60\":\"\",\"12\":\"Wanderbrief City Guides help you plan the perfect remote working trip with information on the best coffee, internet speed, co-working spaces, local adventures and meetups with like-minded nomads across the city.\",\"11\":\"Wanderbrief CityGuides \\u2014 Curated by local nomads.\",\"39\":\"\",\"82\":[\"7\"]}}', '2017-06-13 21:38:40', '2017-06-13 21:38:40', 'faca9201-dd38-40d3-9beb-5c953520d95e'),
 ('32', '4', '4', '1', 'en', '12', '', '{\"typeId\":\"4\",\"authorId\":\"1\",\"title\":\"Amsterdam\",\"slug\":\"amsterdam\",\"postDate\":1496691060,\"expiryDate\":null,\"enabled\":1,\"parentId\":null,\"fields\":{\"20\":\"\",\"73\":\"\",\"71\":\"iamsterdam\",\"62\":[\"10\"],\"38\":\"\",\"8\":\"\",\"6\":\"\",\"15\":\"high\",\"14\":\"\",\"12\":\"\",\"11\":\"\",\"10\":[\"5\"],\"18\":\"1\",\"17\":\"low\",\"64\":\"0\",\"29\":\"\",\"30\":\"\",\"24\":\"\",\"25\":\"\",\"32\":\"\",\"31\":\"\",\"23\":\"\",\"21\":\"\",\"27\":\"\",\"33\":\"\",\"28\":\"\",\"26\":\"\",\"22\":\"\",\"37\":\"\",\"77\":\"1\",\"76\":{\"date\":\"6\\/16\\/2017\",\"time\":\"2:00 AM\"},\"78\":\"\",\"72\":\"http:\\/\\/www.iamsterdam.com\\/fr\\/visiter\",\"75\":{\"date\":\"6\\/4\\/2017\",\"time\":\"2:00 AM\"},\"74\":\"\",\"16\":\"medium\",\"4\":\"<p>With world-class museums, quirky festivals, theatre, live music, laid-back bars and delightful restaurants, there\'s never a shortage of things to do in Amsterdam!<\\/p>\",\"42\":\"\",\"19\":\"\",\"36\":[{\"col1\":\"\",\"col2\":\"\",\"col3\":\"\"}],\"7\":\"\"}}', '2017-06-13 21:38:57', '2017-06-13 21:38:57', '63197e65-de0e-4bb3-bb5f-26df22e17d31'),
 ('33', '7', '6', '1', 'en', '3', '', '{\"typeId\":\"6\",\"authorId\":\"1\",\"title\":\"Starbucks\",\"slug\":\"starbucks\",\"postDate\":1496934060,\"expiryDate\":null,\"enabled\":1,\"parentId\":null,\"fields\":{\"73\":\"\",\"71\":\"Starbucks\",\"34\":\"\",\"52\":\"\",\"53\":\"\",\"12\":\"\",\"11\":\"\",\"49\":\"\",\"39\":\"\",\"56\":[{\"col1\":\"\",\"col2\":\"\",\"col3\":\"\",\"col4\":\"\",\"col5\":\"\",\"col6\":\"\",\"col7\":\"\"}],\"54\":\"\",\"61\":[\"12\"],\"50\":\"fastFood\",\"77\":\"1\",\"76\":{\"date\":\"6\\/12\\/2017\",\"time\":\"9:00 AM\"},\"78\":\"\",\"72\":\"\",\"75\":{\"date\":\"6\\/5\\/2017\",\"time\":\"9:00 AM\"},\"74\":\"\",\"57\":\"0\",\"4\":\"\",\"47\":\"\",\"58\":\"\",\"36\":[{\"col1\":\"\",\"col2\":\"\",\"col3\":\"\"}],\"51\":\"\",\"48\":\"hipster\",\"55\":\"\"}}', '2017-06-13 21:43:50', '2017-06-13 21:43:50', '356459ad-6bc1-405d-9836-de679b72a2d8'),
 ('37', '2', '1', '1', 'en', '17', '', '{\"typeId\":null,\"authorId\":null,\"title\":\"Home\",\"slug\":\"homepage\",\"postDate\":1496677590,\"expiryDate\":null,\"enabled\":1,\"parentId\":null,\"fields\":{\"59\":[\"4\"],\"35\":[\"9\"],\"65\":\"\",\"66\":[\"13\"],\"60\":\"\",\"12\":\"Wanderbrief City Guides help you plan the perfect remote working trip with information on the best coffee, internet speed, co-working spaces, local adventures and meetups with like-minded nomads across the city.\",\"11\":\"Wanderbrief CityGuides \\u2014 Curated by local nomads.\",\"39\":\"\",\"82\":[\"7\"]}}', '2017-06-13 21:51:15', '2017-06-13 21:51:15', 'aeca017c-b0f2-4ba6-ab32-66c385fa6504'),
 ('38', '2', '1', '1', 'en', '18', '', '{\"typeId\":null,\"authorId\":null,\"title\":\"Home\",\"slug\":\"homepage\",\"postDate\":1496677590,\"expiryDate\":null,\"enabled\":1,\"parentId\":null,\"fields\":{\"59\":[\"4\"],\"35\":[\"9\"],\"65\":\"\",\"66\":[\"13\"],\"60\":[\"13\"],\"12\":\"Wanderbrief City Guides help you plan the perfect remote working trip with information on the best coffee, internet speed, co-working spaces, local adventures and meetups with like-minded nomads across the city.\",\"11\":\"Wanderbrief CityGuides \\u2014 Curated by local nomads.\",\"39\":\"\",\"82\":[\"7\"]}}', '2017-06-13 21:52:17', '2017-06-13 21:52:17', 'd167a0fd-5734-4dc9-b265-0ebe618bde75'),
 ('39', '2', '1', '1', 'en', '19', '', '{\"typeId\":null,\"authorId\":null,\"title\":\"Home\",\"slug\":\"homepage\",\"postDate\":1496677590,\"expiryDate\":null,\"enabled\":1,\"parentId\":null,\"fields\":{\"59\":[\"4\"],\"35\":[\"9\"],\"65\":[\"4\"],\"66\":[\"13\"],\"60\":[\"13\"],\"12\":\"Wanderbrief City Guides help you plan the perfect remote working trip with information on the best coffee, internet speed, co-working spaces, local adventures and meetups with like-minded nomads across the city.\",\"11\":\"Wanderbrief CityGuides \\u2014 Curated by local nomads.\",\"39\":\"\",\"82\":[\"7\"]}}', '2017-06-13 21:57:08', '2017-06-13 21:57:08', '9e1e82a8-8a14-4b8a-881d-26d5f5ca7327'),
 ('40', '2', '1', '1', 'en', '20', '', '{\"typeId\":null,\"authorId\":null,\"title\":\"Home\",\"slug\":\"homepage\",\"postDate\":1496677590,\"expiryDate\":null,\"enabled\":1,\"parentId\":null,\"fields\":{\"59\":[\"4\"],\"35\":[\"9\"],\"65\":[\"4\"],\"66\":[\"13\"],\"60\":[\"13\"],\"12\":\"Wanderbrief City Guides help you plan the perfect remote working trip with information on the best coffee, internet speed, co-working spaces, local adventures and meetups with like-minded nomads across the city.\",\"11\":\"Wanderbrief CityGuides \\u2014 Curated by local nomads.\",\"39\":\"\",\"82\":[\"7\"],\"89\":\"<p><strong>Living<\\/strong> & <strong>working<\\/strong> abroad like a local.<\\/p>\"}}', '2017-06-14 14:12:11', '2017-06-14 14:12:11', 'f7114933-170a-4de8-97c7-0016cb48a89b'),
 ('41', '2', '1', '1', 'en', '21', '', '{\"typeId\":null,\"authorId\":null,\"title\":\"Home\",\"slug\":\"homepage\",\"postDate\":1496677590,\"expiryDate\":null,\"enabled\":1,\"parentId\":null,\"fields\":{\"59\":[\"4\"],\"35\":[\"17\"],\"65\":[\"4\"],\"66\":[\"13\"],\"60\":[\"13\"],\"12\":\"Wanderbrief City Guides help you plan the perfect remote working trip with information on the best coffee, internet speed, co-working spaces, local adventures and meetups with like-minded nomads across the city.\",\"11\":\"Wanderbrief CityGuides \\u2014 Curated by local nomads.\",\"39\":\"\",\"82\":[\"7\"],\"89\":\"<p><strong>Living<\\/strong> & <strong>working<\\/strong> abroad like a local.<\\/p>\"}}', '2017-06-14 16:27:04', '2017-06-14 16:27:04', '9c7556b8-4a36-4169-bbb5-0c959cb988ea'),
 ('42', '2', '1', '1', 'en', '22', '', '{\"typeId\":null,\"authorId\":null,\"title\":\"Home\",\"slug\":\"homepage\",\"postDate\":1496677590,\"expiryDate\":null,\"enabled\":1,\"parentId\":null,\"fields\":{\"59\":[\"4\"],\"35\":[\"9\"],\"65\":[\"4\"],\"66\":[\"13\"],\"60\":[\"13\"],\"12\":\"Wanderbrief City Guides help you plan the perfect remote working trip with information on the best coffee, internet speed, co-working spaces, local adventures and meetups with like-minded nomads across the city.\",\"11\":\"Wanderbrief CityGuides \\u2014 Curated by local nomads.\",\"39\":\"\",\"82\":[\"7\"],\"89\":\"<p><strong>Living<\\/strong> & <strong>working<\\/strong> abroad like a local.<\\/p>\"}}', '2017-06-14 18:17:08', '2017-06-14 18:17:08', '269c8a88-878d-4405-a18a-8d9ee7006390'),
 ('43', '23', '4', '1', 'en', '1', '', '{\"typeId\":null,\"authorId\":\"1\",\"title\":\"Toyko\",\"slug\":\"toyko\",\"postDate\":null,\"expiryDate\":null,\"enabled\":0,\"parentId\":null,\"fields\":{\"20\":\"\",\"73\":\"\",\"71\":\"\",\"62\":[\"8\"],\"38\":\"\",\"8\":\"\",\"6\":\"\",\"15\":\"medium\",\"14\":\"\",\"12\":\"\",\"11\":\"\",\"10\":\"\",\"18\":\"1\",\"17\":\"medium\",\"64\":\"0\",\"29\":\"\",\"30\":\"\",\"24\":\"\",\"25\":\"\",\"32\":\"\",\"31\":\"\",\"23\":\"\",\"21\":\"\",\"27\":\"\",\"33\":\"\",\"28\":\"\",\"26\":\"\",\"22\":\"\",\"37\":\"\",\"77\":\"\",\"76\":{\"date\":\"\",\"time\":\"\"},\"78\":\"\",\"72\":\"\",\"75\":{\"date\":\"\",\"time\":\"\"},\"74\":\"\",\"16\":\"medium\",\"4\":\"<p>Lorem ipsum dolor sit amet...<\\/p>\",\"42\":\"\",\"19\":\"\",\"36\":[{\"col1\":\"\",\"col2\":\"\",\"col3\":\"\"}],\"7\":\"\"}}', '2017-06-14 18:49:51', '2017-06-14 18:49:51', '88bc2ae8-37be-40cf-8b46-b026fe9ab8bf'),
 ('44', '23', '4', '1', 'en', '2', '', '{\"typeId\":\"4\",\"authorId\":\"1\",\"title\":\"Toyko\",\"slug\":\"toyko\",\"postDate\":1497466199,\"expiryDate\":null,\"enabled\":1,\"parentId\":null,\"fields\":{\"20\":\"\",\"73\":\"\",\"71\":\"\",\"62\":[\"8\"],\"38\":\"\",\"8\":\"\",\"6\":\"\",\"15\":\"medium\",\"14\":\"\",\"12\":\"\",\"11\":\"\",\"10\":\"\",\"18\":\"1\",\"17\":\"medium\",\"64\":\"0\",\"29\":\"\",\"30\":\"\",\"24\":\"\",\"25\":\"\",\"32\":\"\",\"31\":\"\",\"23\":\"\",\"21\":\"\",\"27\":\"\",\"33\":\"\",\"28\":\"\",\"26\":\"\",\"22\":\"\",\"37\":\"\",\"77\":\"\",\"76\":{\"date\":\"\",\"time\":\"\"},\"78\":\"\",\"72\":\"\",\"75\":{\"date\":\"\",\"time\":\"\"},\"74\":\"\",\"16\":\"medium\",\"4\":\"<p>Lorem ipsum dolor sit amet...<\\/p>\",\"42\":\"\",\"19\":\"\",\"36\":[{\"col1\":\"\",\"col2\":\"\",\"col3\":\"\"}],\"7\":\"\"}}', '2017-06-14 18:49:59', '2017-06-14 18:49:59', 'd1b8e358-8b29-48a2-b80f-44729aaa9b52'),
 ('45', '24', '4', '1', 'en', '1', '', '{\"typeId\":null,\"authorId\":\"1\",\"title\":\"Sydney\",\"slug\":\"sydney\",\"postDate\":1497466221,\"expiryDate\":null,\"enabled\":1,\"parentId\":null,\"fields\":{\"20\":\"\",\"73\":\"\",\"71\":\"\",\"62\":[\"10\"],\"38\":\"\",\"8\":\"\",\"6\":\"\",\"15\":\"medium\",\"14\":\"\",\"12\":\"\",\"11\":\"\",\"10\":\"\",\"18\":\"1\",\"17\":\"medium\",\"64\":\"0\",\"29\":\"\",\"30\":\"\",\"24\":\"\",\"25\":\"\",\"32\":\"\",\"31\":\"\",\"23\":\"\",\"21\":\"\",\"27\":\"\",\"33\":\"\",\"28\":\"\",\"26\":\"\",\"22\":\"\",\"37\":\"\",\"77\":\"\",\"76\":{\"date\":\"\",\"time\":\"\"},\"78\":\"\",\"72\":\"\",\"75\":{\"date\":\"\",\"time\":\"\"},\"74\":\"\",\"16\":\"medium\",\"4\":\"<p>Lorem ipsum dolor sit amet...<\\/p>\",\"42\":\"\",\"19\":\"\",\"36\":[{\"col1\":\"\",\"col2\":\"\",\"col3\":\"\"}],\"7\":\"\"}}', '2017-06-14 18:50:21', '2017-06-14 18:50:21', '5cb09868-fdaa-4edb-abfa-85f1263f2c25'),
 ('46', '2', '1', '1', 'en', '23', '', '{\"typeId\":null,\"authorId\":null,\"title\":\"Home\",\"slug\":\"homepage\",\"postDate\":1496677590,\"expiryDate\":null,\"enabled\":1,\"parentId\":null,\"fields\":{\"59\":[\"23\",\"4\",\"24\"],\"35\":[\"9\"],\"65\":[\"4\"],\"66\":[\"13\"],\"60\":[\"13\"],\"12\":\"Wanderbrief City Guides help you plan the perfect remote working trip with information on the best coffee, internet speed, co-working spaces, local adventures and meetups with like-minded nomads across the city.\",\"11\":\"Wanderbrief CityGuides \\u2014 Curated by local nomads.\",\"39\":\"\",\"82\":[\"7\"],\"89\":\"<p><strong>Living<\\/strong> & <strong>working<\\/strong> abroad like a local.<\\/p>\"}}', '2017-06-14 18:50:37', '2017-06-14 18:50:37', '01b1f109-aa06-4987-b93d-0bbd2db08032'),
 ('47', '2', '1', '1', 'en', '24', '', '{\"typeId\":null,\"authorId\":null,\"title\":\"Home\",\"slug\":\"homepage\",\"postDate\":1496677590,\"expiryDate\":null,\"enabled\":1,\"parentId\":null,\"fields\":{\"59\":[\"23\",\"24\",\"4\"],\"35\":[\"9\"],\"65\":[\"4\"],\"66\":[\"13\"],\"60\":[\"13\"],\"12\":\"Wanderbrief City Guides help you plan the perfect remote working trip with information on the best coffee, internet speed, co-working spaces, local adventures and meetups with like-minded nomads across the city.\",\"11\":\"Wanderbrief CityGuides \\u2014 Curated by local nomads.\",\"39\":\"\",\"82\":[\"7\"],\"89\":\"<p><strong>Living<\\/strong> & <strong>working<\\/strong> abroad like a local.<\\/p>\"}}', '2017-06-14 18:50:44', '2017-06-14 18:50:44', '7ee80442-19d0-43da-be88-b321d3301f24'),
 ('48', '23', '4', '1', 'en', '3', '', '{\"typeId\":\"4\",\"authorId\":\"1\",\"title\":\"Tokyo\",\"slug\":\"tokyo\",\"postDate\":1497466140,\"expiryDate\":null,\"enabled\":1,\"parentId\":null,\"fields\":{\"20\":\"\",\"73\":\"\",\"71\":\"\",\"62\":[\"8\"],\"38\":\"\",\"8\":\"\",\"6\":\"\",\"15\":\"medium\",\"14\":\"\",\"12\":\"\",\"11\":\"\",\"10\":\"\",\"18\":\"1\",\"17\":\"medium\",\"64\":\"0\",\"29\":\"\",\"30\":\"\",\"24\":\"\",\"25\":\"\",\"32\":\"\",\"31\":\"\",\"23\":\"\",\"21\":\"\",\"27\":\"\",\"33\":\"\",\"28\":\"\",\"26\":\"\",\"22\":\"\",\"37\":\"\",\"77\":\"\",\"76\":{\"date\":\"\",\"time\":\"\"},\"78\":\"\",\"72\":\"\",\"75\":{\"date\":\"\",\"time\":\"\"},\"74\":\"\",\"16\":\"medium\",\"4\":\"<p>Lorem ipsum dolor sit amet...<\\/p>\",\"42\":\"\",\"19\":\"\",\"36\":[{\"col1\":\"\",\"col2\":\"\",\"col3\":\"\"}],\"7\":\"\"}}', '2017-06-14 18:57:08', '2017-06-14 18:57:08', 'b183bb47-9ac6-4b78-8099-6c9527b7baf0'),
 ('49', '24', '4', '1', 'en', '2', '', '{\"typeId\":\"4\",\"authorId\":\"1\",\"title\":\"Sydney\",\"slug\":\"sydney\",\"postDate\":1497466200,\"expiryDate\":null,\"enabled\":1,\"parentId\":null,\"fields\":{\"20\":\"\",\"73\":\"\",\"71\":\"\",\"62\":[\"10\"],\"38\":\"\",\"90\":\"Australia\",\"8\":\"\",\"6\":\"\",\"15\":\"medium\",\"14\":\"\",\"12\":\"\",\"11\":\"\",\"10\":\"\",\"18\":\"1\",\"17\":\"medium\",\"64\":\"0\",\"29\":\"\",\"30\":\"\",\"24\":\"\",\"25\":\"\",\"32\":\"\",\"31\":\"\",\"23\":\"\",\"21\":\"\",\"27\":\"\",\"33\":\"\",\"28\":\"\",\"26\":\"\",\"22\":\"\",\"37\":\"\",\"77\":\"\",\"76\":{\"date\":\"\",\"time\":\"\"},\"78\":\"\",\"72\":\"\",\"75\":{\"date\":\"\",\"time\":\"\"},\"74\":\"\",\"16\":\"medium\",\"4\":\"<p>Lorem ipsum dolor sit amet...<\\/p>\",\"42\":\"\",\"19\":\"\",\"36\":[{\"col1\":\"\",\"col2\":\"\",\"col3\":\"\"}],\"7\":\"\"}}', '2017-06-14 18:59:45', '2017-06-14 18:59:45', '8374e3e2-d01d-4a24-9ab5-47317cb3f7df'),
 ('50', '23', '4', '1', 'en', '4', '', '{\"typeId\":\"4\",\"authorId\":\"1\",\"title\":\"Tokyo\",\"slug\":\"tokyo\",\"postDate\":1497466140,\"expiryDate\":null,\"enabled\":1,\"parentId\":null,\"fields\":{\"20\":\"\",\"73\":\"\",\"71\":\"\",\"62\":[\"8\"],\"38\":\"\",\"90\":\"Asia\",\"8\":\"\",\"6\":\"\",\"15\":\"medium\",\"14\":\"\",\"12\":\"\",\"11\":\"\",\"10\":\"\",\"18\":\"1\",\"17\":\"medium\",\"64\":\"0\",\"29\":\"\",\"30\":\"\",\"24\":\"\",\"25\":\"\",\"32\":\"\",\"31\":\"\",\"23\":\"\",\"21\":\"\",\"27\":\"\",\"33\":\"\",\"28\":\"\",\"26\":\"\",\"22\":\"\",\"37\":\"\",\"77\":\"\",\"76\":{\"date\":\"\",\"time\":\"\"},\"78\":\"\",\"72\":\"\",\"75\":{\"date\":\"\",\"time\":\"\"},\"74\":\"\",\"16\":\"medium\",\"4\":\"<p>Lorem ipsum dolor sit amet...<\\/p>\",\"42\":\"\",\"19\":\"\",\"36\":[{\"col1\":\"\",\"col2\":\"\",\"col3\":\"\"}],\"7\":\"\"}}', '2017-06-14 18:59:52', '2017-06-14 18:59:52', '010017c1-c920-4589-a55c-acff5d1a130f'),
 ('51', '4', '4', '1', 'en', '13', '', '{\"typeId\":\"4\",\"authorId\":\"1\",\"title\":\"Amsterdam\",\"slug\":\"amsterdam\",\"postDate\":1496691060,\"expiryDate\":null,\"enabled\":1,\"parentId\":null,\"fields\":{\"20\":\"\",\"73\":\"\",\"71\":\"iamsterdam\",\"62\":[\"10\"],\"38\":\"\",\"90\":\"Aurope\",\"8\":\"\",\"6\":\"\",\"15\":\"high\",\"14\":\"\",\"12\":\"\",\"11\":\"\",\"10\":[\"5\"],\"18\":\"1\",\"17\":\"low\",\"64\":\"0\",\"29\":\"\",\"30\":\"\",\"24\":\"\",\"25\":\"\",\"32\":\"\",\"31\":\"\",\"23\":\"\",\"21\":\"\",\"27\":\"\",\"33\":\"\",\"28\":\"\",\"26\":\"\",\"22\":\"\",\"37\":\"\",\"77\":\"1\",\"76\":{\"date\":\"6\\/16\\/2017\",\"time\":\"2:00 AM\"},\"78\":\"\",\"72\":\"http:\\/\\/www.iamsterdam.com\\/fr\\/visiter\",\"75\":{\"date\":\"6\\/4\\/2017\",\"time\":\"2:00 AM\"},\"74\":\"\",\"16\":\"medium\",\"4\":\"<p>With world-class museums, quirky festivals, theatre, live music, laid-back bars and delightful restaurants, there\'s never a shortage of things to do in Amsterdam!<\\/p>\",\"42\":\"\",\"19\":\"\",\"36\":[{\"col1\":\"\",\"col2\":\"\",\"col3\":\"\"}],\"7\":\"\"}}', '2017-06-14 18:59:59', '2017-06-14 18:59:59', '0c2e5a7d-7857-4965-98e8-5b13cd25bc0b'),
 ('52', '4', '4', '1', 'en', '14', '', '{\"typeId\":\"4\",\"authorId\":\"1\",\"title\":\"Amsterdam\",\"slug\":\"amsterdam\",\"postDate\":1496691060,\"expiryDate\":null,\"enabled\":1,\"parentId\":null,\"fields\":{\"20\":\"\",\"73\":\"\",\"71\":\"iamsterdam\",\"62\":[\"10\"],\"38\":\"\",\"90\":\"Europe\",\"8\":\"\",\"6\":\"\",\"15\":\"high\",\"14\":\"\",\"12\":\"\",\"11\":\"\",\"10\":[\"5\"],\"18\":\"1\",\"17\":\"low\",\"64\":\"0\",\"29\":\"\",\"30\":\"\",\"24\":\"\",\"25\":\"\",\"32\":\"\",\"31\":\"\",\"23\":\"\",\"21\":\"\",\"27\":\"\",\"33\":\"\",\"28\":\"\",\"26\":\"\",\"22\":\"\",\"37\":\"\",\"77\":\"1\",\"76\":{\"date\":\"6\\/16\\/2017\",\"time\":\"2:00 AM\"},\"78\":\"\",\"72\":\"http:\\/\\/www.iamsterdam.com\\/fr\\/visiter\",\"75\":{\"date\":\"6\\/4\\/2017\",\"time\":\"2:00 AM\"},\"74\":\"\",\"16\":\"medium\",\"4\":\"<p>With world-class museums, quirky festivals, theatre, live music, laid-back bars and delightful restaurants, there\'s never a shortage of things to do in Amsterdam!<\\/p>\",\"42\":\"\",\"19\":\"\",\"36\":[{\"col1\":\"\",\"col2\":\"\",\"col3\":\"\"}],\"7\":\"\"}}', '2017-06-14 19:10:49', '2017-06-14 19:10:49', '3b916875-4985-4422-997e-c0d11b0c1350'),
 ('53', '4', '4', '1', 'en', '15', '', '{\"typeId\":\"4\",\"authorId\":\"1\",\"title\":\"Amsterdam\",\"slug\":\"amsterdam\",\"postDate\":1496691060,\"expiryDate\":null,\"enabled\":1,\"parentId\":null,\"fields\":{\"20\":\"\",\"73\":[\"26\"],\"71\":\"iamsterdam\",\"62\":[\"10\"],\"38\":\"\",\"90\":\"Europe\",\"8\":\"\",\"6\":\"\",\"15\":\"high\",\"14\":\"\",\"12\":\"\",\"11\":\"\",\"10\":[\"5\"],\"18\":\"1\",\"17\":\"low\",\"64\":\"0\",\"29\":\"\",\"30\":\"\",\"24\":\"\",\"25\":\"\",\"32\":\"\",\"31\":\"\",\"23\":\"\",\"21\":\"\",\"27\":\"\",\"33\":\"\",\"28\":\"\",\"26\":\"\",\"22\":\"\",\"37\":\"\",\"77\":\"1\",\"76\":{\"date\":\"6\\/16\\/2017\",\"time\":\"2:00 AM\"},\"78\":\"\",\"72\":\"http:\\/\\/www.iamsterdam.com\\/fr\\/visiter\",\"75\":{\"date\":\"6\\/4\\/2017\",\"time\":\"2:00 AM\"},\"74\":\"\",\"16\":\"medium\",\"4\":\"<p>With world-class museums, quirky festivals, theatre, live music, laid-back bars and delightful restaurants, there\'s never a shortage of things to do in Amsterdam!<\\/p>\",\"42\":\"\",\"19\":\"\",\"36\":[{\"col1\":\"\",\"col2\":\"\",\"col3\":\"\"}],\"7\":\"\"}}', '2017-06-14 19:27:17', '2017-06-14 19:27:17', '085d847a-8f46-442b-9d08-7473159706ef'),
 ('54', '28', '7', '1', 'en', '1', '', '{\"typeId\":null,\"authorId\":\"1\",\"title\":\"Caf\\u00e9 Parvis\",\"slug\":\"caf\\u00e9-parvis\",\"postDate\":1497470534,\"expiryDate\":null,\"enabled\":1,\"parentId\":null,\"fields\":{\"73\":\"\",\"71\":\"\",\"34\":\"\",\"52\":\"\",\"53\":\"\",\"12\":\"\",\"11\":\"\",\"49\":[\"5\"],\"39\":\"\",\"56\":[{\"col1\":\"\",\"col2\":\"\",\"col3\":\"\",\"col4\":\"\",\"col5\":\"\",\"col6\":\"\",\"col7\":\"\"}],\"54\":\"\",\"61\":[\"27\"],\"50\":\"fastFood\",\"77\":\"\",\"76\":{\"date\":\"\",\"time\":\"\"},\"78\":\"\",\"72\":\"\",\"75\":{\"date\":\"\",\"time\":\"\"},\"74\":\"\",\"57\":\"0\",\"4\":\"\",\"47\":\"\",\"58\":\"\",\"36\":[{\"col1\":\"\",\"col2\":\"\",\"col3\":\"\"}],\"48\":\"hipster\",\"55\":\"\"}}', '2017-06-14 20:02:14', '2017-06-14 20:02:14', 'aebf21ae-66da-4b90-b120-b8a60760517a'),
 ('55', '2', '1', '1', 'en', '25', '', '{\"typeId\":null,\"authorId\":null,\"title\":\"Home\",\"slug\":\"homepage\",\"postDate\":1496677590,\"expiryDate\":null,\"enabled\":1,\"parentId\":null,\"fields\":{\"59\":[\"23\",\"24\",\"4\"],\"35\":[\"9\"],\"65\":[\"4\"],\"66\":[\"13\"],\"60\":[\"13\"],\"12\":\"Wanderbrief City Guides help you plan the perfect remote working trip with information on the best coffee, internet speed, co-working spaces, local adventures and meetups with like-minded nomads across the city.\",\"11\":\"Wanderbrief CityGuides \\u2014 Curated by local nomads.\",\"39\":\"\",\"82\":[\"7\",\"28\"],\"89\":\"<p><strong>Living<\\/strong> & <strong>working<\\/strong> abroad like a local.<\\/p>\"}}', '2017-06-14 20:02:35', '2017-06-14 20:02:35', 'b61b3898-e8ee-4f9e-9bb9-ee1702cf28f0'),
 ('56', '28', '7', '1', 'en', '2', '', '{\"typeId\":\"7\",\"authorId\":\"1\",\"title\":\"Caf\\u00e9 Parvis\",\"slug\":\"caf\\u00e9-parvis\",\"postDate\":1497470520,\"expiryDate\":null,\"enabled\":1,\"parentId\":null,\"fields\":{\"73\":\"\",\"71\":\"\",\"34\":\"\",\"52\":\"\",\"53\":\"\",\"12\":\"\",\"11\":\"\",\"49\":[\"5\"],\"39\":\"\",\"56\":[{\"col1\":\"\",\"col2\":\"\",\"col3\":\"\",\"col4\":\"\",\"col5\":\"\",\"col6\":\"\",\"col7\":\"\"}],\"54\":\"\",\"61\":\"\",\"50\":\"fastFood\",\"77\":\"\",\"76\":{\"date\":\"\",\"time\":\"\"},\"78\":\"\",\"72\":\"\",\"75\":{\"date\":\"\",\"time\":\"\"},\"74\":\"\",\"57\":\"0\",\"4\":\"\",\"47\":\"\",\"58\":\"\",\"36\":[{\"col1\":\"\",\"col2\":\"\",\"col3\":\"\"}],\"48\":\"hipster\",\"55\":\"\"}}', '2017-06-14 20:04:44', '2017-06-14 20:04:44', 'd9c1cf1c-2b4e-4116-825c-452d615c0a7a'),
 ('57', '28', '7', '1', 'en', '3', '', '{\"typeId\":\"7\",\"authorId\":\"1\",\"title\":\"Caf\\u00e9 Parvis\",\"slug\":\"caf\\u00e9-parvis\",\"postDate\":1497470520,\"expiryDate\":null,\"enabled\":1,\"parentId\":null,\"fields\":{\"73\":\"\",\"71\":\"\",\"34\":\"\",\"52\":\"\",\"53\":\"\",\"12\":\"\",\"11\":\"\",\"49\":[\"5\"],\"39\":\"\",\"56\":[{\"col1\":\"\",\"col2\":\"\",\"col3\":\"\",\"col4\":\"\",\"col5\":\"\",\"col6\":\"\",\"col7\":\"\"}],\"54\":\"\",\"61\":[\"27\"],\"50\":\"fastFood\",\"77\":\"\",\"76\":{\"date\":\"\",\"time\":\"\"},\"78\":\"\",\"72\":\"\",\"75\":{\"date\":\"\",\"time\":\"\"},\"74\":\"\",\"57\":\"0\",\"4\":\"\",\"47\":\"\",\"58\":\"\",\"36\":[{\"col1\":\"\",\"col2\":\"\",\"col3\":\"\"}],\"48\":\"hipster\",\"55\":\"\"}}', '2017-06-14 20:04:53', '2017-06-14 20:04:53', '4a956aa3-0425-49fe-90a8-b8db60805832'),
 ('58', '30', '8', '1', 'en', '1', '', '{\"typeId\":null,\"authorId\":\"1\",\"title\":\"Le Tableau Blanc\",\"slug\":\"le-tableau-blanc\",\"postDate\":1497470790,\"expiryDate\":null,\"enabled\":1,\"parentId\":null,\"fields\":{\"73\":\"\",\"71\":\"\",\"34\":\"\",\"52\":\"\",\"53\":\"\",\"14\":\"\",\"12\":\"\",\"11\":\"\",\"49\":[\"5\"],\"39\":\"\",\"56\":[{\"col1\":\"\",\"col2\":\"\",\"col3\":\"\",\"col4\":\"\",\"col5\":\"\",\"col6\":\"\",\"col7\":\"\"}],\"54\":\"\",\"61\":[\"29\"],\"50\":\"fastFood\",\"77\":\"\",\"76\":{\"date\":\"\",\"time\":\"\"},\"78\":\"\",\"72\":\"\",\"75\":{\"date\":\"\",\"time\":\"\"},\"74\":\"\",\"57\":\"0\",\"4\":\"<p>Lorem ipsum...<\\/p>\",\"47\":\"\",\"58\":\"\",\"36\":[{\"col1\":\"\",\"col2\":\"\",\"col3\":\"\"}],\"48\":\"hipster\",\"55\":\"\"}}', '2017-06-14 20:06:30', '2017-06-14 20:06:30', '30a44691-7bd8-49cc-80b7-43785cabc12f'),
 ('59', '2', '1', '1', 'en', '26', '', '{\"typeId\":null,\"authorId\":null,\"title\":\"Home\",\"slug\":\"homepage\",\"postDate\":1496677590,\"expiryDate\":null,\"enabled\":1,\"parentId\":null,\"fields\":{\"59\":[\"23\",\"24\",\"4\"],\"35\":[\"9\"],\"65\":[\"4\"],\"66\":[\"13\"],\"60\":[\"13\"],\"12\":\"Wanderbrief City Guides help you plan the perfect remote working trip with information on the best coffee, internet speed, co-working spaces, local adventures and meetups with like-minded nomads across the city.\",\"11\":\"Wanderbrief CityGuides \\u2014 Curated by local nomads.\",\"39\":\"\",\"82\":[\"7\",\"28\",\"30\"],\"89\":\"<p><strong>Living<\\/strong> & <strong>working<\\/strong> abroad like a local.<\\/p>\"}}', '2017-06-14 20:06:42', '2017-06-14 20:06:42', '3a95d2e5-c895-4de9-93c7-ee3b7dca301c'),
 ('60', '7', '6', '1', 'en', '4', '', '{\"typeId\":\"6\",\"authorId\":\"1\",\"title\":\"Starbucks\",\"slug\":\"starbucks\",\"postDate\":1496934060,\"expiryDate\":null,\"enabled\":1,\"parentId\":null,\"fields\":{\"73\":\"\",\"71\":\"Starbucks\",\"34\":\"\",\"52\":\"\",\"53\":\"\",\"12\":\"\",\"11\":\"\",\"49\":\"\",\"39\":\"\",\"56\":[{\"col1\":\"\",\"col2\":\"\",\"col3\":\"\",\"col4\":\"\",\"col5\":\"\",\"col6\":\"\",\"col7\":\"\"}],\"54\":\"\",\"61\":[\"12\"],\"50\":\"fastFood\",\"77\":\"1\",\"76\":{\"date\":\"6\\/12\\/2017\",\"time\":\"9:00 AM\"},\"78\":\"\",\"72\":\"\",\"75\":{\"date\":\"6\\/5\\/2017\",\"time\":\"9:00 AM\"},\"74\":\"\",\"57\":\"0\",\"4\":\"\",\"47\":\"\",\"58\":\"\",\"36\":[{\"col1\":\"\",\"col2\":\"\",\"col3\":\"\"}],\"51\":\"\",\"48\":\"hipster\",\"55\":\"\"}}', '2017-06-14 20:40:16', '2017-06-14 20:40:16', 'dc3db704-b37f-4113-b9d2-e8d25204df86'),
 ('61', '7', '6', '1', 'en', '5', '', '{\"typeId\":\"6\",\"authorId\":\"1\",\"title\":\"Starbucks\",\"slug\":\"starbucks\",\"postDate\":1496934060,\"expiryDate\":null,\"enabled\":1,\"parentId\":null,\"fields\":{\"73\":\"\",\"71\":\"Starbucks\",\"34\":\"\",\"52\":\"\",\"53\":\"\",\"12\":\"\",\"11\":\"\",\"49\":\"\",\"39\":\"\",\"56\":[{\"col1\":\"\",\"col2\":\"\",\"col3\":\"\",\"col4\":\"\",\"col5\":\"\",\"col6\":\"\",\"col7\":\"\"}],\"54\":\"\",\"61\":[\"12\"],\"50\":\"Fast Food\",\"77\":\"1\",\"76\":{\"date\":\"6\\/12\\/2017\",\"time\":\"9:00 AM\"},\"78\":\"\",\"72\":\"\",\"75\":{\"date\":\"6\\/5\\/2017\",\"time\":\"9:00 AM\"},\"74\":\"\",\"57\":\"0\",\"4\":\"\",\"47\":\"\",\"58\":\"\",\"36\":[{\"col1\":\"\",\"col2\":\"\",\"col3\":\"\"}],\"51\":\"\",\"48\":\"hipster\",\"55\":\"\"}}', '2017-06-14 21:00:45', '2017-06-14 21:00:45', '8ab7359e-1b7d-489f-9af3-171a684695e5'),
 ('62', '28', '7', '1', 'en', '4', '', '{\"typeId\":\"7\",\"authorId\":\"1\",\"title\":\"Caf\\u00e9 Parvis\",\"slug\":\"caf\\u00e9-parvis\",\"postDate\":1497470520,\"expiryDate\":null,\"enabled\":1,\"parentId\":null,\"fields\":{\"73\":\"\",\"71\":\"\",\"34\":\"\",\"52\":\"\",\"53\":\"\",\"12\":\"\",\"11\":\"\",\"49\":[\"5\"],\"39\":\"\",\"56\":[{\"col1\":\"\",\"col2\":\"\",\"col3\":\"\",\"col4\":\"\",\"col5\":\"\",\"col6\":\"\",\"col7\":\"\"}],\"54\":\"\",\"61\":[\"27\"],\"50\":\"Pub\",\"77\":\"\",\"76\":{\"date\":\"\",\"time\":\"\"},\"78\":\"\",\"72\":\"\",\"75\":{\"date\":\"\",\"time\":\"\"},\"74\":\"\",\"57\":\"0\",\"4\":\"\",\"47\":\"\",\"58\":\"\",\"36\":[{\"col1\":\"\",\"col2\":\"\",\"col3\":\"\"}],\"48\":\"hipster\",\"55\":\"\"}}', '2017-06-14 21:01:00', '2017-06-14 21:01:00', '96b2da0f-822d-4559-9850-b3a952e8dade'),
 ('63', '28', '7', '1', 'en', '5', '', '{\"typeId\":\"7\",\"authorId\":\"1\",\"title\":\"Caf\\u00e9 Parvis\",\"slug\":\"caf\\u00e9-parvis\",\"postDate\":1497470520,\"expiryDate\":null,\"enabled\":1,\"parentId\":null,\"fields\":{\"73\":\"\",\"71\":\"\",\"34\":\"\",\"52\":\"\",\"53\":\"\",\"12\":\"\",\"11\":\"\",\"49\":[\"5\"],\"39\":\"\",\"56\":[{\"col1\":\"\",\"col2\":\"\",\"col3\":\"\",\"col4\":\"\",\"col5\":\"\",\"col6\":\"\",\"col7\":\"\"}],\"54\":\"\",\"61\":[\"27\"],\"50\":\"Pub\",\"77\":\"\",\"76\":{\"date\":\"\",\"time\":\"\"},\"78\":\"\",\"72\":\"\",\"75\":{\"date\":\"\",\"time\":\"\"},\"74\":\"\",\"57\":\"0\",\"4\":\"\",\"47\":\"\",\"58\":\"\",\"36\":[{\"col1\":\"\",\"col2\":\"\",\"col3\":\"\"}],\"48\":\"hipster\",\"55\":\"\"}}', '2017-06-14 21:01:00', '2017-06-14 21:01:00', '8916a87b-e7cb-46ef-b9ed-9287eef33158'),
 ('64', '30', '8', '1', 'en', '2', '', '{\"typeId\":\"8\",\"authorId\":\"1\",\"title\":\"Le Tableau Blanc\",\"slug\":\"le-tableau-blanc\",\"postDate\":1497470760,\"expiryDate\":null,\"enabled\":1,\"parentId\":null,\"fields\":{\"73\":\"\",\"71\":\"\",\"34\":\"\",\"52\":\"\",\"53\":\"\",\"14\":\"\",\"12\":\"\",\"11\":\"\",\"49\":[\"5\"],\"39\":\"\",\"56\":[{\"col1\":\"\",\"col2\":\"\",\"col3\":\"\",\"col4\":\"\",\"col5\":\"\",\"col6\":\"\",\"col7\":\"\"}],\"54\":\"\",\"61\":[\"29\"],\"50\":\"Caterer\",\"77\":\"\",\"76\":{\"date\":\"\",\"time\":\"\"},\"78\":\"\",\"72\":\"\",\"75\":{\"date\":\"\",\"time\":\"\"},\"74\":\"\",\"57\":\"0\",\"4\":\"<p>Lorem ipsum...<\\/p>\",\"47\":\"\",\"58\":\"\",\"36\":[{\"col1\":\"\",\"col2\":\"\",\"col3\":\"\"}],\"48\":\"hipster\",\"55\":\"\"}}', '2017-06-14 21:01:10', '2017-06-14 21:01:10', '74faf050-a149-46bb-8d4f-baab53acb264'),
 ('65', '4', '4', '1', 'en', '16', '', '{\"typeId\":\"4\",\"authorId\":\"1\",\"title\":\"Amsterdam\",\"slug\":\"amsterdam\",\"postDate\":1496691060,\"expiryDate\":null,\"enabled\":1,\"parentId\":null,\"fields\":{\"20\":\"\",\"73\":[\"26\"],\"71\":\"iamsterdam\",\"62\":[\"10\"],\"38\":\"\",\"90\":\"Europe\",\"8\":\"\",\"6\":\"\",\"15\":\"high\",\"14\":\"\",\"12\":\"\",\"11\":\"\",\"10\":[\"5\"],\"18\":\"1\",\"17\":\"low\",\"64\":\"0\",\"29\":\"\",\"30\":\"\",\"24\":\"\",\"25\":\"\",\"32\":\"\",\"31\":\"\",\"23\":\"\",\"21\":\"\",\"27\":\"\",\"33\":\"\",\"28\":\"\",\"26\":\"\",\"22\":\"\",\"37\":\"With world-class museums, quirky festivals, theatre, live music, laid-back bars and delightful restaurants, there\'s never a shortage of things to do in Amsterdam!\",\"77\":\"1\",\"76\":{\"date\":\"6\\/16\\/2017\",\"time\":\"2:00 AM\"},\"78\":\"\",\"72\":\"http:\\/\\/www.iamsterdam.com\\/fr\\/visiter\",\"75\":{\"date\":\"6\\/4\\/2017\",\"time\":\"2:00 AM\"},\"74\":\"\",\"16\":\"medium\",\"4\":\"<p>With world-class museums, quirky festivals, theatre, live music, laid-back bars and delightful restaurants, there\'s never a shortage of things to do in Amsterdam!<\\/p>\",\"42\":\"\",\"19\":\"\",\"36\":[{\"col1\":\"\",\"col2\":\"\",\"col3\":\"\"}],\"7\":\"\"}}', '2017-06-14 22:09:45', '2017-06-14 22:09:45', '274ab4c9-0210-4c66-b8c3-9fcc09d922ca'),
 ('66', '4', '4', '1', 'en', '17', '', '{\"typeId\":\"4\",\"authorId\":\"1\",\"title\":\"Amsterdam\",\"slug\":\"amsterdam\",\"postDate\":1496691060,\"expiryDate\":null,\"enabled\":1,\"parentId\":null,\"fields\":{\"20\":\"\",\"73\":[\"26\"],\"71\":\"iamsterdam\",\"62\":[\"31\"],\"38\":\"\",\"90\":\"Europe\",\"8\":\"\",\"6\":\"\",\"15\":\"high\",\"14\":\"\",\"12\":\"\",\"11\":\"\",\"10\":[\"5\"],\"18\":\"1\",\"17\":\"low\",\"64\":\"0\",\"29\":\"\",\"30\":\"\",\"24\":\"\",\"25\":\"\",\"32\":\"\",\"31\":\"\",\"23\":\"\",\"21\":\"\",\"27\":\"\",\"33\":\"\",\"28\":\"\",\"26\":\"\",\"22\":\"\",\"37\":\"With world-class museums, quirky festivals, theatre, live music, laid-back bars and delightful restaurants, there\'s never a shortage of things to do in Amsterdam!\",\"77\":\"1\",\"76\":{\"date\":\"6\\/16\\/2017\",\"time\":\"2:00 AM\"},\"78\":\"\",\"72\":\"http:\\/\\/www.iamsterdam.com\\/fr\\/visiter\",\"75\":{\"date\":\"6\\/4\\/2017\",\"time\":\"2:00 AM\"},\"74\":\"\",\"16\":\"medium\",\"4\":\"<p>With world-class museums, quirky festivals, theatre, live music, laid-back bars and delightful restaurants, there\'s never a shortage of things to do in Amsterdam!<\\/p>\",\"42\":\"\",\"19\":\"\",\"36\":[{\"col1\":\"\",\"col2\":\"\",\"col3\":\"\"}],\"7\":\"\"}}', '2017-06-14 22:28:34', '2017-06-14 22:28:34', '77458b5d-3607-4f54-b910-cb230dcaf62d'),
 ('67', '4', '4', '1', 'en', '18', '', '{\"typeId\":\"4\",\"authorId\":\"1\",\"title\":\"Amsterdam\",\"slug\":\"amsterdam\",\"postDate\":1496691060,\"expiryDate\":null,\"enabled\":1,\"parentId\":null,\"fields\":{\"20\":\"\",\"73\":[\"26\"],\"71\":\"iamsterdam\",\"62\":[\"32\"],\"38\":\"\",\"90\":\"Europe\",\"8\":\"\",\"6\":\"\",\"15\":\"high\",\"14\":\"\",\"12\":\"\",\"11\":\"\",\"10\":[\"5\"],\"18\":\"1\",\"17\":\"low\",\"64\":\"0\",\"29\":\"\",\"30\":\"\",\"24\":\"\",\"25\":\"\",\"32\":\"\",\"31\":\"\",\"23\":\"\",\"21\":\"\",\"27\":\"\",\"33\":\"\",\"28\":\"\",\"26\":\"\",\"22\":\"\",\"37\":\"With world-class museums, quirky festivals, theatre, live music, laid-back bars and delightful restaurants, there\'s never a shortage of things to do in Amsterdam!\",\"77\":\"1\",\"76\":{\"date\":\"6\\/16\\/2017\",\"time\":\"2:00 AM\"},\"78\":\"\",\"72\":\"http:\\/\\/www.iamsterdam.com\\/fr\\/visiter\",\"75\":{\"date\":\"6\\/4\\/2017\",\"time\":\"2:00 AM\"},\"74\":\"\",\"16\":\"medium\",\"4\":\"<p>With world-class museums, quirky festivals, theatre, live music, laid-back bars and delightful restaurants, there\'s never a shortage of things to do in Amsterdam!<\\/p>\",\"42\":\"\",\"19\":\"\",\"36\":[{\"col1\":\"\",\"col2\":\"\",\"col3\":\"\"}],\"7\":\"\"}}', '2017-06-14 22:34:01', '2017-06-14 22:34:01', '36df4ee8-b40c-401e-8ca8-7b63bbfb6d79'),
 ('68', '23', '4', '1', 'en', '5', '', '{\"typeId\":\"4\",\"authorId\":\"1\",\"title\":\"Tokyo\",\"slug\":\"tokyo\",\"postDate\":1497466140,\"expiryDate\":null,\"enabled\":1,\"parentId\":null,\"fields\":{\"20\":\"\",\"73\":\"\",\"71\":\"\",\"62\":[\"34\"],\"38\":\"\",\"90\":\"Asia\",\"8\":\"\",\"6\":\"\",\"15\":\"medium\",\"14\":\"\",\"12\":\"\",\"11\":\"\",\"10\":\"\",\"18\":\"1\",\"17\":\"medium\",\"64\":\"0\",\"29\":\"\",\"30\":\"\",\"24\":\"\",\"25\":\"\",\"32\":\"\",\"31\":\"\",\"23\":\"\",\"21\":\"\",\"27\":\"\",\"33\":\"\",\"28\":\"\",\"26\":\"\",\"22\":\"\",\"37\":\"\",\"77\":\"\",\"76\":{\"date\":\"\",\"time\":\"\"},\"78\":\"\",\"72\":\"\",\"75\":{\"date\":\"\",\"time\":\"\"},\"74\":\"\",\"16\":\"medium\",\"4\":\"<p>Lorem ipsum dolor sit amet...<\\/p>\",\"42\":\"\",\"19\":\"\",\"36\":[{\"col1\":\"\",\"col2\":\"\",\"col3\":\"\"}],\"7\":\"\"}}', '2017-06-14 22:39:09', '2017-06-14 22:39:09', 'e0ac03e7-2c7c-40ef-a2e4-ed3b904922c2'),
 ('69', '2', '1', '1', 'en', '27', '', '{\"typeId\":null,\"authorId\":null,\"title\":\"Home\",\"slug\":\"homepage\",\"postDate\":1496677590,\"expiryDate\":null,\"enabled\":1,\"parentId\":null,\"fields\":{\"59\":[\"23\",\"24\",\"4\"],\"35\":[\"35\"],\"65\":[\"4\"],\"66\":[\"13\"],\"60\":[\"13\"],\"12\":\"Wanderbrief City Guides help you plan the perfect remote working trip with information on the best coffee, internet speed, co-working spaces, local adventures and meetups with like-minded nomads across the city.\",\"11\":\"Wanderbrief CityGuides \\u2014 Curated by local nomads.\",\"39\":\"\",\"82\":[\"7\",\"28\",\"30\"],\"89\":\"<p><strong>Living<\\/strong> & <strong>working<\\/strong> abroad like a local.<\\/p>\"}}', '2017-06-14 22:39:41', '2017-06-14 22:39:41', '15f177b4-4e1a-4795-98a1-1ada8429bac2'),
 ('70', '2', '1', '1', 'en', '28', '', '{\"typeId\":null,\"authorId\":null,\"title\":\"Home\",\"slug\":\"homepage\",\"postDate\":1496677590,\"expiryDate\":null,\"enabled\":1,\"parentId\":null,\"fields\":{\"59\":[\"23\",\"24\",\"4\"],\"35\":[\"17\"],\"65\":[\"4\"],\"66\":[\"13\"],\"60\":[\"13\"],\"12\":\"Wanderbrief City Guides help you plan the perfect remote working trip with information on the best coffee, internet speed, co-working spaces, local adventures and meetups with like-minded nomads across the city.\",\"11\":\"Wanderbrief CityGuides \\u2014 Curated by local nomads.\",\"39\":\"\",\"82\":[\"7\",\"28\",\"30\"],\"89\":\"<p><strong>Living<\\/strong> & <strong>working<\\/strong> abroad like a local.<\\/p>\"}}', '2017-06-14 22:39:58', '2017-06-14 22:39:58', 'beff1e8d-3d0d-4dc5-bc58-0e022e32272b'),
 ('71', '23', '4', '1', 'en', '6', '', '{\"typeId\":\"4\",\"authorId\":\"1\",\"title\":\"Tokyo\",\"slug\":\"tokyo\",\"postDate\":1497466140,\"expiryDate\":null,\"enabled\":1,\"parentId\":null,\"fields\":{\"20\":\"\",\"73\":\"\",\"71\":\"\",\"62\":[\"36\"],\"38\":\"\",\"90\":\"Asia\",\"8\":\"\",\"6\":\"\",\"15\":\"medium\",\"14\":\"\",\"12\":\"\",\"11\":\"\",\"10\":\"\",\"18\":\"1\",\"17\":\"medium\",\"64\":\"0\",\"29\":\"\",\"30\":\"\",\"24\":\"\",\"25\":\"\",\"32\":\"\",\"31\":\"\",\"23\":\"\",\"21\":\"\",\"27\":\"\",\"33\":\"\",\"28\":\"\",\"26\":\"\",\"22\":\"\",\"37\":\"\",\"77\":\"\",\"76\":{\"date\":\"\",\"time\":\"\"},\"78\":\"\",\"72\":\"\",\"75\":{\"date\":\"\",\"time\":\"\"},\"74\":\"\",\"16\":\"medium\",\"4\":\"<p>Lorem ipsum dolor sit amet...<\\/p>\",\"42\":\"\",\"19\":\"\",\"36\":[{\"col1\":\"\",\"col2\":\"\",\"col3\":\"\"}],\"7\":\"\"}}', '2017-06-14 22:42:52', '2017-06-14 22:42:52', 'c1e6f5f1-b0aa-4496-8e99-64358aff69ed'),
 ('72', '2', '1', '1', 'en', '29', '', '{\"typeId\":null,\"authorId\":null,\"title\":\"Home\",\"slug\":\"homepage\",\"postDate\":1496677590,\"expiryDate\":null,\"enabled\":1,\"parentId\":null,\"fields\":{\"59\":[\"23\",\"24\",\"4\"],\"35\":[\"17\"],\"65\":[\"23\"],\"66\":[\"13\"],\"60\":[\"13\"],\"12\":\"Wanderbrief City Guides help you plan the perfect remote working trip with information on the best coffee, internet speed, co-working spaces, local adventures and meetups with like-minded nomads across the city.\",\"11\":\"Wanderbrief CityGuides \\u2014 Curated by local nomads.\",\"39\":\"\",\"82\":[\"7\",\"28\",\"30\"],\"89\":\"<p><strong>Living<\\/strong> & <strong>working<\\/strong> abroad like a local.<\\/p>\"}}', '2017-06-14 22:43:18', '2017-06-14 22:43:18', '49e8ee7d-bf2d-4f1c-8159-7d871971ec01'),
 ('73', '23', '4', '1', 'en', '7', '', '{\"typeId\":\"4\",\"authorId\":\"1\",\"title\":\"Tokyo\",\"slug\":\"tokyo\",\"postDate\":1497466140,\"expiryDate\":null,\"enabled\":1,\"parentId\":null,\"fields\":{\"20\":\"\",\"73\":[\"37\"],\"71\":\"Uber\",\"62\":[\"36\"],\"38\":\"\",\"90\":\"Asia\",\"8\":\"\",\"6\":\"\",\"15\":\"medium\",\"14\":\"\",\"12\":\"\",\"11\":\"\",\"10\":\"\",\"18\":\"1\",\"17\":\"medium\",\"64\":\"0\",\"29\":\"\",\"30\":\"\",\"24\":\"\",\"25\":\"\",\"32\":\"\",\"31\":\"\",\"23\":\"\",\"21\":\"\",\"27\":\"\",\"33\":\"\",\"28\":\"\",\"26\":\"\",\"22\":\"\",\"37\":\"\",\"77\":\"1\",\"76\":{\"date\":\"\",\"time\":\"\"},\"78\":\"\",\"72\":\"\",\"75\":{\"date\":\"\",\"time\":\"\"},\"74\":\"\",\"16\":\"medium\",\"4\":\"<p>Lorem ipsum dolor sit amet...<\\/p>\",\"42\":\"\",\"19\":\"\",\"36\":[{\"col1\":\"\",\"col2\":\"\",\"col3\":\"\"}],\"7\":\"\"}}', '2017-06-14 22:44:35', '2017-06-14 22:44:35', '5f7f2e85-9789-40ec-b4c3-daa38db74363'),
 ('74', '23', '4', '1', 'en', '8', '', '{\"typeId\":\"4\",\"authorId\":\"1\",\"title\":\"Tokyo\",\"slug\":\"tokyo\",\"postDate\":1497466140,\"expiryDate\":null,\"enabled\":1,\"parentId\":null,\"fields\":{\"20\":\"\",\"73\":[\"37\"],\"71\":\"Uber\",\"62\":[\"36\"],\"38\":\"\",\"90\":\"Asia\",\"8\":\"\",\"6\":\"\",\"15\":\"medium\",\"14\":\"\",\"12\":\"\",\"11\":\"\",\"10\":\"\",\"18\":\"1\",\"17\":\"medium\",\"64\":\"0\",\"29\":\"\",\"30\":\"\",\"24\":\"\",\"25\":\"\",\"32\":\"\",\"31\":\"\",\"23\":\"\",\"21\":\"\",\"27\":\"\",\"33\":\"\",\"28\":\"\",\"26\":\"\",\"22\":\"\",\"37\":\"With world-class museums, quirky festivals, theatre, live music, laid-back bars and delightful restaurants, there\'s never a shortage of things to do in Amsterdam!\",\"77\":\"1\",\"76\":{\"date\":\"\",\"time\":\"\"},\"78\":\"\",\"72\":\"\",\"75\":{\"date\":\"\",\"time\":\"\"},\"74\":\"\",\"16\":\"medium\",\"4\":\"<p>Lorem ipsum dolor sit amet...<\\/p>\",\"42\":\"\",\"19\":\"\",\"36\":[{\"col1\":\"\",\"col2\":\"\",\"col3\":\"\"}],\"7\":\"\"}}', '2017-06-14 22:45:56', '2017-06-14 22:45:56', '7619fd10-a6b6-4c1d-bd8f-e4b5e0300735'),
 ('75', '24', '4', '1', 'en', '3', '', '{\"typeId\":\"4\",\"authorId\":\"1\",\"title\":\"Sydney\",\"slug\":\"sydney\",\"postDate\":1497466200,\"expiryDate\":null,\"enabled\":1,\"parentId\":null,\"fields\":{\"20\":\"\",\"73\":\"\",\"71\":\"\",\"62\":[\"38\"],\"38\":\"\",\"90\":\"Australia\",\"8\":\"\",\"6\":\"\",\"15\":\"medium\",\"14\":\"\",\"12\":\"\",\"11\":\"\",\"10\":\"\",\"18\":\"1\",\"17\":\"medium\",\"64\":\"0\",\"29\":\"\",\"30\":\"\",\"24\":\"\",\"25\":\"\",\"32\":\"\",\"31\":\"\",\"23\":\"\",\"21\":\"\",\"27\":\"\",\"33\":\"\",\"28\":\"\",\"26\":\"\",\"22\":\"\",\"37\":\"\",\"77\":\"\",\"76\":{\"date\":\"\",\"time\":\"\"},\"78\":\"\",\"72\":\"\",\"75\":{\"date\":\"\",\"time\":\"\"},\"74\":\"\",\"16\":\"medium\",\"4\":\"<p>Lorem ipsum dolor sit amet...<\\/p>\",\"42\":\"\",\"19\":\"\",\"36\":[{\"col1\":\"\",\"col2\":\"\",\"col3\":\"\"}],\"7\":\"\"}}', '2017-06-14 22:50:03', '2017-06-14 22:50:03', '1df75201-4cf0-43a5-8f69-6f1403925283'),
 ('76', '2', '1', '1', 'en', '30', '', '{\"typeId\":null,\"authorId\":null,\"title\":\"Home\",\"slug\":\"homepage\",\"postDate\":1496677590,\"expiryDate\":null,\"enabled\":1,\"parentId\":null,\"fields\":{\"59\":[\"23\",\"24\",\"4\"],\"35\":[\"17\"],\"65\":[\"24\"],\"66\":[\"13\"],\"60\":[\"13\"],\"12\":\"Wanderbrief City Guides help you plan the perfect remote working trip with information on the best coffee, internet speed, co-working spaces, local adventures and meetups with like-minded nomads across the city.\",\"11\":\"Wanderbrief CityGuides \\u2014 Curated by local nomads.\",\"39\":\"\",\"82\":[\"7\",\"28\",\"30\"],\"89\":\"<p><strong>Living<\\/strong> & <strong>working<\\/strong> abroad like a local.<\\/p>\"}}', '2017-06-14 22:50:34', '2017-06-14 22:50:34', '80fca482-bd22-424e-900d-6da62e9aee68'),
 ('77', '24', '4', '1', 'en', '4', '', '{\"typeId\":\"4\",\"authorId\":\"1\",\"title\":\"Sydney\",\"slug\":\"sydney\",\"postDate\":1497466200,\"expiryDate\":null,\"enabled\":1,\"parentId\":null,\"fields\":{\"20\":\"\",\"73\":\"\",\"71\":\"\",\"62\":[\"39\"],\"38\":\"\",\"90\":\"Australia\",\"8\":\"\",\"6\":\"\",\"15\":\"medium\",\"14\":\"\",\"12\":\"\",\"11\":\"\",\"10\":\"\",\"18\":\"1\",\"17\":\"medium\",\"64\":\"0\",\"29\":\"\",\"30\":\"\",\"24\":\"\",\"25\":\"\",\"32\":\"\",\"31\":\"\",\"23\":\"\",\"21\":\"\",\"27\":\"\",\"33\":\"\",\"28\":\"\",\"26\":\"\",\"22\":\"\",\"37\":\"\",\"77\":\"\",\"76\":{\"date\":\"\",\"time\":\"\"},\"78\":\"\",\"72\":\"\",\"75\":{\"date\":\"\",\"time\":\"\"},\"74\":\"\",\"16\":\"medium\",\"4\":\"<p>Lorem ipsum dolor sit amet...<\\/p>\",\"42\":\"\",\"19\":\"\",\"36\":[{\"col1\":\"\",\"col2\":\"\",\"col3\":\"\"}],\"7\":\"\"}}', '2017-06-14 22:55:55', '2017-06-14 22:55:55', 'f36dd4f0-f9d7-4973-a890-7aabb6c64578'),
 ('78', '24', '4', '1', 'en', '5', '', '{\"typeId\":\"4\",\"authorId\":\"1\",\"title\":\"Sydney\",\"slug\":\"sydney\",\"postDate\":1497466200,\"expiryDate\":null,\"enabled\":1,\"parentId\":null,\"fields\":{\"20\":\"\",\"73\":\"\",\"71\":\"\",\"62\":[\"39\"],\"38\":\"\",\"90\":\"Australia\",\"8\":\"\",\"6\":\"\",\"15\":\"medium\",\"14\":\"\",\"12\":\"\",\"11\":\"\",\"10\":\"\",\"18\":\"1\",\"17\":\"medium\",\"64\":\"0\",\"29\":\"\",\"30\":\"\",\"24\":\"\",\"25\":\"\",\"32\":\"\",\"31\":\"\",\"23\":\"\",\"21\":\"\",\"27\":\"\",\"33\":\"\",\"28\":\"\",\"26\":\"\",\"22\":\"\",\"37\":\"With world-class museums, quirky festivals, theatre, live music, laid-back bars and delightful restaurants, there\'s never a shortage of things to do in Amsterdam!\",\"77\":\"\",\"76\":{\"date\":\"\",\"time\":\"\"},\"78\":\"\",\"72\":\"\",\"75\":{\"date\":\"\",\"time\":\"\"},\"74\":\"\",\"16\":\"medium\",\"4\":\"<p>Lorem ipsum dolor sit amet...<\\/p>\",\"42\":\"\",\"19\":\"\",\"36\":[{\"col1\":\"\",\"col2\":\"\",\"col3\":\"\"}],\"7\":\"\"}}', '2017-06-14 22:56:26', '2017-06-14 22:56:26', 'c611c6f6-3ec0-413f-8b24-6a68ee96af61'),
 ('79', '4', '4', '1', 'en', '19', '', '{\"typeId\":\"4\",\"authorId\":\"1\",\"title\":\"Amsterdam\",\"slug\":\"amsterdam\",\"postDate\":1496691060,\"expiryDate\":null,\"enabled\":1,\"parentId\":null,\"fields\":{\"20\":\"\",\"73\":[\"26\"],\"71\":\"iamsterdam\",\"62\":[\"32\"],\"38\":\"\",\"90\":\"Europe\",\"8\":\"\",\"6\":\"\",\"15\":\"high\",\"14\":\"\",\"12\":\"\",\"11\":\"\",\"10\":[\"5\"],\"18\":\"1\",\"17\":\"low\",\"64\":\"0\",\"29\":\"\",\"30\":\"\",\"24\":\"\",\"25\":\"\",\"32\":\"\",\"31\":\"\",\"23\":\"\",\"21\":\"\",\"27\":\"\",\"33\":\"\",\"28\":\"\",\"26\":\"\",\"22\":\"\",\"37\":\"\",\"77\":\"1\",\"76\":{\"date\":\"6\\/16\\/2017\",\"time\":\"2:00 AM\"},\"78\":\"\",\"72\":\"http:\\/\\/www.iamsterdam.com\\/fr\\/visiter\",\"75\":{\"date\":\"6\\/4\\/2017\",\"time\":\"2:00 AM\"},\"74\":\"\",\"16\":\"medium\",\"4\":\"<p>With world-class museums, quirky festivals, theatre, live music, laid-back bars and delightful restaurants, there\'s never a shortage of things to do in Amsterdam!<\\/p>\",\"42\":\"\",\"19\":\"\",\"36\":[{\"col1\":\"\",\"col2\":\"\",\"col3\":\"\"}],\"7\":\"\"}}', '2017-06-14 22:57:25', '2017-06-14 22:57:25', 'd48a30f3-db78-425d-bfe0-1ec05db8f6f2'),
 ('80', '2', '1', '1', 'en', '31', '', '{\"typeId\":null,\"authorId\":null,\"title\":\"Home\",\"slug\":\"homepage\",\"postDate\":1496677590,\"expiryDate\":null,\"enabled\":1,\"parentId\":null,\"fields\":{\"59\":[\"23\",\"24\",\"4\"],\"35\":[\"17\"],\"65\":[\"4\"],\"66\":[\"13\"],\"60\":[\"13\"],\"12\":\"Wanderbrief City Guides help you plan the perfect remote working trip with information on the best coffee, internet speed, co-working spaces, local adventures and meetups with like-minded nomads across the city.\",\"11\":\"Wanderbrief CityGuides \\u2014 Curated by local nomads.\",\"39\":\"\",\"82\":[\"7\",\"28\",\"30\"],\"89\":\"<p><strong>Living<\\/strong> & <strong>working<\\/strong> abroad like a local.<\\/p>\"}}', '2017-06-14 22:57:53', '2017-06-14 22:57:53', '42e4ede5-766f-48b3-867b-60fb49e02222'),
 ('81', '2', '1', '1', 'en', '32', '', '{\"typeId\":null,\"authorId\":null,\"title\":\"Home\",\"slug\":\"homepage\",\"postDate\":1496677590,\"expiryDate\":null,\"enabled\":1,\"parentId\":null,\"fields\":{\"59\":[\"23\",\"24\",\"4\"],\"35\":[\"17\"],\"65\":[\"23\"],\"66\":[\"13\"],\"60\":[\"13\"],\"12\":\"Wanderbrief City Guides help you plan the perfect remote working trip with information on the best coffee, internet speed, co-working spaces, local adventures and meetups with like-minded nomads across the city.\",\"11\":\"Wanderbrief CityGuides \\u2014 Curated by local nomads.\",\"39\":\"\",\"82\":[\"7\",\"28\",\"30\"],\"89\":\"<p><strong>Living<\\/strong> & <strong>working<\\/strong> abroad like a local.<\\/p>\"}}', '2017-06-14 22:58:11', '2017-06-14 22:58:11', 'f5457a64-9ef0-4dc7-ad84-ed309fc87d7b'),
 ('82', '4', '4', '1', 'en', '20', '', '{\"typeId\":\"4\",\"authorId\":\"1\",\"title\":\"Amsterdam\",\"slug\":\"amsterdam\",\"postDate\":1496691060,\"expiryDate\":null,\"enabled\":1,\"parentId\":null,\"fields\":{\"20\":\"\",\"73\":[\"26\"],\"71\":\"iamsterdam\",\"62\":[\"8\"],\"38\":\"\",\"90\":\"Europe\",\"8\":\"\",\"6\":\"\",\"15\":\"high\",\"14\":\"\",\"12\":\"\",\"11\":\"\",\"10\":[\"5\"],\"18\":\"1\",\"17\":\"low\",\"64\":\"0\",\"29\":\"\",\"30\":\"\",\"24\":\"\",\"25\":\"\",\"32\":\"\",\"31\":\"\",\"23\":\"\",\"21\":\"\",\"27\":\"\",\"33\":\"\",\"28\":\"\",\"26\":\"\",\"22\":\"\",\"37\":\"\",\"77\":\"1\",\"76\":{\"date\":\"6\\/16\\/2017\",\"time\":\"2:00 AM\"},\"78\":\"\",\"72\":\"http:\\/\\/www.iamsterdam.com\\/fr\\/visiter\",\"75\":{\"date\":\"6\\/4\\/2017\",\"time\":\"2:00 AM\"},\"74\":\"\",\"16\":\"medium\",\"4\":\"<p>With world-class museums, quirky festivals, theatre, live music, laid-back bars and delightful restaurants, there\'s never a shortage of things to do in Amsterdam!<\\/p>\",\"42\":\"\",\"19\":\"\",\"36\":[{\"col1\":\"\",\"col2\":\"\",\"col3\":\"\"}],\"7\":\"\"}}', '2017-06-14 22:59:12', '2017-06-14 22:59:12', '55d2e68c-7065-4674-b1db-5f646750f7d2'),
 ('83', '2', '1', '1', 'en', '33', '', '{\"typeId\":null,\"authorId\":null,\"title\":\"Home\",\"slug\":\"homepage\",\"postDate\":1496677590,\"expiryDate\":null,\"enabled\":1,\"parentId\":null,\"fields\":{\"59\":[\"23\",\"24\",\"4\"],\"35\":[\"40\"],\"65\":[\"23\"],\"66\":[\"13\"],\"60\":[\"13\"],\"12\":\"Wanderbrief City Guides help you plan the perfect remote working trip with information on the best coffee, internet speed, co-working spaces, local adventures and meetups with like-minded nomads across the city.\",\"11\":\"Wanderbrief CityGuides \\u2014 Curated by local nomads.\",\"39\":\"\",\"82\":[\"7\",\"28\",\"30\"],\"89\":\"<p><strong>Living<\\/strong> & <strong>working<\\/strong> abroad like a local.<\\/p>\"}}', '2017-06-14 23:00:33', '2017-06-14 23:00:33', '399c2608-91ff-4c2b-a639-e94fc91bc0ad'),
 ('84', '2', '1', '1', 'en', '34', '', '{\"typeId\":null,\"authorId\":null,\"title\":\"Home\",\"slug\":\"homepage\",\"postDate\":1496677590,\"expiryDate\":null,\"enabled\":1,\"parentId\":null,\"fields\":{\"59\":[\"23\",\"24\",\"4\"],\"35\":[\"41\"],\"65\":[\"23\"],\"66\":[\"13\"],\"60\":[\"13\"],\"12\":\"Wanderbrief City Guides help you plan the perfect remote working trip with information on the best coffee, internet speed, co-working spaces, local adventures and meetups with like-minded nomads across the city.\",\"11\":\"Wanderbrief CityGuides \\u2014 Curated by local nomads.\",\"39\":\"\",\"82\":[\"7\",\"28\",\"30\"],\"89\":\"<p><strong>Living<\\/strong> & <strong>working<\\/strong> abroad like a local.<\\/p>\"}}', '2017-06-14 23:03:16', '2017-06-14 23:03:16', 'b55b3345-5ed9-4a36-91cb-91b208af6430'),
 ('85', '43', '4', '1', 'en', '1', '', '{\"typeId\":null,\"authorId\":\"1\",\"title\":\"Phuket\",\"slug\":\"phuket\",\"postDate\":1497481440,\"expiryDate\":null,\"enabled\":1,\"parentId\":null,\"fields\":{\"20\":\"\",\"73\":\"\",\"71\":\"\",\"62\":[\"42\"],\"38\":\"\",\"90\":\"Asia\",\"8\":\"\",\"6\":\"\",\"15\":\"medium\",\"14\":\"\",\"12\":\"\",\"11\":\"\",\"10\":\"\",\"18\":\"1\",\"17\":\"medium\",\"64\":\"0\",\"29\":\"\",\"30\":\"\",\"24\":\"\",\"25\":\"\",\"32\":\"\",\"31\":\"\",\"23\":\"\",\"21\":\"\",\"27\":\"\",\"33\":\"\",\"28\":\"\",\"26\":\"\",\"22\":\"\",\"37\":\"Lorem ipsum dolor sit amet, consectetur adipiscing elit. Sed pharetra placerat justo, ac porttitor tortor rhoncus sit amet. Donec a ex ac odio consectetur laoreet.\",\"77\":\"\",\"76\":{\"date\":\"\",\"time\":\"\"},\"78\":\"\",\"72\":\"\",\"75\":{\"date\":\"\",\"time\":\"\"},\"74\":\"\",\"16\":\"medium\",\"4\":\"<p>Lorem ipsum dolor sit amet, consectetur adipiscing elit. Sed pharetra placerat justo, ac porttitor tortor rhoncus sit amet. Donec a ex ac odio consectetur laoreet.<\\/p>\",\"42\":\"\",\"19\":\"\",\"36\":[{\"col1\":\"\",\"col2\":\"\",\"col3\":\"\"}],\"7\":\"\"}}', '2017-06-14 23:04:26', '2017-06-14 23:04:26', 'cd1c8eab-42f9-494f-a5fa-d73981cae732'),
 ('86', '2', '1', '1', 'en', '35', '', '{\"typeId\":null,\"authorId\":null,\"title\":\"Home\",\"slug\":\"homepage\",\"postDate\":1496677590,\"expiryDate\":null,\"enabled\":1,\"parentId\":null,\"fields\":{\"59\":[\"23\",\"24\",\"4\"],\"35\":[\"41\"],\"65\":[\"43\"],\"66\":[\"13\"],\"60\":[\"13\"],\"12\":\"Wanderbrief City Guides help you plan the perfect remote working trip with information on the best coffee, internet speed, co-working spaces, local adventures and meetups with like-minded nomads across the city.\",\"11\":\"Wanderbrief CityGuides \\u2014 Curated by local nomads.\",\"39\":\"\",\"82\":[\"7\",\"28\",\"30\"],\"89\":\"<p><strong>Living<\\/strong> & <strong>working<\\/strong> abroad like a local.<\\/p>\"}}', '2017-06-14 23:04:37', '2017-06-14 23:04:37', '492272ca-74ac-4ff0-bfb5-baa48f708852'),
 ('87', '4', '4', '1', 'en', '21', '', '{\"typeId\":\"4\",\"authorId\":\"1\",\"title\":\"Amsterdam\",\"slug\":\"amsterdam\",\"postDate\":1496691060,\"expiryDate\":null,\"enabled\":1,\"parentId\":null,\"fields\":{\"20\":\"\",\"73\":[\"37\"],\"71\":\"Uber\",\"62\":[\"8\"],\"38\":\"\",\"90\":\"Europe\",\"8\":\"\",\"6\":\"\",\"15\":\"high\",\"14\":\"\",\"12\":\"\",\"11\":\"\",\"10\":[\"5\"],\"18\":\"1\",\"17\":\"low\",\"64\":\"0\",\"29\":\"\",\"30\":\"\",\"24\":\"\",\"25\":\"\",\"32\":\"\",\"31\":\"\",\"23\":\"\",\"21\":\"\",\"27\":\"\",\"33\":\"\",\"28\":\"\",\"26\":\"\",\"22\":\"\",\"37\":\"\",\"77\":\"1\",\"76\":{\"date\":\"6\\/16\\/2017\",\"time\":\"2:00 AM\"},\"78\":\"\",\"72\":\"https:\\/\\/uber.com\",\"75\":{\"date\":\"6\\/4\\/2017\",\"time\":\"2:00 AM\"},\"74\":\"\",\"16\":\"medium\",\"4\":\"<p>With world-class museums, quirky festivals, theatre, live music, laid-back bars and delightful restaurants, there\'s never a shortage of things to do in Amsterdam!<\\/p>\",\"42\":\"\",\"19\":\"\",\"36\":[{\"col1\":\"\",\"col2\":\"\",\"col3\":\"\"}],\"7\":\"\"}}', '2017-06-14 23:05:25', '2017-06-14 23:05:25', '1adcb6d5-e3b4-42fe-8282-c656e4bb2803'),
 ('88', '23', '4', '1', 'en', '9', '', '{\"typeId\":\"4\",\"authorId\":\"1\",\"title\":\"Tokyo\",\"slug\":\"tokyo\",\"postDate\":1497466140,\"expiryDate\":null,\"enabled\":1,\"parentId\":null,\"fields\":{\"20\":\"\",\"73\":\"\",\"71\":\"\",\"62\":[\"36\"],\"38\":\"\",\"90\":\"Asia\",\"8\":\"\",\"6\":\"\",\"15\":\"medium\",\"14\":\"\",\"12\":\"\",\"11\":\"\",\"10\":\"\",\"18\":\"1\",\"17\":\"medium\",\"64\":\"0\",\"29\":\"\",\"30\":\"\",\"24\":\"\",\"25\":\"\",\"32\":\"\",\"31\":\"\",\"23\":\"\",\"21\":\"\",\"27\":\"\",\"33\":\"\",\"28\":\"\",\"26\":\"\",\"22\":\"\",\"37\":\"With world-class museums, quirky festivals, theatre, live music, laid-back bars and delightful restaurants, there\'s never a shortage of things to do in Amsterdam!\",\"77\":\"\",\"76\":{\"date\":\"\",\"time\":\"\"},\"78\":\"\",\"72\":\"\",\"75\":{\"date\":\"\",\"time\":\"\"},\"74\":\"\",\"16\":\"medium\",\"4\":\"<p>Lorem ipsum dolor sit amet...<\\/p>\",\"42\":\"\",\"19\":\"\",\"36\":[{\"col1\":\"\",\"col2\":\"\",\"col3\":\"\"}],\"7\":\"\"}}', '2017-06-14 23:05:37', '2017-06-14 23:05:37', '2de18fc5-729d-451d-922b-a1b09eed2e63'),
 ('89', '43', '4', '1', 'en', '2', '', '{\"typeId\":\"4\",\"authorId\":\"1\",\"title\":\"Phuket\",\"slug\":\"phuket\",\"postDate\":1497481440,\"expiryDate\":null,\"enabled\":1,\"parentId\":null,\"fields\":{\"20\":\"\",\"73\":[\"37\"],\"71\":\"Uber\",\"62\":[\"42\"],\"38\":\"\",\"90\":\"Asia\",\"8\":\"\",\"6\":\"\",\"15\":\"medium\",\"14\":\"\",\"12\":\"\",\"11\":\"\",\"10\":\"\",\"18\":\"1\",\"17\":\"medium\",\"64\":\"0\",\"29\":\"\",\"30\":\"\",\"24\":\"\",\"25\":\"\",\"32\":\"\",\"31\":\"\",\"23\":\"\",\"21\":\"\",\"27\":\"\",\"33\":\"\",\"28\":\"\",\"26\":\"\",\"22\":\"\",\"37\":\"Lorem ipsum dolor sit amet, consectetur adipiscing elit. Sed pharetra placerat justo, ac porttitor tortor rhoncus sit amet. Donec a ex ac odio consectetur laoreet.\",\"77\":\"1\",\"76\":{\"date\":\"\",\"time\":\"\"},\"78\":\"\",\"72\":\"\",\"75\":{\"date\":\"\",\"time\":\"\"},\"74\":\"\",\"16\":\"medium\",\"4\":\"<p>Lorem ipsum dolor sit amet, consectetur adipiscing elit. Sed pharetra placerat justo, ac porttitor tortor rhoncus sit amet. Donec a ex ac odio consectetur laoreet.<\\/p>\",\"42\":\"\",\"19\":\"\",\"36\":[{\"col1\":\"\",\"col2\":\"\",\"col3\":\"\"}],\"7\":\"\"}}', '2017-06-14 23:05:55', '2017-06-14 23:05:55', '04ed0f63-2967-4d63-9e68-eb510b79e21a'),
 ('90', '2', '1', '1', 'en', '36', '', '{\"typeId\":null,\"authorId\":null,\"title\":\"Home\",\"slug\":\"homepage\",\"postDate\":1496677590,\"expiryDate\":null,\"enabled\":1,\"parentId\":null,\"fields\":{\"59\":[\"23\",\"24\",\"4\"],\"35\":[\"9\"],\"65\":[\"43\"],\"66\":[\"13\"],\"60\":[\"13\"],\"12\":\"Wanderbrief City Guides help you plan the perfect remote working trip with information on the best coffee, internet speed, co-working spaces, local adventures and meetups with like-minded nomads across the city.\",\"11\":\"Wanderbrief CityGuides \\u2014 Curated by local nomads.\",\"39\":\"\",\"82\":[\"7\",\"28\",\"30\"],\"89\":\"<p><strong>Living<\\/strong> & <strong>working<\\/strong> abroad like a local.<\\/p>\"}}', '2017-06-14 23:06:23', '2017-06-14 23:06:23', '5e9575bc-cdad-491c-9244-9d87d2110e68'),
 ('91', '2', '1', '1', 'en', '37', '', '{\"typeId\":null,\"authorId\":null,\"title\":\"Home\",\"slug\":\"homepage\",\"postDate\":1496677590,\"expiryDate\":null,\"enabled\":1,\"parentId\":null,\"fields\":{\"59\":[\"23\",\"24\",\"4\"],\"35\":[\"17\"],\"65\":[\"43\"],\"66\":[\"13\"],\"60\":[\"13\"],\"12\":\"Wanderbrief City Guides help you plan the perfect remote working trip with information on the best coffee, internet speed, co-working spaces, local adventures and meetups with like-minded nomads across the city.\",\"11\":\"Wanderbrief CityGuides \\u2014 Curated by local nomads.\",\"39\":\"\",\"82\":[\"7\",\"28\",\"30\"],\"89\":\"<p><strong>Living<\\/strong> & <strong>working<\\/strong> abroad like a local.<\\/p>\"}}', '2017-06-14 23:06:40', '2017-06-14 23:06:40', 'daa97956-1519-4007-a818-99dec8fb82c4'),
 ('93', '2', '1', '1', 'en', '38', '', '{\"typeId\":null,\"authorId\":null,\"title\":\"Home\",\"slug\":\"homepage\",\"postDate\":1496677590,\"expiryDate\":null,\"enabled\":1,\"parentId\":null,\"fields\":{\"59\":[\"23\",\"24\",\"4\"],\"35\":[\"17\"],\"65\":[\"43\"],\"66\":[\"13\"],\"60\":[\"13\",\"45\"],\"12\":\"Wanderbrief City Guides help you plan the perfect remote working trip with information on the best coffee, internet speed, co-working spaces, local adventures and meetups with like-minded nomads across the city.\",\"11\":\"Wanderbrief CityGuides \\u2014 Curated by local nomads.\",\"39\":\"\",\"82\":[\"7\",\"28\",\"30\"],\"89\":\"<p><strong>Living<\\/strong> & <strong>working<\\/strong> abroad like a local.<\\/p>\"}}', '2017-06-15 14:29:15', '2017-06-15 14:29:15', 'e92c05ce-d561-4271-a05d-148f0d7ca7e7'),
 ('97', '2', '1', '1', 'en', '39', '', '{\"typeId\":null,\"authorId\":null,\"title\":\"Home\",\"slug\":\"homepage\",\"postDate\":1496677590,\"expiryDate\":null,\"enabled\":1,\"parentId\":null,\"fields\":{\"59\":[\"23\",\"24\",\"4\"],\"35\":[\"17\"],\"65\":[\"43\"],\"66\":[\"45\"],\"60\":[\"13\",\"45\"],\"12\":\"Wanderbrief City Guides help you plan the perfect remote working trip with information on the best coffee, internet speed, co-working spaces, local adventures and meetups with like-minded nomads across the city.\",\"11\":\"Wanderbrief CityGuides \\u2014 Curated by local nomads.\",\"39\":\"\",\"82\":[\"7\",\"28\",\"30\"],\"89\":\"<p><strong>Living<\\/strong> & <strong>working<\\/strong> abroad like a local.<\\/p>\"}}', '2017-06-15 15:10:33', '2017-06-15 15:10:33', '04e70e22-aa09-4da1-9ca7-c7d1d186f6db'),
 ('98', '49', '11', '1', 'en', '1', '', '{\"typeId\":null,\"authorId\":\"1\",\"title\":\"Graphic Designer\",\"slug\":\"graphic-designer\",\"postDate\":1497545570,\"expiryDate\":null,\"enabled\":1,\"parentId\":null,\"fields\":{\"73\":\"\",\"71\":\"\",\"96\":[\"48\"],\"91\":\"Vodafone Iceland\",\"92\":{\"date\":\"7\\/31\\/2017\"},\"93\":\"20\",\"95\":\"Reykjav\\u00edk, Iceland\",\"77\":\"\",\"76\":{\"date\":\"\",\"time\":\"\"},\"78\":\"\",\"72\":\"\",\"75\":{\"date\":\"\",\"time\":\"\"},\"74\":\"\",\"80\":\"https:\\/\\/wanderbrief.com\\/briefs\\/2qIFuF\"}}', '2017-06-15 16:52:50', '2017-06-15 16:52:50', '1c7ee64e-220d-428a-904c-b3b432f0f4a7'),
 ('99', '2', '1', '1', 'en', '40', '', '{\"typeId\":null,\"authorId\":null,\"title\":\"Home\",\"slug\":\"homepage\",\"postDate\":1496677590,\"expiryDate\":null,\"enabled\":1,\"parentId\":null,\"fields\":{\"97\":[\"49\"],\"59\":[\"23\",\"24\",\"4\"],\"35\":[\"17\"],\"65\":[\"43\"],\"66\":[\"45\"],\"60\":[\"13\",\"45\"],\"12\":\"Wanderbrief City Guides help you plan the perfect remote working trip with information on the best coffee, internet speed, co-working spaces, local adventures and meetups with like-minded nomads across the city.\",\"11\":\"Wanderbrief CityGuides \\u2014 Curated by local nomads.\",\"39\":\"\",\"82\":[\"7\",\"28\",\"30\"],\"89\":\"<p><strong>Living<\\/strong> & <strong>working<\\/strong> abroad like a local.<\\/p>\"}}', '2017-06-15 16:53:13', '2017-06-15 16:53:13', 'bb6e38d7-9775-45a9-8fc6-919a7e854942'),
 ('100', '51', '11', '1', 'en', '1', '', '{\"typeId\":null,\"authorId\":\"1\",\"title\":\"Motion Graphic Designer\",\"slug\":\"motion-graphic-designer\",\"postDate\":1497545902,\"expiryDate\":null,\"enabled\":1,\"parentId\":null,\"fields\":{\"73\":\"\",\"71\":\"\",\"96\":[\"50\"],\"91\":\"Porsche HQ\",\"92\":{\"date\":\"7\\/2\\/2017\"},\"93\":\"11\",\"95\":\"Stuttgart, Germany\",\"77\":\"\",\"76\":{\"date\":\"\",\"time\":\"\"},\"78\":\"\",\"72\":\"\",\"75\":{\"date\":\"\",\"time\":\"\"},\"74\":\"\",\"80\":\"https:\\/\\/wanderbrief.com\\/briefs\\/1tzpGr\"}}', '2017-06-15 16:58:22', '2017-06-15 16:58:22', '225c1eb4-dd86-4905-9307-594652a99c42'),
 ('101', '53', '11', '1', 'en', '1', '', '{\"typeId\":null,\"authorId\":\"1\",\"title\":\"Video Producer\",\"slug\":\"video-producer\",\"postDate\":1497545979,\"expiryDate\":null,\"enabled\":1,\"parentId\":null,\"fields\":{\"73\":\"\",\"71\":\"\",\"96\":[\"52\"],\"91\":\"HI USA\",\"92\":{\"date\":\"9\\/13\\/2017\"},\"93\":\"14\",\"95\":\"Chicago, United States\",\"77\":\"\",\"76\":{\"date\":\"\",\"time\":\"\"},\"78\":\"\",\"72\":\"\",\"75\":{\"date\":\"\",\"time\":\"\"},\"74\":\"\",\"80\":\"https:\\/\\/wanderbrief.com\\/briefs\\/Z2q31u2\"}}', '2017-06-15 16:59:39', '2017-06-15 16:59:39', '6a35f84a-b2e0-494c-9d78-fb7be129d83e'),
 ('102', '2', '1', '1', 'en', '41', '', '{\"typeId\":null,\"authorId\":null,\"title\":\"Home\",\"slug\":\"homepage\",\"postDate\":1496677590,\"expiryDate\":null,\"enabled\":1,\"parentId\":null,\"fields\":{\"97\":[\"49\",\"51\",\"53\"],\"59\":[\"23\",\"24\",\"4\"],\"35\":[\"17\"],\"65\":[\"43\"],\"66\":[\"45\"],\"60\":[\"13\",\"45\"],\"12\":\"Wanderbrief City Guides help you plan the perfect remote working trip with information on the best coffee, internet speed, co-working spaces, local adventures and meetups with like-minded nomads across the city.\",\"11\":\"Wanderbrief CityGuides \\u2014 Curated by local nomads.\",\"39\":\"\",\"82\":[\"7\",\"28\",\"30\"],\"89\":\"<p><strong>Living<\\/strong> & <strong>working<\\/strong> abroad like a local.<\\/p>\"}}', '2017-06-15 17:00:03', '2017-06-15 17:00:03', '96d7ba1e-4047-4a1f-a7fd-b7c2fbfe3e9a'),
 ('103', '51', '11', '1', 'en', '2', '', '{\"typeId\":\"11\",\"authorId\":\"1\",\"title\":\"Motion Designer\",\"slug\":\"motion-graphic-designer\",\"postDate\":1497545880,\"expiryDate\":null,\"enabled\":1,\"parentId\":null,\"fields\":{\"73\":\"\",\"71\":\"\",\"96\":[\"50\"],\"91\":\"Porsche HQ\",\"92\":{\"date\":\"7\\/2\\/2017\"},\"93\":\"11\",\"95\":\"Stuttgart, Germany\",\"77\":\"\",\"76\":{\"date\":\"\",\"time\":\"\"},\"78\":\"\",\"72\":\"\",\"75\":{\"date\":\"\",\"time\":\"\"},\"74\":\"\",\"80\":\"https:\\/\\/wanderbrief.com\\/briefs\\/1tzpGr\"}}', '2017-06-15 17:01:21', '2017-06-15 17:01:21', 'a5351347-fcea-4dad-89a2-16b11e4ee139'),
 ('104', '49', '11', '1', 'en', '2', '', '{\"typeId\":\"11\",\"authorId\":\"1\",\"title\":\"Graphic Designer\",\"slug\":\"graphic-designer\",\"postDate\":1497545520,\"expiryDate\":null,\"enabled\":1,\"parentId\":null,\"fields\":{\"73\":\"\",\"71\":\"\",\"96\":[\"48\"],\"91\":\"Vodafone\",\"92\":{\"date\":\"7\\/31\\/2017\"},\"93\":\"20\",\"95\":\"Reykjav\\u00edk, Iceland\",\"77\":\"\",\"76\":{\"date\":\"\",\"time\":\"\"},\"78\":\"\",\"72\":\"\",\"75\":{\"date\":\"\",\"time\":\"\"},\"74\":\"\",\"80\":\"https:\\/\\/wanderbrief.com\\/briefs\\/2qIFuF\"}}', '2017-06-15 17:04:00', '2017-06-15 17:04:00', '5f9e5786-3e56-4053-9aa2-d5de4eb984a2'),
 ('105', '2', '1', '1', 'en', '42', '', '{\"typeId\":null,\"authorId\":null,\"title\":\"Home\",\"slug\":\"homepage\",\"postDate\":1496677590,\"expiryDate\":null,\"enabled\":1,\"parentId\":null,\"fields\":{\"97\":[\"49\",\"51\",\"53\"],\"59\":[\"23\",\"24\",\"4\"],\"35\":[\"41\"],\"65\":[\"43\"],\"66\":[\"45\"],\"60\":[\"13\",\"45\"],\"12\":\"Wanderbrief City Guides help you plan the perfect remote working trip with information on the best coffee, internet speed, co-working spaces, local adventures and meetups with like-minded nomads across the city.\",\"11\":\"Wanderbrief CityGuides \\u2014 Curated by local nomads.\",\"39\":\"\",\"82\":[\"7\",\"28\",\"30\"],\"89\":\"<p><strong>Living<\\/strong> & <strong>working<\\/strong> abroad like a local.<\\/p>\"}}', '2017-06-15 19:49:05', '2017-06-15 19:49:05', '7c5c8dcd-bc7f-4722-948a-74e95d151ae8'),
 ('106', '2', '1', '1', 'en', '43', '', '{\"typeId\":null,\"authorId\":null,\"title\":\"Home\",\"slug\":\"homepage\",\"postDate\":1496677590,\"expiryDate\":null,\"enabled\":1,\"parentId\":null,\"fields\":{\"97\":[\"49\",\"51\",\"53\"],\"59\":[\"23\",\"24\",\"4\"],\"35\":[\"41\"],\"65\":[\"24\"],\"66\":[\"45\"],\"60\":[\"13\",\"45\"],\"12\":\"Wanderbrief City Guides help you plan the perfect remote working trip with information on the best coffee, internet speed, co-working spaces, local adventures and meetups with like-minded nomads across the city.\",\"11\":\"Wanderbrief CityGuides \\u2014 Curated by local nomads.\",\"39\":\"\",\"82\":[\"7\",\"28\",\"30\"],\"89\":\"<p><strong>Living<\\/strong> & <strong>working<\\/strong> abroad like a local.<\\/p>\"}}', '2017-06-15 19:49:35', '2017-06-15 19:49:35', '24687fba-0476-4182-80b8-607cc39c5e28'),
 ('107', '2', '1', '1', 'en', '44', '', '{\"typeId\":null,\"authorId\":null,\"title\":\"Home\",\"slug\":\"homepage\",\"postDate\":1496677590,\"expiryDate\":null,\"enabled\":1,\"parentId\":null,\"fields\":{\"97\":[\"49\",\"51\",\"53\"],\"59\":[\"23\",\"24\",\"4\"],\"35\":[\"41\"],\"65\":[\"4\"],\"66\":[\"45\"],\"60\":[\"13\",\"45\"],\"12\":\"Wanderbrief City Guides help you plan the perfect remote working trip with information on the best coffee, internet speed, co-working spaces, local adventures and meetups with like-minded nomads across the city.\",\"11\":\"Wanderbrief CityGuides \\u2014 Curated by local nomads.\",\"39\":\"\",\"82\":[\"7\",\"28\",\"30\"],\"89\":\"<p><strong>Living<\\/strong> & <strong>working<\\/strong> abroad like a local.<\\/p>\"}}', '2017-06-15 19:49:57', '2017-06-15 19:49:57', 'e450a83b-d7d0-4f28-857e-288badd0b686'),
 ('108', '4', '4', '1', 'en', '22', '', '{\"typeId\":\"4\",\"authorId\":\"1\",\"title\":\"Amsterdam\",\"slug\":\"amsterdam\",\"postDate\":1496691060,\"expiryDate\":null,\"enabled\":1,\"parentId\":null,\"fields\":{\"20\":\"\",\"73\":[\"37\"],\"71\":\"Uber\",\"62\":[\"8\"],\"38\":\"\",\"90\":\"Europe\",\"8\":\"\",\"6\":\"\",\"15\":\"high\",\"14\":\"\",\"12\":\"\",\"11\":\"\",\"10\":[\"5\"],\"18\":\"1\",\"17\":\"low\",\"64\":\"0\",\"29\":\"\",\"30\":\"\",\"24\":\"\",\"25\":\"\",\"32\":\"\",\"31\":\"\",\"23\":\"\",\"21\":\"\",\"27\":\"\",\"33\":\"\",\"28\":\"\",\"26\":\"\",\"22\":\"\",\"37\":\"With world-class museums, quirky festivals, theatre, live music, laid-back bars and delightful restaurants, there\'s never a shortage of things to do in Amsterdam!\",\"77\":\"1\",\"76\":{\"date\":\"6\\/16\\/2017\",\"time\":\"2:00 AM\"},\"78\":\"\",\"72\":\"https:\\/\\/uber.com\",\"75\":{\"date\":\"6\\/4\\/2017\",\"time\":\"2:00 AM\"},\"74\":\"\",\"16\":\"medium\",\"4\":\"<p>With world-class museums, quirky festivals, theatre, live music, laid-back bars and delightful restaurants, there\'s never a shortage of things to do in Amsterdam!<\\/p>\",\"42\":\"\",\"19\":\"\",\"36\":[{\"col1\":\"\",\"col2\":\"\",\"col3\":\"\"}],\"7\":\"\"}}', '2017-06-15 19:50:36', '2017-06-15 19:50:36', '26fd52c4-06f5-435b-be39-1598aa856ad2');
INSERT INTO `guide_entryversions` (`id`, `entryId`, `sectionId`, `creatorId`, `locale`, `num`, `notes`, `data`, `dateCreated`, `dateUpdated`, `uid`) VALUES
 ('109', '2', '1', '1', 'en', '45', '', '{\"typeId\":null,\"authorId\":null,\"title\":\"Home\",\"slug\":\"homepage\",\"postDate\":1496677590,\"expiryDate\":null,\"enabled\":1,\"parentId\":null,\"fields\":{\"97\":[\"49\",\"51\",\"53\"],\"59\":[\"23\",\"24\",\"4\"],\"35\":[\"40\"],\"65\":[\"4\"],\"66\":[\"45\"],\"60\":[\"13\",\"45\"],\"12\":\"Wanderbrief City Guides help you plan the perfect remote working trip with information on the best coffee, internet speed, co-working spaces, local adventures and meetups with like-minded nomads across the city.\",\"11\":\"Wanderbrief CityGuides \\u2014 Curated by local nomads.\",\"39\":\"\",\"82\":[\"7\",\"28\",\"30\"],\"89\":\"<p><strong>Living<\\/strong> & <strong>working<\\/strong> abroad like a local.<\\/p>\"}}', '2017-06-15 19:51:37', '2017-06-15 19:51:37', 'f7fac206-1e14-465a-84ad-3128b768e7a7'),
 ('112', '2', '1', '1', 'en', '46', '', '{\"typeId\":null,\"authorId\":null,\"title\":\"Home\",\"slug\":\"homepage\",\"postDate\":1496677590,\"expiryDate\":null,\"enabled\":1,\"parentId\":null,\"fields\":{\"97\":[\"49\",\"51\",\"53\"],\"59\":[\"23\",\"24\",\"4\"],\"35\":[\"40\"],\"65\":[\"4\"],\"66\":[\"55\"],\"60\":[\"13\",\"45\"],\"12\":\"Wanderbrief City Guides help you plan the perfect remote working trip with information on the best coffee, internet speed, co-working spaces, local adventures and meetups with like-minded nomads across the city.\",\"11\":\"Wanderbrief CityGuides \\u2014 Curated by local nomads.\",\"39\":\"\",\"82\":[\"7\",\"28\",\"30\"],\"89\":\"<p><strong>Living<\\/strong> & <strong>working<\\/strong> abroad like a local.<\\/p>\"}}', '2017-06-15 19:53:49', '2017-06-15 19:53:49', 'fd85c8dd-d0ff-4266-abab-3f60d6b4914b'),
 ('115', '2', '1', '1', 'en', '47', '', '{\"typeId\":null,\"authorId\":null,\"title\":\"Home\",\"slug\":\"homepage\",\"postDate\":1496677590,\"expiryDate\":null,\"enabled\":1,\"parentId\":null,\"fields\":{\"97\":[\"49\",\"51\",\"53\"],\"59\":[\"23\",\"24\",\"4\"],\"35\":[\"17\"],\"65\":[\"4\"],\"66\":[\"55\"],\"60\":[\"13\",\"45\"],\"12\":\"Wanderbrief City Guides help you plan the perfect remote working trip with information on the best coffee, internet speed, co-working spaces, local adventures and meetups with like-minded nomads across the city.\",\"11\":\"Wanderbrief CityGuides \\u2014 Curated by local nomads.\",\"39\":\"\",\"82\":[\"7\",\"28\",\"30\"],\"89\":\"<p><strong>Living<\\/strong> & <strong>working<\\/strong> abroad like a local.<\\/p>\"}}', '2017-06-16 13:41:00', '2017-06-16 13:41:00', 'e7846915-1265-4cba-86d9-15abccffacea'),
 ('116', '58', '12', '1', 'en', '1', NULL, '{\"typeId\":\"12\",\"authorId\":null,\"title\":\"Cities\",\"slug\":\"cities\",\"postDate\":1497621018,\"expiryDate\":null,\"enabled\":1,\"parentId\":null,\"fields\":[]}', '2017-06-16 13:50:19', '2017-06-16 13:50:19', '4227f3c1-1079-4055-a00c-1061ef3bf184'),
 ('117', '58', '12', '1', 'en', '2', '', '{\"typeId\":null,\"authorId\":null,\"title\":\"Cities\",\"slug\":\"cities\",\"postDate\":1497621018,\"expiryDate\":null,\"enabled\":1,\"parentId\":null,\"fields\":{\"35\":[\"40\"],\"89\":\"<p>Top Cities<\\/p>\"}}', '2017-06-16 13:52:20', '2017-06-16 13:52:20', '6ded6cc5-fa9e-4485-9264-288f672788c0'),
 ('118', '58', '12', '1', 'en', '3', '', '{\"typeId\":null,\"authorId\":null,\"title\":\"Cities\",\"slug\":\"cities\",\"postDate\":1497621018,\"expiryDate\":null,\"enabled\":1,\"parentId\":null,\"fields\":{\"35\":[\"41\"],\"89\":\"<p>Top Cities<\\/p>\"}}', '2017-06-16 13:53:11', '2017-06-16 13:53:11', 'b8d7a293-6122-47d2-aa43-fc320057e3f6'),
 ('119', '58', '12', '1', 'en', '4', '', '{\"typeId\":null,\"authorId\":null,\"title\":\"Cities\",\"slug\":\"cities\",\"postDate\":1497621018,\"expiryDate\":null,\"enabled\":1,\"parentId\":null,\"fields\":{\"35\":[\"59\"],\"89\":\"<p>Top Cities<\\/p>\"}}', '2017-06-16 15:06:47', '2017-06-16 15:06:47', '48942f48-c23c-4abc-8ab9-4425f9f68ad2'),
 ('120', '58', '12', '1', 'en', '5', '', '{\"typeId\":null,\"authorId\":null,\"title\":\"Cities\",\"slug\":\"cities\",\"postDate\":1497621018,\"expiryDate\":null,\"enabled\":1,\"parentId\":null,\"fields\":{\"35\":[\"60\"],\"89\":\"<p>Top Cities<\\/p>\"}}', '2017-06-16 15:07:07', '2017-06-16 15:07:07', 'd56a77ca-1dd7-4cc2-ad9b-77a8dc1b078d'),
 ('121', '58', '12', '1', 'en', '6', '', '{\"typeId\":null,\"authorId\":null,\"title\":\"Cities\",\"slug\":\"cities\",\"postDate\":1497621018,\"expiryDate\":null,\"enabled\":1,\"parentId\":null,\"fields\":{\"35\":[\"62\"],\"89\":\"<p>Top Cities<\\/p>\"}}', '2017-06-16 15:07:28', '2017-06-16 15:07:28', '56889801-cd59-4e0c-bf0c-6ccc5ec91c95'),
 ('122', '58', '12', '1', 'en', '7', '', '{\"typeId\":null,\"authorId\":null,\"title\":\"Cities\",\"slug\":\"cities\",\"postDate\":1497621018,\"expiryDate\":null,\"enabled\":1,\"parentId\":null,\"fields\":{\"35\":[\"61\"],\"89\":\"<p>Top Cities<\\/p>\"}}', '2017-06-16 15:07:43', '2017-06-16 15:07:43', '6f84f20c-a087-4ad6-8c41-06b5c94f1aaf'),
 ('123', '58', '12', '1', 'en', '8', '', '{\"typeId\":null,\"authorId\":null,\"title\":\"Cities\",\"slug\":\"cities\",\"postDate\":1497621018,\"expiryDate\":null,\"enabled\":1,\"parentId\":null,\"fields\":{\"35\":[\"59\"],\"89\":\"<p>Top Cities<\\/p>\"}}', '2017-06-16 15:07:59', '2017-06-16 15:07:59', '67d11ca6-e3f1-41ae-be9b-acd3ec71c7ca'),
 ('124', '63', '4', '1', 'en', '1', '', '{\"typeId\":null,\"authorId\":\"1\",\"title\":\"New York\",\"slug\":\"new-york\",\"postDate\":1497627733,\"expiryDate\":null,\"enabled\":1,\"parentId\":null,\"fields\":{\"20\":\"\",\"73\":\"\",\"71\":\"\",\"62\":[\"10\"],\"38\":\"\",\"90\":\"North America\",\"8\":\"\",\"6\":\"\",\"15\":\"medium\",\"14\":\"\",\"12\":\"\",\"11\":\"\",\"10\":\"\",\"18\":\"1\",\"17\":\"medium\",\"64\":\"0\",\"29\":\"\",\"30\":\"\",\"24\":\"\",\"25\":\"\",\"32\":\"\",\"31\":\"\",\"23\":\"\",\"21\":\"\",\"27\":\"\",\"33\":\"\",\"28\":\"\",\"26\":\"\",\"22\":\"\",\"37\":\"\\u200bLorem ipsum dolor sit amet\",\"77\":\"\",\"76\":{\"date\":\"\",\"time\":\"\"},\"78\":\"\",\"72\":\"\",\"75\":{\"date\":\"\",\"time\":\"\"},\"74\":\"\",\"16\":\"medium\",\"4\":\"<p>Lorem ipsum dolor sit amet<\\/p>\",\"42\":\"\",\"19\":\"\",\"36\":[{\"col1\":\"\",\"col2\":\"\",\"col3\":\"\"}],\"7\":\"\"}}', '2017-06-16 15:42:13', '2017-06-16 15:42:13', '7606d3f8-1451-4f42-a542-166f30363ab0'),
 ('125', '2', '1', '1', 'en', '48', '', '{\"typeId\":null,\"authorId\":null,\"title\":\"Home\",\"slug\":\"homepage\",\"postDate\":1496677590,\"expiryDate\":null,\"enabled\":1,\"parentId\":null,\"fields\":{\"97\":[\"49\",\"51\",\"53\"],\"59\":[\"23\",\"24\",\"4\",\"63\",\"43\"],\"35\":[\"17\"],\"65\":[\"4\"],\"66\":[\"55\"],\"60\":[\"13\",\"45\"],\"12\":\"Wanderbrief City Guides help you plan the perfect remote working trip with information on the best coffee, internet speed, co-working spaces, local adventures and meetups with like-minded nomads across the city.\",\"11\":\"Wanderbrief CityGuides \\u2014 Curated by local nomads.\",\"39\":\"\",\"82\":[\"7\",\"28\",\"30\"],\"89\":\"<p><strong>Living<\\/strong> & <strong>working<\\/strong> abroad like a local.<\\/p>\"}}', '2017-06-16 15:42:48', '2017-06-16 15:42:48', '69d7ed9a-b8ad-4144-b4aa-62b539cc35dc'),
 ('126', '65', '4', '1', 'en', '1', '', '{\"typeId\":null,\"authorId\":\"1\",\"title\":\"Da Nang\",\"slug\":\"da-nang\",\"postDate\":1497628068,\"expiryDate\":null,\"enabled\":1,\"parentId\":null,\"fields\":{\"20\":\"\",\"73\":\"\",\"71\":\"\",\"62\":[\"64\"],\"38\":\"\",\"90\":\"Asia\",\"8\":\"\",\"6\":\"\",\"15\":\"medium\",\"14\":\"\",\"12\":\"\",\"11\":\"\",\"10\":\"\",\"18\":\"1\",\"17\":\"medium\",\"64\":\"0\",\"29\":\"\",\"30\":\"\",\"24\":\"\",\"25\":\"\",\"32\":\"\",\"31\":\"\",\"23\":\"\",\"21\":\"\",\"27\":\"\",\"33\":\"\",\"28\":\"\",\"26\":\"\",\"22\":\"\",\"37\":\"\\u200bLorem ipsum dolor sit amet.\",\"77\":\"\",\"76\":{\"date\":\"\",\"time\":\"\"},\"78\":\"\",\"72\":\"\",\"75\":{\"date\":\"\",\"time\":\"\"},\"74\":\"\",\"16\":\"medium\",\"4\":\"<p>Lorem ipsum dolor sit amet.<\\/p>\",\"42\":\"\",\"19\":\"\",\"36\":[{\"col1\":\"\",\"col2\":\"\",\"col3\":\"\"}],\"7\":\"\"}}', '2017-06-16 15:47:48', '2017-06-16 15:47:48', '641d12cc-117d-430d-8018-9e28149454ce'),
 ('127', '2', '1', '1', 'en', '49', '', '{\"typeId\":null,\"authorId\":null,\"title\":\"Home\",\"slug\":\"homepage\",\"postDate\":1496677590,\"expiryDate\":null,\"enabled\":1,\"parentId\":null,\"fields\":{\"97\":[\"49\",\"51\",\"53\"],\"59\":[\"23\",\"24\",\"4\",\"63\",\"43\",\"65\"],\"35\":[\"17\"],\"65\":[\"4\"],\"66\":[\"55\"],\"60\":[\"13\",\"45\"],\"12\":\"Wanderbrief City Guides help you plan the perfect remote working trip with information on the best coffee, internet speed, co-working spaces, local adventures and meetups with like-minded nomads across the city.\",\"11\":\"Wanderbrief CityGuides \\u2014 Curated by local nomads.\",\"39\":\"\",\"82\":[\"7\",\"28\",\"30\"],\"89\":\"<p><strong>Living<\\/strong> & <strong>working<\\/strong> abroad like a local.<\\/p>\"}}', '2017-06-16 15:48:06', '2017-06-16 15:48:06', '0d58d504-cd70-4d7f-a14d-f33be9674b30'),
 ('128', '4', '4', '1', 'en', '23', '', '{\"typeId\":\"4\",\"authorId\":\"1\",\"title\":\"Amsterdam\",\"slug\":\"amsterdam\",\"postDate\":1496691060,\"expiryDate\":null,\"enabled\":1,\"parentId\":null,\"fields\":{\"20\":\"\",\"73\":[\"37\"],\"71\":\"Uber\",\"62\":[\"8\"],\"38\":\"\",\"90\":\"Europe\",\"8\":\"\",\"6\":\"\",\"15\":\"high\",\"14\":\"\",\"12\":\"\",\"11\":\"\",\"10\":[\"5\"],\"18\":\"1\",\"17\":\"low\",\"64\":\"0\",\"29\":\"\",\"30\":\"\",\"24\":\"\",\"25\":\"\",\"32\":\"\",\"31\":\"\",\"23\":\"\",\"21\":\"\",\"27\":\"\",\"33\":\"\",\"28\":\"\",\"26\":\"\",\"22\":\"\",\"37\":\"Where else in the world can you enjoy the hipster city life and within a few minutes find yourself in a geothermal pool in the middle of a Game of Thrones set?\",\"77\":\"1\",\"76\":{\"date\":\"6\\/16\\/2017\",\"time\":\"2:00 AM\"},\"78\":\"\",\"72\":\"https:\\/\\/uber.com\",\"75\":{\"date\":\"6\\/4\\/2017\",\"time\":\"2:00 AM\"},\"74\":\"\",\"16\":\"medium\",\"4\":\"<p>Where else in the world can you enjoy the hipster city life and within a few minutes find yourself in a geothermal pool in the middle of a Game of Thrones set?<\\/p>\",\"42\":\"\",\"19\":\"\",\"36\":[{\"col1\":\"\",\"col2\":\"\",\"col3\":\"\"}],\"7\":\"\"}}', '2017-06-20 19:38:23', '2017-06-20 19:38:23', '6e31be5e-cbf8-4ccf-a74b-c8be5ad99509'),
 ('129', '2', '1', '1', 'en', '50', '', '{\"typeId\":null,\"authorId\":null,\"title\":\"Home\",\"slug\":\"homepage\",\"postDate\":1496677590,\"expiryDate\":null,\"enabled\":1,\"parentId\":null,\"fields\":{\"97\":[\"49\",\"51\",\"53\"],\"59\":[\"23\",\"24\",\"4\",\"63\",\"43\",\"65\"],\"35\":[\"17\"],\"65\":[\"4\"],\"66\":[\"55\"],\"60\":[\"13\",\"45\"],\"12\":\"Wanderbrief City Guides help you plan the perfect remote working trip with information on the best coffee, internet speed, co-working spaces, local adventures and meetups with like-minded nomads across the city.\",\"11\":\"Wanderbrief CityGuides \\u2014 Curated by local nomads.\",\"39\":\"\",\"82\":[\"7\",\"28\",\"30\"],\"89\":\"<p><strong>Live<\\/strong>&nbsp;& <strong>work<\\/strong>&nbsp;abroad like a local.<\\/p>\"}}', '2017-06-20 19:39:54', '2017-06-20 19:39:54', '7202d782-3f07-46a3-a0d9-35c8f7b5c4ea'),
 ('130', '2', '1', '1', 'en', '51', '', '{\"typeId\":null,\"authorId\":null,\"title\":\"Home\",\"slug\":\"homepage\",\"postDate\":1496677590,\"expiryDate\":null,\"enabled\":1,\"parentId\":null,\"fields\":{\"97\":[\"49\",\"51\",\"53\"],\"59\":[\"23\",\"24\",\"4\",\"63\",\"43\",\"65\"],\"35\":[\"17\"],\"65\":[\"4\"],\"66\":[\"55\"],\"60\":[\"13\",\"45\"],\"12\":\"Wanderbrief City Guides help you plan the perfect remote working trip with information on the best coffee, internet speed, co-working spaces, local adventures and meetups with like-minded nomads across the city.\",\"11\":\"Wanderbrief CityGuides \\u2014 Curated by local nomads.\",\"39\":\"\",\"82\":[\"7\",\"28\",\"30\"],\"89\":\"<p><strong>Live<\\/strong>&nbsp;& <strong>work&nbsp;<\\/strong><\\/p><p>abroad like a local.<\\/p>\"}}', '2017-06-20 19:40:15', '2017-06-20 19:40:15', 'd7e18f76-4ba0-4fe6-9b48-398459d4fd3a'),
 ('131', '23', '4', '1', 'en', '10', '', '{\"typeId\":\"4\",\"authorId\":\"1\",\"title\":\"Tokyo\",\"slug\":\"tokyo\",\"postDate\":1497466140,\"expiryDate\":null,\"enabled\":1,\"parentId\":null,\"fields\":{\"20\":\"\",\"73\":\"\",\"71\":\"\",\"62\":[\"36\"],\"38\":\"\",\"90\":\"Asia\",\"8\":[\"28\"],\"6\":[\"7\"],\"15\":\"medium\",\"14\":\"\",\"12\":\"\",\"11\":\"\",\"10\":\"\",\"18\":\"1\",\"17\":\"medium\",\"64\":\"0\",\"29\":\"\",\"30\":\"\",\"24\":\"\",\"25\":\"\",\"32\":\"\",\"31\":\"\",\"23\":\"\",\"21\":\"\",\"27\":\"\",\"33\":\"\",\"28\":\"\",\"26\":\"\",\"22\":\"\",\"37\":\"With world-class museums, quirky festivals, theatre, live music, laid-back bars and delightful restaurants, there\'s never a shortage of things to do in Amsterdam!\",\"77\":\"\",\"76\":{\"date\":\"\",\"time\":\"\"},\"78\":\"\",\"72\":\"\",\"75\":{\"date\":\"\",\"time\":\"\"},\"74\":\"\",\"16\":\"medium\",\"4\":\"<p>Lorem ipsum dolor sit amet...<\\/p>\",\"42\":\"\",\"19\":\"\",\"36\":[{\"col1\":\"\",\"col2\":\"\",\"col3\":\"\"}],\"7\":[\"30\"]}}', '2017-06-21 08:25:57', '2017-06-21 08:25:57', 'd8f2bc03-6b11-422e-9228-e4760676a9d7'),
 ('132', '4', '4', '1', 'en', '24', '', '{\"typeId\":\"4\",\"authorId\":\"1\",\"title\":\"Amsterdam\",\"slug\":\"amsterdam\",\"postDate\":1496691060,\"expiryDate\":null,\"enabled\":1,\"parentId\":null,\"fields\":{\"20\":\"\",\"73\":[\"37\"],\"71\":\"Uber\",\"62\":[\"8\"],\"38\":\"\",\"90\":\"Europe\",\"8\":[\"28\"],\"6\":[\"7\"],\"15\":\"high\",\"14\":\"\",\"12\":\"\",\"11\":\"\",\"10\":[\"5\"],\"18\":\"1\",\"17\":\"low\",\"64\":\"0\",\"29\":\"\",\"30\":\"\",\"24\":\"\",\"25\":\"\",\"32\":\"\",\"31\":\"\",\"23\":\"\",\"21\":\"\",\"27\":\"\",\"33\":\"\",\"28\":\"\",\"26\":\"\",\"22\":\"\",\"37\":\"Where else in the world can you enjoy the hipster city life and within a few minutes find yourself in a geothermal pool in the middle of a Game of Thrones set?\",\"77\":\"1\",\"76\":{\"date\":\"6\\/16\\/2017\",\"time\":\"2:00 AM\"},\"78\":\"\",\"72\":\"https:\\/\\/uber.com\",\"75\":{\"date\":\"6\\/4\\/2017\",\"time\":\"2:00 AM\"},\"74\":\"\",\"16\":\"medium\",\"4\":\"<p>Where else in the world can you enjoy the hipster city life and within a few minutes find yourself in a geothermal pool in the middle of a Game of Thrones set?<\\/p>\",\"42\":\"\",\"19\":\"\",\"36\":[{\"col1\":\"\",\"col2\":\"\",\"col3\":\"\"}],\"7\":[\"30\"]}}', '2017-06-21 08:36:19', '2017-06-21 08:36:19', '49f3a110-42e5-4597-8ede-bcbc33560bdd'),
 ('133', '4', '4', '1', 'en', '25', '', '{\"typeId\":\"4\",\"authorId\":\"1\",\"title\":\"Amsterdam\",\"slug\":\"amsterdam\",\"postDate\":1496691060,\"expiryDate\":null,\"enabled\":1,\"parentId\":null,\"fields\":{\"20\":\"\",\"73\":[\"37\"],\"71\":\"Uber\",\"62\":[\"8\"],\"38\":\"\",\"90\":\"Europe\",\"8\":[\"28\"],\"6\":[\"7\"],\"15\":\"high\",\"14\":\"\",\"12\":\"\",\"11\":\"\",\"10\":[\"5\"],\"18\":\"1\",\"17\":\"low\",\"64\":\"0\",\"29\":\"\",\"30\":\"\",\"24\":\"\",\"25\":\"\",\"32\":\"\",\"31\":\"\",\"23\":\"\",\"21\":\"\",\"27\":\"\",\"33\":\"\",\"28\":\"\",\"26\":\"\",\"22\":\"\",\"37\":\"Where else in the world can you enjoy the hipster city life and within a few minutes find yourself in a geothermal pool in the middle of a Game of Thrones set?\",\"77\":\"1\",\"76\":{\"date\":\"6\\/27\\/2017\",\"time\":\"2:00 AM\"},\"78\":\"\",\"72\":\"https:\\/\\/uber.com\",\"75\":{\"date\":\"6\\/4\\/2017\",\"time\":\"2:00 AM\"},\"74\":\"\",\"16\":\"medium\",\"4\":\"<p>Where else in the world can you enjoy the hipster city life and within a few minutes find yourself in a geothermal pool in the middle of a Game of Thrones set?<\\/p>\",\"42\":\"\",\"19\":\"\",\"36\":[{\"col1\":\"\",\"col2\":\"\",\"col3\":\"\"}],\"7\":[\"30\"]}}', '2017-06-21 09:36:36', '2017-06-21 09:36:36', 'a330695d-3746-4747-88cd-337148189cb8'),
 ('134', '43', '4', '1', 'en', '3', '', '{\"typeId\":\"4\",\"authorId\":\"1\",\"title\":\"Phuket\",\"slug\":\"phuket\",\"postDate\":1497481440,\"expiryDate\":null,\"enabled\":1,\"parentId\":null,\"fields\":{\"20\":\"\",\"73\":[\"37\"],\"71\":\"Uber\",\"62\":[\"42\"],\"38\":\"\",\"90\":\"Asia\",\"8\":[\"28\"],\"6\":[\"7\"],\"15\":\"medium\",\"14\":\"\",\"12\":\"\",\"11\":\"\",\"10\":\"\",\"18\":\"1\",\"17\":\"medium\",\"64\":\"0\",\"29\":\"\",\"30\":\"\",\"24\":\"\",\"25\":\"\",\"32\":\"\",\"31\":\"\",\"23\":\"\",\"21\":\"\",\"27\":\"\",\"33\":\"\",\"28\":\"\",\"26\":\"\",\"22\":\"\",\"37\":\"Lorem ipsum dolor sit amet, consectetur adipiscing elit. Sed pharetra placerat justo, ac porttitor tortor rhoncus sit amet. Donec a ex ac odio consectetur laoreet.\",\"77\":\"1\",\"76\":{\"date\":\"\",\"time\":\"\"},\"78\":\"\",\"72\":\"\",\"75\":{\"date\":\"\",\"time\":\"\"},\"74\":\"\",\"16\":\"medium\",\"4\":\"<p>Lorem ipsum dolor sit amet, consectetur adipiscing elit. Sed pharetra placerat justo, ac porttitor tortor rhoncus sit amet. Donec a ex ac odio consectetur laoreet.<\\/p>\",\"42\":\"\",\"19\":\"\",\"36\":[{\"col1\":\"\",\"col2\":\"\",\"col3\":\"\"}],\"7\":[\"30\"]}}', '2017-06-21 09:37:53', '2017-06-21 09:37:53', '725aa33a-5eb8-490d-b52d-5bcf9b86e49b'),
 ('135', '5', '5', '1', 'en', '2', '', '{\"typeId\":\"5\",\"authorId\":\"1\",\"title\":\"Noord\",\"slug\":\"noord\",\"postDate\":1496691600,\"expiryDate\":null,\"enabled\":1,\"parentId\":null,\"fields\":{\"73\":\"\",\"71\":\"\",\"40\":[\"4\"],\"35\":[\"9\"],\"8\":\"\",\"6\":\"\",\"12\":\"\",\"11\":\"\",\"39\":\"\",\"77\":\"\",\"76\":{\"date\":\"\",\"time\":\"\"},\"78\":\"\",\"72\":\"\",\"75\":{\"date\":\"\",\"time\":\"\"},\"74\":\"\",\"4\":\"<p>Lorem ipsum dolot sit amet.<\\/p>\",\"41\":\"\",\"36\":[{\"col1\":\"\",\"col2\":\"\",\"col3\":\"\"}],\"7\":\"\"}}', '2017-06-21 09:51:53', '2017-06-21 09:51:53', '5cbe0c2b-b8d9-42f1-ac11-ee43647af6d8'),
 ('136', '5', '5', '1', 'en', '3', '', '{\"typeId\":\"5\",\"authorId\":\"1\",\"title\":\"Noord\",\"slug\":\"noord\",\"postDate\":1496691600,\"expiryDate\":null,\"enabled\":1,\"parentId\":null,\"fields\":{\"73\":\"\",\"71\":\"\",\"40\":[\"4\"],\"35\":[\"9\"],\"8\":\"\",\"6\":\"\",\"12\":\"\",\"11\":\"\",\"39\":\"\",\"77\":\"\",\"76\":{\"date\":\"\",\"time\":\"\"},\"78\":\"\",\"72\":\"\",\"75\":{\"date\":\"\",\"time\":\"\"},\"74\":\"\",\"4\":\"<p>Lorem ipsum dolot sit amet.<\\/p>\",\"41\":[\"66\",\"67\",\"68\"],\"36\":[{\"col1\":\"\",\"col2\":\"\",\"col3\":\"\"}],\"7\":\"\"}}', '2017-06-21 09:56:54', '2017-06-21 09:56:54', 'aa74b276-cead-416a-ad37-cba00a9a424b'),
 ('137', '5', '5', '1', 'en', '4', '', '{\"typeId\":\"5\",\"authorId\":\"1\",\"title\":\"Noord\",\"slug\":\"noord\",\"postDate\":1496691600,\"expiryDate\":null,\"enabled\":1,\"parentId\":null,\"fields\":{\"73\":[\"37\"],\"71\":\"Uber\",\"40\":[\"4\"],\"35\":[\"9\"],\"8\":\"\",\"6\":\"\",\"12\":\"\",\"11\":\"\",\"39\":\"\",\"77\":\"1\",\"76\":{\"date\":\"\",\"time\":\"\"},\"78\":\"\",\"72\":\"\",\"75\":{\"date\":\"\",\"time\":\"\"},\"74\":\"<p>Bla bla bla<\\/p>\",\"4\":\"<p>Lorem ipsum dolot sit amet.<\\/p>\",\"41\":[\"66\",\"67\",\"68\"],\"36\":[{\"col1\":\"\",\"col2\":\"\",\"col3\":\"\"}],\"7\":\"\"}}', '2017-06-21 10:08:17', '2017-06-21 10:08:17', 'ec0bd1ae-98f3-4f71-97e6-a45b806b505a'),
 ('138', '5', '5', '1', 'en', '5', '', '{\"typeId\":\"5\",\"authorId\":\"1\",\"title\":\"Noord\",\"slug\":\"noord\",\"postDate\":1496691600,\"expiryDate\":null,\"enabled\":1,\"parentId\":null,\"fields\":{\"73\":[\"37\"],\"71\":\"Uber\",\"40\":[\"4\"],\"35\":[\"62\"],\"8\":\"\",\"6\":\"\",\"12\":\"\",\"11\":\"\",\"39\":\"\",\"77\":\"1\",\"76\":{\"date\":\"\",\"time\":\"\"},\"78\":\"\",\"72\":\"\",\"75\":{\"date\":\"\",\"time\":\"\"},\"74\":\"<p>Bla bla bla<\\/p>\",\"4\":\"<p>Lorem ipsum dolot sit amet.<\\/p>\",\"41\":[\"66\",\"67\",\"68\"],\"36\":[{\"col1\":\"\",\"col2\":\"\",\"col3\":\"\"}],\"7\":\"\"}}', '2017-06-21 10:08:58', '2017-06-21 10:08:58', '4ca85348-01d3-4c6a-b6f7-b6269e2d9d25'),
 ('139', '5', '5', '1', 'en', '6', '', '{\"typeId\":\"5\",\"authorId\":\"1\",\"title\":\"Noord\",\"slug\":\"noord\",\"postDate\":1496691600,\"expiryDate\":null,\"enabled\":1,\"parentId\":null,\"fields\":{\"73\":[\"37\"],\"71\":\"Uber\",\"40\":[\"4\"],\"35\":[\"62\"],\"8\":[\"28\"],\"6\":[\"7\"],\"12\":\"\",\"11\":\"\",\"39\":\"\",\"77\":\"1\",\"76\":{\"date\":\"\",\"time\":\"\"},\"78\":\"\",\"72\":\"\",\"75\":{\"date\":\"\",\"time\":\"\"},\"74\":\"<p>Bla bla bla<\\/p>\",\"4\":\"<p>Lorem ipsum dolot sit amet.<\\/p>\",\"41\":[\"66\",\"67\",\"68\"],\"36\":[{\"col1\":\"\",\"col2\":\"\",\"col3\":\"\"}],\"7\":\"\"}}', '2017-06-21 10:16:44', '2017-06-21 10:16:44', '13255f7b-3ccc-4f81-a638-0adaaaed51e3'),
 ('140', '23', '4', '1', 'en', '11', '', '{\"typeId\":\"4\",\"authorId\":\"1\",\"title\":\"Tokyo\",\"slug\":\"tokyo\",\"postDate\":1497466140,\"expiryDate\":null,\"enabled\":1,\"parentId\":null,\"fields\":{\"20\":\"\",\"73\":\"\",\"71\":\"\",\"62\":[\"70\"],\"38\":\"\",\"90\":\"Asia\",\"8\":[\"28\"],\"6\":[\"7\"],\"15\":\"medium\",\"14\":\"\",\"12\":\"\",\"11\":\"\",\"10\":\"\",\"18\":\"1\",\"17\":\"medium\",\"64\":\"0\",\"29\":\"\",\"30\":\"\",\"24\":\"\",\"25\":\"\",\"32\":\"\",\"31\":\"\",\"23\":\"\",\"21\":\"\",\"27\":\"\",\"33\":\"\",\"28\":\"\",\"26\":\"\",\"22\":\"\",\"37\":\"With world-class museums, quirky festivals, theatre, live music, laid-back bars and delightful restaurants, there\'s never a shortage of things to do in Amsterdam!\",\"77\":\"\",\"76\":{\"date\":\"\",\"time\":\"\"},\"78\":\"\",\"72\":\"\",\"75\":{\"date\":\"\",\"time\":\"\"},\"74\":\"\",\"16\":\"medium\",\"4\":\"<p>Lorem ipsum dolor sit amet...<\\/p>\",\"42\":\"\",\"19\":\"\",\"36\":[{\"col1\":\"\",\"col2\":\"\",\"col3\":\"\"}],\"7\":[\"30\"]}}', '2017-06-21 14:02:54', '2017-06-21 14:02:54', '5c6ca819-73bb-4fc9-b04b-6091a5dd9852'),
 ('141', '72', '5', '1', 'en', '1', '', '{\"typeId\":null,\"authorId\":\"1\",\"title\":\"West\",\"slug\":\"west\",\"postDate\":1498054205,\"expiryDate\":null,\"enabled\":1,\"parentId\":null,\"fields\":{\"73\":\"\",\"71\":\"\",\"40\":[\"4\"],\"35\":[\"60\"],\"8\":[\"28\"],\"6\":[\"7\"],\"12\":\"\",\"11\":\"\",\"39\":\"\",\"77\":\"\",\"76\":{\"date\":\"\",\"time\":\"\"},\"78\":\"\",\"72\":\"\",\"75\":{\"date\":\"\",\"time\":\"\"},\"74\":\"\",\"4\":\"<p>Lorem ipsum dolor sit amet...<\\/p>\",\"41\":[\"71\"],\"36\":[{\"col1\":\"\",\"col2\":\"\",\"col3\":\"\"}],\"7\":\"\"}}', '2017-06-21 14:10:06', '2017-06-21 14:10:06', '4853f445-d41f-4222-82c6-f04cfd7126b0'),
 ('142', '4', '4', '1', 'en', '26', '', '{\"typeId\":\"4\",\"authorId\":\"1\",\"title\":\"Amsterdam\",\"slug\":\"amsterdam\",\"postDate\":1496691060,\"expiryDate\":null,\"enabled\":1,\"parentId\":null,\"fields\":{\"20\":\"\",\"73\":[\"37\"],\"71\":\"Uber\",\"62\":[\"8\"],\"38\":\"\",\"90\":\"Europe\",\"8\":[\"28\"],\"6\":[\"7\"],\"15\":\"high\",\"14\":\"\",\"12\":\"\",\"11\":\"\",\"10\":[\"5\",\"72\"],\"18\":\"1\",\"17\":\"low\",\"64\":\"0\",\"29\":\"\",\"30\":\"\",\"24\":\"\",\"25\":\"\",\"32\":\"\",\"31\":\"\",\"23\":\"\",\"21\":\"\",\"27\":\"\",\"33\":\"\",\"28\":\"\",\"26\":\"\",\"22\":\"\",\"37\":\"Where else in the world can you enjoy the hipster city life and within a few minutes find yourself in a geothermal pool in the middle of a Game of Thrones set?\",\"77\":\"1\",\"76\":{\"date\":\"6\\/27\\/2017\",\"time\":\"2:00 AM\"},\"78\":\"\",\"72\":\"https:\\/\\/uber.com\",\"75\":{\"date\":\"6\\/4\\/2017\",\"time\":\"2:00 AM\"},\"74\":\"\",\"16\":\"medium\",\"4\":\"<p>Where else in the world can you enjoy the hipster city life and within a few minutes find yourself in a geothermal pool in the middle of a Game of Thrones set?<\\/p>\",\"42\":\"\",\"19\":\"\",\"36\":[{\"col1\":\"\",\"col2\":\"\",\"col3\":\"\"}],\"7\":[\"30\"]}}', '2017-06-21 14:10:17', '2017-06-21 14:10:17', 'df1d14ad-414a-43f2-bdb6-c67010e958f5'),
 ('143', '5', '5', '1', 'en', '7', '', '{\"typeId\":\"5\",\"authorId\":\"1\",\"title\":\"Noord\",\"slug\":\"noord\",\"postDate\":1496691600,\"expiryDate\":null,\"enabled\":1,\"parentId\":null,\"fields\":{\"73\":[\"37\"],\"71\":\"Uber\",\"40\":[\"4\"],\"35\":[\"62\"],\"8\":[\"28\"],\"6\":[\"7\"],\"12\":\"\",\"11\":\"\",\"39\":\"\",\"77\":\"1\",\"76\":{\"date\":\"\",\"time\":\"\"},\"78\":\"\",\"72\":\"\",\"75\":{\"date\":\"\",\"time\":\"\"},\"74\":\"<p>Bla bla bla<\\/p>\",\"4\":\"<p>Lorem ipsum dolot sit amet.<\\/p>\",\"41\":[\"66\",\"67\",\"68\"],\"36\":[{\"col1\":\"\",\"col2\":\"\",\"col3\":\"\"}],\"7\":[\"30\"]}}', '2017-06-21 14:12:30', '2017-06-21 14:12:30', '54bdb863-42ff-449b-8ee0-6b128d7fdad8'),
 ('150', '4', '4', '1', 'en', '27', '', '{\"typeId\":\"4\",\"authorId\":\"1\",\"title\":\"Amsterdam\",\"slug\":\"amsterdam\",\"postDate\":1496691060,\"expiryDate\":null,\"enabled\":1,\"parentId\":null,\"fields\":{\"20\":\"\",\"73\":[\"37\"],\"71\":\"Uber\",\"62\":[\"8\"],\"38\":\"\",\"90\":\"Europe\",\"8\":[\"28\"],\"6\":[\"7\"],\"15\":\"high\",\"14\":\"\",\"12\":\"\",\"11\":\"\",\"10\":[\"5\",\"72\"],\"18\":\"1\",\"17\":\"low\",\"64\":\"0\",\"29\":\"\",\"30\":\"\",\"24\":\"\",\"25\":\"\",\"32\":\"\",\"31\":\"\",\"23\":\"\",\"21\":\"\",\"27\":\"\",\"33\":\"\",\"28\":\"\",\"26\":\"\",\"22\":\"\",\"37\":\"Where else in the world can you enjoy the hipster city life and within a few minutes find yourself in a geothermal pool in the middle of a Game of Thrones set?\",\"77\":\"1\",\"76\":{\"date\":\"6\\/27\\/2017\",\"time\":\"2:00 AM\"},\"78\":\"\",\"72\":\"https:\\/\\/uber.com\",\"75\":{\"date\":\"6\\/4\\/2017\",\"time\":\"2:00 AM\"},\"74\":\"\",\"16\":\"medium\",\"4\":\"<p>Where else in the world can you enjoy the hipster city life and within a few minutes find yourself in a geothermal pool in the middle of a Game of Thrones set?<\\/p>\",\"42\":[\"75\",\"76\",\"77\",\"78\"],\"19\":\"\",\"36\":[{\"col1\":\"\",\"col2\":\"\",\"col3\":\"\"}],\"7\":[\"30\"]}}', '2017-06-21 15:23:53', '2017-06-21 15:23:53', '056c91f4-f6f3-438e-b116-ba2c095868a6'),
 ('151', '4', '4', '1', 'en', '28', '', '{\"typeId\":\"4\",\"authorId\":\"1\",\"title\":\"Amsterdam\",\"slug\":\"amsterdam\",\"postDate\":1496691060,\"expiryDate\":null,\"enabled\":1,\"parentId\":null,\"fields\":{\"20\":\"\",\"73\":[\"37\"],\"71\":\"Uber\",\"62\":[\"8\"],\"38\":\"\",\"90\":\"Europe\",\"8\":[\"28\"],\"6\":[\"7\"],\"15\":\"high\",\"14\":\"\",\"12\":\"\",\"11\":\"\",\"10\":[\"5\",\"72\"],\"18\":\"1\",\"17\":\"low\",\"64\":\"0\",\"29\":\"\",\"30\":\"\",\"24\":\"\",\"25\":\"\",\"32\":\"\",\"31\":\"\",\"23\":\"\",\"21\":\"\",\"27\":\"\",\"33\":\"\",\"28\":\"\",\"26\":\"\",\"22\":\"\",\"37\":\"Where else in the world can you enjoy the hipster city life and within a few minutes find yourself in a geothermal pool in the middle of a Game of Thrones set?\",\"77\":\"1\",\"76\":{\"date\":\"6\\/27\\/2017\",\"time\":\"2:00 AM\"},\"78\":\"\",\"72\":\"https:\\/\\/uber.com\",\"75\":{\"date\":\"6\\/4\\/2017\",\"time\":\"2:00 AM\"},\"74\":\"\",\"16\":\"medium\",\"4\":\"<p>Where else in the world can you enjoy the hipster city life and within a few minutes find yourself in a geothermal pool in the middle of a Game of Thrones set?<\\/p>\",\"42\":[\"75\",\"76\",\"77\",\"78\",\"79\"],\"19\":\"\",\"36\":[{\"col1\":\"\",\"col2\":\"\",\"col3\":\"\"}],\"7\":[\"30\"]}}', '2017-06-21 15:24:32', '2017-06-21 15:24:32', 'd9555004-967f-4a5c-b45e-98302a6e5504'),
 ('152', '4', '4', '1', 'en', '29', '', '{\"typeId\":\"4\",\"authorId\":\"1\",\"title\":\"Amsterdam\",\"slug\":\"amsterdam\",\"postDate\":1496691060,\"expiryDate\":null,\"enabled\":1,\"parentId\":null,\"fields\":{\"20\":\"\",\"73\":[\"37\"],\"71\":\"Uber\",\"62\":[\"8\"],\"38\":\"\",\"90\":\"Europe\",\"8\":[\"28\"],\"6\":[\"7\"],\"15\":\"high\",\"14\":\"\",\"12\":\"\",\"11\":\"\",\"10\":[\"5\",\"72\"],\"18\":\"1\",\"17\":\"low\",\"64\":\"0\",\"29\":\"\",\"30\":\"\",\"24\":\"\",\"25\":\"\",\"32\":\"\",\"31\":\"\",\"23\":\"\",\"21\":\"\",\"27\":\"\",\"33\":\"\",\"28\":\"\",\"26\":\"\",\"22\":\"\",\"37\":\"Where else in the world can you enjoy the hipster city life and within a few minutes find yourself in a geothermal pool in the middle of a Game of Thrones set?\",\"77\":\"1\",\"76\":{\"date\":\"6\\/27\\/2017\",\"time\":\"2:00 AM\"},\"78\":\"\",\"72\":\"https:\\/\\/uber.com\",\"75\":{\"date\":\"6\\/4\\/2017\",\"time\":\"2:00 AM\"},\"74\":\"\",\"16\":\"medium\",\"4\":\"<p>Where else in the world can you enjoy the hipster city life and within a few minutes find yourself in a geothermal pool in the middle of a Game of Thrones set?<\\/p>\",\"42\":[\"75\",\"76\",\"77\",\"78\",\"79\",\"80\",\"81\",\"82\",\"83\"],\"19\":\"\",\"36\":[{\"col1\":\"\",\"col2\":\"\",\"col3\":\"\"}],\"7\":[\"30\"]}}', '2017-06-21 16:13:05', '2017-06-21 16:13:05', '61d8dce7-9ae9-4606-abd3-92c706bdc4ee'),
 ('153', '72', '5', '1', 'en', '2', '', '{\"typeId\":\"5\",\"authorId\":\"1\",\"title\":\"West\",\"slug\":\"west\",\"postDate\":1498054200,\"expiryDate\":null,\"enabled\":1,\"parentId\":null,\"fields\":{\"73\":\"\",\"71\":\"\",\"40\":[\"4\"],\"35\":[\"60\"],\"8\":[\"28\"],\"6\":[\"7\"],\"12\":\"\",\"11\":\"\",\"39\":\"\",\"77\":\"\",\"76\":{\"date\":\"\",\"time\":\"\"},\"78\":\"\",\"72\":\"\",\"75\":{\"date\":\"\",\"time\":\"\"},\"74\":\"\",\"4\":\"<p>Lorem ipsum dolor sit amet...<\\/p>\",\"41\":[\"71\",\"84\",\"85\"],\"36\":[{\"col1\":\"\",\"col2\":\"\",\"col3\":\"\"}],\"7\":\"\"}}', '2017-06-21 16:31:28', '2017-06-21 16:31:28', '199f125c-9090-47e3-ac58-ce19be1dc1f1'),
 ('154', '2', '1', '1', 'en', '52', '', '{\"typeId\":null,\"authorId\":null,\"title\":\"Home\",\"slug\":\"homepage\",\"postDate\":1496677590,\"expiryDate\":null,\"enabled\":1,\"parentId\":null,\"fields\":{\"97\":[\"49\",\"51\",\"53\"],\"59\":[\"23\",\"24\",\"4\",\"63\",\"43\",\"65\"],\"35\":[\"17\"],\"65\":[\"4\"],\"66\":[\"55\"],\"60\":[\"13\",\"45\"],\"12\":\"Wanderbrief City Guides help you plan the perfect remote working trip with information on the best coffee, internet speed, co-working spaces, local adventures and meetups with like-minded nomads across the city.\",\"11\":\"Wanderbrief CityGuides \\u2014 Curated by local nomads.\",\"39\":\"\",\"82\":[\"7\",\"28\",\"30\"],\"89\":\"<p><b>Work<\\/b> & <strong>live<\\/strong><strong>&nbsp;<\\/strong><\\/p>\\r\\n<p>abroad like a local.<\\/p>\"}}', '2017-06-21 16:55:21', '2017-06-21 16:55:21', 'a2d194cb-ea63-48e2-83ad-ab35339354c4'),
 ('155', '2', '1', '1', 'en', '53', '', '{\"typeId\":null,\"authorId\":null,\"title\":\"Home\",\"slug\":\"homepage\",\"postDate\":1496677590,\"expiryDate\":null,\"enabled\":1,\"parentId\":null,\"fields\":{\"97\":[\"49\",\"51\",\"53\"],\"59\":[\"23\",\"24\",\"4\",\"63\",\"43\",\"65\"],\"35\":[\"17\"],\"65\":[\"4\"],\"66\":[\"55\"],\"60\":[\"13\",\"45\"],\"12\":\"Wanderbrief City Guides help you plan the perfect remote working trip with information on the best coffee, internet speed, co-working spaces, local adventures and meetups with like-minded nomads across the city.\",\"11\":\"Wanderbrief CityGuides \\u2014 Curated by local nomads.\",\"39\":\"\",\"82\":[\"7\",\"28\",\"30\"],\"89\":\"<p><strong>Work<\\/strong> & <strong>live<\\/strong><strong>&nbsp;<\\/strong><\\/p>\\r\\n<p>abroad like a local.<\\/p>\"}}', '2017-06-21 16:55:40', '2017-06-21 16:55:40', 'ab14d1c9-275f-4203-b0ea-bcef2df041d4'),
 ('156', '2', '1', '1', 'en', '54', '', '{\"typeId\":null,\"authorId\":null,\"title\":\"Home\",\"slug\":\"homepage\",\"postDate\":1496677590,\"expiryDate\":null,\"enabled\":1,\"parentId\":null,\"fields\":{\"97\":[\"49\",\"51\",\"53\"],\"59\":[\"23\",\"24\",\"4\",\"63\",\"43\",\"65\"],\"35\":[\"17\"],\"65\":[\"4\"],\"66\":[\"55\"],\"60\":[\"13\",\"45\"],\"12\":\"Wanderbrief City Guides help you plan the perfect remote working trip with information on the best coffee, internet speed, co-working spaces, local adventures and meetups with like-minded nomads across the city.\",\"11\":\"Wanderbrief CityGuides \\u2014 Curated by local nomads.\",\"39\":\"\",\"82\":[\"7\",\"28\",\"30\"],\"89\":\"<p><strong>Work <\\/strong>remotely & <strong>live<\\/strong><strong>&nbsp;<\\/strong><\\/p>\\r\\n<p>abroad like a local.<\\/p>\"}}', '2017-06-21 16:59:28', '2017-06-21 16:59:28', '5f7eef45-988c-4053-bec4-3dd3a61ba293'),
 ('157', '2', '1', '1', 'en', '55', '', '{\"typeId\":null,\"authorId\":null,\"title\":\"Home\",\"slug\":\"homepage\",\"postDate\":1496677590,\"expiryDate\":null,\"enabled\":1,\"parentId\":null,\"fields\":{\"97\":[\"49\",\"51\",\"53\"],\"59\":[\"23\",\"24\",\"4\",\"63\",\"43\",\"65\"],\"35\":[\"17\"],\"65\":[\"4\"],\"66\":[\"55\"],\"60\":[\"13\",\"45\"],\"12\":\"Wanderbrief City Guides help you plan the perfect remote working trip with information on the best coffee, internet speed, co-working spaces, local adventures and meetups with like-minded nomads across the city.\",\"11\":\"Wanderbrief CityGuides \\u2014 Curated by local nomads.\",\"39\":\"\",\"82\":[\"7\",\"28\",\"30\"],\"89\":\"<p><strong>Work <\\/strong>remotely & <strong>live<\\/strong><strong>&nbsp;<\\/strong>abroad like a local.<\\/p>\"}}', '2017-06-21 16:59:41', '2017-06-21 16:59:41', '78b1418e-5c78-4ad8-ad0f-57b2718c9e22'),
 ('158', '2', '1', '1', 'en', '56', '', '{\"typeId\":null,\"authorId\":null,\"title\":\"Home\",\"slug\":\"homepage\",\"postDate\":1496677590,\"expiryDate\":null,\"enabled\":1,\"parentId\":null,\"fields\":{\"97\":[\"49\",\"51\",\"53\"],\"59\":[\"23\",\"24\",\"4\",\"63\",\"43\",\"65\"],\"35\":[\"17\"],\"65\":[\"4\"],\"66\":[\"55\"],\"60\":[\"13\",\"45\"],\"12\":\"Wanderbrief City Guides help you plan the perfect remote working trip with information on the best coffee, internet speed, co-working spaces, local adventures and meetups with like-minded nomads across the city.\",\"11\":\"Wanderbrief CityGuides \\u2014 Curated by local nomads.\",\"39\":\"\",\"82\":[\"7\",\"28\",\"30\"],\"89\":\"<p><strong>Work <\\/strong>remote & <strong>live<\\/strong><strong>&nbsp;<\\/strong>abroad like a local.<\\/p>\"}}', '2017-06-21 17:00:03', '2017-06-21 17:00:03', '83fb47ce-9dce-4273-92af-c94d3b97d3f5'),
 ('159', '2', '1', '1', 'en', '57', '', '{\"typeId\":null,\"authorId\":null,\"title\":\"Home\",\"slug\":\"homepage\",\"postDate\":1496677590,\"expiryDate\":null,\"enabled\":1,\"parentId\":null,\"fields\":{\"97\":[\"49\",\"51\",\"53\"],\"59\":[\"23\",\"24\",\"4\",\"63\",\"43\",\"65\"],\"35\":[\"17\"],\"65\":[\"4\"],\"66\":[\"55\"],\"60\":[\"13\",\"45\"],\"12\":\"Wanderbrief City Guides help you plan the perfect remote working trip with information on the best coffee, internet speed, co-working spaces, local adventures and meetups with like-minded nomads across the city.\",\"11\":\"Wanderbrief CityGuides \\u2014 Curated by local nomads.\",\"39\":\"\",\"82\":[\"7\",\"28\",\"30\"],\"89\":\"<p><strong>Work<\\/strong>&nbsp;& <strong>live<\\/strong><strong>&nbsp;<\\/strong>abroad like a local.<\\/p>\"}}', '2017-06-21 17:01:34', '2017-06-21 17:01:34', '781727db-88cc-4d5c-80ea-04eb659be295'),
 ('160', '86', '5', '1', 'en', '1', '', '{\"typeId\":null,\"authorId\":\"1\",\"title\":\"Centrum\",\"slug\":\"centrum\",\"postDate\":1498118986,\"expiryDate\":null,\"enabled\":1,\"parentId\":null,\"fields\":{\"73\":\"\",\"71\":\"\",\"40\":[\"4\"],\"35\":[\"40\"],\"8\":\"\",\"6\":[\"7\"],\"12\":\"\",\"11\":\"\",\"39\":\"\",\"77\":\"\",\"76\":{\"date\":\"\",\"time\":\"\"},\"78\":\"\",\"72\":\"\",\"75\":{\"date\":\"\",\"time\":\"\"},\"74\":\"\",\"4\":\"<p>Lorem ipsum dolor sit amet.<\\/p>\",\"41\":\"\",\"36\":[{\"col1\":\"\",\"col2\":\"\",\"col3\":\"\"}],\"7\":\"\"}}', '2017-06-22 08:09:46', '2017-06-22 08:09:46', '042bc2cb-d8a0-44ce-9fdc-c7cd725ba465'),
 ('161', '86', '5', '1', 'en', '2', '', '{\"typeId\":\"5\",\"authorId\":\"1\",\"title\":\"Centrum\",\"slug\":\"centrum\",\"postDate\":1498118940,\"expiryDate\":null,\"enabled\":1,\"parentId\":null,\"fields\":{\"73\":\"\",\"71\":\"\",\"40\":[\"4\"],\"35\":[\"40\"],\"8\":[\"28\"],\"6\":\"\",\"12\":\"\",\"11\":\"\",\"39\":\"\",\"77\":\"\",\"76\":{\"date\":\"\",\"time\":\"\"},\"78\":\"\",\"72\":\"\",\"75\":{\"date\":\"\",\"time\":\"\"},\"74\":\"\",\"4\":\"<p>Lorem ipsum dolor sit amet.<\\/p>\",\"41\":\"\",\"36\":[{\"col1\":\"\",\"col2\":\"\",\"col3\":\"\"}],\"7\":\"\"}}', '2017-06-22 08:10:01', '2017-06-22 08:10:01', 'c536875a-8374-4d42-80dc-ece4658d6493'),
 ('162', '4', '4', '1', 'en', '30', '', '{\"typeId\":\"4\",\"authorId\":\"1\",\"title\":\"Amsterdam\",\"slug\":\"amsterdam\",\"postDate\":1496691060,\"expiryDate\":null,\"enabled\":1,\"parentId\":null,\"fields\":{\"20\":\"\",\"73\":[\"37\"],\"71\":\"Uber\",\"62\":[\"8\"],\"38\":\"\",\"90\":\"Europe\",\"8\":[\"28\"],\"6\":[\"7\"],\"15\":\"high\",\"14\":\"\",\"12\":\"\",\"11\":\"\",\"10\":[\"5\",\"72\",\"86\"],\"18\":\"1\",\"17\":\"low\",\"64\":\"0\",\"29\":\"\",\"30\":\"\",\"24\":\"\",\"25\":\"\",\"32\":\"\",\"31\":\"\",\"23\":\"\",\"21\":\"\",\"27\":\"\",\"33\":\"\",\"28\":\"\",\"26\":\"\",\"22\":\"\",\"37\":\"Where else in the world can you enjoy the hipster city life and within a few minutes find yourself in a geothermal pool in the middle of a Game of Thrones set?\",\"77\":\"1\",\"76\":{\"date\":\"6\\/27\\/2017\",\"time\":\"2:00 AM\"},\"78\":\"\",\"72\":\"https:\\/\\/uber.com\",\"75\":{\"date\":\"6\\/4\\/2017\",\"time\":\"2:00 AM\"},\"74\":\"\",\"16\":\"medium\",\"4\":\"<p>Where else in the world can you enjoy the hipster city life and within a few minutes find yourself in a geothermal pool in the middle of a Game of Thrones set?<\\/p>\",\"42\":[\"75\",\"76\",\"77\",\"78\",\"79\",\"80\",\"81\",\"82\",\"83\"],\"19\":\"\",\"36\":[{\"col1\":\"\",\"col2\":\"\",\"col3\":\"\"}],\"7\":[\"30\"]}}', '2017-06-22 08:10:12', '2017-06-22 08:10:12', '60c3ce71-d4fe-481e-a63e-5623780f14a7'),
 ('163', '87', '15', '1', 'en', '1', NULL, '{\"typeId\":\"15\",\"authorId\":null,\"title\":\"Neighborhoods\",\"slug\":\"neighborhoods\",\"postDate\":1498119894,\"expiryDate\":null,\"enabled\":1,\"parentId\":null,\"fields\":[]}', '2017-06-22 08:24:54', '2017-06-22 08:24:54', '9ff6c31a-8400-4bb2-b276-261c46ba6f30'),
 ('164', '88', '16', '1', 'en', '1', NULL, '{\"typeId\":\"16\",\"authorId\":null,\"title\":\"Places\",\"slug\":\"places\",\"postDate\":1498119927,\"expiryDate\":null,\"enabled\":1,\"parentId\":null,\"fields\":[]}', '2017-06-22 08:25:27', '2017-06-22 08:25:27', '61c0a2c4-be1d-4f34-a3e4-5e79d94d26c0'),
 ('165', '4', '4', '1', 'en', '31', '', '{\"typeId\":\"4\",\"authorId\":\"1\",\"title\":\"Amsterdam\",\"slug\":\"amsterdam\",\"postDate\":1496691060,\"expiryDate\":null,\"enabled\":1,\"parentId\":null,\"fields\":{\"20\":\"\",\"73\":[\"37\"],\"71\":\"Uber\",\"62\":[\"89\"],\"38\":\"\",\"90\":\"Europe\",\"8\":[\"28\"],\"6\":[\"7\"],\"15\":\"high\",\"14\":\"\",\"12\":\"\",\"11\":\"\",\"10\":[\"5\",\"72\",\"86\"],\"18\":\"1\",\"17\":\"low\",\"64\":\"0\",\"29\":\"\",\"30\":\"\",\"24\":\"\",\"25\":\"\",\"32\":\"\",\"31\":\"\",\"23\":\"\",\"21\":\"\",\"27\":\"\",\"33\":\"\",\"28\":\"\",\"26\":\"\",\"22\":\"\",\"37\":\"Where else in the world can you enjoy the hipster city life and within a few minutes find yourself in a geothermal pool in the middle of a Game of Thrones set?\",\"77\":\"1\",\"76\":{\"date\":\"6\\/27\\/2017\",\"time\":\"2:00 AM\"},\"78\":\"\",\"72\":\"https:\\/\\/uber.com\",\"75\":{\"date\":\"6\\/4\\/2017\",\"time\":\"2:00 AM\"},\"74\":\"\",\"16\":\"medium\",\"4\":\"<p>Where else in the world can you enjoy the hipster city life and within a few minutes find yourself in a geothermal pool in the middle of a Game of Thrones set?<\\/p>\",\"42\":[\"75\",\"76\",\"77\",\"78\",\"79\",\"80\",\"81\",\"82\",\"83\"],\"19\":\"\",\"36\":[{\"col1\":\"\",\"col2\":\"\",\"col3\":\"\"}],\"7\":[\"30\"]}}', '2017-06-22 10:48:55', '2017-06-22 10:48:55', '94b3388f-120e-4a51-a227-7f6aad059365'),
 ('166', '86', '5', '1', 'en', '3', '', '{\"typeId\":\"5\",\"authorId\":\"1\",\"title\":\"Centrum\",\"slug\":\"centrum\",\"postDate\":1498118940,\"expiryDate\":null,\"enabled\":1,\"parentId\":null,\"fields\":{\"73\":\"\",\"71\":\"\",\"40\":[\"4\"],\"35\":[\"9\"],\"8\":[\"28\"],\"6\":\"\",\"12\":\"\",\"11\":\"\",\"39\":\"\",\"77\":\"\",\"76\":{\"date\":\"\",\"time\":\"\"},\"78\":\"\",\"72\":\"\",\"75\":{\"date\":\"\",\"time\":\"\"},\"74\":\"\",\"4\":\"<p>Lorem ipsum dolor sit amet.<\\/p>\",\"41\":\"\",\"36\":[{\"col1\":\"\",\"col2\":\"\",\"col3\":\"\"}],\"7\":\"\"}}', '2017-06-22 10:49:57', '2017-06-22 10:49:57', '924ea40f-b96a-4ace-be0b-37617f14fba9'),
 ('167', '58', '12', '1', 'en', '9', '', '{\"typeId\":null,\"authorId\":null,\"title\":\"Cities\",\"slug\":\"cities\",\"postDate\":1497621018,\"expiryDate\":null,\"enabled\":1,\"parentId\":null,\"fields\":{\"35\":[\"59\"],\"89\":\"<p>Top Cities<\\/p>\",\"42\":[\"81\",\"79\",\"78\",\"83\",\"76\",\"80\",\"82\",\"77\"]}}', '2017-06-22 14:16:06', '2017-06-22 14:16:06', '0f9e8f5c-bbfc-4a4a-aeaf-05c5eef2d386'),
 ('168', '43', '4', '1', 'en', '4', '', '{\"typeId\":\"4\",\"authorId\":\"1\",\"title\":\"Phuket\",\"slug\":\"phuket\",\"postDate\":1497481440,\"expiryDate\":null,\"enabled\":1,\"parentId\":null,\"fields\":{\"20\":\"\",\"73\":[\"37\"],\"71\":\"Uber\",\"62\":[\"42\"],\"38\":\"\",\"90\":\"Asia\",\"8\":[\"28\"],\"6\":[\"7\"],\"15\":\"medium\",\"14\":\"\",\"12\":\"\",\"11\":\"\",\"10\":\"\",\"18\":\"1\",\"17\":\"medium\",\"64\":\"0\",\"29\":\"\",\"30\":\"\",\"24\":\"\",\"25\":\"\",\"32\":\"\",\"31\":\"\",\"23\":\"\",\"21\":\"\",\"27\":\"\",\"33\":\"\",\"28\":\"\",\"26\":\"\",\"22\":\"\",\"37\":\"Lorem ipsum dolor sit amet, consectetur adipiscing elit. Sed pharetra placerat justo, ac porttitor tortor rhoncus sit amet. Donec a ex ac odio consectetur laoreet.\",\"77\":\"1\",\"76\":{\"date\":\"\",\"time\":\"\"},\"78\":\"\",\"72\":\"\",\"75\":{\"date\":\"\",\"time\":\"\"},\"74\":\"\",\"16\":\"medium\",\"4\":\"<p>Lorem ipsum dolor sit amet, consectetur adipiscing elit. Sed pharetra placerat justo, ac porttitor tortor rhoncus sit amet. Donec a ex ac odio consectetur laoreet.<\\/p>\",\"42\":[\"80\"],\"19\":\"\",\"36\":[{\"col1\":\"\",\"col2\":\"\",\"col3\":\"\"}],\"7\":[\"30\"]}}', '2017-06-22 14:24:43', '2017-06-22 14:24:43', '70217948-8533-4ee5-849f-31edef84e189'),
 ('171', '58', '12', '1', 'en', '10', '', '{\"typeId\":null,\"authorId\":null,\"title\":\"Cities\",\"slug\":\"cities\",\"postDate\":1497621018,\"expiryDate\":null,\"enabled\":1,\"parentId\":null,\"fields\":{\"35\":[\"59\"],\"89\":\"<p>Top Cities<\\/p>\",\"42\":[\"81\",\"79\",\"78\",\"83\",\"76\",\"80\",\"82\",\"77\",\"75\"]}}', '2017-06-22 14:35:18', '2017-06-22 14:35:18', 'b0ce4519-62f3-427e-b908-9cf7a812c781'),
 ('172', '58', '12', '1', 'en', '11', '', '{\"typeId\":null,\"authorId\":null,\"title\":\"Cities\",\"slug\":\"cities\",\"postDate\":1497621018,\"expiryDate\":null,\"enabled\":1,\"parentId\":null,\"fields\":{\"35\":[\"59\"],\"89\":\"<p>Top Cities<\\/p>\",\"42\":[\"81\",\"79\",\"78\",\"83\",\"76\",\"80\",\"82\",\"77\",\"75\",\"91\",\"92\",\"93\"]}}', '2017-06-22 14:39:36', '2017-06-22 14:39:36', '22da6e06-96e1-4888-bf30-59d31b047b73'),
 ('173', '4', '4', '1', 'en', '32', '', '{\"typeId\":\"4\",\"authorId\":\"1\",\"title\":\"Amsterdam\",\"slug\":\"amsterdam\",\"postDate\":1496691060,\"expiryDate\":null,\"enabled\":1,\"parentId\":null,\"fields\":{\"20\":\"\",\"73\":[\"37\"],\"71\":\"Uber\",\"62\":[\"89\"],\"38\":\"\",\"90\":\"Europe\",\"8\":[\"28\"],\"6\":[\"7\"],\"15\":\"high\",\"14\":\"\",\"12\":\"\",\"11\":\"\",\"10\":[\"5\",\"72\",\"86\"],\"18\":\"1\",\"17\":\"low\",\"64\":\"0\",\"29\":\"\",\"30\":\"\",\"24\":\"\",\"25\":\"\",\"32\":\"\",\"31\":\"\",\"23\":\"\",\"21\":\"\",\"27\":\"\",\"33\":\"\",\"28\":\"\",\"26\":\"\",\"22\":\"\",\"37\":\"Where else in the world can you enjoy the hipster city life and within a few minutes find yourself in a geothermal pool in the middle of a Game of Thrones set?\",\"77\":\"1\",\"76\":{\"date\":\"6\\/27\\/2017\",\"time\":\"2:00 AM\"},\"78\":\"\",\"72\":\"https:\\/\\/uber.com\",\"75\":{\"date\":\"6\\/4\\/2017\",\"time\":\"2:00 AM\"},\"74\":\"\",\"16\":\"medium\",\"4\":\"<p>Where else in the world can you enjoy the hipster city life and within a few minutes find yourself in a geothermal pool in the middle of a Game of Thrones set?<\\/p>\",\"42\":[\"75\",\"76\",\"78\",\"79\",\"82\"],\"19\":\"\",\"36\":[{\"col1\":\"\",\"col2\":\"\",\"col3\":\"\"}],\"7\":[\"30\"]}}', '2017-06-22 14:42:05', '2017-06-22 14:42:05', '5cd81157-6c32-40b5-a6c6-63901c79312f'),
 ('174', '43', '4', '1', 'en', '5', '', '{\"typeId\":\"4\",\"authorId\":\"1\",\"title\":\"Phuket\",\"slug\":\"phuket\",\"postDate\":1497481440,\"expiryDate\":null,\"enabled\":1,\"parentId\":null,\"fields\":{\"20\":\"\",\"73\":[\"37\"],\"71\":\"Uber\",\"62\":[\"42\"],\"38\":\"\",\"90\":\"Asia\",\"8\":[\"28\"],\"6\":[\"7\"],\"15\":\"medium\",\"14\":\"\",\"12\":\"\",\"11\":\"\",\"10\":\"\",\"18\":\"1\",\"17\":\"medium\",\"64\":\"0\",\"29\":\"\",\"30\":\"\",\"24\":\"\",\"25\":\"\",\"32\":\"\",\"31\":\"\",\"23\":\"\",\"21\":\"\",\"27\":\"\",\"33\":\"\",\"28\":\"\",\"26\":\"\",\"22\":\"\",\"37\":\"Lorem ipsum dolor sit amet, consectetur adipiscing elit. Sed pharetra placerat justo, ac porttitor tortor rhoncus sit amet. Donec a ex ac odio consectetur laoreet.\",\"77\":\"1\",\"76\":{\"date\":\"\",\"time\":\"\"},\"78\":\"\",\"72\":\"\",\"75\":{\"date\":\"\",\"time\":\"\"},\"74\":\"\",\"16\":\"medium\",\"4\":\"<p>Lorem ipsum dolor sit amet, consectetur adipiscing elit. Sed pharetra placerat justo, ac porttitor tortor rhoncus sit amet. Donec a ex ac odio consectetur laoreet.<\\/p>\",\"42\":[\"80\",\"77\",\"91\"],\"19\":\"\",\"36\":[{\"col1\":\"\",\"col2\":\"\",\"col3\":\"\"}],\"7\":[\"30\"]}}', '2017-06-22 14:42:20', '2017-06-22 14:42:20', '01702481-caa9-44f5-b009-1f4dd5fac4cc'),
 ('175', '63', '4', '1', 'en', '2', '', '{\"typeId\":\"4\",\"authorId\":\"1\",\"title\":\"New York\",\"slug\":\"new-york\",\"postDate\":1497627720,\"expiryDate\":null,\"enabled\":1,\"parentId\":null,\"fields\":{\"20\":\"\",\"73\":\"\",\"71\":\"\",\"62\":[\"10\"],\"38\":\"\",\"90\":\"North America\",\"8\":\"\",\"6\":\"\",\"15\":\"medium\",\"14\":\"\",\"12\":\"\",\"11\":\"\",\"10\":\"\",\"18\":\"1\",\"17\":\"medium\",\"64\":\"0\",\"29\":\"\",\"30\":\"\",\"24\":\"\",\"25\":\"\",\"32\":\"\",\"31\":\"\",\"23\":\"\",\"21\":\"\",\"27\":\"\",\"33\":\"\",\"28\":\"\",\"26\":\"\",\"22\":\"\",\"37\":\"\\u200bLorem ipsum dolor sit amet\",\"77\":\"\",\"76\":{\"date\":\"\",\"time\":\"\"},\"78\":\"\",\"72\":\"\",\"75\":{\"date\":\"\",\"time\":\"\"},\"74\":\"\",\"16\":\"medium\",\"4\":\"<p>Lorem ipsum dolor sit amet<\\/p>\",\"42\":[\"79\",\"81\",\"76\"],\"19\":\"\",\"36\":[{\"col1\":\"\",\"col2\":\"\",\"col3\":\"\"}],\"7\":\"\"}}', '2017-06-22 14:42:48', '2017-06-22 14:42:48', '8d17154e-5626-413c-9d64-c357a11d9a92'),
 ('176', '65', '4', '1', 'en', '2', '', '{\"typeId\":\"4\",\"authorId\":\"1\",\"title\":\"Da Nang\",\"slug\":\"da-nang\",\"postDate\":1497628020,\"expiryDate\":null,\"enabled\":1,\"parentId\":null,\"fields\":{\"20\":\"\",\"73\":\"\",\"71\":\"\",\"62\":[\"64\"],\"38\":\"\",\"90\":\"Asia\",\"8\":\"\",\"6\":\"\",\"15\":\"medium\",\"14\":\"\",\"12\":\"\",\"11\":\"\",\"10\":\"\",\"18\":\"1\",\"17\":\"medium\",\"64\":\"0\",\"29\":\"\",\"30\":\"\",\"24\":\"\",\"25\":\"\",\"32\":\"\",\"31\":\"\",\"23\":\"\",\"21\":\"\",\"27\":\"\",\"33\":\"\",\"28\":\"\",\"26\":\"\",\"22\":\"\",\"37\":\"\\u200bLorem ipsum dolor sit amet.\",\"77\":\"\",\"76\":{\"date\":\"\",\"time\":\"\"},\"78\":\"\",\"72\":\"\",\"75\":{\"date\":\"\",\"time\":\"\"},\"74\":\"\",\"16\":\"medium\",\"4\":\"<p>Lorem ipsum dolor sit amet.<\\/p>\",\"42\":[\"91\",\"77\",\"75\"],\"19\":\"\",\"36\":[{\"col1\":\"\",\"col2\":\"\",\"col3\":\"\"}],\"7\":\"\"}}', '2017-06-22 14:43:08', '2017-06-22 14:43:08', '7cf3e497-5808-4be6-b6f9-04da2c8a30ed'),
 ('177', '24', '4', '1', 'en', '6', '', '{\"typeId\":\"4\",\"authorId\":\"1\",\"title\":\"Sydney\",\"slug\":\"sydney\",\"postDate\":1497466200,\"expiryDate\":null,\"enabled\":1,\"parentId\":null,\"fields\":{\"20\":\"\",\"73\":\"\",\"71\":\"\",\"62\":[\"39\"],\"38\":\"\",\"90\":\"Australia\",\"8\":\"\",\"6\":\"\",\"15\":\"medium\",\"14\":\"\",\"12\":\"\",\"11\":\"\",\"10\":\"\",\"18\":\"1\",\"17\":\"medium\",\"64\":\"0\",\"29\":\"\",\"30\":\"\",\"24\":\"\",\"25\":\"\",\"32\":\"\",\"31\":\"\",\"23\":\"\",\"21\":\"\",\"27\":\"\",\"33\":\"\",\"28\":\"\",\"26\":\"\",\"22\":\"\",\"37\":\"With world-class museums, quirky festivals, theatre, live music, laid-back bars and delightful restaurants, there\'s never a shortage of things to do in Amsterdam!\",\"77\":\"\",\"76\":{\"date\":\"\",\"time\":\"\"},\"78\":\"\",\"72\":\"\",\"75\":{\"date\":\"\",\"time\":\"\"},\"74\":\"\",\"16\":\"medium\",\"4\":\"<p>Lorem ipsum dolor sit amet...<\\/p>\",\"42\":[\"91\",\"82\"],\"19\":\"\",\"36\":[{\"col1\":\"\",\"col2\":\"\",\"col3\":\"\"}],\"7\":\"\"}}', '2017-06-22 14:43:24', '2017-06-22 14:43:24', 'b7f9db52-1c11-4041-a084-585d68e6672c'),
 ('178', '23', '4', '1', 'en', '12', '', '{\"typeId\":\"4\",\"authorId\":\"1\",\"title\":\"Tokyo\",\"slug\":\"tokyo\",\"postDate\":1497466140,\"expiryDate\":null,\"enabled\":1,\"parentId\":null,\"fields\":{\"20\":\"\",\"73\":\"\",\"71\":\"\",\"62\":[\"70\"],\"38\":\"\",\"90\":\"Asia\",\"8\":[\"28\"],\"6\":[\"7\"],\"15\":\"medium\",\"14\":\"\",\"12\":\"\",\"11\":\"\",\"10\":\"\",\"18\":\"1\",\"17\":\"medium\",\"64\":\"0\",\"29\":\"\",\"30\":\"\",\"24\":\"\",\"25\":\"\",\"32\":\"\",\"31\":\"\",\"23\":\"\",\"21\":\"\",\"27\":\"\",\"33\":\"\",\"28\":\"\",\"26\":\"\",\"22\":\"\",\"37\":\"With world-class museums, quirky festivals, theatre, live music, laid-back bars and delightful restaurants, there\'s never a shortage of things to do in Amsterdam!\",\"77\":\"\",\"76\":{\"date\":\"\",\"time\":\"\"},\"78\":\"\",\"72\":\"\",\"75\":{\"date\":\"\",\"time\":\"\"},\"74\":\"\",\"16\":\"medium\",\"4\":\"<p>Lorem ipsum dolor sit amet...<\\/p>\",\"42\":[\"82\",\"77\",\"76\",\"81\",\"83\"],\"19\":\"\",\"36\":[{\"col1\":\"\",\"col2\":\"\",\"col3\":\"\"}],\"7\":[\"30\"]}}', '2017-06-22 14:43:55', '2017-06-22 14:43:55', 'afee3c35-4ce2-4e13-bbc5-c91dd8a9cabc'),
 ('179', '65', '4', '1', 'en', '3', '', '{\"typeId\":\"4\",\"authorId\":\"1\",\"title\":\"Da Nang\",\"slug\":\"da-nang\",\"postDate\":1497628020,\"expiryDate\":null,\"enabled\":1,\"parentId\":null,\"fields\":{\"20\":\"\",\"73\":\"\",\"71\":\"\",\"62\":[\"64\"],\"38\":\"\",\"90\":\"Asia\",\"8\":\"\",\"6\":\"\",\"15\":\"medium\",\"14\":\"\",\"12\":\"\",\"11\":\"\",\"10\":\"\",\"18\":\"1\",\"17\":\"medium\",\"64\":\"0\",\"29\":\"\",\"30\":\"\",\"24\":\"\",\"25\":\"\",\"32\":\"\",\"31\":\"\",\"23\":\"\",\"21\":\"\",\"27\":\"\",\"33\":\"\",\"28\":\"\",\"26\":\"\",\"22\":\"\",\"37\":\"\\u200bLorem ipsum dolor sit amet.\",\"77\":\"\",\"76\":{\"date\":\"\",\"time\":\"\"},\"78\":\"\",\"72\":\"\",\"75\":{\"date\":\"\",\"time\":\"\"},\"74\":\"\",\"16\":\"medium\",\"4\":\"<p>Lorem ipsum dolor sit amet.<\\/p>\",\"42\":[\"91\",\"77\",\"75\",\"80\"],\"19\":\"\",\"36\":[{\"col1\":\"\",\"col2\":\"\",\"col3\":\"\"}],\"7\":\"\"}}', '2017-06-22 14:44:43', '2017-06-22 14:44:43', '3cf12d9f-9846-4f40-8dc5-f5277d092b15'),
 ('182', '2', '1', '1', 'en', '58', '', '{\"typeId\":null,\"authorId\":null,\"title\":\"Home\",\"slug\":\"homepage\",\"postDate\":1496677590,\"expiryDate\":null,\"enabled\":1,\"parentId\":null,\"fields\":{\"97\":[\"49\",\"51\",\"53\"],\"59\":[\"23\",\"24\",\"4\",\"63\",\"43\",\"65\"],\"35\":[\"96\"],\"65\":[\"4\"],\"66\":[\"55\"],\"60\":[\"13\",\"45\"],\"12\":\"Wanderbrief City Guides help you plan the perfect remote working trip with information on the best coffee, internet speed, co-working spaces, local adventures and meetups with like-minded nomads across the city.\",\"11\":\"Wanderbrief CityGuides \\u2014 Curated by local nomads.\",\"39\":\"\",\"82\":[\"7\",\"28\",\"30\"],\"89\":\"<p><strong>Work<\\/strong>&nbsp;& <strong>live<\\/strong><strong>&nbsp;<\\/strong>abroad like a local.<\\/p>\"}}', '2017-06-23 12:42:59', '2017-06-23 12:42:59', 'f938e09b-359b-450d-873e-0779e5ce4089'),
 ('183', '98', '10', '1', 'en', '1', NULL, '{\"typeId\":null,\"authorId\":\"1\",\"title\":\"Karan Singh, Madebykaran\",\"slug\":\"karan-singh-madebykaran\",\"postDate\":1498222469,\"expiryDate\":null,\"enabled\":1,\"parentId\":null,\"fields\":{\"81\":[\"97\"],\"4\":\"<p><span class=\\\"s1\\\">Tokyo is <strong>everything<\\/strong> you anticipate it to be and more. It\'ll confront you in ways which challenge you but then embrace you in serendipitous moments. Japanese efficiency and courtesy will ruin you for everywhere else in the world.<\\/span><\\/p>\",\"80\":\"https:\\/\\/instagram.com\\/wanderbrief\"}}', '2017-06-23 12:54:29', '2017-06-23 12:54:29', 'c318f30e-fd05-4084-ba03-4fa321c43c8d'),
 ('184', '99', '3', '1', 'en', '1', '', '{\"typeId\":null,\"authorId\":\"1\",\"title\":\"June 2017\",\"slug\":\"june-2017\",\"postDate\":1498222518,\"expiryDate\":null,\"enabled\":1,\"parentId\":null,\"fields\":{\"34\":[\"98\"],\"99\":\"<p>xvsfsdfsdfs<\\/p>\",\"92\":{\"date\":\"6\\/1\\/2017\"},\"101\":[\"94\"],\"63\":[\"95\"],\"100\":[{\"col1\":\"1\",\"col2\":\"Apple Macbook Pro\",\"col3\":\"15 inch with Retina display\",\"col4\":\"http:\\/\\/amazon.com\"},{\"col1\":\"2\",\"col2\":\"Apple iPad Air 2\",\"col3\":\"with Retina display and 16 GBof storage\",\"col4\":\"http:\\/\\/amazon.com\"}]}}', '2017-06-23 12:55:18', '2017-06-23 12:55:18', '45185a03-552b-4ade-b8bc-50b4e9e78daa'),
 ('185', '2', '1', '1', 'en', '59', '', '{\"typeId\":null,\"authorId\":null,\"title\":\"Home\",\"slug\":\"homepage\",\"postDate\":1496677590,\"expiryDate\":null,\"enabled\":1,\"parentId\":null,\"fields\":{\"97\":[\"49\",\"51\",\"53\"],\"59\":[\"23\",\"24\",\"4\",\"63\",\"43\",\"65\"],\"35\":[\"96\"],\"65\":[\"4\"],\"66\":[\"99\"],\"60\":\"\",\"12\":\"Wanderbrief City Guides help you plan the perfect remote working trip with information on the best coffee, internet speed, co-working spaces, local adventures and meetups with like-minded nomads across the city.\",\"11\":\"Wanderbrief CityGuides \\u2014 Curated by local nomads.\",\"39\":\"\",\"82\":[\"7\",\"28\",\"30\"],\"89\":\"<p><strong>Work<\\/strong>&nbsp;& <strong>live<\\/strong><strong>&nbsp;<\\/strong>abroad like a local.<\\/p>\"}}', '2017-06-23 12:56:40', '2017-06-23 12:56:40', 'f841c5c2-945a-499e-b589-b7975acd43db'),
 ('186', '99', '3', '1', 'en', '2', '', '{\"typeId\":\"3\",\"authorId\":\"1\",\"title\":\"June 2017\",\"slug\":\"june-2017\",\"postDate\":1498222500,\"expiryDate\":null,\"enabled\":1,\"parentId\":null,\"fields\":{\"34\":[\"98\"],\"92\":{\"date\":\"7\\/1\\/2017\"},\"101\":[\"94\"],\"63\":[\"95\"],\"100\":[{\"col1\":\"1\",\"col2\":\"Apple Macbook Pro\",\"col3\":\"15 inch with Retina display\",\"col4\":\"http:\\/\\/amazon.com\"},{\"col1\":\"2\",\"col2\":\"Apple iPad Air 2\",\"col3\":\"with Retina display and 16 GBof storage\",\"col4\":\"http:\\/\\/amazon.com\"}]}}', '2017-06-23 12:58:30', '2017-06-23 12:58:30', '5e5910d2-e833-4b49-a018-50efa368106a'),
 ('187', '99', '3', '1', 'en', '3', '', '{\"typeId\":\"3\",\"authorId\":\"1\",\"title\":\"June 2017 by Karan Singh\",\"slug\":\"june-2017\",\"postDate\":1498222500,\"expiryDate\":null,\"enabled\":1,\"parentId\":null,\"fields\":{\"34\":[\"98\"],\"92\":{\"date\":\"7\\/1\\/2017\"},\"101\":[\"94\"],\"63\":[\"95\"],\"100\":[{\"col1\":\"1\",\"col2\":\"Apple Macbook Pro\",\"col3\":\"15 inch with Retina display\",\"col4\":\"http:\\/\\/amazon.com\"},{\"col1\":\"2\",\"col2\":\"Apple iPad Air 2\",\"col3\":\"with Retina display and 16 GBof storage\",\"col4\":\"http:\\/\\/amazon.com\"}]}}', '2017-06-23 12:59:24', '2017-06-23 12:59:24', '5360dd71-62df-4d46-9149-d83a7af5ae6d'),
 ('188', '99', '3', '1', 'en', '4', '', '{\"typeId\":\"3\",\"authorId\":\"1\",\"title\":\"June 2017 by Karan Singh\",\"slug\":\"june-2017-by-karan-singh\",\"postDate\":1498222500,\"expiryDate\":null,\"enabled\":1,\"parentId\":null,\"fields\":{\"34\":[\"98\"],\"92\":{\"date\":\"7\\/1\\/2017\"},\"101\":[\"94\"],\"63\":[\"95\"],\"100\":[{\"col1\":\"1\",\"col2\":\"Apple Macbook Pro\",\"col3\":\"15 inch with Retina display\",\"col4\":\"http:\\/\\/amazon.com\"},{\"col1\":\"2\",\"col2\":\"Apple iPad Air 2\",\"col3\":\"with Retina display and 16 GBof storage\",\"col4\":\"http:\\/\\/amazon.com\"}]}}', '2017-06-23 12:59:36', '2017-06-23 12:59:36', 'cf6dcdcf-0623-4ca5-b30e-6c7102025465'),
 ('189', '99', '3', '1', 'en', '5', '', '{\"typeId\":\"3\",\"authorId\":\"1\",\"title\":\"June 2017 by Karan Singh\",\"slug\":\"june-2017-by-karan-singh\",\"postDate\":1498222500,\"expiryDate\":null,\"enabled\":1,\"parentId\":null,\"fields\":{\"92\":{\"date\":\"7\\/1\\/2017\"},\"101\":[\"94\"],\"63\":[\"95\"],\"100\":[{\"col1\":\"1\",\"col2\":\"Apple Macbook Pro\",\"col3\":\"15 inch with Retina display\",\"col4\":\"http:\\/\\/amazon.com\"},{\"col1\":\"2\",\"col2\":\"Apple iPad Air 2\",\"col3\":\"with Retina display and 16 GBof storage\",\"col4\":\"http:\\/\\/amazon.com\"}],\"102\":[\"98\"]}}', '2017-06-23 13:36:50', '2017-06-23 13:36:50', '88d80369-1eff-4966-992f-b3c23b34ea22'),
 ('190', '98', '10', '1', 'en', '2', '', '{\"typeId\":\"10\",\"authorId\":\"1\",\"title\":\"Karan Singh\",\"slug\":\"karan-singh-madebykaran\",\"postDate\":1498222440,\"expiryDate\":null,\"enabled\":1,\"parentId\":null,\"fields\":{\"81\":[\"97\"],\"4\":\"<p>Tokyo is <strong>everything<\\/strong> you anticipate it to be and more. It\'ll confront you in ways which challenge you but then embrace you in serendipitous moments. Japanese efficiency and courtesy will ruin you for everywhere else in the world.<\\/p>\",\"80\":\"https:\\/\\/instagram.com\\/wanderbrief\"}}', '2017-06-23 14:04:07', '2017-06-23 14:04:07', '41d201cf-4c08-4663-9c83-22ed9a7141a0'),
 ('191', '99', '3', '1', 'en', '6', '', '{\"typeId\":\"3\",\"authorId\":\"1\",\"title\":\"July 2017 by Karan Singh\",\"slug\":\"july-2017-by-karan-singh\",\"postDate\":1498222500,\"expiryDate\":null,\"enabled\":1,\"parentId\":null,\"fields\":{\"92\":{\"date\":\"7\\/1\\/2017\"},\"101\":[\"95\"],\"63\":[\"100\"],\"100\":[{\"col1\":\"1\",\"col2\":\"Apple Macbook Pro\",\"col3\":\"15 inch with Retina display\",\"col4\":\"http:\\/\\/amazon.com\"},{\"col1\":\"2\",\"col2\":\"Apple iPad Air 2\",\"col3\":\"with Retina display and 16 GBof storage\",\"col4\":\"http:\\/\\/amazon.com\"}],\"102\":[\"98\"]}}', '2017-06-24 11:08:13', '2017-06-24 11:08:13', '78e39c02-dc9c-4aa0-8ea3-cb070ee7e4ef'),
 ('192', '101', '3', '1', 'en', '1', '', '{\"typeId\":null,\"authorId\":\"1\",\"title\":\"June by Cl\\u00e9ment Guillou\",\"slug\":\"june-by-clement-guillou\",\"postDate\":1498303260,\"expiryDate\":null,\"enabled\":1,\"parentId\":null,\"fields\":{\"92\":{\"date\":\"6\\/1\\/2017\"},\"101\":[\"95\"],\"63\":[\"100\"],\"100\":[{\"col1\":\"1\",\"col2\":\"Lorem ipsum\",\"col3\":\"Lorem ipsum dolor sit amet\",\"col4\":\"https:\\/\\/amazon.com\"},{\"col1\":\"2\",\"col2\":\"Lorem ipsum\",\"col3\":\"Lorem ipsum dolor sit amet lorem ipsum dolor sit amet\",\"col4\":\"https:\\/\\/amazon.com\"},{\"col1\":\"3\",\"col2\":\"Lorem ipsum\",\"col3\":\"Lorem ipsum dolor sit amet lorem ipsum\",\"col4\":\"https:\\/\\/amazon.com\"},{\"col1\":\"4\",\"col2\":\"Lorem ipsum\",\"col3\":\"Lorem ipsum dolor sit amet\",\"col4\":\"https:\\/\\/amazon.com\"}],\"102\":[\"98\"]}}', '2017-06-24 11:21:00', '2017-06-24 11:21:00', 'dc8e9996-1cba-4951-866d-34f14dd822b7'),
 ('193', '102', '10', '1', 'en', '1', '', '{\"typeId\":null,\"authorId\":\"1\",\"title\":\"Cl\\u00e9ment Guillou\",\"slug\":\"cl\\u00e9ment-guillou\",\"postDate\":1498303478,\"expiryDate\":null,\"enabled\":1,\"parentId\":null,\"fields\":{\"81\":[\"97\"],\"4\":\"<p>Lorem ipsun dolor sit amet.<\\/p>\",\"80\":\"http:\\/\\/clementguillou.com\"}}', '2017-06-24 11:24:39', '2017-06-24 11:24:39', '908272a5-7d7c-4710-aa52-fab06eb979d9'),
 ('194', '101', '3', '1', 'en', '2', '', '{\"typeId\":\"3\",\"authorId\":\"1\",\"title\":\"June by Cl\\u00e9ment Guillou\",\"slug\":\"june-by-clement-guillou\",\"postDate\":1498303260,\"expiryDate\":null,\"enabled\":1,\"parentId\":null,\"fields\":{\"92\":{\"date\":\"6\\/1\\/2017\"},\"101\":[\"95\"],\"63\":[\"100\"],\"100\":[{\"col1\":\"1\",\"col2\":\"Lorem ipsum\",\"col3\":\"Lorem ipsum dolor sit amet\",\"col4\":\"https:\\/\\/amazon.com\"},{\"col1\":\"2\",\"col2\":\"Lorem ipsum\",\"col3\":\"Lorem ipsum dolor sit amet lorem ipsum dolor sit amet\",\"col4\":\"https:\\/\\/amazon.com\"},{\"col1\":\"3\",\"col2\":\"Lorem ipsum\",\"col3\":\"Lorem ipsum dolor sit amet lorem ipsum\",\"col4\":\"https:\\/\\/amazon.com\"},{\"col1\":\"4\",\"col2\":\"Lorem ipsum\",\"col3\":\"Lorem ipsum dolor sit amet\",\"col4\":\"https:\\/\\/amazon.com\"}],\"102\":[\"102\"]}}', '2017-06-24 11:24:53', '2017-06-24 11:24:53', 'c333712d-f6a9-4bd3-85b1-6a5ef98069ef'),
 ('195', '101', '3', '1', 'en', '3', '', '{\"typeId\":\"3\",\"authorId\":\"1\",\"title\":\"June by Cl\\u00e9ment Guillou\",\"slug\":\"june-by-clement-guillou\",\"postDate\":1498303260,\"expiryDate\":null,\"enabled\":1,\"parentId\":null,\"fields\":{\"92\":{\"date\":\"6\\/1\\/2017\"},\"101\":[\"95\"],\"63\":[\"100\"],\"100\":[{\"col1\":\"1\",\"col2\":\"Lorem ipsum\",\"col3\":\"Lorem ipsum dolor sit amet\",\"col4\":\"https:\\/\\/amazon.com\"},{\"col1\":\"2\",\"col2\":\"Lorem ipsum\",\"col3\":\"Lorem ipsum dolor sit amet lorem ipsum dolor sit amet\",\"col4\":\"https:\\/\\/amazon.com\"},{\"col1\":\"3\",\"col2\":\"Lorem ipsum\",\"col3\":\"Lorem ipsum dolor sit amet lorem ipsum\",\"col4\":\"https:\\/\\/amazon.com\"},{\"col1\":\"4\",\"col2\":\"Lorem ipsum\",\"col3\":\"Lorem ipsum dolor sit amet\",\"col4\":\"https:\\/\\/amazon.com\"},{\"col1\":\"5\",\"col2\":\"Lorem ipsum\",\"col3\":\"Lorem ipsum dolor sit amet\",\"col4\":\"https:\\/\\/amazon.com\"},{\"col1\":\"6\",\"col2\":\"Lorem ipsum\",\"col3\":\"Lorem ipsum dolor sit amet\",\"col4\":\"https:\\/\\/amazon.com\"},{\"col1\":\"7\",\"col2\":\"Lorem ipsum\",\"col3\":\"Lorem ipsum dolor sit amet\",\"col4\":\"https:\\/\\/amazon.com\"}],\"102\":[\"102\"]}}', '2017-06-24 11:27:31', '2017-06-24 11:27:31', 'c1e7d3a8-c226-452c-aa7f-3335a146ddd2'),
 ('196', '58', '12', '1', 'en', '12', '', '{\"typeId\":null,\"authorId\":null,\"title\":\"Cities\",\"slug\":\"cities\",\"postDate\":1497621018,\"expiryDate\":null,\"enabled\":1,\"parentId\":null,\"fields\":{\"35\":[\"17\"],\"89\":\"<p>Top Cities<\\/p>\",\"42\":[\"81\",\"79\",\"78\",\"83\",\"76\",\"80\",\"82\",\"77\",\"75\",\"91\",\"92\",\"93\"]}}', '2017-06-26 17:36:56', '2017-06-26 17:36:56', 'e003c1cf-6e34-46ee-b8c7-113e7e01f3ae'),
 ('197', '58', '12', '1', 'en', '13', '', '{\"typeId\":null,\"authorId\":null,\"title\":\"Cities\",\"slug\":\"cities\",\"postDate\":1497621018,\"expiryDate\":null,\"enabled\":1,\"parentId\":null,\"fields\":{\"35\":[\"60\"],\"89\":\"<p>Top Cities<\\/p>\",\"42\":[\"81\",\"79\",\"78\",\"83\",\"76\",\"80\",\"82\",\"77\",\"75\",\"91\",\"92\",\"93\"]}}', '2017-06-26 17:37:30', '2017-06-26 17:37:30', '9aba2502-4fa3-4dbf-8327-87980dfe5840'),
 ('198', '4', '4', '1', 'en', '33', '', '{\"typeId\":\"4\",\"authorId\":\"1\",\"title\":\"Amsterdam\",\"slug\":\"amsterdam\",\"postDate\":1496691060,\"expiryDate\":null,\"enabled\":1,\"parentId\":null,\"fields\":{\"20\":\"\",\"73\":[\"37\"],\"71\":\"Uber\",\"62\":[\"89\"],\"38\":\"Where else in the world can you enjoy the hipster city life and within a few minutes find yourself in a geothermal pool in the middle of a Game of Thrones set?\",\"90\":\"Europe\",\"8\":[\"28\"],\"6\":[\"7\"],\"15\":\"high\",\"14\":\"\",\"12\":\"\",\"11\":\"\",\"10\":[\"5\",\"72\",\"86\"],\"18\":\"1\",\"17\":\"low\",\"64\":\"0\",\"29\":\"\",\"30\":\"\",\"24\":\"\",\"25\":\"\",\"32\":\"\",\"31\":\"\",\"23\":\"\",\"21\":\"\",\"27\":\"\",\"33\":\"\",\"28\":\"\",\"26\":\"\",\"22\":\"\",\"37\":\"Where else in the world can you enjoy the hipster city life and within a few minutes find yourself in a geothermal pool in the middle of a Game of Thrones set?\",\"77\":\"1\",\"76\":{\"date\":\"6\\/27\\/2017\",\"time\":\"2:00 AM\"},\"78\":\"\",\"72\":\"https:\\/\\/uber.com\",\"75\":{\"date\":\"6\\/4\\/2017\",\"time\":\"2:00 AM\"},\"74\":\"\",\"16\":\"medium\",\"4\":\"<p>Where else in the world can you enjoy the hipster city life and within a few minutes find yourself in a geothermal pool in the middle of a Game of Thrones set?<\\/p>\",\"42\":[\"75\",\"76\",\"78\",\"79\",\"82\"],\"19\":\"\",\"36\":[{\"col1\":\"\",\"col2\":\"\",\"col3\":\"\"}],\"7\":[\"30\"]}}', '2017-07-04 22:51:44', '2017-07-04 22:51:44', 'ee301a7f-351f-41b9-9eec-fc1c9eca0c4a'),
 ('199', '4', '4', '1', 'en', '34', '', '{\"typeId\":\"4\",\"authorId\":\"1\",\"title\":\"Amsterdam\",\"slug\":\"amsterdam\",\"postDate\":1496691060,\"expiryDate\":null,\"enabled\":1,\"parentId\":null,\"fields\":{\"20\":\"\",\"73\":[\"37\"],\"71\":\"Uber\",\"62\":[\"89\"],\"38\":\"Where else in the world can you enjoy the hipster city life and within a few minutes find yourself in a geothermal pool in the middle of a Game of Thrones set?\",\"90\":\"Europe\",\"8\":[\"28\"],\"6\":[\"7\"],\"15\":\"high\",\"14\":\"\",\"12\":\"\",\"11\":\"\",\"10\":[\"5\",\"72\",\"86\"],\"18\":\"1\",\"17\":\"low\",\"64\":\"0\",\"29\":\"\",\"30\":\"\",\"24\":\"\",\"25\":\"\",\"32\":\"\",\"31\":\"\",\"23\":\"\",\"21\":\"\",\"27\":\"\",\"33\":\"\",\"28\":\"\",\"26\":\"\",\"22\":\"\",\"37\":\"Where else in the world can you enjoy the hipster city life and within a few minutes find yourself in a geothermal pool in the middle of a Game of Thrones set?\",\"77\":\"1\",\"76\":{\"date\":\"6\\/27\\/2017\",\"time\":\"2:00 AM\"},\"78\":\"\",\"72\":\"https:\\/\\/uber.com\",\"75\":{\"date\":\"6\\/4\\/2017\",\"time\":\"2:00 AM\"},\"74\":\"\",\"16\":\"medium\",\"4\":\"<p>Amsterdam radiates an electric energy that can be felt even by those who pass through for a brief visit \\u2013 it might have something to do with the dizzying amount of bicycles that race through the city at any given moment. And still, it\\u2019s easy to get (welcomingly) lost in the city\\u2019s small streets. The famous canal belt is something out of a movie; the crooked facades of the historic buildings are so imperfectly perfect it\\u2019s hard to imagine they\\u2019re actually real. In a city like this, it\\u2019s about finding the beauty in the chaos.<\\/p>\",\"42\":[\"75\",\"76\",\"78\",\"79\",\"82\"],\"19\":\"\",\"36\":[{\"col1\":\"\",\"col2\":\"\",\"col3\":\"\"}],\"7\":[\"30\"]}}', '2017-07-04 23:02:14', '2017-07-04 23:02:14', 'd609dd46-2646-4a0c-878a-fc3f1fbd29d0'),
 ('200', '4', '4', '1', 'en', '35', '', '{\"typeId\":\"4\",\"authorId\":\"1\",\"title\":\"Amsterdam\",\"slug\":\"amsterdam\",\"postDate\":1496691060,\"expiryDate\":null,\"enabled\":1,\"parentId\":null,\"fields\":{\"20\":\"\",\"73\":[\"37\"],\"71\":\"Uber\",\"62\":[\"89\"],\"38\":\"There\\u2019s a reason why people flock to Amsterdam to experience the magic themselves. But that also means there are tourists all year round. Then throw bikes in the mix and it doesn\\u2019t always make for a pretty sight. My advice, if you don\\u2019t feel stable on two wheels (and don\\u2019t ride at home), don\\u2019t try it here! We\\u2019re ruthless on our bikes!\",\"90\":\"Europe\",\"8\":[\"28\"],\"6\":[\"7\"],\"15\":\"high\",\"14\":\"\",\"12\":\"\",\"11\":\"\",\"10\":[\"5\",\"72\",\"86\"],\"18\":\"1\",\"17\":\"low\",\"64\":\"0\",\"29\":\"\",\"30\":\"\",\"24\":\"\",\"25\":\"\",\"32\":\"\",\"31\":\"\",\"23\":\"\",\"21\":\"\",\"27\":\"\",\"33\":\"\",\"28\":\"\",\"26\":\"\",\"22\":\"\",\"37\":\"Amsterdam is all about contrasts; it\\u2019s equal parts old and new, innovative and down-to-earth, frenzied and calm, humble and proud. It\\u2019s amongst these dichotomies that we find comfort and belonging. Add to the mix a relaxed work culture (forget \\u2018work hard, play hard\\u2019, we\\u2019re all about \\u2018work a little, play more\\u2019) and you might never want to leave.\",\"77\":\"1\",\"76\":{\"date\":\"6\\/27\\/2017\",\"time\":\"2:00 AM\"},\"78\":\"\",\"72\":\"https:\\/\\/uber.com\",\"75\":{\"date\":\"6\\/4\\/2017\",\"time\":\"2:00 AM\"},\"74\":\"\",\"16\":\"medium\",\"4\":\"<p>Amsterdam radiates an electric energy that can be felt even by those who pass through for a brief visit \\u2013 it might have something to do with the dizzying amount of bicycles that race through the city at any given moment. And still, it\\u2019s easy to get (welcomingly) lost in the city\\u2019s small streets. The famous canal belt is something out of a movie; the crooked facades of the historic buildings are so imperfectly perfect it\\u2019s hard to imagine they\\u2019re actually real. In a city like this, it\\u2019s about finding the beauty in the chaos.<\\/p>\",\"42\":[\"75\",\"76\",\"78\",\"79\",\"82\"],\"19\":\"\",\"36\":[{\"col1\":\"\",\"col2\":\"\",\"col3\":\"\"}],\"7\":[\"30\"]}}', '2017-07-04 23:02:40', '2017-07-04 23:02:40', '68dff727-68ab-48b3-91d3-34bdfb44e2bb'),
 ('201', '4', '4', '1', 'en', '36', '', '{\"typeId\":\"4\",\"authorId\":\"1\",\"title\":\"Amsterdam\",\"slug\":\"amsterdam\",\"postDate\":1496691060,\"expiryDate\":null,\"enabled\":1,\"parentId\":null,\"fields\":{\"20\":\"\",\"73\":[\"37\"],\"71\":\"Uber\",\"62\":[\"89\"],\"38\":\"There\\u2019s a reason why people flock to Amsterdam to experience the magic themselves. But that also means there are tourists all year round. Then throw bikes in the mix and it doesn\\u2019t always make for a pretty sight. My advice, if you don\\u2019t feel stable on two wheels (and don\\u2019t ride at home), don\\u2019t try it here! We\\u2019re ruthless on our bikes!\",\"90\":\"Europe\",\"8\":[\"28\"],\"6\":[\"7\"],\"15\":\"high\",\"14\":\"\",\"12\":\"\",\"11\":\"\",\"10\":[\"5\",\"72\",\"86\"],\"18\":\"1\",\"17\":\"low\",\"64\":\"0\",\"29\":\"\",\"30\":\"\",\"24\":\"\",\"25\":\"\",\"32\":\"\",\"31\":\"\",\"23\":\"\",\"21\":\"\",\"27\":\"\",\"33\":\"\",\"28\":\"\",\"26\":\"\",\"22\":\"\",\"37\":\"Amsterdam is all about contrasts; it\\u2019s equal parts old and new, innovative and down-to-earth, frenzied and calm, humble and proud. It\\u2019s amongst these dichotomies that we find comfort and belonging. Add to the mix a relaxed work culture (forget \\u2018work hard, play hard\\u2019, we\\u2019re all about \\u2018work a little, play more\\u2019) and you might never want to leave.\",\"77\":\"1\",\"76\":{\"date\":\"6\\/27\\/2017\",\"time\":\"2:00 AM\"},\"78\":\"\",\"72\":\"https:\\/\\/uber.com\",\"75\":{\"date\":\"6\\/4\\/2017\",\"time\":\"2:00 AM\"},\"74\":\"\",\"104\":\"Amsterdam is all about contrasts; it\\u2019s equal parts old and new, innovative and down-to-earth, frenzied and calm, humble and proud. It\\u2019s amongst these dichotomies that we find comfort and belonging.\",\"16\":\"medium\",\"4\":\"<p>Amsterdam radiates an electric energy that can be felt even by those who pass through for a brief visit \\u2013 it might have something to do with the dizzying amount of bicycles that race through the city at any given moment. And still, it\\u2019s easy to get (welcomingly) lost in the city\\u2019s small streets. The famous canal belt is something out of a movie; the crooked facades of the historic buildings are so imperfectly perfect it\\u2019s hard to imagine they\\u2019re actually real. In a city like this, it\\u2019s about finding the beauty in the chaos.<\\/p>\",\"42\":[\"75\",\"76\",\"78\",\"79\",\"82\"],\"19\":\"\",\"36\":[{\"col1\":\"\",\"col2\":\"\",\"col3\":\"\"}],\"7\":[\"30\"]}}', '2017-07-04 23:05:39', '2017-07-04 23:05:39', '5b1cace4-5f0e-4df7-b31c-e2a5182db11f'),
 ('202', '4', '4', '1', 'en', '37', '', '{\"typeId\":\"4\",\"authorId\":\"1\",\"title\":\"Amsterdam\",\"slug\":\"amsterdam\",\"postDate\":1496691060,\"expiryDate\":null,\"enabled\":1,\"parentId\":null,\"fields\":{\"20\":\"\",\"73\":[\"37\"],\"71\":\"Uber\",\"62\":[\"89\"],\"38\":\"There\\u2019s a reason why people flock to Amsterdam to experience the magic themselves. But that also means there are tourists all year round. Then throw bikes in the mix and it doesn\\u2019t always make for a pretty sight. My advice, if you don\\u2019t feel stable on two wheels (and don\\u2019t ride at home), don\\u2019t try it here! We\\u2019re ruthless on our bikes!\",\"90\":\"Europe\",\"8\":[\"28\"],\"6\":[\"7\"],\"15\":\"high\",\"14\":\"\",\"12\":\"\",\"11\":\"\",\"10\":[\"5\",\"72\",\"86\"],\"18\":\"1\",\"17\":\"low\",\"64\":\"0\",\"29\":\"\",\"30\":\"\",\"24\":\"\",\"25\":\"\",\"32\":\"\",\"31\":\"\",\"23\":\"\",\"21\":\"\",\"27\":\"\",\"33\":\"\",\"28\":\"\",\"26\":\"\",\"22\":\"\",\"37\":\"Amsterdam is all about contrasts; it\\u2019s equal parts old and new, innovative and down-to-earth, frenzied and calm, humble and proud. It\\u2019s amongst these dichotomies that we find comfort and belonging. Add to the mix a relaxed work culture (forget \\u2018work hard, play hard\\u2019, we\\u2019re all about \\u2018work a little, play more\\u2019) and you might never want to leave.\",\"77\":\"1\",\"76\":{\"date\":\"6\\/27\\/2017\",\"time\":\"2:00 AM\"},\"78\":\"\",\"72\":\"https:\\/\\/uber.com\",\"75\":{\"date\":\"6\\/4\\/2017\",\"time\":\"2:00 AM\"},\"74\":\"\",\"104\":\"Amsterdam is all about contrasts; it\\u2019s equal parts old and new, innovative and down-to-earth, frenzied and calm, humble and proud. It\\u2019s amongst these dichotomies that we find comfort and belonging.\",\"105\":[\"98\"],\"16\":\"medium\",\"4\":\"<p>Amsterdam radiates an electric energy that can be felt even by those who pass through for a brief visit \\u2013 it might have something to do with the dizzying amount of bicycles that race through the city at any given moment. And still, it\\u2019s easy to get (welcomingly) lost in the city\\u2019s small streets. The famous canal belt is something out of a movie; the crooked facades of the historic buildings are so imperfectly perfect it\\u2019s hard to imagine they\\u2019re actually real. In a city like this, it\\u2019s about finding the beauty in the chaos.<\\/p>\",\"42\":[\"75\",\"76\",\"78\",\"79\",\"82\"],\"19\":\"\",\"36\":[{\"col1\":\"\",\"col2\":\"\",\"col3\":\"\"}],\"7\":[\"30\"]}}', '2017-07-04 23:07:37', '2017-07-04 23:07:37', '02355285-393e-46f9-b94a-30ca613b96f8'),
 ('203', '98', '10', '1', 'en', '3', '', '{\"typeId\":\"10\",\"authorId\":\"1\",\"title\":\"Karan Singh, Madebykaran\",\"slug\":\"karan-singh-madebykaran\",\"postDate\":1498222440,\"expiryDate\":null,\"enabled\":1,\"parentId\":null,\"fields\":{\"81\":[\"97\"],\"4\":\"<p>Tokyo is <strong>everything<\\/strong> you anticipate it to be and more. It\'ll confront you in ways which challenge you but then embrace you in serendipitous moments. Japanese efficiency and courtesy will ruin you for everywhere else in the world.<\\/p>\",\"80\":\"https:\\/\\/instagram.com\\/wanderbrief\"}}', '2017-07-04 23:12:40', '2017-07-04 23:12:40', 'd33b3405-67e6-4984-9e00-7bb57d4dd9a2'),
 ('204', '5', '5', '1', 'en', '8', '', '{\"typeId\":\"5\",\"authorId\":\"1\",\"title\":\"Noord\",\"slug\":\"noord\",\"postDate\":1496691600,\"expiryDate\":null,\"enabled\":1,\"parentId\":null,\"fields\":{\"73\":[\"37\"],\"71\":\"Uber\",\"40\":[\"4\"],\"35\":[\"62\"],\"8\":[\"28\"],\"6\":[\"7\"],\"12\":\"\",\"11\":\"\",\"39\":\"\",\"77\":\"1\",\"76\":{\"date\":\"\",\"time\":\"\"},\"78\":\"\",\"72\":\"\",\"75\":{\"date\":\"\",\"time\":\"\"},\"74\":\"<p>Bla bla bla<\\/p>\",\"4\":\"<p><span class=\\\"s1\\\">The once so \\u2018boring\\u2019 industrial area has become one of the hotspots of the city. From hippie-markets to the world\\u2019s most creative companies and epic festivals all year round, Amsterdam Noord is the place to be. One of the best things about this area is that it\\u2019s more relaxing to walk around compared to areas like the centre. On top of that you have an amazing view over the modest skyline of Amsterdam with (if you\\u2019re lucky) the sun shining on your side all day.<\\/span><span><\\/span><\\/p>\",\"41\":[\"66\",\"67\",\"68\"],\"36\":[{\"col1\":\"\",\"col2\":\"\",\"col3\":\"\"}],\"7\":[\"30\"]}}', '2017-07-06 13:49:54', '2017-07-06 13:49:54', '3f2e15d6-2324-444c-b7c9-5dbea2a89393'),
 ('205', '4', '4', '1', 'en', '38', '', '{\"typeId\":\"4\",\"authorId\":\"1\",\"title\":\"Amsterdam\",\"slug\":\"amsterdam\",\"postDate\":1496691060,\"expiryDate\":null,\"enabled\":1,\"parentId\":null,\"fields\":{\"20\":\"\",\"73\":[\"37\"],\"71\":\"Uber\",\"34\":[\"98\"],\"62\":[\"89\"],\"38\":\"There\\u2019s a reason why people flock to Amsterdam to experience the magic themselves. But that also means there are tourists all year round. Then throw bikes in the mix and it doesn\\u2019t always make for a pretty sight. My advice, if you don\\u2019t feel stable on two wheels (and don\\u2019t ride at home), don\\u2019t try it here! We\\u2019re ruthless on our bikes!\",\"90\":\"Europe\",\"8\":[\"28\"],\"6\":[\"7\"],\"15\":\"high\",\"14\":\"\",\"12\":\"\",\"11\":\"\",\"10\":[\"5\",\"72\",\"86\"],\"18\":\"1\",\"17\":\"low\",\"64\":\"0\",\"29\":\"\",\"30\":\"\",\"24\":\"\",\"25\":\"\",\"32\":\"\",\"31\":\"\",\"23\":\"\",\"21\":\"\",\"27\":\"\",\"33\":\"\",\"28\":\"\",\"26\":\"\",\"22\":\"\",\"37\":\"Amsterdam is all about contrasts; it\\u2019s equal parts old and new, innovative and down-to-earth, frenzied and calm, humble and proud. It\\u2019s amongst these dichotomies that we find comfort and belonging. Add to the mix a relaxed work culture (forget \\u2018work hard, play hard\\u2019, we\\u2019re all about \\u2018work a little, play more\\u2019) and you might never want to leave.\",\"77\":\"1\",\"76\":{\"date\":\"6\\/27\\/2017\",\"time\":\"2:00 AM\"},\"78\":\"\",\"72\":\"https:\\/\\/uber.com\",\"75\":{\"date\":\"6\\/4\\/2017\",\"time\":\"2:00 AM\"},\"74\":\"\",\"104\":\"Amsterdam is all about contrasts; it\\u2019s equal parts old and new, innovative and down-to-earth, frenzied and calm, humble and proud. It\\u2019s amongst these dichotomies that we find comfort and belonging.\",\"16\":\"medium\",\"4\":\"<p>Amsterdam radiates an electric energy that can be felt even by those who pass through for a brief visit \\u2013 it might have something to do with the dizzying amount of bicycles that race through the city at any given moment. And still, it\\u2019s easy to get (welcomingly) lost in the city\\u2019s small streets. The famous canal belt is something out of a movie; the crooked facades of the historic buildings are so imperfectly perfect it\\u2019s hard to imagine they\\u2019re actually real. In a city like this, it\\u2019s about finding the beauty in the chaos.<\\/p>\",\"42\":[\"75\",\"76\",\"78\",\"79\",\"82\"],\"19\":\"\",\"36\":[{\"col1\":\"\",\"col2\":\"\",\"col3\":\"\"}],\"7\":[\"30\"]}}', '2017-07-06 19:36:45', '2017-07-06 19:36:45', 'e9a19000-2925-4072-8c5c-f2af797b044f'),
 ('206', '5', '5', '1', 'en', '9', '', '{\"typeId\":\"5\",\"authorId\":\"1\",\"title\":\"Noord\",\"slug\":\"noord\",\"postDate\":1496691600,\"expiryDate\":null,\"enabled\":1,\"parentId\":null,\"fields\":{\"73\":[\"37\"],\"71\":\"Uber\",\"34\":[\"98\"],\"40\":[\"4\"],\"35\":[\"62\"],\"8\":[\"28\"],\"6\":[\"7\"],\"12\":\"\",\"11\":\"\",\"39\":\"\",\"77\":\"1\",\"76\":{\"date\":\"\",\"time\":\"\"},\"78\":\"\",\"72\":\"\",\"75\":{\"date\":\"\",\"time\":\"\"},\"74\":\"<p>Bla bla bla<\\/p>\",\"4\":\"<p>The once so \\u2018boring\\u2019 industrial area has become one of the hotspots of the city. From hippie-markets to the world\\u2019s most creative companies and epic festivals all year round, Amsterdam Noord is the place to be. One of the best things about this area is that it\\u2019s more relaxing to walk around compared to areas like the centre. On top of that you have an amazing view over the modest skyline of Amsterdam with (if you\\u2019re lucky) the sun shining on your side all day.<\\/p>\",\"41\":[\"66\",\"67\",\"68\"],\"36\":[{\"col1\":\"\",\"col2\":\"\",\"col3\":\"\"}],\"7\":[\"30\"]}}', '2017-07-06 19:36:55', '2017-07-06 19:36:55', 'c6626a21-6ae9-4e18-99e0-9683290499d5'),
 ('207', '72', '5', '1', 'en', '3', '', '{\"typeId\":\"5\",\"authorId\":\"1\",\"title\":\"West\",\"slug\":\"west\",\"postDate\":1498054200,\"expiryDate\":null,\"enabled\":1,\"parentId\":null,\"fields\":{\"73\":\"\",\"71\":\"\",\"34\":[\"102\"],\"40\":[\"4\"],\"35\":[\"60\"],\"8\":[\"28\"],\"6\":[\"7\"],\"12\":\"\",\"11\":\"\",\"39\":\"\",\"77\":\"\",\"76\":{\"date\":\"\",\"time\":\"\"},\"78\":\"\",\"72\":\"\",\"75\":{\"date\":\"\",\"time\":\"\"},\"74\":\"\",\"4\":\"<p>Lorem ipsum dolor sit amet...<\\/p>\",\"41\":[\"71\",\"84\",\"85\"],\"36\":[{\"col1\":\"\",\"col2\":\"\",\"col3\":\"\"}],\"7\":\"\"}}', '2017-07-06 20:13:44', '2017-07-06 20:13:44', 'aec96a07-5588-4fa9-9433-8dd02c2797be'),
 ('208', '86', '5', '1', 'en', '4', '', '{\"typeId\":\"5\",\"authorId\":\"1\",\"title\":\"Centrum\",\"slug\":\"centrum\",\"postDate\":1498118940,\"expiryDate\":null,\"enabled\":1,\"parentId\":null,\"fields\":{\"73\":\"\",\"71\":\"\",\"34\":[\"98\"],\"40\":[\"4\"],\"35\":[\"9\"],\"8\":[\"28\"],\"6\":\"\",\"12\":\"\",\"11\":\"\",\"39\":\"\",\"77\":\"\",\"76\":{\"date\":\"\",\"time\":\"\"},\"78\":\"\",\"72\":\"\",\"75\":{\"date\":\"\",\"time\":\"\"},\"74\":\"\",\"4\":\"<p>Lorem ipsum dolor sit amet.<\\/p>\",\"41\":\"\",\"36\":[{\"col1\":\"\",\"col2\":\"\",\"col3\":\"\"}],\"7\":\"\"}}', '2017-07-06 20:13:52', '2017-07-06 20:13:52', '94130303-75ed-4757-878d-b77f4b457ae6'),
 ('209', '5', '5', '1', 'en', '10', '', '{\"typeId\":\"5\",\"authorId\":\"1\",\"title\":\"Noord\",\"slug\":\"noord\",\"postDate\":1496691600,\"expiryDate\":null,\"enabled\":1,\"parentId\":null,\"fields\":{\"73\":[\"37\"],\"71\":\"Uber\",\"34\":[\"98\"],\"40\":[\"4\"],\"35\":[\"62\"],\"8\":[\"28\"],\"6\":[\"7\"],\"107\":\"52.385960\",\"106\":\"4.906769\",\"12\":\"\",\"11\":\"\",\"39\":\"\",\"77\":\"1\",\"76\":{\"date\":\"\",\"time\":\"\"},\"78\":\"\",\"72\":\"\",\"75\":{\"date\":\"\",\"time\":\"\"},\"74\":\"<p>Bla bla bla<\\/p>\",\"109\":\"1000\",\"4\":\"<p>The once so \\u2018boring\\u2019 industrial area has become one of the hotspots of the city. From hippie-markets to the world\\u2019s most creative companies and epic festivals all year round, Amsterdam Noord is the place to be. One of the best things about this area is that it\\u2019s more relaxing to walk around compared to areas like the centre. On top of that you have an amazing view over the modest skyline of Amsterdam with (if you\\u2019re lucky) the sun shining on your side all day.<\\/p>\",\"41\":[\"66\",\"67\",\"68\"],\"36\":[{\"col1\":\"\",\"col2\":\"\",\"col3\":\"\"}],\"7\":[\"30\"],\"108\":\"14\"}}', '2017-07-06 20:18:09', '2017-07-06 20:18:09', '6454dce9-22c9-4cfc-b938-645b9f4eeded'),
 ('210', '5', '5', '1', 'en', '11', '', '{\"typeId\":\"5\",\"authorId\":\"1\",\"title\":\"Noord\",\"slug\":\"noord\",\"postDate\":1496691600,\"expiryDate\":null,\"enabled\":1,\"parentId\":null,\"fields\":{\"73\":[\"37\"],\"71\":\"Uber\",\"34\":[\"98\"],\"40\":[\"4\"],\"35\":[\"62\"],\"8\":[\"28\"],\"6\":[\"7\"],\"107\":\"52.383504\",\"106\":\"4.903679\",\"12\":\"\",\"11\":\"\",\"39\":\"\",\"77\":\"1\",\"76\":{\"date\":\"\",\"time\":\"\"},\"78\":\"\",\"72\":\"\",\"75\":{\"date\":\"\",\"time\":\"\"},\"74\":\"<p>Bla bla bla<\\/p>\",\"109\":\"1000\",\"4\":\"<p>The once so \\u2018boring\\u2019 industrial area has become one of the hotspots of the city. From hippie-markets to the world\\u2019s most creative companies and epic festivals all year round, Amsterdam Noord is the place to be. One of the best things about this area is that it\\u2019s more relaxing to walk around compared to areas like the centre. On top of that you have an amazing view over the modest skyline of Amsterdam with (if you\\u2019re lucky) the sun shining on your side all day.<\\/p>\",\"41\":[\"66\",\"67\",\"68\"],\"36\":[{\"col1\":\"\",\"col2\":\"\",\"col3\":\"\"}],\"7\":[\"30\"],\"108\":\"14\"}}', '2017-07-06 20:18:51', '2017-07-06 20:18:51', 'be2ddef9-362d-4399-b844-42424354311d'),
 ('211', '5', '5', '1', 'en', '12', '', '{\"typeId\":\"5\",\"authorId\":\"1\",\"title\":\"Noord\",\"slug\":\"noord\",\"postDate\":1496691600,\"expiryDate\":null,\"enabled\":1,\"parentId\":null,\"fields\":{\"73\":[\"37\"],\"71\":\"Uber\",\"34\":[\"98\"],\"40\":[\"4\"],\"35\":[\"62\"],\"8\":[\"28\"],\"6\":[\"7\"],\"107\":\"52.387896\",\"106\":\"4.912519\",\"12\":\"\",\"11\":\"\",\"39\":\"\",\"77\":\"1\",\"76\":{\"date\":\"\",\"time\":\"\"},\"78\":\"\",\"72\":\"\",\"75\":{\"date\":\"\",\"time\":\"\"},\"74\":\"<p>Bla bla bla<\\/p>\",\"109\":\"1000\",\"4\":\"<p>The once so \\u2018boring\\u2019 industrial area has become one of the hotspots of the city. From hippie-markets to the world\\u2019s most creative companies and epic festivals all year round, Amsterdam Noord is the place to be. One of the best things about this area is that it\\u2019s more relaxing to walk around compared to areas like the centre. On top of that you have an amazing view over the modest skyline of Amsterdam with (if you\\u2019re lucky) the sun shining on your side all day.<\\/p>\",\"41\":[\"66\",\"67\",\"68\"],\"36\":[{\"col1\":\"\",\"col2\":\"\",\"col3\":\"\"}],\"7\":[\"30\"],\"108\":\"14\"}}', '2017-07-06 20:21:27', '2017-07-06 20:21:27', 'aa4c3917-626f-42db-89c2-8c856b26be3f'),
 ('212', '86', '5', '1', 'en', '5', '', '{\"typeId\":\"5\",\"authorId\":\"1\",\"title\":\"Centrum\",\"slug\":\"centrum\",\"postDate\":1498118940,\"expiryDate\":null,\"enabled\":1,\"parentId\":null,\"fields\":{\"73\":\"\",\"71\":\"\",\"34\":[\"98\"],\"40\":[\"4\"],\"35\":[\"9\"],\"8\":[\"28\"],\"6\":\"\",\"107\":\"52.371864\",\"106\":\"4.901104\",\"12\":\"\",\"11\":\"\",\"39\":\"\",\"77\":\"\",\"76\":{\"date\":\"\",\"time\":\"\"},\"78\":\"\",\"72\":\"\",\"75\":{\"date\":\"\",\"time\":\"\"},\"74\":\"\",\"109\":\"1000\",\"4\":\"<p>Lorem ipsum dolor sit amet.<\\/p>\",\"41\":\"\",\"36\":[{\"col1\":\"\",\"col2\":\"\",\"col3\":\"\"}],\"7\":\"\",\"108\":\"14\"}}', '2017-07-06 20:24:02', '2017-07-06 20:24:02', '4987c26d-5a46-4496-bfa0-bab409aadef6'),
 ('213', '86', '5', '1', 'en', '6', '', '{\"typeId\":\"5\",\"authorId\":\"1\",\"title\":\"Centrum\",\"slug\":\"centrum\",\"postDate\":1498118940,\"expiryDate\":null,\"enabled\":1,\"parentId\":null,\"fields\":{\"73\":\"\",\"71\":\"\",\"34\":[\"98\"],\"40\":[\"4\"],\"35\":[\"9\"],\"8\":[\"28\"],\"6\":\"\",\"107\":\"52.371864\",\"106\":\"4.901104\",\"12\":\"\",\"11\":\"\",\"39\":\"\",\"77\":\"\",\"76\":{\"date\":\"\",\"time\":\"\"},\"78\":\"\",\"72\":\"\",\"75\":{\"date\":\"\",\"time\":\"\"},\"74\":\"\",\"109\":\"1200\",\"4\":\"<p>Lorem ipsum dolor sit amet.<\\/p>\",\"41\":\"\",\"36\":[{\"col1\":\"\",\"col2\":\"\",\"col3\":\"\"}],\"7\":\"\",\"108\":\"14\"}}', '2017-07-06 20:24:22', '2017-07-06 20:24:22', '871798df-fe8f-4249-9ab8-d950215f8af2'),
 ('214', '86', '5', '1', 'en', '7', '', '{\"typeId\":\"5\",\"authorId\":\"1\",\"title\":\"Centrum\",\"slug\":\"centrum\",\"postDate\":1498118940,\"expiryDate\":null,\"enabled\":1,\"parentId\":null,\"fields\":{\"73\":\"\",\"71\":\"\",\"34\":[\"98\"],\"40\":[\"4\"],\"35\":[\"9\"],\"8\":[\"28\"],\"6\":\"\",\"107\":\"52.371864\",\"106\":\"4.901104\",\"12\":\"\",\"11\":\"\",\"39\":\"\",\"77\":\"\",\"76\":{\"date\":\"\",\"time\":\"\"},\"78\":\"\",\"72\":\"\",\"75\":{\"date\":\"\",\"time\":\"\"},\"74\":\"\",\"109\":\"1200\",\"4\":\"<p>Lorem ipsum dolor sit amet.<\\/p>\",\"41\":\"\",\"36\":[{\"col1\":\"\",\"col2\":\"\",\"col3\":\"\"}],\"7\":\"\",\"108\":\"13\"}}', '2017-07-06 20:24:35', '2017-07-06 20:24:35', 'c8e78b94-ee1c-4bd9-a63c-008a1eb40e9e'),
 ('215', '86', '5', '1', 'en', '8', '', '{\"typeId\":\"5\",\"authorId\":\"1\",\"title\":\"Centrum\",\"slug\":\"centrum\",\"postDate\":1498118940,\"expiryDate\":null,\"enabled\":1,\"parentId\":null,\"fields\":{\"73\":\"\",\"71\":\"\",\"34\":[\"98\"],\"40\":[\"4\"],\"35\":[\"9\"],\"8\":[\"28\"],\"6\":\"\",\"107\":\"52.371864\",\"106\":\"4.901104\",\"12\":\"\",\"11\":\"\",\"39\":\"\",\"77\":\"\",\"76\":{\"date\":\"\",\"time\":\"\"},\"78\":\"\",\"72\":\"\",\"75\":{\"date\":\"\",\"time\":\"\"},\"74\":\"\",\"109\":\"1500\",\"4\":\"<p>Lorem ipsum dolor sit amet.<\\/p>\",\"41\":\"\",\"36\":[{\"col1\":\"\",\"col2\":\"\",\"col3\":\"\"}],\"7\":\"\",\"108\":\"13\"}}', '2017-07-06 20:24:56', '2017-07-06 20:24:56', '7ccca612-8187-4bb7-b6e6-695d13c32fa0'),
 ('216', '86', '5', '1', 'en', '9', '', '{\"typeId\":\"5\",\"authorId\":\"1\",\"title\":\"Centrum\",\"slug\":\"centrum\",\"postDate\":1498118940,\"expiryDate\":null,\"enabled\":1,\"parentId\":null,\"fields\":{\"73\":\"\",\"71\":\"\",\"34\":[\"98\"],\"40\":[\"4\"],\"35\":[\"9\"],\"8\":[\"28\"],\"6\":\"\",\"107\":\"52.372710\",\"106\":\"4.900331\",\"12\":\"\",\"11\":\"\",\"39\":\"\",\"77\":\"\",\"76\":{\"date\":\"\",\"time\":\"\"},\"78\":\"\",\"72\":\"\",\"75\":{\"date\":\"\",\"time\":\"\"},\"74\":\"\",\"109\":\"1500\",\"4\":\"<p>Lorem ipsum dolor sit amet.<\\/p>\",\"41\":\"\",\"36\":[{\"col1\":\"\",\"col2\":\"\",\"col3\":\"\"}],\"7\":\"\",\"108\":\"13\"}}', '2017-07-06 20:25:48', '2017-07-06 20:25:48', '3fcde351-4a17-4aa3-b85e-ebf2f5b50051'),
 ('217', '72', '5', '1', 'en', '4', '', '{\"typeId\":\"5\",\"authorId\":\"1\",\"title\":\"West\",\"slug\":\"west\",\"postDate\":1498054200,\"expiryDate\":null,\"enabled\":1,\"parentId\":null,\"fields\":{\"73\":\"\",\"71\":\"\",\"34\":[\"102\"],\"40\":[\"4\"],\"35\":[\"60\"],\"8\":[\"28\"],\"6\":[\"7\"],\"107\":\"52.383114\",\"106\":\"4.875441\",\"12\":\"\",\"11\":\"\",\"39\":\"\",\"77\":\"\",\"76\":{\"date\":\"\",\"time\":\"\"},\"78\":\"\",\"72\":\"\",\"75\":{\"date\":\"\",\"time\":\"\"},\"74\":\"\",\"109\":\"1000\",\"4\":\"<p>Lorem ipsum dolor sit amet...<\\/p>\",\"41\":[\"71\",\"84\",\"85\"],\"36\":[{\"col1\":\"\",\"col2\":\"\",\"col3\":\"\"}],\"7\":\"\",\"108\":\"14\"}}', '2017-07-06 20:28:01', '2017-07-06 20:28:01', 'c2bf3d01-8e1b-493a-850e-f53b9e28c0c1'),
 ('218', '72', '5', '1', 'en', '5', '', '{\"typeId\":\"5\",\"authorId\":\"1\",\"title\":\"West\",\"slug\":\"west\",\"postDate\":1498054200,\"expiryDate\":null,\"enabled\":1,\"parentId\":null,\"fields\":{\"73\":\"\",\"71\":\"\",\"34\":[\"102\"],\"40\":[\"4\"],\"35\":[\"60\"],\"8\":[\"28\"],\"6\":[\"7\"],\"107\":\"52.383114\",\"106\":\"4.875441\",\"12\":\"\",\"11\":\"\",\"39\":\"\",\"77\":\"\",\"76\":{\"date\":\"\",\"time\":\"\"},\"78\":\"\",\"72\":\"\",\"75\":{\"date\":\"\",\"time\":\"\"},\"74\":\"\",\"109\":\"1000\",\"4\":\"<p>Lorem ipsum dolor sit amet...<\\/p>\",\"41\":[\"71\",\"84\",\"85\"],\"36\":[{\"col1\":\"\",\"col2\":\"\",\"col3\":\"\"}],\"7\":\"\",\"108\":\"13\"}}', '2017-07-06 20:28:23', '2017-07-06 20:28:23', '1dc56151-fa50-44ea-9c37-a6af12b9a37b'),
 ('219', '72', '5', '1', 'en', '6', '', '{\"typeId\":\"5\",\"authorId\":\"1\",\"title\":\"West\",\"slug\":\"west\",\"postDate\":1498054200,\"expiryDate\":null,\"enabled\":1,\"parentId\":null,\"fields\":{\"73\":\"\",\"71\":\"\",\"34\":[\"102\"],\"40\":[\"4\"],\"35\":[\"60\"],\"8\":[\"28\"],\"6\":[\"7\"],\"107\":\"52.383114\",\"106\":\"4.875441\",\"12\":\"\",\"11\":\"\",\"39\":\"\",\"77\":\"\",\"76\":{\"date\":\"\",\"time\":\"\"},\"78\":\"\",\"72\":\"\",\"75\":{\"date\":\"\",\"time\":\"\"},\"74\":\"\",\"109\":\"1200\",\"4\":\"<p>Lorem ipsum dolor sit amet...<\\/p>\",\"41\":[\"71\",\"84\",\"85\"],\"36\":[{\"col1\":\"\",\"col2\":\"\",\"col3\":\"\"}],\"7\":\"\",\"108\":\"13\"}}', '2017-07-06 20:28:47', '2017-07-06 20:28:47', '3683d3de-3d4b-44e4-81fb-15d0a4f0a587'),
 ('220', '5', '5', '1', 'en', '13', '', '{\"typeId\":\"5\",\"authorId\":\"1\",\"title\":\"Noord\",\"slug\":\"noord\",\"postDate\":1496691600,\"expiryDate\":null,\"enabled\":1,\"parentId\":null,\"fields\":{\"73\":[\"37\"],\"71\":\"Uber\",\"34\":[\"98\"],\"40\":[\"4\"],\"35\":[\"62\"],\"8\":[\"28\"],\"6\":[\"7\"],\"107\":\"52.387896\",\"106\":\"4.912519\",\"12\":\"\",\"11\":\"\",\"39\":\"\",\"77\":\"1\",\"76\":{\"date\":\"\",\"time\":\"\"},\"78\":\"\",\"72\":\"\",\"75\":{\"date\":\"\",\"time\":\"\"},\"74\":\"<p>Bla bla bla<\\/p>\",\"109\":\"1000\",\"4\":\"<p>The once so \\u2018boring\\u2019 industrial area has become one of the hotspots of the city. From hippie-markets to the world\\u2019s most creative companies and epic festivals all year round, Amsterdam Noord is the place to be. One of the best things about this area is that it\\u2019s more relaxing to walk around compared to areas like the centre. On top of that you have an amazing view over the modest skyline of Amsterdam with (if you\\u2019re lucky) the sun shining on your side all day.<\\/p>\",\"41\":[\"66\",\"67\",\"68\"],\"36\":[{\"col1\":\"\",\"col2\":\"\",\"col3\":\"\"}],\"7\":[\"30\"],\"108\":\"13\"}}', '2017-07-06 20:29:25', '2017-07-06 20:29:25', 'e0b51714-f24d-403d-b422-5126fbdd2291'),
 ('221', '4', '4', '1', 'en', '39', '', '{\"typeId\":\"4\",\"authorId\":\"1\",\"title\":\"Amsterdam\",\"slug\":\"amsterdam\",\"postDate\":1496691060,\"expiryDate\":null,\"enabled\":1,\"parentId\":null,\"fields\":{\"73\":[\"37\"],\"71\":\"Uber\",\"34\":[\"98\"],\"62\":[\"89\"],\"38\":\"There\\u2019s a reason why people flock to Amsterdam to experience the magic themselves. But that also means there are tourists all year round. Then throw bikes in the mix and it doesn\\u2019t always make for a pretty sight. My advice, if you don\\u2019t feel stable on two wheels (and don\\u2019t ride at home), don\\u2019t try it here! We\\u2019re ruthless on our bikes!\",\"90\":\"Europe\",\"8\":[\"28\"],\"6\":[\"7\"],\"15\":\"high\",\"14\":\"\",\"12\":\"\",\"11\":\"\",\"10\":[\"5\",\"72\",\"86\"],\"18\":\"1\",\"17\":\"low\",\"64\":\"0\",\"110\":\"$90 ~ $120\",\"111\":\"$70 ~ $100\",\"25\":\"$2.68 ~ $3.91\",\"23\":\"$13.41 ~ $22.34\",\"28\":\"$2.23 - $3.35\",\"26\":\"$2.23 ~ $3.24\",\"37\":\"Amsterdam is all about contrasts; it\\u2019s equal parts old and new, innovative and down-to-earth, frenzied and calm, humble and proud. It\\u2019s amongst these dichotomies that we find comfort and belonging. Add to the mix a relaxed work culture (forget \\u2018work hard, play hard\\u2019, we\\u2019re all about \\u2018work a little, play more\\u2019) and you might never want to leave.\",\"77\":\"1\",\"76\":{\"date\":\"6\\/27\\/2017\",\"time\":\"2:00 AM\"},\"78\":\"\",\"72\":\"https:\\/\\/uber.com\",\"75\":{\"date\":\"6\\/4\\/2017\",\"time\":\"2:00 AM\"},\"74\":\"\",\"104\":\"Amsterdam is all about contrasts; it\\u2019s equal parts old and new, innovative and down-to-earth, frenzied and calm, humble and proud. It\\u2019s amongst these dichotomies that we find comfort and belonging.\",\"16\":\"medium\",\"4\":\"<p>Amsterdam radiates an electric energy that can be felt even by those who pass through for a brief visit \\u2013 it might have something to do with the dizzying amount of bicycles that race through the city at any given moment. And still, it\\u2019s easy to get (welcomingly) lost in the city\\u2019s small streets. The famous canal belt is something out of a movie; the crooked facades of the historic buildings are so imperfectly perfect it\\u2019s hard to imagine they\\u2019re actually real. In a city like this, it\\u2019s about finding the beauty in the chaos.<\\/p>\",\"42\":[\"75\",\"76\",\"78\",\"79\",\"82\"],\"36\":[{\"col1\":\"\",\"col2\":\"\",\"col3\":\"\"}],\"7\":[\"30\"]}}', '2017-07-06 20:40:31', '2017-07-06 20:40:31', '4487dc5f-ec09-471a-8b0a-2b86c341675f'),
 ('222', '4', '4', '1', 'en', '40', '', '{\"typeId\":\"4\",\"authorId\":\"1\",\"title\":\"Amsterdam\",\"slug\":\"amsterdam\",\"postDate\":1496691060,\"expiryDate\":null,\"enabled\":1,\"parentId\":null,\"fields\":{\"73\":[\"37\"],\"71\":\"Uber\",\"34\":[\"98\"],\"62\":[\"89\"],\"38\":\"There\\u2019s a reason why people flock to Amsterdam to experience the magic themselves. But that also means there are tourists all year round. Then throw bikes in the mix and it doesn\\u2019t always make for a pretty sight. My advice, if you don\\u2019t feel stable on two wheels (and don\\u2019t ride at home), don\\u2019t try it here! We\\u2019re ruthless on our bikes!\",\"90\":\"Europe\",\"8\":[\"28\"],\"6\":[\"7\"],\"15\":\"high\",\"14\":\"\",\"12\":\"\",\"11\":\"\",\"10\":[\"5\",\"72\",\"86\"],\"18\":\"1\",\"17\":\"low\",\"64\":\"0\",\"110\":\"$90 ~ $120\",\"111\":\"$70 ~ $100\",\"25\":\"$2.68 ~ $3.91\",\"23\":\"$13.41 ~ $22.34\",\"28\":\"$2.23 - $3.35\",\"26\":\"$2.23 ~ $3.24\",\"37\":\"Amsterdam is all about contrasts; it\\u2019s equal parts old and new, innovative and down-to-earth, frenzied and calm, humble and proud. It\\u2019s amongst these dichotomies that we find comfort and belonging. Add to the mix a relaxed work culture (forget \\u2018work hard, play hard\\u2019, we\\u2019re all about \\u2018work a little, play more\\u2019) and you might never want to leave.\",\"77\":\"1\",\"76\":{\"date\":\"6\\/27\\/2017\",\"time\":\"2:00 AM\"},\"78\":\"\",\"72\":\"https:\\/\\/uber.com\",\"75\":{\"date\":\"6\\/4\\/2017\",\"time\":\"2:00 AM\"},\"74\":\"\",\"104\":\"Amsterdam is all about contrasts; it\\u2019s equal parts old and new, innovative and down-to-earth, frenzied and calm, humble and proud. It\\u2019s amongst these dichotomies that we find comfort and belonging.\",\"16\":\"medium\",\"4\":\"<p>Amsterdam radiates an electric energy that can be felt even by those who pass through for a brief visit \\u2013 it might have something to do with the dizzying amount of bicycles that race through the city at any given moment. And still, it\\u2019s easy to get (welcomingly) lost in the city\\u2019s small streets. The famous canal belt is something out of a movie; the crooked facades of the historic buildings are so imperfectly perfect it\\u2019s hard to imagine they\\u2019re actually real. In a city like this, it\\u2019s about finding the beauty in the chaos.<\\/p>\",\"42\":[\"75\",\"76\",\"78\",\"79\",\"82\"],\"36\":[{\"col1\":\"\",\"col2\":\"\",\"col3\":\"\"}],\"112\":\"amsterdam,nl\",\"7\":[\"30\"]}}', '2017-07-06 21:24:49', '2017-07-06 21:24:49', '525b5945-0167-4024-a26b-ecbf38a1a15b');
INSERT INTO `guide_entryversions` (`id`, `entryId`, `sectionId`, `creatorId`, `locale`, `num`, `notes`, `data`, `dateCreated`, `dateUpdated`, `uid`) VALUES
 ('223', '23', '4', '1', 'en', '13', '', '{\"typeId\":\"4\",\"authorId\":\"1\",\"title\":\"Tokyo\",\"slug\":\"tokyo\",\"postDate\":1497466140,\"expiryDate\":null,\"enabled\":1,\"parentId\":null,\"fields\":{\"73\":\"\",\"71\":\"\",\"34\":[\"102\"],\"62\":[\"70\"],\"38\":\"Lorem ipsm dolor sit amet\",\"90\":\"Asia\",\"8\":[\"28\"],\"6\":[\"7\"],\"15\":\"medium\",\"14\":\"\",\"12\":\"\",\"11\":\"\",\"10\":\"\",\"18\":\"1\",\"17\":\"medium\",\"64\":\"0\",\"110\":\"0\",\"111\":\"\",\"25\":\"\",\"23\":\"\",\"28\":\"\",\"26\":\"\",\"37\":\"With world-class museums, quirky festivals, theatre, live music, laid-back bars and delightful restaurants, there\'s never a shortage of things to do in Amsterdam!\",\"77\":\"\",\"76\":{\"date\":\"\",\"time\":\"\"},\"78\":\"\",\"72\":\"\",\"75\":{\"date\":\"\",\"time\":\"\"},\"74\":\"\",\"104\":\"Lorem ipsm dolor sit amet\",\"16\":\"medium\",\"4\":\"<p>Lorem ipsum dolor sit amet...<\\/p>\",\"42\":[\"82\",\"77\",\"76\",\"81\",\"83\"],\"36\":[{\"col1\":\"\",\"col2\":\"\",\"col3\":\"\"}],\"112\":\"tokyo,jp\",\"7\":[\"30\"]}}', '2017-07-06 21:28:12', '2017-07-06 21:28:12', 'df773632-b9b7-47c5-9d71-0b1e3a4c58fb'),
 ('224', '63', '4', '1', 'en', '3', '', '{\"typeId\":\"4\",\"authorId\":\"1\",\"title\":\"New York\",\"slug\":\"new-york\",\"postDate\":1497627720,\"expiryDate\":null,\"enabled\":1,\"parentId\":null,\"fields\":{\"73\":\"\",\"71\":\"\",\"34\":[\"98\"],\"62\":[\"10\"],\"38\":\"\\u200bLorem ipsum dolor sit amet\",\"90\":\"North America\",\"8\":\"\",\"6\":\"\",\"15\":\"medium\",\"14\":\"\",\"12\":\"\",\"11\":\"\",\"10\":\"\",\"18\":\"1\",\"17\":\"medium\",\"64\":\"0\",\"110\":\"0\",\"111\":\"\",\"25\":\"\",\"23\":\"\",\"28\":\"\",\"26\":\"\",\"37\":\"\\u200bLorem ipsum dolor sit amet\",\"77\":\"\",\"76\":{\"date\":\"\",\"time\":\"\"},\"78\":\"\",\"72\":\"\",\"75\":{\"date\":\"\",\"time\":\"\"},\"74\":\"\",\"104\":\"\\u200bLorem ipsum dolor sit amet\",\"16\":\"medium\",\"4\":\"<p>Lorem ipsum dolor sit amet<\\/p>\",\"42\":[\"79\",\"81\",\"76\"],\"36\":[{\"col1\":\"\",\"col2\":\"\",\"col3\":\"\"}],\"112\":\"New York\",\"7\":\"\"}}', '2017-07-06 21:34:50', '2017-07-06 21:34:50', '7f5d167c-edae-4027-ae8b-98f2c9eba816'),
 ('225', '65', '4', '1', 'en', '4', '', '{\"typeId\":\"4\",\"authorId\":\"1\",\"title\":\"Da Nang\",\"slug\":\"da-nang\",\"postDate\":1497628020,\"expiryDate\":null,\"enabled\":1,\"parentId\":null,\"fields\":{\"73\":\"\",\"71\":\"\",\"34\":[\"98\"],\"62\":[\"64\"],\"38\":\"\\u200bLorem ipsum dolor sit amet.\",\"90\":\"Asia\",\"8\":\"\",\"6\":\"\",\"15\":\"medium\",\"14\":\"\",\"12\":\"\",\"11\":\"\",\"10\":\"\",\"18\":\"1\",\"17\":\"medium\",\"64\":\"0\",\"110\":\"0\",\"111\":\"\",\"25\":\"\",\"23\":\"\",\"28\":\"\",\"26\":\"\",\"37\":\"\\u200bLorem ipsum dolor sit amet.\",\"77\":\"\",\"76\":{\"date\":\"\",\"time\":\"\"},\"78\":\"\",\"72\":\"\",\"75\":{\"date\":\"\",\"time\":\"\"},\"74\":\"\",\"104\":\"Lorem ipsum dolor sit amet.\",\"16\":\"medium\",\"4\":\"<p>Lorem ipsum dolor sit amet.<\\/p>\",\"42\":[\"91\",\"77\",\"75\",\"80\"],\"36\":[{\"col1\":\"\",\"col2\":\"\",\"col3\":\"\"}],\"112\":\"Da Nang,vn\",\"7\":\"\"}}', '2017-07-07 13:08:54', '2017-07-07 13:08:54', 'dea1a386-8939-4e1e-ad82-e206a9618599'),
 ('226', '43', '4', '1', 'en', '6', '', '{\"typeId\":\"4\",\"authorId\":\"1\",\"title\":\"Phuket\",\"slug\":\"phuket\",\"postDate\":1497481440,\"expiryDate\":null,\"enabled\":1,\"parentId\":null,\"fields\":{\"73\":[\"37\"],\"71\":\"Uber\",\"34\":[\"102\"],\"62\":[\"42\"],\"38\":\"Lorem ipsum dolor sit amet, consectetur adipiscing elit. Sed pharetra placerat justo, ac porttitor tortor rhoncus sit amet. Donec a ex ac odio consectetur laoreet.\",\"90\":\"Asia\",\"8\":[\"28\"],\"6\":[\"7\"],\"15\":\"medium\",\"14\":\"\",\"12\":\"\",\"11\":\"\",\"10\":\"\",\"18\":\"1\",\"17\":\"medium\",\"64\":\"0\",\"110\":\"0\",\"111\":\"\",\"25\":\"\",\"23\":\"\",\"28\":\"\",\"26\":\"\",\"37\":\"Lorem ipsum dolor sit amet, consectetur adipiscing elit. Sed pharetra placerat justo, ac porttitor tortor rhoncus sit amet. Donec a ex ac odio consectetur laoreet.\",\"77\":\"1\",\"76\":{\"date\":\"\",\"time\":\"\"},\"78\":\"\",\"72\":\"\",\"75\":{\"date\":\"\",\"time\":\"\"},\"74\":\"\",\"104\":\"Lorem ipsum dolor sit amet, consectetur adipiscing elit. Sed pharetra placerat justo, ac porttitor tortor rhoncus sit amet. Donec a ex ac odio consectetur laoreet.\",\"16\":\"medium\",\"4\":\"<p>Lorem ipsum dolor sit amet, consectetur adipiscing elit. Sed pharetra placerat justo, ac porttitor tortor rhoncus sit amet. Donec a ex ac odio consectetur laoreet.<\\/p>\",\"42\":[\"80\",\"77\",\"91\"],\"36\":[{\"col1\":\"\",\"col2\":\"\",\"col3\":\"\"}],\"112\":\"Phuket,th\",\"7\":[\"30\"]}}', '2017-07-07 13:09:29', '2017-07-07 13:09:29', 'c5b7391a-ec21-4f49-a11d-958f5358b0df'),
 ('227', '24', '4', '1', 'en', '7', '', '{\"typeId\":\"4\",\"authorId\":\"1\",\"title\":\"Sydney\",\"slug\":\"sydney\",\"postDate\":1497466200,\"expiryDate\":null,\"enabled\":1,\"parentId\":null,\"fields\":{\"73\":\"\",\"71\":\"\",\"34\":[\"98\"],\"62\":[\"39\"],\"38\":\"Lorem ipsum dolor sit amet...\",\"90\":\"Australia\",\"8\":\"\",\"6\":\"\",\"15\":\"medium\",\"14\":\"\",\"12\":\"\",\"11\":\"\",\"10\":\"\",\"18\":\"1\",\"17\":\"medium\",\"64\":\"0\",\"110\":\"0\",\"111\":\"\",\"25\":\"\",\"23\":\"\",\"28\":\"\",\"26\":\"\",\"37\":\"With world-class museums, quirky festivals, theatre, live music, laid-back bars and delightful restaurants, there\'s never a shortage of things to do in Amsterdam!\",\"77\":\"\",\"76\":{\"date\":\"\",\"time\":\"\"},\"78\":\"\",\"72\":\"\",\"75\":{\"date\":\"\",\"time\":\"\"},\"74\":\"\",\"104\":\"Lorem ipsum dolor sit amet...\",\"16\":\"medium\",\"4\":\"<p>Lorem ipsum dolor sit amet...<\\/p>\",\"42\":[\"91\",\"82\"],\"36\":[{\"col1\":\"\",\"col2\":\"\",\"col3\":\"\"}],\"112\":\"Sydney,au\",\"7\":\"\"}}', '2017-07-07 13:09:51', '2017-07-07 13:09:51', 'd06bdd19-d0b7-43c9-9c42-2b14b772de94'),
 ('228', '2', '1', '1', 'en', '60', '', '{\"typeId\":null,\"authorId\":null,\"title\":\"Home\",\"slug\":\"homepage\",\"postDate\":1496677590,\"expiryDate\":null,\"enabled\":1,\"parentId\":null,\"fields\":{\"97\":[\"49\",\"51\",\"53\"],\"59\":[\"23\",\"24\",\"4\",\"63\",\"43\",\"65\"],\"35\":[\"96\"],\"65\":[\"4\"],\"66\":[\"99\"],\"60\":\"\",\"12\":\"Wanderbrief City Guides help you plan the perfect remote working trip with information on the best coffee, internet speed, co-working spaces, local adventures and meetups with like-minded nomads across the city.\",\"11\":\"Wanderbrief CityGuides \\u2014 Curated by local nomads.\",\"39\":\"\",\"82\":[\"7\",\"28\",\"30\"],\"4\":\"<p>Wanderbrief is the platform that enables people to work from anywhere while roaming the globe. We hook you up with the coolest remote jobs and community-curated insights on the best cities to live and work remotely.<\\/p>\",\"89\":\"<p><strong>Work<\\/strong>&nbsp;& <strong>live<\\/strong><strong>&nbsp;<\\/strong>abroad like a local.<\\/p>\"}}', '2017-07-10 18:13:36', '2017-07-10 18:13:36', '189ec86a-7324-477c-96c6-5ac4997d6b78'),
 ('229', '23', '4', '1', 'en', '14', '', '{\"typeId\":\"4\",\"authorId\":\"1\",\"title\":\"Tokyo\",\"slug\":\"tokyo\",\"postDate\":1497466140,\"expiryDate\":null,\"enabled\":1,\"parentId\":null,\"fields\":{\"73\":\"\",\"71\":\"\",\"34\":[\"102\"],\"62\":[\"70\"],\"38\":\"Lorem ipsm dolor sit amet\",\"90\":\"Asia\",\"8\":[\"28\"],\"6\":[\"7\"],\"15\":\"medium\",\"14\":\"\",\"107\":\"35.6894880\",\"106\":\"139.6917060\",\"12\":\"\",\"11\":\"\",\"10\":\"\",\"18\":\"1\",\"17\":\"medium\",\"64\":\"0\",\"110\":\"0\",\"111\":\"\",\"25\":\"\",\"23\":\"\",\"28\":\"\",\"26\":\"\",\"37\":\"With world-class museums, quirky festivals, theatre, live music, laid-back bars and delightful restaurants, there\'s never a shortage of things to do in Amsterdam!\",\"77\":\"\",\"76\":{\"date\":\"\",\"time\":\"\"},\"78\":\"\",\"72\":\"\",\"75\":{\"date\":\"\",\"time\":\"\"},\"74\":\"\",\"104\":\"Lorem ipsm dolor sit amet\",\"16\":\"medium\",\"4\":\"<p>Lorem ipsum dolor sit amet...<\\/p>\",\"42\":[\"82\",\"77\",\"76\",\"81\",\"83\"],\"36\":[{\"col1\":\"\",\"col2\":\"\",\"col3\":\"\"}],\"112\":\"tokyo,jp\",\"7\":[\"30\"]}}', '2017-07-10 21:31:49', '2017-07-10 21:31:49', 'f35ad06e-350e-466d-ab50-3a2789673685'),
 ('230', '65', '4', '1', 'en', '5', '', '{\"typeId\":\"4\",\"authorId\":\"1\",\"title\":\"Da Nang\",\"slug\":\"da-nang\",\"postDate\":1497628020,\"expiryDate\":null,\"enabled\":1,\"parentId\":null,\"fields\":{\"73\":\"\",\"71\":\"\",\"34\":[\"98\"],\"62\":[\"64\"],\"38\":\"\\u200bLorem ipsum dolor sit amet.\",\"90\":\"Asia\",\"8\":\"\",\"6\":\"\",\"15\":\"medium\",\"14\":\"\",\"107\":\"16.0544070\",\"106\":\"108.2021670\",\"12\":\"\",\"11\":\"\",\"10\":\"\",\"18\":\"1\",\"17\":\"medium\",\"64\":\"0\",\"110\":\"0\",\"111\":\"\",\"25\":\"\",\"23\":\"\",\"28\":\"\",\"26\":\"\",\"37\":\"\\u200bLorem ipsum dolor sit amet.\",\"77\":\"\",\"76\":{\"date\":\"\",\"time\":\"\"},\"78\":\"\",\"72\":\"\",\"75\":{\"date\":\"\",\"time\":\"\"},\"74\":\"\",\"104\":\"Lorem ipsum dolor sit amet.\",\"16\":\"medium\",\"4\":\"<p>Lorem ipsum dolor sit amet.<\\/p>\",\"42\":[\"91\",\"77\",\"75\",\"80\"],\"36\":[{\"col1\":\"\",\"col2\":\"\",\"col3\":\"\"}],\"112\":\"Da Nang,vn\",\"7\":\"\"}}', '2017-07-10 21:32:48', '2017-07-10 21:32:48', 'd09b2b31-19e9-4f8e-b729-f650a2723606'),
 ('231', '63', '4', '1', 'en', '4', '', '{\"typeId\":\"4\",\"authorId\":\"1\",\"title\":\"New York\",\"slug\":\"new-york\",\"postDate\":1497627720,\"expiryDate\":null,\"enabled\":1,\"parentId\":null,\"fields\":{\"73\":\"\",\"71\":\"\",\"34\":[\"98\"],\"62\":[\"10\"],\"38\":\"\\u200bLorem ipsum dolor sit amet\",\"90\":\"North America\",\"8\":\"\",\"6\":\"\",\"15\":\"medium\",\"14\":\"\",\"107\":\"40.7830600\",\"106\":\"-73.9712490\",\"12\":\"\",\"11\":\"\",\"10\":\"\",\"18\":\"1\",\"17\":\"medium\",\"64\":\"0\",\"110\":\"0\",\"111\":\"\",\"25\":\"\",\"23\":\"\",\"28\":\"\",\"26\":\"\",\"37\":\"\\u200bLorem ipsum dolor sit amet\",\"77\":\"\",\"76\":{\"date\":\"\",\"time\":\"\"},\"78\":\"\",\"72\":\"\",\"75\":{\"date\":\"\",\"time\":\"\"},\"74\":\"\",\"104\":\"\\u200bLorem ipsum dolor sit amet\",\"16\":\"medium\",\"4\":\"<p>Lorem ipsum dolor sit amet<\\/p>\",\"42\":[\"79\",\"81\",\"76\"],\"36\":[{\"col1\":\"\",\"col2\":\"\",\"col3\":\"\"}],\"112\":\"New York\",\"7\":\"\"}}', '2017-07-10 21:36:57', '2017-07-10 21:36:57', '2b71e3e0-cd7b-4047-93cd-6730f8de615e'),
 ('232', '102', '10', '1', 'en', '2', '', '{\"typeId\":\"10\",\"authorId\":\"1\",\"title\":\"Cl\\u00e9ment Guillou\",\"slug\":\"cl\\u00e9ment-guillou\",\"postDate\":1498303440,\"expiryDate\":null,\"enabled\":1,\"parentId\":null,\"fields\":{\"81\":[\"97\"],\"4\":\"<p>Lorem ipsun dolor sit amet.<\\/p>\",\"80\":\"http:\\/\\/clementguillou.com\"}}', '2017-07-10 21:59:36', '2017-07-10 21:59:36', 'fb8476ef-9348-47a9-ba38-7702348729a5'),
 ('233', '98', '10', '1', 'en', '4', '', '{\"typeId\":\"10\",\"authorId\":\"1\",\"title\":\"Karan Singh, Madebykaran\",\"slug\":\"karan-singh-madebykaran\",\"postDate\":1498222440,\"expiryDate\":null,\"enabled\":1,\"parentId\":null,\"fields\":{\"81\":[\"97\"],\"4\":\"<p>Tokyo is <strong>everything<\\/strong> you anticipate it to be and more. It\'ll confront you in ways which challenge you but then embrace you in serendipitous moments. Japanese efficiency and courtesy will ruin you for everywhere else in the world.<\\/p>\",\"80\":\"https:\\/\\/instagram.com\\/wanderbrief\"}}', '2017-07-10 21:59:45', '2017-07-10 21:59:45', '92587a03-3114-48ce-be49-b74516002cba');





--
-- Schema for table `guide_fieldgroups`
--
CREATE TABLE `guide_fieldgroups` (
  `id` int(11) NOT NULL AUTO_INCREMENT,
  `name` varchar(255) COLLATE utf8_unicode_ci NOT NULL,
  `dateCreated` datetime NOT NULL,
  `dateUpdated` datetime NOT NULL,
  `uid` char(36) COLLATE utf8_unicode_ci NOT NULL DEFAULT '0',
  PRIMARY KEY (`id`),
  UNIQUE KEY `guide_fieldgroups_name_unq_idx` (`name`)
) ENGINE=InnoDB AUTO_INCREMENT=11 DEFAULT CHARSET=utf8 COLLATE=utf8_unicode_ci;

--
-- Data for table `guide_fieldgroups`
--

INSERT INTO `guide_fieldgroups` (`id`, `name`, `dateCreated`, `dateUpdated`, `uid`) VALUES
 ('1', 'Default', '2017-06-05 15:46:30', '2017-06-05 15:46:30', '6ab17dd5-ff1a-4115-921e-c603db8acd04'),
 ('2', 'Places', '2017-06-05 16:51:39', '2017-06-05 16:51:39', '6f3e4a68-c977-4eee-ba2c-556a570ac365'),
 ('3', 'Gears', '2017-06-05 16:51:43', '2017-06-05 16:51:43', '832e52c3-9c53-4926-ae34-019e3c120240'),
 ('4', 'Cities', '2017-06-05 16:51:47', '2017-06-05 16:51:47', 'f1085199-0e72-4447-ac35-c6b73bd7e6b8'),
 ('5', 'SEO', '2017-06-05 16:51:53', '2017-06-05 16:51:53', 'bf00813e-cd01-4d9b-83e1-84cfba787e68'),
 ('6', 'Neighborhoods', '2017-06-05 18:46:18', '2017-06-05 18:46:18', '64c139e5-68b2-4ceb-88a5-a9581007e94a'),
 ('7', 'Promoting', '2017-06-06 16:55:04', '2017-06-06 16:55:04', '07135597-b728-406a-a399-eba35feb1a3c'),
 ('8', 'Author', '2017-06-13 20:55:53', '2017-06-13 20:55:53', '54be586e-8d62-4270-9385-4d663b3b8b7e'),
 ('9', 'Socials', '2017-06-13 22:08:56', '2017-06-13 22:08:56', '575f1f2e-af58-46d1-9afd-1a5a406c7b0a'),
 ('10', 'Briefs', '2017-06-15 16:41:50', '2017-06-15 16:41:50', '3d6996d1-e9c0-49fa-83e5-dc15bafb7d52');





--
-- Schema for table `guide_fieldlayoutfields`
--
CREATE TABLE `guide_fieldlayoutfields` (
  `id` int(11) NOT NULL AUTO_INCREMENT,
  `layoutId` int(11) NOT NULL,
  `tabId` int(11) NOT NULL,
  `fieldId` int(11) NOT NULL,
  `required` tinyint(1) unsigned NOT NULL DEFAULT '0',
  `sortOrder` smallint(6) unsigned DEFAULT NULL,
  `dateCreated` datetime NOT NULL,
  `dateUpdated` datetime NOT NULL,
  `uid` char(36) COLLATE utf8_unicode_ci NOT NULL DEFAULT '0',
  PRIMARY KEY (`id`),
  UNIQUE KEY `guide_fieldlayoutfields_layoutId_fieldId_unq_idx` (`layoutId`,`fieldId`),
  KEY `guide_fieldlayoutfields_sortOrder_idx` (`sortOrder`),
  KEY `guide_fieldlayoutfields_tabId_fk` (`tabId`),
  KEY `guide_fieldlayoutfields_fieldId_fk` (`fieldId`)
) ENGINE=InnoDB AUTO_INCREMENT=2150 DEFAULT CHARSET=utf8 COLLATE=utf8_unicode_ci;

--
-- Data for table `guide_fieldlayoutfields`
--

INSERT INTO `guide_fieldlayoutfields` (`id`, `layoutId`, `tabId`, `fieldId`, `required`, `sortOrder`, `dateCreated`, `dateUpdated`, `uid`) VALUES
 ('1373', '93', '385', '4', '0', '1', '2017-06-06 18:13:27', '2017-06-06 18:13:27', '55215d03-2b5d-4b23-88b2-cbc3a7cd6e8e'),
 ('1374', '93', '385', '49', '0', '2', '2017-06-06 18:13:27', '2017-06-06 18:13:27', '958ca819-c3a2-43b2-94ff-3b51023ba3a7'),
 ('1375', '93', '385', '61', '0', '3', '2017-06-06 18:13:27', '2017-06-06 18:13:27', '29b32f4e-d584-4c8f-9d85-7ff54dca4d20'),
 ('1376', '93', '385', '57', '0', '4', '2017-06-06 18:13:27', '2017-06-06 18:13:27', 'b6c4953b-831e-418c-b10a-fff2c88ce80f'),
 ('1377', '93', '385', '34', '0', '5', '2017-06-06 18:13:27', '2017-06-06 18:13:27', '883b072e-dc7f-43f0-8c6f-65597ea661ea'),
 ('1378', '93', '386', '50', '0', '1', '2017-06-06 18:13:27', '2017-06-06 18:13:27', '633c636f-6dab-4b3a-962c-d4cfdce3b242'),
 ('1379', '93', '386', '47', '0', '2', '2017-06-06 18:13:27', '2017-06-06 18:13:27', '67be4b39-b0e9-4956-88e8-645c9a7378f4'),
 ('1380', '93', '386', '48', '0', '3', '2017-06-06 18:13:27', '2017-06-06 18:13:27', 'da4f78a3-4320-4071-8818-9bcb89bd7841'),
 ('1381', '93', '387', '56', '0', '1', '2017-06-06 18:13:27', '2017-06-06 18:13:27', '02eb132b-2d2e-42a7-9c7a-e8d8f2fc1330'),
 ('1382', '93', '387', '52', '0', '2', '2017-06-06 18:13:27', '2017-06-06 18:13:27', '09f7d97f-9292-4651-8a10-10e0e708a43e'),
 ('1383', '93', '387', '53', '0', '3', '2017-06-06 18:13:27', '2017-06-06 18:13:27', '5c7410cf-4619-402f-8a74-a9a059d90c38'),
 ('1384', '93', '387', '54', '0', '4', '2017-06-06 18:13:27', '2017-06-06 18:13:27', 'c7beae78-6ea1-404d-a2aa-e3edf8583a0b'),
 ('1385', '93', '387', '55', '0', '5', '2017-06-06 18:13:27', '2017-06-06 18:13:27', '827e1b57-27b9-4ab0-8c3b-bcb897f9ce74'),
 ('1386', '93', '388', '58', '0', '1', '2017-06-06 18:13:27', '2017-06-06 18:13:27', '70d1edb0-d66f-4b09-9f32-17c254db7415'),
 ('1387', '93', '389', '77', '0', '1', '2017-06-06 18:13:27', '2017-06-06 18:13:27', '4bf03993-3f39-4e89-a6fe-87f616bcd2a3'),
 ('1388', '93', '389', '71', '0', '2', '2017-06-06 18:13:27', '2017-06-06 18:13:27', '984746d7-9807-4fc9-b825-661e379e1c1d'),
 ('1389', '93', '389', '73', '0', '3', '2017-06-06 18:13:27', '2017-06-06 18:13:27', 'c8f6e37e-e43a-44de-874a-c6ae83023320'),
 ('1390', '93', '389', '78', '0', '4', '2017-06-06 18:13:27', '2017-06-06 18:13:27', '7acb6075-2957-4156-b191-11e8a044a209'),
 ('1391', '93', '389', '74', '0', '5', '2017-06-06 18:13:27', '2017-06-06 18:13:27', 'eb5d4837-2e35-47e4-83b4-99a790cdf096'),
 ('1392', '93', '389', '72', '0', '6', '2017-06-06 18:13:27', '2017-06-06 18:13:27', '716a59cf-dc60-4157-a72d-665ec13c5b2d'),
 ('1393', '93', '389', '75', '0', '7', '2017-06-06 18:13:27', '2017-06-06 18:13:27', 'a6305861-0836-41a1-b317-67f192511c97'),
 ('1394', '93', '389', '76', '0', '8', '2017-06-06 18:13:27', '2017-06-06 18:13:27', 'a6a2b52f-5bc7-4547-b768-cfbd221e01e0'),
 ('1395', '93', '390', '36', '0', '1', '2017-06-06 18:13:27', '2017-06-06 18:13:27', '9551b782-9432-444e-9c18-3fd704640b1a'),
 ('1396', '93', '391', '11', '0', '1', '2017-06-06 18:13:27', '2017-06-06 18:13:27', '5fa601e2-27ab-4ec8-95c3-e9a6d82e8afe'),
 ('1397', '93', '391', '12', '0', '2', '2017-06-06 18:13:27', '2017-06-06 18:13:27', '8adbefdd-6456-4906-8902-d5c4af08ad73'),
 ('1398', '93', '391', '39', '0', '3', '2017-06-06 18:13:27', '2017-06-06 18:13:27', '693a2d62-5e13-438f-b542-9aa45b6ffbbd'),
 ('1399', '94', '392', '4', '0', '1', '2017-06-06 18:13:49', '2017-06-06 18:13:49', 'bc157b9d-a077-4095-8f05-911aa89eedae'),
 ('1400', '94', '392', '49', '0', '2', '2017-06-06 18:13:49', '2017-06-06 18:13:49', '54fc31c8-70bf-4925-892e-c49abafe6dbf'),
 ('1401', '94', '392', '61', '0', '3', '2017-06-06 18:13:49', '2017-06-06 18:13:49', 'd6016f93-ee25-4dab-a8bb-57187c75d232'),
 ('1402', '94', '392', '57', '0', '4', '2017-06-06 18:13:49', '2017-06-06 18:13:49', 'c3467584-45f0-43be-8fdf-4e55a92e7e9b'),
 ('1403', '94', '392', '34', '0', '5', '2017-06-06 18:13:49', '2017-06-06 18:13:49', '7c5e9684-d369-42b4-b888-ee8b5f390a60'),
 ('1404', '94', '393', '50', '0', '1', '2017-06-06 18:13:49', '2017-06-06 18:13:49', '5640c21a-be91-4443-8ae3-45efff29d8c9'),
 ('1405', '94', '393', '48', '0', '2', '2017-06-06 18:13:49', '2017-06-06 18:13:49', '049a0a9e-5f77-4e3e-b6be-c8ec26c41f15'),
 ('1406', '94', '393', '47', '0', '3', '2017-06-06 18:13:49', '2017-06-06 18:13:49', '4d3305a0-92aa-4bf6-97e5-a134d888cef5'),
 ('1407', '94', '393', '51', '0', '4', '2017-06-06 18:13:49', '2017-06-06 18:13:49', '4df8f05e-e629-4e1e-a3e0-083be0cf5c7e'),
 ('1408', '94', '394', '56', '0', '1', '2017-06-06 18:13:49', '2017-06-06 18:13:49', '347879c5-2a4f-4ed1-b1a1-03018b9aa2c9'),
 ('1409', '94', '394', '52', '0', '2', '2017-06-06 18:13:49', '2017-06-06 18:13:49', '43d9be7c-9fab-4aa0-8b07-adaf0b8fd448'),
 ('1410', '94', '394', '53', '0', '3', '2017-06-06 18:13:49', '2017-06-06 18:13:49', '81a7e7e9-4d08-40a2-ba54-ee06e7952cde'),
 ('1411', '94', '394', '54', '0', '4', '2017-06-06 18:13:49', '2017-06-06 18:13:49', '0387b3c6-f995-4764-8fc8-ec4c853bbf61'),
 ('1412', '94', '394', '55', '0', '5', '2017-06-06 18:13:49', '2017-06-06 18:13:49', 'ab4333eb-762b-4d8e-8d45-4585edda987b'),
 ('1413', '94', '395', '58', '0', '1', '2017-06-06 18:13:49', '2017-06-06 18:13:49', '7e06e4a2-1642-4f00-9697-83a2d22b775e'),
 ('1414', '94', '396', '77', '0', '1', '2017-06-06 18:13:49', '2017-06-06 18:13:49', '17440209-34ec-4013-9fe3-b4f5899fb5a5'),
 ('1415', '94', '396', '71', '0', '2', '2017-06-06 18:13:49', '2017-06-06 18:13:49', '8603cebb-7056-42d9-9902-258dace3fd3a'),
 ('1416', '94', '396', '73', '0', '3', '2017-06-06 18:13:49', '2017-06-06 18:13:49', 'd0f04033-9a24-4129-8e97-80d6c184aed1'),
 ('1417', '94', '396', '78', '0', '4', '2017-06-06 18:13:49', '2017-06-06 18:13:49', '666888ac-baa2-4c49-aaa8-42471fa1954a'),
 ('1418', '94', '396', '74', '0', '5', '2017-06-06 18:13:49', '2017-06-06 18:13:49', '7669a8ab-e225-4128-be71-04a413de8e8d'),
 ('1419', '94', '396', '72', '0', '6', '2017-06-06 18:13:49', '2017-06-06 18:13:49', '37844843-40ab-4fb3-8619-6775c4890a6c'),
 ('1420', '94', '396', '75', '0', '7', '2017-06-06 18:13:49', '2017-06-06 18:13:49', '75ad11a0-e2f5-4101-b9f3-4037923668ef'),
 ('1421', '94', '396', '76', '0', '8', '2017-06-06 18:13:49', '2017-06-06 18:13:49', '04aab53f-e107-4db4-8105-714daa374035'),
 ('1422', '94', '397', '36', '0', '1', '2017-06-06 18:13:49', '2017-06-06 18:13:49', '5255dfb3-a1bb-4f69-996b-9bf8ef916ba1'),
 ('1423', '94', '398', '11', '0', '1', '2017-06-06 18:13:49', '2017-06-06 18:13:49', '712c2808-39d6-40f3-bcdc-6ee3db6e1f82'),
 ('1424', '94', '398', '12', '0', '2', '2017-06-06 18:13:49', '2017-06-06 18:13:49', 'eccea09b-b38e-4bc5-b976-82b385198384'),
 ('1425', '94', '398', '39', '0', '3', '2017-06-06 18:13:49', '2017-06-06 18:13:49', 'b630ae4f-6e12-44e4-afb2-94ed7d60633e'),
 ('1440', '96', '401', '4', '0', '1', '2017-06-06 18:14:42', '2017-06-06 18:14:42', 'b002086c-b8ff-4dde-a77d-3d1fa0d37de6'),
 ('1441', '96', '401', '49', '0', '2', '2017-06-06 18:14:42', '2017-06-06 18:14:42', '1173afa3-b093-4621-97fa-db6cf4b1a8b0'),
 ('1442', '96', '401', '61', '0', '3', '2017-06-06 18:14:42', '2017-06-06 18:14:42', '1cf0eaa6-2578-45d5-8ee0-957ed97ab2d1'),
 ('1443', '96', '401', '57', '0', '4', '2017-06-06 18:14:42', '2017-06-06 18:14:42', '143f3a19-e791-44d4-aa2f-b796d822548e'),
 ('1444', '96', '401', '34', '0', '5', '2017-06-06 18:14:42', '2017-06-06 18:14:42', '4027ec1f-5d4d-4f71-b449-f3a0dba1f5da'),
 ('1445', '96', '402', '50', '0', '1', '2017-06-06 18:14:42', '2017-06-06 18:14:42', 'dcf50a82-201c-4cfd-bb59-379754467930'),
 ('1446', '96', '402', '47', '0', '2', '2017-06-06 18:14:42', '2017-06-06 18:14:42', '83f87bbd-0236-4d5c-ba47-051f451af3b2'),
 ('1447', '96', '402', '48', '0', '3', '2017-06-06 18:14:42', '2017-06-06 18:14:42', '9c037cd3-99c2-40a7-8ab7-ce419c50c2e3'),
 ('1448', '96', '402', '14', '0', '4', '2017-06-06 18:14:42', '2017-06-06 18:14:42', 'f3acfc32-7223-4d21-9d6f-b2d415f9975b'),
 ('1449', '96', '403', '56', '0', '1', '2017-06-06 18:14:42', '2017-06-06 18:14:42', '65cdf7c8-b34f-43ad-9f6e-95627bf2bed2'),
 ('1450', '96', '403', '52', '0', '2', '2017-06-06 18:14:42', '2017-06-06 18:14:42', '62682226-d8fe-4047-9474-79fd4e0a7437'),
 ('1451', '96', '403', '53', '0', '3', '2017-06-06 18:14:42', '2017-06-06 18:14:42', 'e7b4c358-d234-4151-ae74-e16b70b92bc2'),
 ('1452', '96', '403', '54', '0', '4', '2017-06-06 18:14:42', '2017-06-06 18:14:42', '9ec55b98-cd97-4fc3-ac42-1c43ec9599f0'),
 ('1453', '96', '403', '55', '0', '5', '2017-06-06 18:14:42', '2017-06-06 18:14:42', '97805ad6-74d4-469f-8648-d16688032645'),
 ('1454', '96', '404', '58', '0', '1', '2017-06-06 18:14:42', '2017-06-06 18:14:42', '9dbf0abe-666b-4904-bedc-08bdf31ddf41'),
 ('1455', '96', '405', '77', '0', '1', '2017-06-06 18:14:42', '2017-06-06 18:14:42', '37d63f29-7656-4585-a40d-60f9291fc2c8'),
 ('1456', '96', '405', '71', '0', '2', '2017-06-06 18:14:42', '2017-06-06 18:14:42', '1a4559ef-c975-4e39-9f4a-b19931965841'),
 ('1457', '96', '405', '73', '0', '3', '2017-06-06 18:14:42', '2017-06-06 18:14:42', '7f73e0a7-5627-4344-9cda-d60561cdbac9'),
 ('1458', '96', '405', '78', '0', '4', '2017-06-06 18:14:42', '2017-06-06 18:14:42', 'f1653463-adf6-46cf-8f19-d80fcb33b5d7'),
 ('1459', '96', '405', '74', '0', '5', '2017-06-06 18:14:42', '2017-06-06 18:14:42', '92fe6405-ec64-4dd6-90d4-a0a7e8a67c03'),
 ('1460', '96', '405', '72', '0', '6', '2017-06-06 18:14:42', '2017-06-06 18:14:42', '0abe3266-e373-42e6-a1af-3185039fa589'),
 ('1461', '96', '405', '75', '0', '7', '2017-06-06 18:14:42', '2017-06-06 18:14:42', '3bee65c4-7fb8-4763-aac2-b3b892d8b922'),
 ('1462', '96', '405', '76', '0', '8', '2017-06-06 18:14:42', '2017-06-06 18:14:42', '8d06b37b-2197-4e95-9104-a43a9aee3c36'),
 ('1463', '96', '406', '36', '0', '1', '2017-06-06 18:14:42', '2017-06-06 18:14:42', '7149af75-6682-406b-bbd1-ef1d057cabd0'),
 ('1464', '96', '407', '11', '0', '1', '2017-06-06 18:14:42', '2017-06-06 18:14:42', 'ee154698-0823-43c9-aae2-09cfaf13e579'),
 ('1465', '96', '407', '12', '0', '2', '2017-06-06 18:14:42', '2017-06-06 18:14:42', '19ce8976-eb66-4e49-8147-e8e584d222f8'),
 ('1466', '96', '407', '39', '0', '3', '2017-06-06 18:14:42', '2017-06-06 18:14:42', 'c4ff2d07-4707-45d7-bd60-9c74f45694c0'),
 ('1486', '98', '414', '4', '0', '1', '2017-06-06 18:15:19', '2017-06-06 18:15:19', '241964e1-0a39-43d4-9aa2-f54b3144ec40'),
 ('1487', '98', '414', '49', '0', '2', '2017-06-06 18:15:19', '2017-06-06 18:15:19', '6cf1247b-b63b-4fc6-8fc7-f45497844e76'),
 ('1488', '98', '414', '61', '0', '3', '2017-06-06 18:15:19', '2017-06-06 18:15:19', '9364ff53-81f0-4a98-b5fc-6b5a69ce40e9'),
 ('1489', '98', '414', '57', '0', '4', '2017-06-06 18:15:19', '2017-06-06 18:15:19', 'd9aed854-89c6-4943-9f5d-d90d70059a0c'),
 ('1490', '98', '414', '34', '0', '5', '2017-06-06 18:15:19', '2017-06-06 18:15:19', '971f0478-b85d-42e3-8fbf-a04297cd200b'),
 ('1491', '98', '415', '50', '0', '1', '2017-06-06 18:15:19', '2017-06-06 18:15:19', '919a7804-dd61-449e-a7c7-bfcd9a4ba1fc'),
 ('1492', '98', '415', '47', '0', '2', '2017-06-06 18:15:19', '2017-06-06 18:15:19', 'caba0be1-d3a3-428d-824c-c40734a3eac6'),
 ('1493', '98', '415', '48', '0', '3', '2017-06-06 18:15:19', '2017-06-06 18:15:19', 'be675109-ca14-4205-9c20-744bf9facf46'),
 ('1494', '98', '415', '14', '0', '4', '2017-06-06 18:15:19', '2017-06-06 18:15:19', 'e248f1e2-2873-4c63-be77-a20fc0415014'),
 ('1495', '98', '416', '56', '0', '1', '2017-06-06 18:15:19', '2017-06-06 18:15:19', '84016b38-2b61-44b4-aa72-1e5e6ee746a9'),
 ('1496', '98', '416', '52', '0', '2', '2017-06-06 18:15:19', '2017-06-06 18:15:19', 'bfc8b02b-2447-4836-9c09-c0a4f59534f9'),
 ('1497', '98', '416', '53', '0', '3', '2017-06-06 18:15:19', '2017-06-06 18:15:19', 'e0da42a1-a121-4dca-b9c0-24511219583d'),
 ('1498', '98', '416', '54', '0', '4', '2017-06-06 18:15:19', '2017-06-06 18:15:19', '3cb77843-0d19-4b52-8201-9ce9aebd6b20'),
 ('1499', '98', '416', '55', '0', '5', '2017-06-06 18:15:19', '2017-06-06 18:15:19', '040426c2-8617-4903-a5a6-cfbc0f0cb217'),
 ('1500', '98', '417', '58', '0', '1', '2017-06-06 18:15:19', '2017-06-06 18:15:19', '06cdf9b3-f864-4bc1-8018-e37a10cecf47'),
 ('1501', '98', '418', '77', '0', '1', '2017-06-06 18:15:19', '2017-06-06 18:15:19', 'f73f474e-1e36-4f8c-aa61-a0299f460736'),
 ('1502', '98', '418', '71', '0', '2', '2017-06-06 18:15:19', '2017-06-06 18:15:19', '68ee0a25-a32b-46fa-9e9a-709d5df354f8'),
 ('1503', '98', '418', '73', '0', '3', '2017-06-06 18:15:19', '2017-06-06 18:15:19', '322452f8-bdec-4558-b144-b5ae1ec54f65'),
 ('1504', '98', '418', '78', '0', '4', '2017-06-06 18:15:19', '2017-06-06 18:15:19', 'c293472f-ed98-4e91-8e63-3841463b4112'),
 ('1505', '98', '418', '74', '0', '5', '2017-06-06 18:15:19', '2017-06-06 18:15:19', '1e85e26c-7f25-485d-9a2c-1be9db3dae7f');
INSERT INTO `guide_fieldlayoutfields` (`id`, `layoutId`, `tabId`, `fieldId`, `required`, `sortOrder`, `dateCreated`, `dateUpdated`, `uid`) VALUES
 ('1506', '98', '418', '72', '0', '6', '2017-06-06 18:15:19', '2017-06-06 18:15:19', '199e4a66-097e-46a4-9374-1333b6ea1c56'),
 ('1507', '98', '418', '75', '0', '7', '2017-06-06 18:15:19', '2017-06-06 18:15:19', '33dc3f9e-3a58-4bb4-9ba6-3a69d1317772'),
 ('1508', '98', '418', '76', '0', '8', '2017-06-06 18:15:19', '2017-06-06 18:15:19', '6f212a67-72bc-4b6a-a3bc-59d36c23db58'),
 ('1509', '98', '419', '36', '0', '1', '2017-06-06 18:15:19', '2017-06-06 18:15:19', 'b1659cbc-21ec-4861-8d41-b7db83398580'),
 ('1510', '98', '420', '11', '0', '1', '2017-06-06 18:15:19', '2017-06-06 18:15:19', 'a28e9b97-c8af-4f56-9cbc-4c76fa24b86c'),
 ('1511', '98', '420', '12', '0', '2', '2017-06-06 18:15:19', '2017-06-06 18:15:19', '3122825c-892e-486b-8948-89b832256de7'),
 ('1512', '98', '420', '39', '0', '3', '2017-06-06 18:15:19', '2017-06-06 18:15:19', 'd9b73384-333b-4c64-ab73-db5d824c6eda'),
 ('1573', '110', '445', '4', '0', '1', '2017-06-13 22:01:22', '2017-06-13 22:01:22', '9b56d79c-8727-40cb-bd14-9faec10e97a5'),
 ('1574', '110', '445', '80', '0', '2', '2017-06-13 22:01:22', '2017-06-13 22:01:22', 'f39ad42e-5bc1-43a2-a4b6-d014a810879c'),
 ('1575', '110', '445', '81', '0', '3', '2017-06-13 22:01:22', '2017-06-13 22:01:22', '096e53c6-7fdc-4ba6-9694-9bc7e1ec5916'),
 ('1576', '111', '446', '87', '1', '1', '2017-06-13 22:11:06', '2017-06-13 22:11:06', 'b658b813-3d13-488c-825f-f0c734b95030'),
 ('1577', '111', '446', '88', '1', '2', '2017-06-13 22:11:06', '2017-06-13 22:11:06', 'ecb4392b-c62e-4632-b649-91314bd880e3'),
 ('1578', '111', '446', '83', '1', '3', '2017-06-13 22:11:06', '2017-06-13 22:11:06', '24889c27-9802-49f0-9a24-abc46802ecae'),
 ('1579', '111', '446', '84', '1', '4', '2017-06-13 22:11:06', '2017-06-13 22:11:06', '88ea37ca-356f-4257-a84d-dd461ee62eed'),
 ('1580', '111', '446', '85', '1', '5', '2017-06-13 22:11:06', '2017-06-13 22:11:06', '6da36384-3263-4a59-a4ed-cb0d25156fdd'),
 ('1581', '111', '446', '86', '0', '6', '2017-06-13 22:11:06', '2017-06-13 22:11:06', 'd6f3efac-3784-4e8c-8407-1f67887cbb3a'),
 ('1582', '112', '447', '11', '1', '1', '2017-06-13 22:11:32', '2017-06-13 22:11:32', '61a444e5-825b-4024-9762-634381e18837'),
 ('1583', '112', '447', '12', '1', '2', '2017-06-13 22:11:32', '2017-06-13 22:11:32', 'a2c224c7-3bbd-4cc3-9d32-ef99ee00f23c'),
 ('1584', '112', '447', '39', '1', '3', '2017-06-13 22:11:32', '2017-06-13 22:11:32', 'ed9cfb66-368a-4a57-889d-f90bf8e4d5ca'),
 ('1719', '123', '480', '91', '0', '1', '2017-06-15 16:49:48', '2017-06-15 16:49:48', '9d98bd4e-e1bc-4303-805b-43b6e0d815ff'),
 ('1721', '123', '480', '95', '0', '3', '2017-06-15 16:49:48', '2017-06-15 16:49:48', '1fdb1a4b-d0f6-43ee-b1c2-447b0f61c699'),
 ('1722', '123', '480', '92', '0', '4', '2017-06-15 16:49:48', '2017-06-15 16:49:48', 'f9927678-9b40-40b9-8d8d-3d0321d9b7d4'),
 ('1723', '123', '480', '93', '0', '5', '2017-06-15 16:49:48', '2017-06-15 16:49:48', 'd506a388-0ee9-4b16-8080-b06518ff05ed'),
 ('1724', '123', '480', '80', '0', '6', '2017-06-15 16:49:48', '2017-06-15 16:49:48', 'e280ef63-d924-4a72-9e3b-004994db62e9'),
 ('1725', '123', '480', '96', '0', '7', '2017-06-15 16:49:48', '2017-06-15 16:49:48', 'd7965d73-1804-4904-b5c6-9b2aca169ec9'),
 ('1726', '123', '481', '77', '0', '1', '2017-06-15 16:49:48', '2017-06-15 16:49:48', 'c55d40e4-dc74-4f51-aa60-ce9ff2902e4d'),
 ('1727', '123', '481', '71', '0', '2', '2017-06-15 16:49:48', '2017-06-15 16:49:48', '8ac520cb-5b6e-4fd8-9d00-d86993c6369e'),
 ('1728', '123', '481', '73', '0', '3', '2017-06-15 16:49:48', '2017-06-15 16:49:48', '0ae7729d-f96e-435a-85e8-af0bde234b08'),
 ('1729', '123', '481', '78', '0', '4', '2017-06-15 16:49:48', '2017-06-15 16:49:48', 'd59cceca-25a0-436e-9e4b-d990b17e96cd'),
 ('1730', '123', '481', '72', '0', '5', '2017-06-15 16:49:48', '2017-06-15 16:49:48', '9d8e065e-24dd-4d73-adfa-ac4ec17341a3'),
 ('1731', '123', '481', '74', '0', '6', '2017-06-15 16:49:48', '2017-06-15 16:49:48', 'eef46d26-ffd9-4e3c-bc94-73da11092235'),
 ('1732', '123', '481', '75', '0', '7', '2017-06-15 16:49:48', '2017-06-15 16:49:48', '717117e4-4bde-4a49-b39c-98a680e6b75c'),
 ('1733', '123', '481', '76', '0', '8', '2017-06-15 16:49:48', '2017-06-15 16:49:48', 'ece051bf-c46d-4d19-955c-4842f9a5d9f2'),
 ('1739', '130', '486', '98', '1', '1', '2017-06-21 13:41:11', '2017-06-21 13:41:11', '53995853-bb38-4ba7-8bc3-31f33f2132fe'),
 ('1744', '137', '489', '35', '1', '1', '2017-06-22 14:15:01', '2017-06-22 14:15:01', '12617422-e926-47b3-a875-c6e639ebcc7c'),
 ('1745', '137', '489', '89', '1', '2', '2017-06-22 14:15:01', '2017-06-22 14:15:01', 'aa87cee1-1442-41c7-8bac-6c8ac1c8fb6d'),
 ('1746', '137', '489', '42', '1', '3', '2017-06-22 14:15:01', '2017-06-22 14:15:01', 'e6b48e3c-47af-43e6-bf5f-fd7092a1f289'),
 ('1785', '145', '507', '77', '0', '1', '2017-06-26 16:49:30', '2017-06-26 16:49:30', 'c99944e3-c04f-47e3-8819-44e2c27ce943'),
 ('1786', '145', '507', '103', '0', '2', '2017-06-26 16:49:30', '2017-06-26 16:49:30', 'bd962c78-cf59-48c0-b58e-0dcd5c5b13d3'),
 ('1787', '146', '508', '101', '1', '1', '2017-06-26 16:49:49', '2017-06-26 16:49:49', '05306d7a-474f-48aa-97e9-735e59aace1d'),
 ('1788', '146', '508', '63', '1', '2', '2017-06-26 16:49:49', '2017-06-26 16:49:49', '7da3ab6a-3baa-498b-a355-41a4c89f6ff5'),
 ('1789', '146', '508', '92', '1', '3', '2017-06-26 16:49:49', '2017-06-26 16:49:49', 'de86f499-e070-4efd-ba61-99d6ec59fd69'),
 ('1790', '146', '509', '102', '1', '1', '2017-06-26 16:49:49', '2017-06-26 16:49:49', '02e7f794-0bd0-492d-b0ca-d23af41a16bb'),
 ('1791', '146', '510', '100', '1', '1', '2017-06-26 16:49:49', '2017-06-26 16:49:49', '1a009626-f340-4d78-b083-b7ca6ca9061b'),
 ('1792', '146', '511', '77', '0', '1', '2017-06-26 16:49:49', '2017-06-26 16:49:49', 'b8929775-8678-43e4-90ca-9e87fed3840b'),
 ('1793', '146', '511', '71', '0', '2', '2017-06-26 16:49:49', '2017-06-26 16:49:49', 'beeb96d8-0d06-4ab2-b3b0-5e06c53e1ffd'),
 ('1794', '146', '511', '73', '0', '3', '2017-06-26 16:49:49', '2017-06-26 16:49:49', '13990882-8c78-41d2-8caa-ddb4397f9a19'),
 ('1795', '146', '511', '78', '0', '4', '2017-06-26 16:49:49', '2017-06-26 16:49:49', '48568679-3074-48b9-a398-f54b7d02e98c'),
 ('1796', '146', '511', '74', '0', '5', '2017-06-26 16:49:49', '2017-06-26 16:49:49', 'bd11a7c9-d829-4af8-af9c-14e93b14e07e'),
 ('1797', '146', '511', '72', '0', '6', '2017-06-26 16:49:49', '2017-06-26 16:49:49', '1c3456a1-67a3-4577-80cb-312bee1dcdc4'),
 ('1798', '146', '511', '75', '0', '7', '2017-06-26 16:49:49', '2017-06-26 16:49:49', '23062b15-8462-4de8-a6cc-67967f1277d4'),
 ('1799', '146', '511', '76', '0', '8', '2017-06-26 16:49:49', '2017-06-26 16:49:49', '31af2a13-31be-4a50-99b1-0f3b66b3c0f8'),
 ('1951', '151', '542', '35', '0', '1', '2017-07-06 20:16:58', '2017-07-06 20:16:58', 'f8cd6ea6-2b33-4262-a75d-423418dfa149'),
 ('1952', '151', '542', '4', '0', '2', '2017-07-06 20:16:58', '2017-07-06 20:16:58', '6db43dc1-183b-437c-a8d1-039e7a1678a8'),
 ('1953', '151', '542', '40', '1', '3', '2017-07-06 20:16:58', '2017-07-06 20:16:58', '01f2b4a0-55fc-429d-8f91-a8d016535848'),
 ('1954', '151', '542', '34', '1', '4', '2017-07-06 20:16:58', '2017-07-06 20:16:58', '2ea3b983-a98a-479c-a6ea-829748af88d1'),
 ('1955', '151', '543', '107', '1', '1', '2017-07-06 20:16:58', '2017-07-06 20:16:58', '8eb869d7-b052-4c15-8a36-7077c21ad97f'),
 ('1956', '151', '543', '106', '1', '2', '2017-07-06 20:16:58', '2017-07-06 20:16:58', '6b010740-9a7a-4de2-ae66-eb4a8ea04c03'),
 ('1957', '151', '543', '109', '1', '3', '2017-07-06 20:16:58', '2017-07-06 20:16:58', 'd786d8fc-76a5-4973-bd75-54375cf80654'),
 ('1958', '151', '543', '108', '1', '4', '2017-07-06 20:16:58', '2017-07-06 20:16:58', '205dce93-ae9a-479f-a38e-9f76852d9ea1'),
 ('1959', '151', '544', '6', '0', '1', '2017-07-06 20:16:58', '2017-07-06 20:16:58', 'd84093d6-db73-4828-ae6a-7cfec9eb3435'),
 ('1960', '151', '544', '8', '0', '2', '2017-07-06 20:16:58', '2017-07-06 20:16:58', '40592bf4-f6ce-43bc-b527-811d27b76013'),
 ('1961', '151', '544', '7', '0', '3', '2017-07-06 20:16:58', '2017-07-06 20:16:58', '24bbe6fc-d825-4c5e-8a74-14773638b3b7'),
 ('1962', '151', '545', '41', '0', '1', '2017-07-06 20:16:58', '2017-07-06 20:16:58', 'aa04ce9e-c3cc-4143-adfe-b5d3931c0a2d'),
 ('1963', '151', '546', '77', '0', '1', '2017-07-06 20:16:58', '2017-07-06 20:16:58', '2679e227-cc0b-40be-9c84-1d92ec86748f'),
 ('1964', '151', '546', '71', '0', '2', '2017-07-06 20:16:58', '2017-07-06 20:16:58', '7ca167c6-a3a5-4dfb-9c5a-f00fe97a589f'),
 ('1965', '151', '546', '73', '0', '3', '2017-07-06 20:16:58', '2017-07-06 20:16:58', '879cfb25-eb4b-4f41-b6f1-b810ff0994f4'),
 ('1966', '151', '546', '78', '0', '4', '2017-07-06 20:16:58', '2017-07-06 20:16:58', 'cc8bf17e-56dd-47e6-ba78-b5785cefe217'),
 ('1967', '151', '546', '74', '0', '5', '2017-07-06 20:16:58', '2017-07-06 20:16:58', '1e881ead-807c-4995-8a3c-cee1a4d6bfb4'),
 ('1968', '151', '546', '72', '0', '6', '2017-07-06 20:16:58', '2017-07-06 20:16:58', '82e9ee40-4958-42dd-a98a-0a0de59ce381'),
 ('1969', '151', '546', '75', '0', '7', '2017-07-06 20:16:58', '2017-07-06 20:16:58', 'c4a24d87-0c48-484f-a98a-420e24dc8e89'),
 ('1970', '151', '546', '76', '0', '8', '2017-07-06 20:16:58', '2017-07-06 20:16:58', 'e49b9b14-dd7c-4f60-9aef-f21879bc250b'),
 ('1971', '151', '547', '36', '0', '1', '2017-07-06 20:16:58', '2017-07-06 20:16:58', '806c3795-80ea-4433-9e2b-9c6251b9bb8b'),
 ('1972', '151', '548', '11', '0', '1', '2017-07-06 20:16:58', '2017-07-06 20:16:58', '95988549-cc9e-4efa-a126-da3daa9f65c2'),
 ('1973', '151', '548', '12', '0', '2', '2017-07-06 20:16:58', '2017-07-06 20:16:58', '3340b865-3d1c-4f2d-970a-19d512d0c938'),
 ('1974', '151', '548', '39', '0', '3', '2017-07-06 20:16:58', '2017-07-06 20:16:58', 'e9c13a7d-8980-4505-b611-6e38551c1d8e'),
 ('2046', '154', '565', '35', '1', '1', '2017-07-10 18:12:32', '2017-07-10 18:12:32', 'e6144707-1ec1-4214-b0d0-fba835bbc3b0'),
 ('2047', '154', '565', '89', '1', '2', '2017-07-10 18:12:32', '2017-07-10 18:12:32', 'c89755de-98b4-4e18-a091-acc10d13545d'),
 ('2048', '154', '565', '4', '0', '3', '2017-07-10 18:12:32', '2017-07-10 18:12:32', '5cef7553-c393-4fa3-9b44-84fb01ab6480'),
 ('2049', '154', '566', '65', '0', '1', '2017-07-10 18:12:32', '2017-07-10 18:12:32', '61662e47-f0da-4359-a5e2-aed0bb705280'),
 ('2050', '154', '566', '59', '0', '2', '2017-07-10 18:12:32', '2017-07-10 18:12:32', '0ab45a12-8d89-44ad-b41d-07c2a1d94672'),
 ('2051', '154', '567', '82', '0', '1', '2017-07-10 18:12:32', '2017-07-10 18:12:32', '3ca0ecb2-f162-47c2-967f-0c4e181de877'),
 ('2052', '154', '568', '97', '0', '1', '2017-07-10 18:12:32', '2017-07-10 18:12:32', '19b53787-343b-4cb8-9b8f-03cb83c8bbc9'),
 ('2053', '154', '569', '66', '0', '1', '2017-07-10 18:12:32', '2017-07-10 18:12:32', '971a5ef8-e2f5-49c6-ace3-e25673f852b0'),
 ('2054', '154', '569', '60', '0', '2', '2017-07-10 18:12:32', '2017-07-10 18:12:32', '1e5f10fd-14b8-4cfb-bbd3-839a4f17e841'),
 ('2055', '154', '570', '11', '0', '1', '2017-07-10 18:12:32', '2017-07-10 18:12:32', '51654bb3-b87a-404d-b121-759718b7bf7d'),
 ('2056', '154', '570', '12', '0', '2', '2017-07-10 18:12:32', '2017-07-10 18:12:32', 'bfa3d321-a2ae-4156-9e71-0931bde2703e'),
 ('2057', '154', '570', '39', '0', '3', '2017-07-10 18:12:32', '2017-07-10 18:12:32', '5ac63cc5-0601-4a75-8470-5037b454fc73'),
 ('2096', '156', '579', '90', '1', '1', '2017-07-10 21:07:55', '2017-07-10 21:07:55', '46f1faed-e9fc-4ede-b60f-410d58eabb47'),
 ('2097', '156', '579', '62', '0', '2', '2017-07-10 21:07:55', '2017-07-10 21:07:55', '4382d206-5a39-4178-bf43-bf7039433e16'),
 ('2098', '156', '579', '4', '1', '3', '2017-07-10 21:07:55', '2017-07-10 21:07:55', '743ab8c4-d3cd-468f-9edc-82081a4b9ace'),
 ('2099', '156', '579', '34', '1', '4', '2017-07-10 21:07:55', '2017-07-10 21:07:55', '1da2c1d2-841d-42f7-94c5-23910790111a'),
 ('2100', '156', '579', '104', '1', '5', '2017-07-10 21:07:55', '2017-07-10 21:07:55', '2245e0f6-cf08-444e-ab0c-a7b751774dc1'),
 ('2101', '156', '579', '37', '1', '6', '2017-07-10 21:07:55', '2017-07-10 21:07:55', 'c7eca638-43c8-4a95-a84d-bfe78998ce3a'),
 ('2102', '156', '579', '38', '1', '7', '2017-07-10 21:07:55', '2017-07-10 21:07:55', '43335d49-854f-4081-a101-77d3d0ca7bd3'),
 ('2103', '156', '579', '10', '0', '8', '2017-07-10 21:07:55', '2017-07-10 21:07:55', '035b3028-cbba-48c4-9ec3-8e71422e00e9'),
 ('2104', '156', '579', '107', '1', '9', '2017-07-10 21:07:55', '2017-07-10 21:07:55', 'e05ced2b-7921-487a-a8a3-68162c8e6928'),
 ('2105', '156', '579', '106', '1', '10', '2017-07-10 21:07:55', '2017-07-10 21:07:55', 'e5e47ee1-42bb-49a4-a99e-941542908bd4'),
 ('2106', '156', '579', '64', '0', '11', '2017-07-10 21:07:55', '2017-07-10 21:07:55', '80329af9-a2be-4b89-a988-91a0a6e2dfdb'),
 ('2107', '156', '580', '14', '0', '1', '2017-07-10 21:07:55', '2017-07-10 21:07:55', '09d96133-8060-49ac-8c33-c35d0866b5bc');
INSERT INTO `guide_fieldlayoutfields` (`id`, `layoutId`, `tabId`, `fieldId`, `required`, `sortOrder`, `dateCreated`, `dateUpdated`, `uid`) VALUES
 ('2108', '156', '580', '18', '0', '2', '2017-07-10 21:07:55', '2017-07-10 21:07:55', '56e7547d-35ed-4a5a-b7cd-9523f6d49513'),
 ('2109', '156', '580', '15', '0', '3', '2017-07-10 21:07:55', '2017-07-10 21:07:55', '35324784-6dfb-405e-a3c0-ffaff324842c'),
 ('2110', '156', '580', '16', '0', '4', '2017-07-10 21:07:55', '2017-07-10 21:07:55', 'ee742f1c-16e2-4718-9e26-8f887bcc1f39'),
 ('2111', '156', '580', '17', '0', '5', '2017-07-10 21:07:55', '2017-07-10 21:07:55', 'f402c994-eebf-4669-94ed-b36f18edc236'),
 ('2112', '156', '580', '112', '1', '6', '2017-07-10 21:07:55', '2017-07-10 21:07:55', '241f9aec-b74c-4f4a-83ae-0dde6b266d00'),
 ('2113', '156', '581', '23', '0', '1', '2017-07-10 21:07:55', '2017-07-10 21:07:55', 'd2a61f41-3325-49ac-88e4-9f94449c602d'),
 ('2114', '156', '581', '25', '0', '2', '2017-07-10 21:07:55', '2017-07-10 21:07:55', '49413d48-3f68-492b-b523-a57aec9d036a'),
 ('2115', '156', '581', '26', '0', '3', '2017-07-10 21:07:55', '2017-07-10 21:07:55', 'e3e02659-1425-4d47-b8f8-c492140dffc6'),
 ('2116', '156', '581', '28', '0', '4', '2017-07-10 21:07:55', '2017-07-10 21:07:55', '3cc6e5a9-a1f3-4ffb-a93b-e57199209ff7'),
 ('2117', '156', '581', '110', '0', '5', '2017-07-10 21:07:55', '2017-07-10 21:07:55', 'eff20660-3376-47a6-8bd9-1500fe6a67cf'),
 ('2118', '156', '581', '111', '0', '6', '2017-07-10 21:07:55', '2017-07-10 21:07:55', '68950513-1dd1-4599-a34e-fae11f892873'),
 ('2119', '156', '582', '6', '0', '1', '2017-07-10 21:07:55', '2017-07-10 21:07:55', '9fd4e89d-6fa6-4809-b92a-82f52e4f093b'),
 ('2120', '156', '582', '8', '0', '2', '2017-07-10 21:07:55', '2017-07-10 21:07:55', 'da206efc-f877-46be-89c6-da776604dd56'),
 ('2121', '156', '582', '7', '0', '3', '2017-07-10 21:07:55', '2017-07-10 21:07:55', 'cf5d0bfb-428e-4b22-b4ff-9bacdb6b0161'),
 ('2122', '156', '583', '42', '0', '1', '2017-07-10 21:07:55', '2017-07-10 21:07:55', '48d1ff83-e98d-4054-997c-b68ee3d7886f'),
 ('2123', '156', '584', '77', '0', '1', '2017-07-10 21:07:55', '2017-07-10 21:07:55', '0ee26cd2-f4d7-4e0d-8d38-9be8c6e0c44f'),
 ('2124', '156', '584', '71', '0', '2', '2017-07-10 21:07:55', '2017-07-10 21:07:55', '6b1a8267-4a5f-4010-9496-4c687d44be19'),
 ('2125', '156', '584', '73', '0', '3', '2017-07-10 21:07:55', '2017-07-10 21:07:55', '7ceaff17-78b0-43dd-b87d-c3cb8d1aa310'),
 ('2126', '156', '584', '78', '0', '4', '2017-07-10 21:07:55', '2017-07-10 21:07:55', 'eb8b36d9-ac8f-4310-902b-a855a2fbcd6a'),
 ('2127', '156', '584', '74', '0', '5', '2017-07-10 21:07:55', '2017-07-10 21:07:55', '34e5a863-ce82-422e-b914-1bdf64ec94dc'),
 ('2128', '156', '584', '72', '0', '6', '2017-07-10 21:07:55', '2017-07-10 21:07:55', '79767ae3-4f2a-49d1-813f-72c9baacf597'),
 ('2129', '156', '584', '75', '0', '7', '2017-07-10 21:07:55', '2017-07-10 21:07:55', '2704bf62-0003-4461-986b-5f81f8527894'),
 ('2130', '156', '584', '76', '0', '8', '2017-07-10 21:07:55', '2017-07-10 21:07:55', '6fb4c581-3d7f-4779-8b7b-c2f836e47689'),
 ('2131', '156', '585', '36', '0', '1', '2017-07-10 21:07:55', '2017-07-10 21:07:55', 'e48e793a-755c-44f3-885f-1e8ff6b4c848'),
 ('2132', '156', '586', '11', '0', '1', '2017-07-10 21:07:55', '2017-07-10 21:07:55', 'bc9a9123-7d06-439d-b001-42656f027c96'),
 ('2133', '156', '586', '12', '0', '2', '2017-07-10 21:07:55', '2017-07-10 21:07:55', '63e5a9a5-4ede-46fd-a93c-52cbaf85d46c'),
 ('2137', '158', '588', '1', '1', '1', '2017-07-10 21:57:56', '2017-07-10 21:57:56', '331e70d6-31a0-4b65-a443-050f0b1f3254'),
 ('2138', '158', '588', '34', '0', '2', '2017-07-10 21:57:56', '2017-07-10 21:57:56', '3b4d05da-db86-497c-b6c3-cb4df6bce066'),
 ('2139', '158', '588', '43', '0', '3', '2017-07-10 21:57:56', '2017-07-10 21:57:56', '9c53058a-8a72-4e1d-a0b4-e68b88a81e29'),
 ('2140', '159', '589', '1', '1', '1', '2017-07-10 21:58:04', '2017-07-10 21:58:04', '46ec672c-c7a4-416a-b503-c00121221250'),
 ('2141', '159', '589', '34', '0', '2', '2017-07-10 21:58:04', '2017-07-10 21:58:04', '7eed3e83-bcf4-4db9-8148-2a79d1e1be11'),
 ('2142', '159', '589', '43', '0', '3', '2017-07-10 21:58:04', '2017-07-10 21:58:04', 'dad7718c-7c7d-4260-a7d6-76f3193b3c3d'),
 ('2143', '160', '590', '1', '0', '1', '2017-07-10 21:58:10', '2017-07-10 21:58:10', '08e866fa-84ba-43dd-90fd-4759eaf1c836'),
 ('2144', '160', '590', '34', '0', '2', '2017-07-10 21:58:10', '2017-07-10 21:58:10', '2d384d0c-49b0-4968-824a-ebc7fbf7a82a'),
 ('2145', '160', '590', '43', '0', '3', '2017-07-10 21:58:10', '2017-07-10 21:58:10', 'a2429b4e-be87-42f9-ae74-7808d2819ddb'),
 ('2146', '164', '591', '71', '1', '1', '2017-07-10 21:58:34', '2017-07-10 21:58:34', '53d288ca-fa46-4431-a606-3bca5493e16e'),
 ('2147', '167', '592', '1', '1', '1', '2017-07-10 22:01:29', '2017-07-10 22:01:29', 'cc2d8633-0de9-4e1f-8411-6f8319e827d4'),
 ('2148', '167', '592', '34', '0', '2', '2017-07-10 22:01:29', '2017-07-10 22:01:29', '78a09007-0cb8-4b6c-9110-9e6d3505f654'),
 ('2149', '167', '592', '43', '0', '3', '2017-07-10 22:01:29', '2017-07-10 22:01:29', 'e9ae4db8-11d0-4741-8938-90880df85167');





--
-- Schema for table `guide_fieldlayouts`
--
CREATE TABLE `guide_fieldlayouts` (
  `id` int(11) NOT NULL AUTO_INCREMENT,
  `type` varchar(150) COLLATE utf8_unicode_ci NOT NULL,
  `dateCreated` datetime NOT NULL,
  `dateUpdated` datetime NOT NULL,
  `uid` char(36) COLLATE utf8_unicode_ci NOT NULL DEFAULT '0',
  PRIMARY KEY (`id`),
  KEY `guide_fieldlayouts_type_idx` (`type`)
) ENGINE=InnoDB AUTO_INCREMENT=168 DEFAULT CHARSET=utf8 COLLATE=utf8_unicode_ci;

--
-- Data for table `guide_fieldlayouts`
--

INSERT INTO `guide_fieldlayouts` (`id`, `type`, `dateCreated`, `dateUpdated`, `uid`) VALUES
 ('1', 'Tag', '2017-06-05 15:46:30', '2017-06-05 15:46:30', '79710fd3-3c3c-47f3-81ad-872088889657'),
 ('28', 'Tag', '2017-06-05 18:47:55', '2017-06-05 18:47:55', '25a8ab44-5689-4e07-9b61-b24b3c592ae9'),
 ('29', 'Tag', '2017-06-05 18:48:02', '2017-06-05 18:48:02', 'b86652f1-3b2b-495a-b58a-08268cd9d2cd'),
 ('30', 'Tag', '2017-06-05 18:49:48', '2017-06-05 18:49:48', '5f259e06-78a2-4bff-99d8-e3b8bf984b06'),
 ('37', 'Category', '2017-06-05 18:56:37', '2017-06-05 18:56:37', '080a2780-a0c4-47ed-8432-f2d1c6ea743d'),
 ('40', 'Tag', '2017-06-05 19:11:01', '2017-06-05 19:11:01', 'dc5623ce-da57-49d4-83a5-d24263ee0ad8'),
 ('93', 'Entry', '2017-06-06 18:13:27', '2017-06-06 18:13:27', '0b2bdd56-5b04-4623-b125-ca4e47703dbc'),
 ('94', 'Entry', '2017-06-06 18:13:49', '2017-06-06 18:13:49', 'ba82ad40-1f7a-46af-9991-46a748077dff'),
 ('96', 'Entry', '2017-06-06 18:14:42', '2017-06-06 18:14:42', '9a77778c-0ac3-4af8-8f46-9e290cf48916'),
 ('98', 'Entry', '2017-06-06 18:15:19', '2017-06-06 18:15:19', '4ccd6274-f319-4811-8b89-a3f452915b01'),
 ('110', 'Entry', '2017-06-13 22:01:22', '2017-06-13 22:01:22', '00798905-3162-49ca-9204-11d053b41d17'),
 ('111', 'GlobalSet', '2017-06-13 22:11:06', '2017-06-13 22:11:06', 'ee74f571-aa62-4f22-bed6-a8f54708d544'),
 ('112', 'GlobalSet', '2017-06-13 22:11:32', '2017-06-13 22:11:32', 'ac259b00-7297-4441-b6a1-e49915b22585'),
 ('123', 'Entry', '2017-06-15 16:49:48', '2017-06-15 16:49:48', 'c54bd58f-21bc-4049-a652-7a4e8eba534d'),
 ('130', 'GlobalSet', '2017-06-21 13:41:10', '2017-06-21 13:41:10', 'a4bf726c-0f5c-4b65-afdc-300cf1ddc7e8'),
 ('135', 'Entry', '2017-06-22 08:24:54', '2017-06-22 08:24:54', '6819ecc3-3089-4322-a331-66fd996cc7bb'),
 ('136', 'Entry', '2017-06-22 08:25:27', '2017-06-22 08:25:27', '4711b94b-6210-4ae9-b0bb-a4095f2b44c2'),
 ('137', 'Entry', '2017-06-22 14:15:01', '2017-06-22 14:15:01', '238a2b98-fd99-426d-a7ce-742e4e34ac8f'),
 ('145', 'GlobalSet', '2017-06-26 16:49:30', '2017-06-26 16:49:30', '6e94d0d9-1914-48c3-bc3f-ff9d4dd253a6'),
 ('146', 'Entry', '2017-06-26 16:49:49', '2017-06-26 16:49:49', '3edddc1c-532e-48f8-87af-53abe344b05e'),
 ('151', 'Entry', '2017-07-06 20:16:58', '2017-07-06 20:16:58', '87c41bdf-720d-41bd-aa68-39c825d7d8a6'),
 ('154', 'Entry', '2017-07-10 18:12:32', '2017-07-10 18:12:32', '88331061-6aed-479c-9aed-f71fba79e291'),
 ('156', 'Entry', '2017-07-10 21:07:55', '2017-07-10 21:07:55', '1c8959f5-3cfa-46a2-b866-0de587b7fb3c'),
 ('158', 'Asset', '2017-07-10 21:57:56', '2017-07-10 21:57:56', '3cb17efa-38e6-4df1-a2b9-f9de29ff4c81'),
 ('159', 'Asset', '2017-07-10 21:58:04', '2017-07-10 21:58:04', 'a45cbf39-3cdc-4816-adc3-167ad6c88639'),
 ('160', 'Asset', '2017-07-10 21:58:10', '2017-07-10 21:58:10', 'b43035f4-fd39-4daa-b9af-8554b14f0a2f'),
 ('163', 'Asset', '2017-07-10 21:58:27', '2017-07-10 21:58:27', '7e4a4941-1ae0-406c-848a-41ea19b874c3'),
 ('164', 'Asset', '2017-07-10 21:58:34', '2017-07-10 21:58:34', 'a9d6f312-522e-49e5-9949-ea5b6dde268b'),
 ('165', 'Asset', '2017-07-10 21:58:42', '2017-07-10 21:58:42', '3b94be58-a1dd-469f-8f3e-5a13f1461cb2'),
 ('166', 'Asset', '2017-07-10 22:01:21', '2017-07-10 22:01:21', '708df322-4624-423e-8076-acf97df2c969'),
 ('167', 'Asset', '2017-07-10 22:01:29', '2017-07-10 22:01:29', '743b0c29-9b86-4e91-afda-7e9580512112');





--
-- Schema for table `guide_fieldlayouttabs`
--
CREATE TABLE `guide_fieldlayouttabs` (
  `id` int(11) NOT NULL AUTO_INCREMENT,
  `layoutId` int(11) NOT NULL,
  `name` varchar(255) COLLATE utf8_unicode_ci NOT NULL,
  `sortOrder` smallint(6) unsigned DEFAULT NULL,
  `dateCreated` datetime NOT NULL,
  `dateUpdated` datetime NOT NULL,
  `uid` char(36) COLLATE utf8_unicode_ci NOT NULL DEFAULT '0',
  PRIMARY KEY (`id`),
  KEY `guide_fieldlayouttabs_sortOrder_idx` (`sortOrder`),
  KEY `guide_fieldlayouttabs_layoutId_fk` (`layoutId`)
) ENGINE=InnoDB AUTO_INCREMENT=593 DEFAULT CHARSET=utf8 COLLATE=utf8_unicode_ci;

--
-- Data for table `guide_fieldlayouttabs`
--

INSERT INTO `guide_fieldlayouttabs` (`id`, `layoutId`, `name`, `sortOrder`, `dateCreated`, `dateUpdated`, `uid`) VALUES
 ('385', '93', 'General', '1', '2017-06-06 18:13:27', '2017-06-06 18:13:27', '13cf2aa5-328c-409c-a9b9-72cd3c408843'),
 ('386', '93', 'Details', '2', '2017-06-06 18:13:27', '2017-06-06 18:13:27', '7d4cfff7-7d13-47f3-a634-0d837565548c'),
 ('387', '93', 'Contact', '3', '2017-06-06 18:13:27', '2017-06-06 18:13:27', '6c56e65a-19ee-4dbf-9093-b74bce6b0385'),
 ('388', '93', 'Search', '4', '2017-06-06 18:13:27', '2017-06-06 18:13:27', 'a3dae374-4f4e-42b0-8ff6-73c3fd77f5b4'),
 ('389', '93', 'Promoting', '5', '2017-06-06 18:13:27', '2017-06-06 18:13:27', '323ca472-539b-4150-9d76-06cf601c7f04'),
 ('390', '93', 'Log', '6', '2017-06-06 18:13:27', '2017-06-06 18:13:27', 'b918b056-638b-442d-8bc5-c7a62258cf95'),
 ('391', '93', 'SEO', '7', '2017-06-06 18:13:27', '2017-06-06 18:13:27', 'd138117c-94dc-4660-a9f9-491241e5fd4f'),
 ('392', '94', 'General', '1', '2017-06-06 18:13:49', '2017-06-06 18:13:49', '2c867366-ea10-4fb6-9351-b7c29024b23a'),
 ('393', '94', 'Details', '2', '2017-06-06 18:13:49', '2017-06-06 18:13:49', '1fc2bd31-bf1f-4f24-ab36-664b4d2f29a6'),
 ('394', '94', 'Contact', '3', '2017-06-06 18:13:49', '2017-06-06 18:13:49', '5b316304-79e1-47eb-8a5b-5d0fed910a0c'),
 ('395', '94', 'Search', '4', '2017-06-06 18:13:49', '2017-06-06 18:13:49', '7cf3dc46-945a-451e-92cd-5a919d30ebdd'),
 ('396', '94', 'Promoting', '5', '2017-06-06 18:13:49', '2017-06-06 18:13:49', '3c34e30f-d9a8-4342-8d95-b52f1778a989'),
 ('397', '94', 'Log', '6', '2017-06-06 18:13:49', '2017-06-06 18:13:49', '5cce2e88-b60c-466c-9bc8-a3f39958da17'),
 ('398', '94', 'SEO', '7', '2017-06-06 18:13:49', '2017-06-06 18:13:49', 'e5531d2c-5947-49da-9451-dbe3b42c8ef7'),
 ('401', '96', 'General', '1', '2017-06-06 18:14:42', '2017-06-06 18:14:42', '42013e85-b645-43fe-89d3-c65bea1a6d17'),
 ('402', '96', 'Details', '2', '2017-06-06 18:14:42', '2017-06-06 18:14:42', '6dcd1dbd-9b54-49bb-9047-388f0f408776'),
 ('403', '96', 'Contact', '3', '2017-06-06 18:14:42', '2017-06-06 18:14:42', '1489d695-1654-4621-9537-c68bf82019bd'),
 ('404', '96', 'Search', '4', '2017-06-06 18:14:42', '2017-06-06 18:14:42', '5e2cdbd6-0c48-411f-8061-b7f457e2c9e3'),
 ('405', '96', 'Promoting', '5', '2017-06-06 18:14:42', '2017-06-06 18:14:42', 'eb2f9455-82ef-42e0-91f8-89d8ffc21fd9'),
 ('406', '96', 'Log', '6', '2017-06-06 18:14:42', '2017-06-06 18:14:42', '369562dd-5c43-4217-98cd-8feda02dcb5b'),
 ('407', '96', 'SEO', '7', '2017-06-06 18:14:42', '2017-06-06 18:14:42', 'b25ab3b2-f633-4231-95a7-c2581ee4e8fa'),
 ('414', '98', 'General', '1', '2017-06-06 18:15:19', '2017-06-06 18:15:19', 'abd63082-8ca9-4d1f-bb8b-ea45870d1f68'),
 ('415', '98', 'Details', '2', '2017-06-06 18:15:19', '2017-06-06 18:15:19', '71c5f887-62cb-43f9-b2a2-62c420746db8'),
 ('416', '98', 'Contact', '3', '2017-06-06 18:15:19', '2017-06-06 18:15:19', '46938466-398e-4401-881d-f0226c9843ee'),
 ('417', '98', 'Search', '4', '2017-06-06 18:15:19', '2017-06-06 18:15:19', 'ab71ce67-ebca-4069-ad5e-90983126be1e'),
 ('418', '98', 'Promoting', '5', '2017-06-06 18:15:19', '2017-06-06 18:15:19', '2bee7e5e-3e30-4499-a187-63efd0b53937'),
 ('419', '98', 'Log', '6', '2017-06-06 18:15:19', '2017-06-06 18:15:19', '786334ff-9b77-4c73-b1b9-81f68e7c8527'),
 ('420', '98', 'SEO', '7', '2017-06-06 18:15:19', '2017-06-06 18:15:19', 'b24fe047-6ea7-467e-a114-2a617e4c2f86'),
 ('445', '110', 'General', '1', '2017-06-13 22:01:22', '2017-06-13 22:01:22', 'b9918df0-a43b-4584-be23-3da82111a0ab'),
 ('446', '111', 'Content', '1', '2017-06-13 22:11:06', '2017-06-13 22:11:06', '2a627d34-2b38-40d9-b023-ab91e9441c1e'),
 ('447', '112', 'Content', '1', '2017-06-13 22:11:32', '2017-06-13 22:11:32', '3bc5a453-5bb8-43cb-a925-50a7d5839fa5'),
 ('480', '123', 'General', '1', '2017-06-15 16:49:48', '2017-06-15 16:49:48', '3531516e-1878-4735-a5ba-ba5eca22970b'),
 ('481', '123', 'Promoting', '2', '2017-06-15 16:49:48', '2017-06-15 16:49:48', '54e804c1-2a36-4e81-911e-f2fe969a36c0'),
 ('486', '130', 'Content', '1', '2017-06-21 13:41:11', '2017-06-21 13:41:11', 'd6f0ab45-10b4-4f63-ac44-488c3545e310'),
 ('489', '137', 'General', '1', '2017-06-22 14:15:01', '2017-06-22 14:15:01', '80221a4c-10ac-4013-9f44-81c4551f9ec3'),
 ('507', '145', 'Content', '1', '2017-06-26 16:49:30', '2017-06-26 16:49:30', 'af8e0bfc-48a9-4361-b0aa-811d96b435de'),
 ('508', '146', 'General', '1', '2017-06-26 16:49:49', '2017-06-26 16:49:49', '49e544a7-dbc8-460b-b9da-726764abad7a'),
 ('509', '146', 'Author', '2', '2017-06-26 16:49:49', '2017-06-26 16:49:49', '385896ed-1eed-4c8d-9252-756240f118e6'),
 ('510', '146', 'Gear', '3', '2017-06-26 16:49:49', '2017-06-26 16:49:49', '1acf346e-ef88-4f6b-aa34-876dec06f3f0'),
 ('511', '146', 'Promoting', '4', '2017-06-26 16:49:49', '2017-06-26 16:49:49', '86f814e1-6227-4962-9d2b-c432a932aede'),
 ('542', '151', 'General', '1', '2017-07-06 20:16:58', '2017-07-06 20:16:58', '0025fc30-a874-4d8e-bf37-09a770f6d8bc'),
 ('543', '151', 'Map', '2', '2017-07-06 20:16:58', '2017-07-06 20:16:58', 'd134d20c-78c8-4d77-9526-0dc0118d5a32'),
 ('544', '151', 'Places', '3', '2017-07-06 20:16:58', '2017-07-06 20:16:58', '1da7f48e-027a-4ff4-a135-1253c104e148'),
 ('545', '151', 'Search', '4', '2017-07-06 20:16:58', '2017-07-06 20:16:58', '0c0c5a1d-9c8a-4569-94a7-7ae386de1603'),
 ('546', '151', 'Promoting', '5', '2017-07-06 20:16:58', '2017-07-06 20:16:58', 'cead9651-6046-47c9-9a61-f3bce2cb0935'),
 ('547', '151', 'Log', '6', '2017-07-06 20:16:58', '2017-07-06 20:16:58', '2ac22f9f-1bf0-4a6d-8f37-0810f369a9a8'),
 ('548', '151', 'SEO', '7', '2017-07-06 20:16:58', '2017-07-06 20:16:58', 'b2db1782-f655-4e60-97e6-96b7d297075c'),
 ('565', '154', 'General', '1', '2017-07-10 18:12:32', '2017-07-10 18:12:32', 'fc283cf0-6f05-4f5f-b7b9-0224de14cd0f'),
 ('566', '154', 'Cities', '2', '2017-07-10 18:12:32', '2017-07-10 18:12:32', 'd83e289d-fd19-4d57-9692-144de8d5ceed'),
 ('567', '154', 'Places', '3', '2017-07-10 18:12:32', '2017-07-10 18:12:32', 'b9392c41-745c-4139-9d4b-49e643247c31'),
 ('568', '154', 'Briefs', '4', '2017-07-10 18:12:32', '2017-07-10 18:12:32', '34c5b021-c425-4172-8963-dfadb78f93b1'),
 ('569', '154', 'Gears', '5', '2017-07-10 18:12:32', '2017-07-10 18:12:32', '860f3b22-45b4-4cdc-8123-f444c0e954bf'),
 ('570', '154', 'SEO', '6', '2017-07-10 18:12:32', '2017-07-10 18:12:32', 'b9cd15ec-4a19-4505-b89f-37a0b8be9819'),
 ('579', '156', 'General', '1', '2017-07-10 21:07:55', '2017-07-10 21:07:55', '581aa729-dd79-4add-8ee4-e5e9b1e3e99b'),
 ('580', '156', 'Informations', '2', '2017-07-10 21:07:55', '2017-07-10 21:07:55', 'd8aa8a92-2e75-4ebc-9bb9-4b321fc597ab'),
 ('581', '156', 'Pricing', '3', '2017-07-10 21:07:55', '2017-07-10 21:07:55', '25b655bb-a5e9-4e08-a01a-1e035969449d'),
 ('582', '156', 'Places', '4', '2017-07-10 21:07:55', '2017-07-10 21:07:55', '6ac24bca-899e-4507-886b-edbff5e4328a'),
 ('583', '156', 'Search', '5', '2017-07-10 21:07:55', '2017-07-10 21:07:55', '6902bff0-ac14-4d5d-bf38-2c464b4dcde5'),
 ('584', '156', 'Promoting', '6', '2017-07-10 21:07:55', '2017-07-10 21:07:55', '93da4df6-ae0a-4440-8320-ed7a3876a0ed'),
 ('585', '156', 'Log', '7', '2017-07-10 21:07:55', '2017-07-10 21:07:55', 'be21f9d0-b0f0-4ca6-bd24-13537d9cca20'),
 ('586', '156', 'SEO', '8', '2017-07-10 21:07:55', '2017-07-10 21:07:55', '86d3ea3d-60f7-4a06-ac72-ce91c94a2d50'),
 ('588', '158', 'Content', '1', '2017-07-10 21:57:56', '2017-07-10 21:57:56', '16c0f07c-6142-46ff-a9dc-4ab3e33e6b99'),
 ('589', '159', 'Content', '1', '2017-07-10 21:58:04', '2017-07-10 21:58:04', 'fd5fdbd7-f19a-4dae-acac-dc9815468248'),
 ('590', '160', 'Content', '1', '2017-07-10 21:58:10', '2017-07-10 21:58:10', '2f0e84e7-d586-46c2-bc63-d8b4b8da8776'),
 ('591', '164', 'Content', '1', '2017-07-10 21:58:34', '2017-07-10 21:58:34', '9e0a887b-2be3-4b41-b1bb-eed23209f73f'),
 ('592', '167', 'Content', '1', '2017-07-10 22:01:29', '2017-07-10 22:01:29', '25757dc0-8157-4458-b153-3fafb98b467e');





--
-- Schema for table `guide_fields`
--
CREATE TABLE `guide_fields` (
  `id` int(11) NOT NULL AUTO_INCREMENT,
  `groupId` int(11) DEFAULT NULL,
  `name` varchar(255) COLLATE utf8_unicode_ci NOT NULL,
  `handle` varchar(58) COLLATE utf8_unicode_ci NOT NULL,
  `context` varchar(255) COLLATE utf8_unicode_ci NOT NULL DEFAULT 'global',
  `instructions` text COLLATE utf8_unicode_ci,
  `translatable` tinyint(1) unsigned NOT NULL DEFAULT '0',
  `type` varchar(150) COLLATE utf8_unicode_ci NOT NULL,
  `settings` text COLLATE utf8_unicode_ci,
  `dateCreated` datetime NOT NULL,
  `dateUpdated` datetime NOT NULL,
  `uid` char(36) COLLATE utf8_unicode_ci NOT NULL DEFAULT '0',
  PRIMARY KEY (`id`),
  UNIQUE KEY `guide_fields_handle_context_unq_idx` (`handle`,`context`),
  KEY `guide_fields_context_idx` (`context`),
  KEY `guide_fields_groupId_fk` (`groupId`)
) ENGINE=InnoDB AUTO_INCREMENT=113 DEFAULT CHARSET=utf8 COLLATE=utf8_unicode_ci;

--
-- Data for table `guide_fields`
--

INSERT INTO `guide_fields` (`id`, `groupId`, `name`, `handle`, `context`, `instructions`, `translatable`, `type`, `settings`, `dateCreated`, `dateUpdated`, `uid`) VALUES
 ('1', '1', 'Body', 'body', 'global', NULL, '1', 'RichText', '{\"configFile\":\"Standard.json\",\"columnType\":\"text\"}', '2017-06-05 15:46:30', '2017-06-05 15:46:30', '953f54ad-7757-43c7-bf0a-18e8d4ba2640'),
 ('2', '1', 'Tags', 'tags', 'global', NULL, '0', 'Tags', '{\"source\":\"taggroup:1\"}', '2017-06-05 15:46:30', '2017-06-05 15:46:30', '5e109da0-bfca-4067-98c9-f238bfa73abf'),
 ('4', '1', 'Short Description', 'shortDescription', 'global', '', '0', 'RichText', '{\"configFile\":\"Simple.json\",\"availableAssetSources\":\"*\",\"availableTransforms\":\"*\",\"cleanupHtml\":\"1\",\"purifyHtml\":\"1\",\"purifierConfig\":\"\",\"columnType\":\"text\"}', '2017-06-05 16:55:14', '2017-06-05 18:57:37', '691eec00-fe82-4218-8900-02bf9a1c4e71'),
 ('6', '4', 'Food places', 'foodPlaces', 'global', '', '0', 'Entries', '{\"sources\":[\"section:6\"],\"limit\":\"30\",\"selectionLabel\":\"\"}', '2017-06-05 16:58:55', '2017-06-05 17:14:41', '33b5fa03-8e72-4fc2-ba42-b5f299de20b8'),
 ('7', '4', 'Working/Living places', 'workingLivingPlaces', 'global', '', '0', 'Entries', '{\"sources\":[\"section:9\",\"section:8\"],\"limit\":\"30\",\"selectionLabel\":\"\"}', '2017-06-05 16:59:47', '2017-06-05 17:14:31', '63b2f94b-879b-49f3-8a6b-ab47bd0de84c'),
 ('8', '4', 'Drink places', 'drinkPlaces', 'global', '', '0', 'Entries', '{\"sources\":[\"section:7\"],\"limit\":\"30\",\"selectionLabel\":\"\"}', '2017-06-05 17:00:34', '2017-06-05 17:14:20', '3f92f93d-fe3f-4e3e-a5d9-2d74ca054eab'),
 ('10', '4', 'Neighborhoods', 'neighborhoods', 'global', '', '0', 'Entries', '{\"sources\":[\"section:5\"],\"limit\":\"30\",\"selectionLabel\":\"\"}', '2017-06-05 17:07:18', '2017-06-05 17:15:24', '225be49b-a160-4f85-bcbb-de5a0b00679f'),
 ('11', '5', 'Meta Title', 'metaTitle', 'global', '', '0', 'PlainText', '{\"placeholder\":\"Maximum of 60 caracters (SEO best practice)\",\"maxLength\":\"70\",\"multiline\":\"\",\"initialRows\":\"4\"}', '2017-06-05 17:19:44', '2017-06-06 14:38:30', '13f459bf-0567-4dea-ac19-434ee782fa6b'),
 ('12', '5', 'Meta Description', 'metaDescription', 'global', '', '0', 'PlainText', '{\"placeholder\":\"Maximum of 160 caracters (SEO best practice)\",\"maxLength\":\"220\",\"multiline\":\"\",\"initialRows\":\"4\"}', '2017-06-05 17:22:05', '2017-06-06 14:38:17', '95c72f77-5a3e-4b39-bb0a-15fdd972b4a6'),
 ('14', '4', 'Internet Speed', 'internetSpeed', 'global', '', '0', 'PlainText', '{\"placeholder\":\"\",\"maxLength\":\"30\",\"multiline\":\"\",\"initialRows\":\"4\"}', '2017-06-05 17:33:58', '2017-06-05 17:50:02', 'ed7221ef-675c-4ae6-9fed-cb42645d37a5'),
 ('15', '4', 'Fun Factor', 'funFactor', 'global', '', '0', 'Dropdown', '{\"options\":[{\"label\":\"Low\",\"value\":\"low\",\"default\":\"\"},{\"label\":\"Medium\",\"value\":\"medium\",\"default\":\"1\"},{\"label\":\"High\",\"value\":\"high\",\"default\":\"\"}]}', '2017-06-05 17:35:44', '2017-06-06 17:39:47', 'a4a5776f-d686-41a5-bbe9-add8bb15c22e'),
 ('16', '4', 'Safety Factor', 'safetyFactor', 'global', '', '0', 'Dropdown', '{\"options\":[{\"label\":\"Low\",\"value\":\"low\",\"default\":\"\"},{\"label\":\"Medium\",\"value\":\"medium\",\"default\":\"1\"},{\"label\":\"High\",\"value\":\"high\",\"default\":\"\"}]}', '2017-06-05 17:36:15', '2017-06-06 17:39:56', '94f6385e-b590-4b53-ad97-25061da4ae7b'),
 ('17', '4', 'Polution Factor', 'polutionFactor', 'global', '', '0', 'Dropdown', '{\"options\":[{\"label\":\"Low\",\"value\":\"low\",\"default\":\"\"},{\"label\":\"Medium\",\"value\":\"medium\",\"default\":\"1\"},{\"label\":\"High\",\"value\":\"high\",\"default\":\"\"}]}', '2017-06-05 17:36:44', '2017-06-06 17:40:08', '9295e7a0-72c0-4296-9841-d0e90f43fe84'),
 ('18', '4', 'Nomad Friendly', 'nomadFriendly', 'global', '', '0', 'Lightswitch', '{\"default\":\"1\"}', '2017-06-05 17:37:10', '2017-06-05 17:37:10', '0c0a1042-ce79-4a9b-9b55-aff495a09c68'),
 ('19', '4', 'Uber Available', 'uberAvailable', 'global', '', '0', 'PlainText', '{\"placeholder\":\"Paste our referal link here.\",\"maxLength\":\"300\",\"multiline\":\"\",\"initialRows\":\"4\"}', '2017-06-05 17:38:00', '2017-06-05 17:38:00', '31f55733-9c75-41c9-a33e-bc18bea7d2f7'),
 ('20', '4', 'Airbnb Available', 'airbnbAvailable', 'global', '', '0', 'PlainText', '{\"placeholder\":\"Paste our referal link here.\",\"maxLength\":\"300\",\"multiline\":\"\",\"initialRows\":\"4\"}', '2017-06-05 17:38:28', '2017-06-05 17:38:28', '9ebbf316-c612-49bd-9637-05377aa0b901'),
 ('23', '4', 'Pricing: Meal', 'pricingMeal', 'global', '', '0', 'PlainText', '{\"placeholder\":\"\",\"maxLength\":\"30\",\"multiline\":\"\",\"initialRows\":\"4\"}', '2017-06-05 17:42:47', '2017-06-05 17:42:47', 'e76a041b-74ca-47df-a788-3f45a67b82e0'),
 ('25', '4', 'Pricing: Coffee', 'pricingCoffee', 'global', '', '0', 'PlainText', '{\"placeholder\":\"\",\"maxLength\":\"30\",\"multiline\":\"\",\"initialRows\":\"4\"}', '2017-06-05 17:44:45', '2017-06-05 17:44:45', '355f7a0b-13cd-405d-98ac-526cab5b0267'),
 ('26', '4', 'Pricing: Unit Local Transport', 'pricingUnitLocalTransport', 'global', '', '0', 'PlainText', '{\"placeholder\":\"\",\"maxLength\":\"30\",\"multiline\":\"\",\"initialRows\":\"4\"}', '2017-06-05 17:45:18', '2017-06-05 17:45:18', '6dd2a763-38d1-42dd-a1dd-7a320c73bcd4'),
 ('28', '4', 'Pricing: Taxi', 'pricingTaxi', 'global', '1km normal tarif.', '0', 'PlainText', '{\"placeholder\":\"\",\"maxLength\":\"30\",\"multiline\":\"\",\"initialRows\":\"4\"}', '2017-06-05 17:46:12', '2017-06-05 17:46:20', '40849348-f29b-4a52-9dd0-394364f24797'),
 ('34', '1', 'Author', 'authorUser', 'global', '', '0', 'Entries', '{\"sources\":[\"section:10\"],\"limit\":\"1\",\"selectionLabel\":\"\"}', '2017-06-05 17:55:54', '2017-07-06 19:53:40', 'bbc3db39-3360-4e96-8abd-916f495fe7c6'),
 ('35', '1', 'Cover Image', 'coverImage', 'global', '', '0', 'Assets', '{\"useSingleFolder\":\"\",\"sources\":[\"folder:4\"],\"defaultUploadLocationSource\":\"4\",\"defaultUploadLocationSubpath\":\"\",\"singleUploadLocationSource\":\"4\",\"singleUploadLocationSubpath\":\"\",\"restrictFiles\":\"1\",\"allowedKinds\":[\"image\"],\"limit\":\"1\",\"viewMode\":\"large\",\"selectionLabel\":\"\"}', '2017-06-05 18:09:33', '2017-06-13 21:38:12', '7c0b44a6-5ff3-4019-9094-174c86f6a9d2'),
 ('36', '4', 'Update Log', 'updateLog', 'global', '', '0', 'Table', '{\"columns\":{\"col1\":{\"heading\":\"Date\",\"handle\":\"date\",\"width\":\"\",\"type\":\"singleline\"},\"col2\":{\"heading\":\"Author\",\"handle\":\"author\",\"width\":\"\",\"type\":\"singleline\"},\"col3\":{\"heading\":\"Link\",\"handle\":\"link\",\"width\":\"\",\"type\":\"singleline\"}},\"defaults\":{\"row1\":{\"col1\":\"\",\"col2\":\"\",\"col3\":\"\"}}}', '2017-06-05 18:11:54', '2017-06-05 18:11:54', '07a54dce-6626-48c3-bced-801d8e9cbb7f'),
 ('37', '4', 'Pro’s', 'pros', 'global', '', '0', 'PlainText', '{\"placeholder\":\"\",\"maxLength\":\"600\",\"multiline\":\"\",\"initialRows\":\"4\"}', '2017-06-05 18:17:08', '2017-06-14 22:09:37', '23803087-6733-40c5-93e6-4ef6c3677b61'),
 ('38', '4', 'Con’s', 'cons', 'global', '', '0', 'PlainText', '{\"placeholder\":\"\",\"maxLength\":\"600\",\"multiline\":\"\",\"initialRows\":\"4\"}', '2017-06-05 18:18:09', '2017-06-14 22:09:28', 'c982de2b-5f72-416c-be6d-f19702a7f268'),
 ('39', '5', 'OG Image', 'ogImage', 'global', '', '0', 'Assets', '{\"useSingleFolder\":\"\",\"sources\":[\"folder:4\"],\"defaultUploadLocationSource\":\"4\",\"defaultUploadLocationSubpath\":\"\",\"singleUploadLocationSource\":\"4\",\"singleUploadLocationSubpath\":\"\",\"restrictFiles\":\"1\",\"allowedKinds\":[\"image\"],\"limit\":\"1\",\"viewMode\":\"large\",\"selectionLabel\":\"\"}', '2017-06-05 18:26:31', '2017-06-06 15:16:49', '930fa553-ca59-485e-a18e-c2a6884408cb'),
 ('40', '6', 'City', 'city', 'global', '', '0', 'Entries', '{\"sources\":[\"section:4\"],\"limit\":\"1\",\"selectionLabel\":\"\"}', '2017-06-05 18:46:34', '2017-06-05 18:46:34', '98e586ef-307a-416e-acbd-0ec95d962bee'),
 ('41', '6', 'Tags', 'neighborhoodsTags', 'global', '', '0', 'Tags', '{\"source\":\"taggroup:2\",\"selectionLabel\":\"\"}', '2017-06-05 18:48:44', '2017-06-05 18:48:55', '110b0ec4-3cb4-49ea-bfee-b58b4ce1eac8'),
 ('42', '4', 'Tags', 'citiesTags', 'global', '', '0', 'Tags', '{\"source\":\"taggroup:3\",\"selectionLabel\":\"\"}', '2017-06-05 18:49:15', '2017-06-05 18:49:24', '58f32a7d-e7d6-4c33-bebc-f09c2602fcb2'),
 ('43', '1', 'Medias Tags', 'mediasTags', 'global', '', '0', 'Tags', '{\"source\":\"taggroup:4\",\"selectionLabel\":\"\"}', '2017-06-05 18:50:17', '2017-06-05 18:50:17', 'b9709a90-f90e-4c5f-8738-b7b385ac06e4'),
 ('47', '2', 'Speciality', 'speciality', 'global', '', '0', 'PlainText', '{\"placeholder\":\"\",\"maxLength\":\"120\",\"multiline\":\"\",\"initialRows\":\"4\"}', '2017-06-05 19:00:13', '2017-06-05 19:00:13', '8622b1fb-db33-42bb-b950-bd0501a19f98'),
 ('48', '2', 'Vibe/Style', 'vibe', 'global', '', '0', 'Dropdown', '{\"options\":[{\"label\":\"Hipster\",\"value\":\"hipster\",\"default\":\"\"},{\"label\":\"Industial\",\"value\":\"industial\",\"default\":\"\"},{\"label\":\"Vintage\",\"value\":\"vintage\",\"default\":\"\"},{\"label\":\"Modern\",\"value\":\"modern\",\"default\":\"\"},{\"label\":\"Design\",\"value\":\"design\",\"default\":\"\"},{\"label\":\"Hippie\",\"value\":\"hippie\",\"default\":\"\"},{\"label\":\"Destroy\",\"value\":\"destroy\",\"default\":\"\"}]}', '2017-06-05 19:01:42', '2017-06-05 19:01:42', 'ca27c39f-0805-488e-9831-a08748ff6190'),
 ('49', '2', 'Neighborhood', 'neighborhood', 'global', '', '0', 'Entries', '{\"sources\":[\"section:5\"],\"limit\":\"6\",\"selectionLabel\":\"\"}', '2017-06-05 19:02:46', '2017-06-05 19:02:46', 'a8eb2f6b-18e4-448e-8498-f9af91713ed5'),
 ('50', '2', 'Place Type', 'placeType', 'global', '', '0', 'Dropdown', '{\"options\":[{\"label\":\"Fast Food\",\"value\":\"Fast Food\",\"default\":\"\"},{\"label\":\"Gastronomic\",\"value\":\"Gastronomic\",\"default\":\"\"},{\"label\":\"Bar\",\"value\":\"Bar\",\"default\":\"\"},{\"label\":\"Pub\",\"value\":\"Pub\",\"default\":\"\"},{\"label\":\"Caterer\",\"value\":\"Caterer\",\"default\":\"\"}]}', '2017-06-05 19:04:16', '2017-06-14 21:00:25', 'dd373f86-675c-4290-a9ca-5deb8566f86e'),
 ('51', '2', 'Vegetarian/Vegan Options', 'veganOptions', 'global', '', '0', 'Lightswitch', '{\"default\":\"\"}', '2017-06-05 19:04:49', '2017-06-05 19:04:49', '5e54ae37-ce06-49dc-a058-3b3ba09fdcf4'),
 ('52', '2', 'Full Address', 'fullAddress', 'global', '', '0', 'PlainText', '{\"placeholder\":\"\",\"maxLength\":\"600\",\"multiline\":\"\",\"initialRows\":\"4\"}', '2017-06-05 19:05:28', '2017-06-05 19:05:28', 'b9960962-342e-43cc-a531-0775399442d2'),
 ('53', '2', 'Google Map Link', 'googleMapLink', 'global', '', '0', 'PlainText', '{\"placeholder\":\"\",\"maxLength\":\"600\",\"multiline\":\"\",\"initialRows\":\"4\"}', '2017-06-05 19:05:44', '2017-06-05 19:05:44', '74ee2070-7b2f-4600-8375-18cbdd051d62'),
 ('54', '2', 'Phone', 'phone', 'global', '', '0', 'PlainText', '{\"placeholder\":\"\",\"maxLength\":\"30\",\"multiline\":\"\",\"initialRows\":\"4\"}', '2017-06-05 19:06:01', '2017-06-05 19:06:01', '2528e317-0298-45b4-8c8e-d6b8c36a1458'),
 ('55', '2', 'Website', 'website', 'global', '', '0', 'PlainText', '{\"placeholder\":\"\",\"maxLength\":\"120\",\"multiline\":\"\",\"initialRows\":\"4\"}', '2017-06-05 19:06:13', '2017-06-05 19:08:08', 'ea70835c-073b-4d89-909d-ba7ce59d4236'),
 ('56', '2', 'Opening Hours', 'openingHours', 'global', '', '0', 'Table', '{\"columns\":{\"col1\":{\"heading\":\"Monday\",\"handle\":\"monday\",\"width\":\"\",\"type\":\"singleline\"},\"col2\":{\"heading\":\"Tuesday\",\"handle\":\"tuesday\",\"width\":\"\",\"type\":\"singleline\"},\"col3\":{\"heading\":\"Wednesday\",\"handle\":\"wednesday\",\"width\":\"\",\"type\":\"singleline\"},\"col4\":{\"heading\":\"Thursday\",\"handle\":\"thursday\",\"width\":\"\",\"type\":\"singleline\"},\"col5\":{\"heading\":\"Friday\",\"handle\":\"friday\",\"width\":\"\",\"type\":\"singleline\"},\"col6\":{\"heading\":\"Saturday\",\"handle\":\"saturday\",\"width\":\"\",\"type\":\"singleline\"},\"col7\":{\"heading\":\"Sunday\",\"handle\":\"sunday\",\"width\":\"\",\"type\":\"singleline\"}},\"defaults\":{\"row1\":{\"col1\":\"\",\"col2\":\"\",\"col3\":\"\",\"col4\":\"\",\"col5\":\"\",\"col6\":\"\",\"col7\":\"\"}}}', '2017-06-05 19:07:21', '2017-06-05 19:07:21', '246684f9-8e5c-4823-98c6-606bf34b40c4'),
 ('57', '2', 'Rating', 'rating', 'global', '', '0', 'Number', '{\"min\":\"0\",\"max\":\"5\",\"decimals\":\"1\"}', '2017-06-05 19:07:56', '2017-06-05 19:08:14', 'c66b3dc0-62c8-416a-a3a6-119be7cb6285'),
 ('58', '2', 'Tags', 'placesTags', 'global', '', '0', 'Tags', '{\"source\":\"taggroup:5\",\"selectionLabel\":\"\"}', '2017-06-05 19:11:21', '2017-06-05 19:11:28', '53ebacdf-0a15-40f9-a699-129759998020'),
 ('59', '1', 'Cities', 'cities', 'global', '', '0', 'Entries', '{\"sources\":[\"section:4\"],\"limit\":\"24\",\"selectionLabel\":\"\"}', '2017-06-05 21:10:43', '2017-06-13 21:11:37', '5c9a3f5f-cde1-4a1a-a19f-d30f765f3f0b'),
 ('60', '1', 'Gears', 'gears', 'global', '', '0', 'Entries', '{\"sources\":[\"section:3\"],\"limit\":\"24\",\"selectionLabel\":\"\"}', '2017-06-05 21:10:59', '2017-06-13 21:11:29', '15b24b47-d0eb-4b61-be69-d33ba97593ae'),
 ('61', '2', 'Place Images', 'placeImages', 'global', '', '0', 'Assets', '{\"useSingleFolder\":\"\",\"sources\":[\"folder:3\"],\"defaultUploadLocationSource\":\"3\",\"defaultUploadLocationSubpath\":\"\",\"singleUploadLocationSource\":\"1\",\"singleUploadLocationSubpath\":\"\",\"restrictFiles\":\"1\",\"allowedKinds\":[\"image\"],\"limit\":\"6\",\"viewMode\":\"large\",\"selectionLabel\":\"\"}', '2017-06-06 15:13:27', '2017-06-06 15:13:27', 'fb722dcd-ac3e-4ff7-af55-18ab14e12336'),
 ('62', '4', 'City Cover Image', 'cityCoverImage', 'global', '', '0', 'Assets', '{\"useSingleFolder\":\"\",\"sources\":[\"folder:1\"],\"defaultUploadLocationSource\":\"1\",\"defaultUploadLocationSubpath\":\"\",\"singleUploadLocationSource\":\"1\",\"singleUploadLocationSubpath\":\"\",\"restrictFiles\":\"1\",\"allowedKinds\":[\"image\"],\"limit\":\"1\",\"viewMode\":\"large\",\"selectionLabel\":\"\"}', '2017-06-06 15:18:10', '2017-06-13 21:37:59', '8993d50d-aeb0-4964-85ba-9f253dc3d70e'),
 ('63', '3', 'Gear Image', 'gearImage', 'global', '', '0', 'Assets', '{\"useSingleFolder\":\"\",\"sources\":[\"folder:2\"],\"defaultUploadLocationSource\":\"2\",\"defaultUploadLocationSubpath\":\"\",\"singleUploadLocationSource\":\"1\",\"singleUploadLocationSubpath\":\"\",\"restrictFiles\":\"1\",\"allowedKinds\":[\"image\"],\"limit\":\"1\",\"viewMode\":\"large\",\"selectionLabel\":\"\"}', '2017-06-06 15:48:56', '2017-06-23 12:47:58', 'b5b9964d-0f71-4b10-9cec-c29143d95dfb'),
 ('64', '1', 'Position', 'position', 'global', '', '0', 'Number', '{\"min\":\"0\",\"max\":\"1000\",\"decimals\":\"0\"}', '2017-06-06 16:11:57', '2017-06-06 16:11:57', 'a5ab40ba-117a-488c-86a0-2baecdff84f8'),
 ('65', '1', 'Featured City', 'featuredCity', 'global', '', '0', 'Entries', '{\"sources\":[\"section:4\"],\"limit\":\"1\",\"selectionLabel\":\"\"}', '2017-06-06 16:40:04', '2017-06-06 16:40:04', '02ac71d6-48b0-4a89-96aa-b9f5fc35e3b6'),
 ('66', '1', 'Featured Gear', 'featuredGear', 'global', '', '0', 'Entries', '{\"sources\":[\"section:3\"],\"limit\":\"1\",\"selectionLabel\":\"\"}', '2017-06-06 16:40:21', '2017-06-06 16:40:21', '7d4500c3-aa07-45e4-81a4-8ca450358bdb'),
 ('67', '1', 'Featured Food Place', 'featuredFoodPlace', 'global', '', '0', 'Entries', '{\"sources\":[\"section:6\"],\"limit\":\"1\",\"selectionLabel\":\"\"}', '2017-06-06 16:40:38', '2017-06-06 16:40:38', '17bb1e1a-2454-4870-b298-73684f08a638'),
 ('68', '1', 'Featured Drink Place', 'featuredDrinkPlace', 'global', '', '0', 'Entries', '{\"sources\":[\"section:7\"],\"limit\":\"1\",\"selectionLabel\":\"\"}', '2017-06-06 16:40:54', '2017-06-06 16:40:54', '9ab1df22-fbb5-4a4d-83d0-62c7b54ca8bf'),
 ('69', '1', 'Featured Working/Living Place', 'featuredWorkingLivingPlace', 'global', '', '0', 'Entries', '{\"sources\":[\"section:8\"],\"limit\":\"1\",\"selectionLabel\":\"\"}', '2017-06-06 16:41:10', '2017-06-06 16:44:05', 'fd0f9fa4-63b4-451e-9caa-4a5b5b8db0bc'),
 ('71', '7', 'Announcer Name', 'announcerName', 'global', '', '0', 'PlainText', '{\"placeholder\":\"\",\"maxLength\":\"120\",\"multiline\":\"\",\"initialRows\":\"4\"}', '2017-06-06 16:56:52', '2017-06-06 16:56:52', '0b8e0a04-f090-4beb-97ee-3ddddc009f72'),
 ('72', '7', 'Promotion Link', 'promotionLink', 'global', '', '0', 'PlainText', '{\"placeholder\":\"\",\"maxLength\":\"\",\"multiline\":\"\",\"initialRows\":\"4\"}', '2017-06-06 16:57:08', '2017-06-06 18:10:44', '647d9d2a-c5d0-485c-963f-4e46b89c9296'),
 ('73', '7', 'Announcer Logo', 'announcerLogo', 'global', '', '0', 'Assets', '{\"useSingleFolder\":\"\",\"sources\":[\"folder:5\"],\"defaultUploadLocationSource\":\"5\",\"defaultUploadLocationSubpath\":\"\",\"singleUploadLocationSource\":\"1\",\"singleUploadLocationSubpath\":\"\",\"restrictFiles\":\"\",\"limit\":\"1\",\"viewMode\":\"large\",\"selectionLabel\":\"\"}', '2017-06-06 16:58:55', '2017-06-06 16:58:55', '42f1ffef-0b2e-4c23-9c4d-b2540def3136'),
 ('74', '7', 'Promotion Text', 'promotionText', 'global', '', '0', 'RichText', '{\"configFile\":\"Simple.json\",\"availableAssetSources\":\"\",\"availableTransforms\":\"\",\"cleanupHtml\":\"1\",\"purifyHtml\":\"1\",\"purifierConfig\":\"\",\"columnType\":\"text\"}', '2017-06-06 16:59:36', '2017-06-06 18:10:03', 'd7ab0722-fa9b-464e-a373-2f1ea9d87754'),
 ('75', '7', 'Promotion Start At', 'promotionStartAt', 'global', '', '0', 'Date', '{\"minuteIncrement\":\"60\",\"showTime\":1,\"showDate\":1}', '2017-06-06 17:20:48', '2017-06-06 17:20:48', '97f011cc-2558-4cb9-8a53-3cc908eddf88'),
 ('76', '7', 'Promotion End At', 'promotionEndAt', 'global', '', '0', 'Date', '{\"minuteIncrement\":\"60\",\"showTime\":1,\"showDate\":1}', '2017-06-06 17:22:31', '2017-06-06 17:22:31', 'd15012ef-6515-4c78-85d1-198b737f16a5'),
 ('77', '7', 'Promotion Active', 'promotionActive', 'global', '', '0', 'Lightswitch', '{\"default\":\"\"}', '2017-06-06 17:54:04', '2017-06-06 17:54:04', '48cdd1bf-175b-4958-960f-e41caff0ff1a'),
 ('78', '7', 'Promotion Image', 'promotionImage', 'global', '', '0', 'Assets', '{\"useSingleFolder\":\"\",\"sources\":[\"folder:5\"],\"defaultUploadLocationSource\":\"5\",\"defaultUploadLocationSubpath\":\"\",\"singleUploadLocationSource\":\"1\",\"singleUploadLocationSubpath\":\"\",\"restrictFiles\":\"1\",\"allowedKinds\":[\"image\"],\"limit\":\"1\",\"viewMode\":\"large\",\"selectionLabel\":\"\"}', '2017-06-06 18:11:11', '2017-06-06 18:11:11', '34087774-4cfe-4d93-add3-e5580bc24491'),
 ('79', '8', 'Name', 'fullname', 'global', '', '0', 'PlainText', '{\"placeholder\":\"\",\"maxLength\":\"60\",\"multiline\":\"\",\"initialRows\":\"4\"}', '2017-06-13 20:56:24', '2017-06-13 20:56:24', 'edf453e6-81a2-4060-aa7d-14370250f9cb'),
 ('80', '1', 'URL', 'siteUrl', 'global', '', '0', 'PlainText', '{\"placeholder\":\"\",\"maxLength\":\"250\",\"multiline\":\"\",\"initialRows\":\"4\"}', '2017-06-13 20:57:17', '2017-06-13 20:57:17', '4b7bae7e-ee2c-446b-a5b1-49822cbb001c'),
 ('81', '8', 'Avatar', 'avatar', 'global', '', '0', 'Assets', '{\"useSingleFolder\":\"\",\"sources\":[\"folder:6\"],\"defaultUploadLocationSource\":\"6\",\"defaultUploadLocationSubpath\":\"\",\"singleUploadLocationSource\":\"1\",\"singleUploadLocationSubpath\":\"\",\"restrictFiles\":\"1\",\"allowedKinds\":[\"image\"],\"limit\":\"1\",\"viewMode\":\"large\",\"selectionLabel\":\"\"}', '2017-06-13 20:59:45', '2017-06-13 20:59:45', 'e49d4dfd-6c4c-4709-9ea4-2c1085fede29'),
 ('82', '2', 'Places', 'places', 'global', '', '0', 'Entries', '{\"sources\":[\"section:7\",\"section:6\",\"section:9\",\"section:8\"],\"limit\":\"12\",\"selectionLabel\":\"\"}', '2017-06-13 21:09:18', '2017-06-13 21:09:18', '06dacd0a-b7c9-4b86-ad4c-6ec437b5412d'),
 ('83', '9', 'Facebook URL', 'facebookUrl', 'global', '', '0', 'PlainText', '{\"placeholder\":\"\",\"maxLength\":\"\",\"multiline\":\"\",\"initialRows\":\"4\"}', '2017-06-13 22:09:11', '2017-06-13 22:09:11', '4893a660-5692-4139-b7a8-efbac018895a'),
 ('84', '9', 'Instagram URL', 'instagramUrl', 'global', '', '0', 'PlainText', '{\"placeholder\":\"\",\"maxLength\":\"\",\"multiline\":\"\",\"initialRows\":\"4\"}', '2017-06-13 22:09:20', '2017-06-13 22:09:20', 'a1a7a4e9-3bfa-4c18-8f19-1f32f266166f'),
 ('85', '9', 'Twitter URL', 'twitterUrl', 'global', '', '0', 'PlainText', '{\"placeholder\":\"\",\"maxLength\":\"\",\"multiline\":\"\",\"initialRows\":\"4\"}', '2017-06-13 22:09:27', '2017-06-13 22:09:27', 'c90950dd-3c3a-4000-b460-9c963db416c4'),
 ('86', '9', 'Snapchat URL', 'snapchatUrl', 'global', '', '0', 'PlainText', '{\"placeholder\":\"\",\"maxLength\":\"\",\"multiline\":\"\",\"initialRows\":\"4\"}', '2017-06-13 22:09:37', '2017-06-13 22:09:37', '4d3136b4-e012-4c9f-9719-f4f771090c5b'),
 ('87', '9', 'Contact Email', 'contactEmail', 'global', '', '0', 'PlainText', '{\"placeholder\":\"\",\"maxLength\":\"\",\"multiline\":\"\",\"initialRows\":\"4\"}', '2017-06-13 22:09:45', '2017-06-13 22:10:10', '165d6c49-3590-4327-b635-2b2d3b2c5fe2'),
 ('88', '9', 'Support Email', 'supportEmail', 'global', '', '0', 'PlainText', '{\"placeholder\":\"\",\"maxLength\":\"\",\"multiline\":\"\",\"initialRows\":\"4\"}', '2017-06-13 22:10:18', '2017-06-13 22:10:18', 'e859dc5b-2a32-43c9-bd80-f6014fb613ea'),
 ('89', '1', 'Tagline', 'tagline', 'global', '', '0', 'RichText', '{\"configFile\":\"Simple.json\",\"availableAssetSources\":\"\",\"availableTransforms\":\"\",\"cleanupHtml\":\"1\",\"purifyHtml\":\"1\",\"purifierConfig\":\"\",\"columnType\":\"text\"}', '2017-06-14 14:11:16', '2017-06-14 14:11:16', '36fadbfb-03e7-4770-8d87-98d649405626'),
 ('90', '4', 'Continent', 'continent', 'global', '', '0', 'Dropdown', '{\"options\":[{\"label\":\"Africa\",\"value\":\"Africa\",\"default\":\"\"},{\"label\":\"Asia\",\"value\":\"Asia\",\"default\":\"\"},{\"label\":\"Australia\",\"value\":\"Australia\",\"default\":\"\"},{\"label\":\"Europe\",\"value\":\"Europe\",\"default\":\"\"},{\"label\":\"North America\",\"value\":\"North America\",\"default\":\"\"},{\"label\":\"South America\",\"value\":\"South America\",\"default\":\"\"}]}', '2017-06-14 18:58:05', '2017-06-14 19:10:20', '3f05a3d6-f0ad-4711-8efb-00170b7ef53c'),
 ('91', '10', 'Company', 'company', 'global', '', '0', 'PlainText', '{\"placeholder\":\"\",\"maxLength\":\"60\",\"multiline\":\"\",\"initialRows\":\"4\"}', '2017-06-15 16:42:03', '2017-06-15 16:42:03', 'c2e9679a-02de-41a6-ba23-f87883b97980'),
 ('92', '10', 'Date From', 'dateFrom', 'global', '', '0', 'Date', '{\"minuteIncrement\":\"60\",\"showDate\":1,\"showTime\":0}', '2017-06-15 16:42:40', '2017-06-15 16:42:40', 'b0646114-8971-42bd-a667-668eafdcbf58'),
 ('93', '10', 'Duration', 'duration', 'global', '', '0', 'Number', '{\"min\":\"1\",\"max\":\"120\",\"decimals\":\"0\"}', '2017-06-15 16:43:01', '2017-06-15 16:43:01', 'e4955da8-8e2b-4c52-9cdf-05875b8e4d1a'),
 ('95', '10', 'Location', 'location', 'global', '', '0', 'PlainText', '{\"placeholder\":\"\",\"maxLength\":\"80\",\"multiline\":\"\",\"initialRows\":\"4\"}', '2017-06-15 16:43:59', '2017-06-15 16:43:59', 'd3060fa6-b7ad-43bd-9e0f-4e629d69d72f'),
 ('96', '10', 'Brief Cover Image', 'briefCoverImage', 'global', '', '0', 'Assets', '{\"useSingleFolder\":\"\",\"sources\":[\"folder:8\"],\"defaultUploadLocationSource\":\"8\",\"defaultUploadLocationSubpath\":\"\",\"singleUploadLocationSource\":\"1\",\"singleUploadLocationSubpath\":\"\",\"restrictFiles\":\"1\",\"allowedKinds\":[\"image\"],\"limit\":\"1\",\"viewMode\":\"large\",\"selectionLabel\":\"\"}', '2017-06-15 16:46:13', '2017-06-15 16:46:13', 'f7df07ed-cde9-4317-939a-21cb29fc08b1'),
 ('97', '1', 'Briefs', 'briefs', 'global', '', '0', 'Entries', '{\"sources\":[\"section:11\"],\"limit\":\"12\",\"selectionLabel\":\"\"}', '2017-06-15 16:47:02', '2017-06-15 16:47:02', '31ae67e0-f5ac-486f-974c-0aa3baa1d82d'),
 ('98', '1', 'Briefs Website Link', 'briefslink', 'global', '', '0', 'PlainText', '{\"placeholder\":\"\",\"maxLength\":\"\",\"multiline\":\"\",\"initialRows\":\"4\"}', '2017-06-21 13:38:34', '2017-06-21 13:39:26', '5a25f5a5-f80e-428e-ad03-593d7883d078'),
 ('99', '8', 'Bio', 'bio', 'global', '', '0', 'RichText', '{\"configFile\":\"Simple.json\",\"availableAssetSources\":\"\",\"availableTransforms\":\"\",\"cleanupHtml\":\"1\",\"purifyHtml\":\"1\",\"purifierConfig\":\"\",\"columnType\":\"text\"}', '2017-06-23 12:47:32', '2017-06-23 12:47:32', 'cab4d8bc-7d73-424d-9035-ee0a039b8d91'),
 ('100', '3', 'Gear List', 'gearList', 'global', '', '0', 'Table', '{\"columns\":{\"col1\":{\"heading\":\"Number\",\"handle\":\"number\",\"width\":\"\",\"type\":\"singleline\"},\"col2\":{\"heading\":\"Title\",\"handle\":\"title\",\"width\":\"\",\"type\":\"singleline\"},\"col3\":{\"heading\":\"Description\",\"handle\":\"description\",\"width\":\"\",\"type\":\"singleline\"},\"col4\":{\"heading\":\"Link\",\"handle\":\"link\",\"width\":\"\",\"type\":\"singleline\"}},\"defaults\":{\"row1\":{\"col1\":\"\",\"col2\":\"\",\"col3\":\"\",\"col4\":\"\"}}}', '2017-06-23 12:49:11', '2017-06-23 12:49:11', '37428a8e-af5f-468a-8a14-bde86a52a75f'),
 ('101', '3', 'Gear Cover', 'gearCover', 'global', '', '0', 'Assets', '{\"useSingleFolder\":\"\",\"sources\":[\"folder:2\"],\"defaultUploadLocationSource\":\"2\",\"defaultUploadLocationSubpath\":\"\",\"singleUploadLocationSource\":\"1\",\"singleUploadLocationSubpath\":\"\",\"restrictFiles\":\"1\",\"allowedKinds\":[\"image\"],\"limit\":\"1\",\"viewMode\":\"list\",\"selectionLabel\":\"\"}', '2017-06-23 12:52:28', '2017-06-23 12:52:28', 'af0b945e-3513-4005-87ec-779bd340e140'),
 ('102', '8', 'Wanderbriefer', 'wanderbriefer', 'global', '', '0', 'Entries', '{\"sources\":[\"section:10\"],\"limit\":\"1\",\"selectionLabel\":\"\"}', '2017-06-23 13:36:18', '2017-06-23 13:36:18', 'fc945c85-d2b7-439c-9b5c-d32929d1c8e6'),
 ('103', '7', 'Promotion Essentials', 'promotionEssentials', 'global', '', '0', 'Table', '{\"columns\":{\"col1\":{\"heading\":\"Title\",\"handle\":\"title\",\"width\":\"\",\"type\":\"singleline\"},\"col2\":{\"heading\":\"Description\",\"handle\":\"description\",\"width\":\"\",\"type\":\"singleline\"},\"col3\":{\"heading\":\"Link\",\"handle\":\"link\",\"width\":\"\",\"type\":\"singleline\"},\"col4\":{\"heading\":\"CTA Text\",\"handle\":\"ctaText\",\"width\":\"\",\"type\":\"singleline\"},\"col5\":{\"heading\":\"Active\",\"handle\":\"active\",\"width\":\"\",\"type\":\"checkbox\"},\"col6\":{\"heading\":\"Is Ad?\",\"handle\":\"isAd\",\"width\":\"\",\"type\":\"checkbox\"}},\"defaults\":{\"row1\":{\"col1\":\"\",\"col2\":\"\",\"col3\":\"\",\"col4\":\"\",\"col5\":\"\",\"col6\":\"\"}}}', '2017-06-26 16:46:33', '2017-06-26 17:16:37', '45f7d800-87c8-4a83-b751-f09266295aba'),
 ('104', '1', 'Quote', 'quote', 'global', '', '0', 'PlainText', '{\"placeholder\":\"\",\"maxLength\":\"300\",\"multiline\":\"\",\"initialRows\":\"4\"}', '2017-07-04 23:04:31', '2017-07-04 23:04:31', 'd12068c6-d795-4785-9dd2-4841be5e994c'),
 ('105', '1', 'Quote Author', 'quoteAuthor', 'global', '', '0', 'Entries', '{\"sources\":[\"section:10\"],\"limit\":\"1\",\"selectionLabel\":\"\"}', '2017-07-04 23:06:35', '2017-07-04 23:06:43', '95250ffc-4a67-4051-8139-bee20a3887e8'),
 ('106', '6', 'Longitude', 'lng', 'global', '', '0', 'Number', '{\"min\":\"\",\"max\":\"\",\"decimals\":\"6\"}', '2017-07-06 20:15:14', '2017-07-06 20:15:14', '573c4445-6155-4eb4-b542-1c7c5fc2b11e'),
 ('107', '6', 'Latitude', 'lat', 'global', '', '0', 'Number', '{\"min\":\"\",\"max\":\"\",\"decimals\":\"6\"}', '2017-07-06 20:15:30', '2017-07-06 20:15:30', '8faff6fe-a61e-48c5-b604-9cabb3f248df'),
 ('108', '6', 'Zoom', 'zoom', 'global', '', '0', 'Number', '{\"min\":\"1\",\"max\":\"16\",\"decimals\":\"0\"}', '2017-07-06 20:15:46', '2017-07-06 20:15:46', 'a763f4aa-3f2d-417f-8eed-f8708efa6006'),
 ('109', '6', 'Radius', 'radius', 'global', '', '0', 'Number', '{\"min\":\"50\",\"max\":\"50000\",\"decimals\":\"0\"}', '2017-07-06 20:16:10', '2017-07-06 20:16:10', '00384fdb-83a8-43ed-83d7-1590ccebcbfc'),
 ('110', '4', 'Pricing: Airbnb', 'pricingAirbnb', 'global', '', '0', 'PlainText', '{\"placeholder\":\"\",\"maxLength\":\"30\",\"multiline\":\"\",\"initialRows\":\"4\"}', '2017-07-06 20:35:46', '2017-07-06 20:36:19', 'e71681db-ecc4-4184-b69b-addc27384102'),
 ('111', '4', 'Pricing: Booking', 'pricingBooking', 'global', '', '0', 'PlainText', '{\"placeholder\":\"\",\"maxLength\":\"30\",\"multiline\":\"\",\"initialRows\":\"4\"}', '2017-07-06 20:36:33', '2017-07-06 20:36:33', '095a3c8f-5682-4e5d-9c15-c0de62ebd7e9'),
 ('112', '4', 'Weather', 'weather', 'global', '', '0', 'PlainText', '{\"placeholder\":\"Ex: amsterdam,nl\",\"maxLength\":\"\",\"multiline\":\"\",\"initialRows\":\"4\"}', '2017-07-06 21:23:48', '2017-07-06 21:23:48', 'e65d91ae-1aa6-423f-b67b-ff9b117f0a68');





--
-- Schema for table `guide_globalsets`
--
CREATE TABLE `guide_globalsets` (
  `id` int(11) NOT NULL,
  `name` varchar(255) COLLATE utf8_unicode_ci NOT NULL,
  `handle` varchar(255) COLLATE utf8_unicode_ci NOT NULL,
  `fieldLayoutId` int(10) DEFAULT NULL,
  `dateCreated` datetime NOT NULL,
  `dateUpdated` datetime NOT NULL,
  `uid` char(36) COLLATE utf8_unicode_ci NOT NULL DEFAULT '0',
  PRIMARY KEY (`id`),
  UNIQUE KEY `guide_globalsets_name_unq_idx` (`name`),
  UNIQUE KEY `guide_globalsets_handle_unq_idx` (`handle`),
  KEY `guide_globalsets_fieldLayoutId_fk` (`fieldLayoutId`)
) ENGINE=InnoDB DEFAULT CHARSET=utf8 COLLATE=utf8_unicode_ci;

--
-- Data for table `guide_globalsets`
--

INSERT INTO `guide_globalsets` (`id`, `name`, `handle`, `fieldLayoutId`, `dateCreated`, `dateUpdated`, `uid`) VALUES
 ('15', 'Socials', 'socials', '111', '2017-06-13 22:11:06', '2017-06-13 22:11:06', '2f22a965-64f4-4b32-9e12-d04381e52fb1'),
 ('16', 'SEO', 'seo', '112', '2017-06-13 22:11:32', '2017-06-13 22:11:32', '717a97ce-8e1b-44b6-8271-2d5655e6b48b'),
 ('69', 'Links', 'globalLinks', '130', '2017-06-21 13:38:10', '2017-06-21 13:41:11', '57baa483-e053-4583-a05d-7cf8258892fa'),
 ('103', 'Promoting', 'promoting', '145', '2017-06-26 16:49:30', '2017-06-26 16:49:30', '0da8a3a4-b3b0-4a4b-a3af-801ab51c040e');





--
-- Schema for table `guide_info`
--
CREATE TABLE `guide_info` (
  `id` int(11) NOT NULL AUTO_INCREMENT,
  `version` varchar(50) COLLATE utf8_unicode_ci NOT NULL,
  `schemaVersion` varchar(15) COLLATE utf8_unicode_ci NOT NULL,
  `edition` tinyint(1) unsigned NOT NULL DEFAULT '0',
  `siteName` varchar(100) COLLATE utf8_unicode_ci NOT NULL,
  `siteUrl` varchar(255) COLLATE utf8_unicode_ci NOT NULL,
  `timezone` varchar(30) COLLATE utf8_unicode_ci DEFAULT NULL,
  `on` tinyint(1) unsigned NOT NULL DEFAULT '0',
  `maintenance` tinyint(1) unsigned NOT NULL DEFAULT '0',
  `dateCreated` datetime NOT NULL,
  `dateUpdated` datetime NOT NULL,
  `uid` char(36) COLLATE utf8_unicode_ci NOT NULL DEFAULT '0',
  PRIMARY KEY (`id`)
) ENGINE=InnoDB AUTO_INCREMENT=2 DEFAULT CHARSET=utf8 COLLATE=utf8_unicode_ci;

--
-- Data for table `guide_info`
--

INSERT INTO `guide_info` (`id`, `version`, `schemaVersion`, `edition`, `siteName`, `siteUrl`, `timezone`, `on`, `maintenance`, `dateCreated`, `dateUpdated`, `uid`) VALUES
 ('1', '2.6.2985', '2.6.10', '0', 'Wanderbrief CityGuides', 'http://wanderbrief-guides.local', 'Europe/Amsterdam', '1', '1', '2017-06-05 15:46:29', '2017-07-10 23:44:13', 'c1441219-9235-46d0-b943-821077c08b42');





--
-- Schema for table `guide_locales`
--
CREATE TABLE `guide_locales` (
  `locale` char(12) COLLATE utf8_unicode_ci NOT NULL,
  `sortOrder` smallint(6) unsigned DEFAULT NULL,
  `dateCreated` datetime NOT NULL,
  `dateUpdated` datetime NOT NULL,
  `uid` char(36) COLLATE utf8_unicode_ci NOT NULL DEFAULT '0',
  PRIMARY KEY (`locale`),
  KEY `guide_locales_sortOrder_idx` (`sortOrder`)
) ENGINE=InnoDB DEFAULT CHARSET=utf8 COLLATE=utf8_unicode_ci;

--
-- Data for table `guide_locales`
--

INSERT INTO `guide_locales` (`locale`, `sortOrder`, `dateCreated`, `dateUpdated`, `uid`) VALUES
 ('en', '1', '2017-06-05 15:46:29', '2017-06-05 15:46:29', 'b58f0511-cb5e-4670-80f9-36cfcc13a7d4');





--
-- Schema for table `guide_matrixblocks`
--
CREATE TABLE `guide_matrixblocks` (
  `id` int(11) NOT NULL,
  `ownerId` int(11) NOT NULL,
  `fieldId` int(11) NOT NULL,
  `typeId` int(11) DEFAULT NULL,
  `sortOrder` smallint(6) unsigned DEFAULT NULL,
  `ownerLocale` char(12) COLLATE utf8_unicode_ci DEFAULT NULL,
  `dateCreated` datetime NOT NULL,
  `dateUpdated` datetime NOT NULL,
  `uid` char(36) COLLATE utf8_unicode_ci NOT NULL DEFAULT '0',
  PRIMARY KEY (`id`),
  KEY `guide_matrixblocks_ownerId_idx` (`ownerId`),
  KEY `guide_matrixblocks_fieldId_idx` (`fieldId`),
  KEY `guide_matrixblocks_typeId_idx` (`typeId`),
  KEY `guide_matrixblocks_sortOrder_idx` (`sortOrder`),
  KEY `guide_matrixblocks_ownerLocale_fk` (`ownerLocale`)
) ENGINE=InnoDB DEFAULT CHARSET=utf8 COLLATE=utf8_unicode_ci;



--
-- Schema for table `guide_matrixblocktypes`
--
CREATE TABLE `guide_matrixblocktypes` (
  `id` int(11) NOT NULL AUTO_INCREMENT,
  `fieldId` int(11) NOT NULL,
  `fieldLayoutId` int(11) DEFAULT NULL,
  `name` varchar(255) COLLATE utf8_unicode_ci NOT NULL,
  `handle` varchar(255) COLLATE utf8_unicode_ci NOT NULL,
  `sortOrder` smallint(6) unsigned DEFAULT NULL,
  `dateCreated` datetime NOT NULL,
  `dateUpdated` datetime NOT NULL,
  `uid` char(36) COLLATE utf8_unicode_ci NOT NULL DEFAULT '0',
  PRIMARY KEY (`id`),
  UNIQUE KEY `guide_matrixblocktypes_name_fieldId_unq_idx` (`name`,`fieldId`),
  UNIQUE KEY `guide_matrixblocktypes_handle_fieldId_unq_idx` (`handle`,`fieldId`),
  KEY `guide_matrixblocktypes_fieldId_fk` (`fieldId`),
  KEY `guide_matrixblocktypes_fieldLayoutId_fk` (`fieldLayoutId`)
) ENGINE=InnoDB DEFAULT CHARSET=utf8 COLLATE=utf8_unicode_ci;



--
-- Schema for table `guide_migrations`
--
CREATE TABLE `guide_migrations` (
  `id` int(11) NOT NULL AUTO_INCREMENT,
  `pluginId` int(11) DEFAULT NULL,
  `version` varchar(255) COLLATE utf8_unicode_ci NOT NULL,
  `applyTime` datetime NOT NULL,
  `dateCreated` datetime NOT NULL,
  `dateUpdated` datetime NOT NULL,
  `uid` char(36) COLLATE utf8_unicode_ci NOT NULL DEFAULT '0',
  PRIMARY KEY (`id`),
  UNIQUE KEY `guide_migrations_version_unq_idx` (`version`),
  KEY `guide_migrations_pluginId_fk` (`pluginId`)
) ENGINE=InnoDB AUTO_INCREMENT=40 DEFAULT CHARSET=utf8 COLLATE=utf8_unicode_ci;

--
-- Data for table `guide_migrations`
--

INSERT INTO `guide_migrations` (`id`, `pluginId`, `version`, `applyTime`, `dateCreated`, `dateUpdated`, `uid`) VALUES
 ('1', NULL, 'm000000_000000_base', '2017-06-05 15:46:29', '2017-06-05 15:46:29', '2017-06-05 15:46:29', '33825cb5-1a83-4349-96ed-0a279385d56b'),
 ('2', NULL, 'm140730_000001_add_filename_and_format_to_transformindex', '2017-06-05 15:46:29', '2017-06-05 15:46:29', '2017-06-05 15:46:29', '42cc0175-cabc-484f-9f23-f68360577053'),
 ('3', NULL, 'm140815_000001_add_format_to_transforms', '2017-06-05 15:46:29', '2017-06-05 15:46:29', '2017-06-05 15:46:29', '8557ea09-fd94-49b2-bed8-8401d6e7c495'),
 ('4', NULL, 'm140822_000001_allow_more_than_128_items_per_field', '2017-06-05 15:46:29', '2017-06-05 15:46:29', '2017-06-05 15:46:29', '1da9f8af-2574-46b8-a373-2fc769e7c45c'),
 ('5', NULL, 'm140829_000001_single_title_formats', '2017-06-05 15:46:29', '2017-06-05 15:46:29', '2017-06-05 15:46:29', '69f496d5-824d-46eb-a2ad-a84da5fe0c0e'),
 ('6', NULL, 'm140831_000001_extended_cache_keys', '2017-06-05 15:46:29', '2017-06-05 15:46:29', '2017-06-05 15:46:29', '9f2c3606-039a-4183-962b-cf576b5da925'),
 ('7', NULL, 'm140922_000001_delete_orphaned_matrix_blocks', '2017-06-05 15:46:29', '2017-06-05 15:46:29', '2017-06-05 15:46:29', '318295da-6c2d-43db-a1d0-5db68938f16d'),
 ('8', NULL, 'm141008_000001_elements_index_tune', '2017-06-05 15:46:29', '2017-06-05 15:46:29', '2017-06-05 15:46:29', 'e5939256-1ece-4f9e-b9d4-bd863ad78c37'),
 ('9', NULL, 'm141009_000001_assets_source_handle', '2017-06-05 15:46:29', '2017-06-05 15:46:29', '2017-06-05 15:46:29', '019b6426-54a0-4e2f-aa79-23510db21b56'),
 ('10', NULL, 'm141024_000001_field_layout_tabs', '2017-06-05 15:46:29', '2017-06-05 15:46:29', '2017-06-05 15:46:29', 'c133692a-73d4-4cd2-baa6-96fb65335ddf'),
 ('11', NULL, 'm141030_000000_plugin_schema_versions', '2017-06-05 15:46:29', '2017-06-05 15:46:29', '2017-06-05 15:46:29', 'a3d38a79-c7d0-4c69-951b-18ebae507100'),
 ('12', NULL, 'm141030_000001_drop_structure_move_permission', '2017-06-05 15:46:29', '2017-06-05 15:46:29', '2017-06-05 15:46:29', 'b7619915-f64b-45b9-bd1c-ff29885a8e57'),
 ('13', NULL, 'm141103_000001_tag_titles', '2017-06-05 15:46:29', '2017-06-05 15:46:29', '2017-06-05 15:46:29', '7cbe261a-7a39-471e-982b-f9c53d5d93e2'),
 ('14', NULL, 'm141109_000001_user_status_shuffle', '2017-06-05 15:46:29', '2017-06-05 15:46:29', '2017-06-05 15:46:29', 'afdefe1e-e010-4e9b-aa5a-034a2910c4c5'),
 ('15', NULL, 'm141126_000001_user_week_start_day', '2017-06-05 15:46:29', '2017-06-05 15:46:29', '2017-06-05 15:46:29', '3959cdfe-a232-49e8-86ee-16934d1d553a'),
 ('16', NULL, 'm150210_000001_adjust_user_photo_size', '2017-06-05 15:46:29', '2017-06-05 15:46:29', '2017-06-05 15:46:29', 'bbe7c9be-e399-47ea-9040-117ddde7e2f8'),
 ('17', NULL, 'm150724_000001_adjust_quality_settings', '2017-06-05 15:46:29', '2017-06-05 15:46:29', '2017-06-05 15:46:29', 'bbd728aa-17b0-407e-938f-b0a5b0c39c42'),
 ('18', NULL, 'm150827_000000_element_index_settings', '2017-06-05 15:46:29', '2017-06-05 15:46:29', '2017-06-05 15:46:29', 'fa60e2ec-71e3-40f1-9cba-008b8b1e058f'),
 ('19', NULL, 'm150918_000001_add_colspan_to_widgets', '2017-06-05 15:46:29', '2017-06-05 15:46:29', '2017-06-05 15:46:29', 'ad807f5f-0b30-4de5-95a3-8cbceb702757'),
 ('20', NULL, 'm151007_000000_clear_asset_caches', '2017-06-05 15:46:29', '2017-06-05 15:46:29', '2017-06-05 15:46:29', '71a0b622-8fe5-4809-8473-895cecc63b2a'),
 ('21', NULL, 'm151109_000000_text_url_formats', '2017-06-05 15:46:29', '2017-06-05 15:46:29', '2017-06-05 15:46:29', '582fae71-b67b-4900-8be0-c56cb84ea1aa'),
 ('22', NULL, 'm151110_000000_move_logo', '2017-06-05 15:46:29', '2017-06-05 15:46:29', '2017-06-05 15:46:29', '2d3fb3e4-5e90-4487-aaf6-bf7f6c37408e'),
 ('23', NULL, 'm151117_000000_adjust_image_widthheight', '2017-06-05 15:46:29', '2017-06-05 15:46:29', '2017-06-05 15:46:29', 'edcd3013-bfb3-434d-8475-9dbf540b37f8'),
 ('24', NULL, 'm151127_000000_clear_license_key_status', '2017-06-05 15:46:29', '2017-06-05 15:46:29', '2017-06-05 15:46:29', 'd2b72154-07f3-47ee-9ea9-d2f596e5ed60'),
 ('25', NULL, 'm151127_000000_plugin_license_keys', '2017-06-05 15:46:29', '2017-06-05 15:46:29', '2017-06-05 15:46:29', 'e6ee0ecf-fa2f-4034-8237-1535329aa69c'),
 ('26', NULL, 'm151130_000000_update_pt_widget_feeds', '2017-06-05 15:46:29', '2017-06-05 15:46:29', '2017-06-05 15:46:29', 'fe6b0ed5-6154-4285-bbca-04ba1f31bd44'),
 ('27', NULL, 'm160114_000000_asset_sources_public_url_default_true', '2017-06-05 15:46:29', '2017-06-05 15:46:29', '2017-06-05 15:46:29', '49673837-49f3-44f2-8f75-e521d8d0c71f'),
 ('28', NULL, 'm160223_000000_sortorder_to_smallint', '2017-06-05 15:46:29', '2017-06-05 15:46:29', '2017-06-05 15:46:29', '095d016f-be0b-4dee-8062-b43529bc07e2'),
 ('29', NULL, 'm160229_000000_set_default_entry_statuses', '2017-06-05 15:46:29', '2017-06-05 15:46:29', '2017-06-05 15:46:29', '3bbb5a7a-cdf6-4183-abb1-226591d2e507'),
 ('30', NULL, 'm160304_000000_client_permissions', '2017-06-05 15:46:29', '2017-06-05 15:46:29', '2017-06-05 15:46:29', 'd69814ac-3a93-481f-99ae-8951aadac08e'),
 ('31', NULL, 'm160322_000000_asset_filesize', '2017-06-05 15:46:29', '2017-06-05 15:46:29', '2017-06-05 15:46:29', '19738905-e5dd-4adf-89cd-7776aadf5601'),
 ('32', NULL, 'm160503_000000_orphaned_fieldlayouts', '2017-06-05 15:46:29', '2017-06-05 15:46:29', '2017-06-05 15:46:29', 'e7ab8d0d-8edd-4078-9e9c-4b637caa759d'),
 ('33', NULL, 'm160510_000000_tasksettings', '2017-06-05 15:46:29', '2017-06-05 15:46:29', '2017-06-05 15:46:29', '5337f968-f15d-4a7f-8f22-3c3d16e5042e'),
 ('34', NULL, 'm160829_000000_pending_user_content_cleanup', '2017-06-05 15:46:29', '2017-06-05 15:46:29', '2017-06-05 15:46:29', '5d435000-2bc5-4dbb-8529-275fee1c7907'),
 ('35', NULL, 'm160830_000000_asset_index_uri_increase', '2017-06-05 15:46:29', '2017-06-05 15:46:29', '2017-06-05 15:46:29', '2af6d3bc-04ca-497e-8620-dac696334337'),
 ('36', NULL, 'm160919_000000_usergroup_handle_title_unique', '2017-06-05 15:46:29', '2017-06-05 15:46:29', '2017-06-05 15:46:29', '277beaaa-fb71-4327-8194-15c5d831e016'),
 ('37', NULL, 'm161108_000000_new_version_format', '2017-06-05 15:46:29', '2017-06-05 15:46:29', '2017-06-05 15:46:29', '46ae7ff6-3e23-471f-9dbc-a40dfc99b00f'),
 ('38', NULL, 'm161109_000000_index_shuffle', '2017-06-05 15:46:29', '2017-06-05 15:46:29', '2017-06-05 15:46:29', '26830652-01a3-4fee-8399-0b633c23ccde'),
 ('39', NULL, 'm170612_000000_route_index_shuffle', '2017-07-04 22:20:43', '2017-07-04 22:20:43', '2017-07-04 22:20:43', '54cddf28-719e-4a9a-979d-39cd66f65654');





--
-- Schema for table `guide_plugins`
--
CREATE TABLE `guide_plugins` (
  `id` int(11) NOT NULL AUTO_INCREMENT,
  `class` varchar(150) COLLATE utf8_unicode_ci NOT NULL,
  `version` varchar(15) COLLATE utf8_unicode_ci NOT NULL,
  `schemaVersion` varchar(15) COLLATE utf8_unicode_ci DEFAULT NULL,
  `licenseKey` char(24) COLLATE utf8_unicode_ci DEFAULT NULL,
  `licenseKeyStatus` enum('valid','invalid','mismatched','unknown') COLLATE utf8_unicode_ci NOT NULL DEFAULT 'unknown',
  `enabled` tinyint(1) unsigned NOT NULL DEFAULT '0',
  `settings` text COLLATE utf8_unicode_ci,
  `installDate` datetime NOT NULL,
  `dateCreated` datetime NOT NULL,
  `dateUpdated` datetime NOT NULL,
  `uid` char(36) COLLATE utf8_unicode_ci NOT NULL DEFAULT '0',
  PRIMARY KEY (`id`)
) ENGINE=InnoDB AUTO_INCREMENT=3 DEFAULT CHARSET=utf8 COLLATE=utf8_unicode_ci;

--
-- Data for table `guide_plugins`
--

INSERT INTO `guide_plugins` (`id`, `class`, `version`, `schemaVersion`, `licenseKey`, `licenseKeyStatus`, `enabled`, `settings`, `installDate`, `dateCreated`, `dateUpdated`, `uid`) VALUES
 ('1', 'ElementApi', '1.6.0', '1.0.0', NULL, 'unknown', '1', NULL, '2017-06-05 19:27:44', '2017-06-05 19:27:44', '2017-07-10 23:44:12', '0fbf9c27-1ae3-4a8d-be3c-d7613acfc383'),
 ('2', 'Weather', '1.0', NULL, NULL, 'unknown', '1', '{\"cacheDuration\":\"240\",\"apiKey\":\"ce21ca11ef77fcb51d68a3c19c6d0623\"}', '2017-07-06 20:49:13', '2017-07-06 20:49:13', '2017-07-10 23:44:12', '18a7a284-87c4-4c01-a4ec-13ad5b2373e1');





--
-- Schema for table `guide_rackspaceaccess`
--
CREATE TABLE `guide_rackspaceaccess` (
  `id` int(11) NOT NULL AUTO_INCREMENT,
  `connectionKey` varchar(255) COLLATE utf8_unicode_ci NOT NULL,
  `token` varchar(255) COLLATE utf8_unicode_ci NOT NULL,
  `storageUrl` varchar(255) COLLATE utf8_unicode_ci NOT NULL,
  `cdnUrl` varchar(255) COLLATE utf8_unicode_ci NOT NULL,
  `dateCreated` datetime NOT NULL,
  `dateUpdated` datetime NOT NULL,
  `uid` char(36) COLLATE utf8_unicode_ci NOT NULL DEFAULT '0',
  PRIMARY KEY (`id`),
  UNIQUE KEY `guide_rackspaceaccess_connectionKey_unq_idx` (`connectionKey`)
) ENGINE=InnoDB DEFAULT CHARSET=utf8 COLLATE=utf8_unicode_ci;



--
-- Schema for table `guide_relations`
--
CREATE TABLE `guide_relations` (
  `id` int(11) NOT NULL AUTO_INCREMENT,
  `fieldId` int(11) NOT NULL,
  `sourceId` int(11) NOT NULL,
  `sourceLocale` char(12) COLLATE utf8_unicode_ci DEFAULT NULL,
  `targetId` int(11) NOT NULL,
  `sortOrder` smallint(6) DEFAULT NULL,
  `dateCreated` datetime NOT NULL,
  `dateUpdated` datetime NOT NULL,
  `uid` char(36) COLLATE utf8_unicode_ci NOT NULL DEFAULT '0',
  PRIMARY KEY (`id`),
  UNIQUE KEY `guide_relations_fieldId_sourceId_sourceLocale_targetId_unq_idx` (`fieldId`,`sourceId`,`sourceLocale`,`targetId`),
  KEY `guide_relations_sourceId_fk` (`sourceId`),
  KEY `guide_relations_sourceLocale_fk` (`sourceLocale`),
  KEY `guide_relations_targetId_fk` (`targetId`)
) ENGINE=InnoDB AUTO_INCREMENT=1262 DEFAULT CHARSET=utf8 COLLATE=utf8_unicode_ci;

--
-- Data for table `guide_relations`
--

INSERT INTO `guide_relations` (`id`, `fieldId`, `sourceId`, `sourceLocale`, `targetId`, `sortOrder`, `dateCreated`, `dateUpdated`, `uid`) VALUES
 ('21', '67', '2', NULL, '7', '1', '2017-06-08 15:04:31', '2017-06-08 15:04:31', 'f0dad68a-2015-43c9-8782-530879b96ce2'),
 ('38', '62', '2', NULL, '8', '1', '2017-06-13 21:35:53', '2017-06-13 21:35:53', '9fdb1790-66ea-4a05-954a-ccb6ee76063a'),
 ('138', '61', '7', NULL, '12', '1', '2017-06-14 21:00:45', '2017-06-14 21:00:45', '5e0ca1ad-c27e-48cb-aee5-898bccc6ec84'),
 ('141', '49', '28', NULL, '5', '1', '2017-06-14 21:01:00', '2017-06-14 21:01:00', '9db19816-352b-4c29-9468-47adb79a7c06'),
 ('142', '61', '28', NULL, '27', '1', '2017-06-14 21:01:00', '2017-06-14 21:01:00', '40b72307-bc41-48a3-a1a4-f4c27df4dfb4'),
 ('143', '49', '30', NULL, '5', '1', '2017-06-14 21:01:10', '2017-06-14 21:01:10', 'c1156384-1d7e-4722-8956-226ace69285f'),
 ('144', '61', '30', NULL, '29', '1', '2017-06-14 21:01:10', '2017-06-14 21:01:10', '2a6c0325-88be-41f4-bee4-d7de557e8346'),
 ('330', '96', '53', NULL, '52', '1', '2017-06-15 16:59:39', '2017-06-15 16:59:39', 'e865ea30-d976-4e61-b3aa-9d11d023a4b5'),
 ('345', '96', '51', NULL, '50', '1', '2017-06-15 17:01:21', '2017-06-15 17:01:21', 'a5b2bdb6-2f8d-4201-9bb0-2392f692adb9'),
 ('346', '96', '49', NULL, '48', '1', '2017-06-15 17:04:00', '2017-06-15 17:04:00', 'b4638bbd-c90c-4826-b427-0450cac1861a'),
 ('922', '34', '99', NULL, '98', '1', '2017-06-23 12:59:36', '2017-06-23 12:59:36', '5b079b82-ee42-415c-9fd2-20e6020a554f'),
 ('927', '101', '99', NULL, '95', '1', '2017-06-24 11:08:13', '2017-06-24 11:08:13', '979b0b4e-cb93-4cf8-9b5b-af97e044265e'),
 ('928', '63', '99', NULL, '100', '1', '2017-06-24 11:08:13', '2017-06-24 11:08:13', '8b55cca3-9ee6-4f5c-986d-59acfbef1dca'),
 ('929', '102', '99', NULL, '98', '1', '2017-06-24 11:08:13', '2017-06-24 11:08:13', 'f9a5444c-a35f-4750-82c1-8d36a9599658'),
 ('937', '101', '101', NULL, '95', '1', '2017-06-24 11:27:31', '2017-06-24 11:27:31', '10afcfcf-0380-4807-84a2-369ec3a1878a'),
 ('938', '63', '101', NULL, '100', '1', '2017-06-24 11:27:31', '2017-06-24 11:27:31', 'e514b76b-0bac-4b62-b009-0272b114430d'),
 ('939', '102', '101', NULL, '102', '1', '2017-06-24 11:27:31', '2017-06-24 11:27:31', '77b04d9d-a69a-4b66-aa64-a4e1fa41b12a'),
 ('953', '35', '58', NULL, '60', '1', '2017-06-26 17:37:30', '2017-06-26 17:37:30', '6c6a6ca6-0e9a-4b14-a2e3-0fbf3d125944'),
 ('954', '42', '58', NULL, '81', '1', '2017-06-26 17:37:30', '2017-06-26 17:37:30', '6f44e2e8-924e-4474-9458-2e5ad79653bf'),
 ('955', '42', '58', NULL, '79', '2', '2017-06-26 17:37:30', '2017-06-26 17:37:30', '3f637ea8-5e17-4bba-bbc2-590564f2687c'),
 ('956', '42', '58', NULL, '78', '3', '2017-06-26 17:37:30', '2017-06-26 17:37:30', 'c67d9d29-6dd2-4b4f-be74-80db59eea439'),
 ('957', '42', '58', NULL, '83', '4', '2017-06-26 17:37:30', '2017-06-26 17:37:30', '0652d079-3844-4c57-b2e4-094d81d1fc0b'),
 ('958', '42', '58', NULL, '76', '5', '2017-06-26 17:37:30', '2017-06-26 17:37:30', '521c2606-f9a6-404e-a1a4-0901b7fbab6e'),
 ('959', '42', '58', NULL, '80', '6', '2017-06-26 17:37:30', '2017-06-26 17:37:30', 'd3c021a1-f2fa-43a4-87c0-16a2d327857e'),
 ('960', '42', '58', NULL, '82', '7', '2017-06-26 17:37:30', '2017-06-26 17:37:30', '35ad34f4-1a39-4710-9926-ecae9e99e140'),
 ('961', '42', '58', NULL, '77', '8', '2017-06-26 17:37:30', '2017-06-26 17:37:30', '6bbf5587-489a-480b-8861-257d8ee7eaf6'),
 ('962', '42', '58', NULL, '75', '9', '2017-06-26 17:37:30', '2017-06-26 17:37:30', 'dddb58ce-6312-4af8-839c-f2c0298915d7'),
 ('963', '42', '58', NULL, '91', '10', '2017-06-26 17:37:30', '2017-06-26 17:37:30', 'f335b64f-6430-47af-b4cf-ed9813293c5d'),
 ('964', '42', '58', NULL, '92', '11', '2017-06-26 17:37:30', '2017-06-26 17:37:30', 'ba3ab49a-93cd-41ae-9e67-6f8c2195dcab'),
 ('965', '42', '58', NULL, '93', '12', '2017-06-26 17:37:30', '2017-06-26 17:37:30', 'e8f7ff52-40ab-4f7e-94d0-ab9253fdef20'),
 ('1019', '105', '4', NULL, '98', '1', '2017-07-04 23:07:37', '2017-07-04 23:07:37', '8296c6d3-0382-4fa7-82f5-70ebd8872c63'),
 ('1124', '35', '86', NULL, '9', '1', '2017-07-06 20:25:48', '2017-07-06 20:25:48', '063d4d1b-b559-469d-9d41-74ea97f46c4d'),
 ('1125', '40', '86', NULL, '4', '1', '2017-07-06 20:25:48', '2017-07-06 20:25:48', 'e977363e-cbee-4b9e-ac36-b004ac2a8f62'),
 ('1126', '34', '86', NULL, '98', '1', '2017-07-06 20:25:48', '2017-07-06 20:25:48', 'f6094d11-b876-4d38-8af5-e3e9cedc3e27'),
 ('1127', '8', '86', NULL, '28', '1', '2017-07-06 20:25:48', '2017-07-06 20:25:48', '0af1a59f-9000-4a12-beaa-ce81c679ae17'),
 ('1144', '35', '72', NULL, '60', '1', '2017-07-06 20:28:47', '2017-07-06 20:28:47', '62a2b9a1-1800-4a7e-b710-5ee603f7ac7f'),
 ('1145', '40', '72', NULL, '4', '1', '2017-07-06 20:28:47', '2017-07-06 20:28:47', '11a14368-cecf-4b8c-b433-ed953ef2836d'),
 ('1146', '34', '72', NULL, '102', '1', '2017-07-06 20:28:47', '2017-07-06 20:28:47', '6941cbec-1819-4bb6-91c5-739c822040f6'),
 ('1147', '6', '72', NULL, '7', '1', '2017-07-06 20:28:47', '2017-07-06 20:28:47', '9dda67b5-441e-4f60-a2bb-75394aacc20b'),
 ('1148', '8', '72', NULL, '28', '1', '2017-07-06 20:28:47', '2017-07-06 20:28:47', '5aa2e425-9e60-449b-b4e0-3c6f08481636'),
 ('1149', '41', '72', NULL, '71', '1', '2017-07-06 20:28:47', '2017-07-06 20:28:47', '1339e22f-4e09-471c-adc5-73d54248d8de'),
 ('1150', '41', '72', NULL, '84', '2', '2017-07-06 20:28:47', '2017-07-06 20:28:47', '2a9b5fa1-8786-4660-bf5c-b60331b9d407'),
 ('1151', '41', '72', NULL, '85', '3', '2017-07-06 20:28:47', '2017-07-06 20:28:47', 'f8b8e0f9-c3b1-48ab-9f59-62988cda541a'),
 ('1152', '35', '5', NULL, '62', '1', '2017-07-06 20:29:25', '2017-07-06 20:29:25', 'b89c95e6-7116-44ad-80e9-57d8c5c77fa3'),
 ('1153', '40', '5', NULL, '4', '1', '2017-07-06 20:29:25', '2017-07-06 20:29:25', '8acb5129-add5-4ac3-ab1c-a741a8ded04c'),
 ('1154', '34', '5', NULL, '98', '1', '2017-07-06 20:29:25', '2017-07-06 20:29:25', 'aafe39a8-49e2-4375-b3d9-f994a2c64577'),
 ('1155', '6', '5', NULL, '7', '1', '2017-07-06 20:29:25', '2017-07-06 20:29:25', 'e74743eb-a203-4fd5-b4da-808b9ba8baff'),
 ('1156', '8', '5', NULL, '28', '1', '2017-07-06 20:29:25', '2017-07-06 20:29:25', 'f78c5967-6114-40a7-9dbf-50c3580dbeb1'),
 ('1157', '7', '5', NULL, '30', '1', '2017-07-06 20:29:25', '2017-07-06 20:29:25', '7fa067bb-df65-41c4-9f7e-9c1451045424'),
 ('1158', '41', '5', NULL, '66', '1', '2017-07-06 20:29:25', '2017-07-06 20:29:25', '7dc7c0ff-d5be-4ecc-a191-81b14ef480cc'),
 ('1159', '41', '5', NULL, '67', '2', '2017-07-06 20:29:25', '2017-07-06 20:29:25', 'b635e12b-dcc7-4420-92b7-d147c232e7a5'),
 ('1160', '41', '5', NULL, '68', '3', '2017-07-06 20:29:25', '2017-07-06 20:29:25', '0ef78761-3c0f-45b7-849b-ab9e4fdd7b6d'),
 ('1161', '73', '5', NULL, '37', '1', '2017-07-06 20:29:25', '2017-07-06 20:29:25', 'e6e47988-4939-4a53-91c4-6c3960a10d37'),
 ('1176', '62', '4', NULL, '89', '1', '2017-07-06 21:24:49', '2017-07-06 21:24:49', 'fe9e7e96-09bb-45fb-9b1a-7ed7e53c4932'),
 ('1177', '34', '4', NULL, '98', '1', '2017-07-06 21:24:49', '2017-07-06 21:24:49', 'c3029ba3-606b-4195-b170-b0836875eda5'),
 ('1178', '10', '4', NULL, '5', '1', '2017-07-06 21:24:49', '2017-07-06 21:24:49', '0601b4a7-25d1-46c3-9b85-f8d9e9d5f462'),
 ('1179', '10', '4', NULL, '72', '2', '2017-07-06 21:24:49', '2017-07-06 21:24:49', 'a5e596cb-990b-4b1e-b09e-dbad66e7f85b'),
 ('1180', '10', '4', NULL, '86', '3', '2017-07-06 21:24:49', '2017-07-06 21:24:49', '93bae1d3-4fdb-484b-91c8-4329b9021bde'),
 ('1181', '6', '4', NULL, '7', '1', '2017-07-06 21:24:49', '2017-07-06 21:24:49', 'ad9f1355-b28b-4e58-9a19-968fce74f0b8'),
 ('1182', '8', '4', NULL, '28', '1', '2017-07-06 21:24:49', '2017-07-06 21:24:49', 'eb2d8c79-8d87-4772-82cc-7f3cefb019be'),
 ('1183', '7', '4', NULL, '30', '1', '2017-07-06 21:24:49', '2017-07-06 21:24:49', '6affb7e7-e4aa-464a-ae92-54c04378da7e'),
 ('1184', '42', '4', NULL, '75', '1', '2017-07-06 21:24:49', '2017-07-06 21:24:49', '33339ccc-12d3-4f87-981e-f3c091d125e7'),
 ('1185', '42', '4', NULL, '76', '2', '2017-07-06 21:24:49', '2017-07-06 21:24:49', 'f7b5dc4c-a61c-4a68-aa3e-55a7950d698c'),
 ('1186', '42', '4', NULL, '78', '3', '2017-07-06 21:24:49', '2017-07-06 21:24:49', 'f5d0abdd-8417-49fd-a694-771db3544644'),
 ('1187', '42', '4', NULL, '79', '4', '2017-07-06 21:24:49', '2017-07-06 21:24:49', 'b1223c10-28a3-4973-a5ff-66c54024a130'),
 ('1188', '42', '4', NULL, '82', '5', '2017-07-06 21:24:49', '2017-07-06 21:24:49', 'a13993bc-acc1-46e1-b527-28385c4756e5'),
 ('1189', '73', '4', NULL, '37', '1', '2017-07-06 21:24:49', '2017-07-06 21:24:49', 'b188dc1c-a29d-4ff6-9ef7-c918ac9d1f15'),
 ('1211', '62', '43', NULL, '42', '1', '2017-07-07 13:09:29', '2017-07-07 13:09:29', 'e8d941e4-1fce-49e6-ad43-30a21d7b475d'),
 ('1212', '34', '43', NULL, '102', '1', '2017-07-07 13:09:29', '2017-07-07 13:09:29', 'dc45cd44-7ee1-4a02-81c2-b85208a3fbe2'),
 ('1213', '6', '43', NULL, '7', '1', '2017-07-07 13:09:29', '2017-07-07 13:09:29', '740498a1-399f-493c-8bcd-ad1142659b35'),
 ('1214', '8', '43', NULL, '28', '1', '2017-07-07 13:09:29', '2017-07-07 13:09:29', '53cd34d7-5da6-4870-9d4e-b16521151ac8'),
 ('1215', '7', '43', NULL, '30', '1', '2017-07-07 13:09:29', '2017-07-07 13:09:29', 'd7a70c3d-08c8-4873-884b-2af4aac4021f'),
 ('1216', '42', '43', NULL, '80', '1', '2017-07-07 13:09:29', '2017-07-07 13:09:29', 'c609b138-3529-4aaf-a751-9464e6e84d50'),
 ('1217', '42', '43', NULL, '77', '2', '2017-07-07 13:09:29', '2017-07-07 13:09:29', 'e2844fb8-1d9f-45cb-a69d-01ea2d5c584e'),
 ('1218', '42', '43', NULL, '91', '3', '2017-07-07 13:09:29', '2017-07-07 13:09:29', '66858088-b868-420a-9505-03c69c282c60'),
 ('1219', '73', '43', NULL, '37', '1', '2017-07-07 13:09:29', '2017-07-07 13:09:29', 'cc87b6a1-46b8-4be8-bca2-1950363d3692'),
 ('1220', '62', '24', NULL, '39', '1', '2017-07-07 13:09:51', '2017-07-07 13:09:51', '2f89856f-f3b1-4a8d-a7ce-2c8f9a441d6d'),
 ('1221', '34', '24', NULL, '98', '1', '2017-07-07 13:09:51', '2017-07-07 13:09:51', 'b7d4e99c-0977-4185-aff3-960f705df2e3'),
 ('1222', '42', '24', NULL, '91', '1', '2017-07-07 13:09:51', '2017-07-07 13:09:51', '4bb734a5-57fb-4cc4-9d89-bdc0e4ce28f0'),
 ('1223', '42', '24', NULL, '82', '2', '2017-07-07 13:09:51', '2017-07-07 13:09:51', 'd01bbe31-6394-401e-9545-5a9d836ea449'),
 ('1224', '35', '2', NULL, '96', '1', '2017-07-10 18:13:36', '2017-07-10 18:13:36', 'de311d94-a49b-4787-8b0e-b85a13b70b33'),
 ('1225', '65', '2', NULL, '4', '1', '2017-07-10 18:13:36', '2017-07-10 18:13:36', '5c5869f5-9cf6-475e-9f09-99cedc7af7cf'),
 ('1226', '59', '2', NULL, '23', '1', '2017-07-10 18:13:36', '2017-07-10 18:13:36', 'f74c85a5-e9b0-42c3-89e5-2de76715f4e0'),
 ('1227', '59', '2', NULL, '24', '2', '2017-07-10 18:13:36', '2017-07-10 18:13:36', '36baea81-d27b-4c6b-b494-f4a2daf40920'),
 ('1228', '59', '2', NULL, '4', '3', '2017-07-10 18:13:36', '2017-07-10 18:13:36', '40c5795d-6c40-4dd6-8e82-ddac10df362c'),
 ('1229', '59', '2', NULL, '63', '4', '2017-07-10 18:13:36', '2017-07-10 18:13:36', '64af60cd-21a4-4db0-9cb8-78d7acc04d82'),
 ('1230', '59', '2', NULL, '43', '5', '2017-07-10 18:13:36', '2017-07-10 18:13:36', 'ac5d7d8f-3284-45f8-abf0-ca430735af79'),
 ('1231', '59', '2', NULL, '65', '6', '2017-07-10 18:13:36', '2017-07-10 18:13:36', '71815fbf-eb78-4805-8b34-633a2b8eb5ad'),
 ('1232', '82', '2', NULL, '7', '1', '2017-07-10 18:13:36', '2017-07-10 18:13:36', 'f1ade47b-bc12-4eeb-83f6-39675becdad9'),
 ('1233', '82', '2', NULL, '28', '2', '2017-07-10 18:13:36', '2017-07-10 18:13:36', '72904af9-5481-44be-8108-b0dadcc9aaa9'),
 ('1234', '82', '2', NULL, '30', '3', '2017-07-10 18:13:36', '2017-07-10 18:13:36', '41e31701-ac6a-4d9c-9f1f-ed604dcec02b'),
 ('1235', '97', '2', NULL, '49', '1', '2017-07-10 18:13:36', '2017-07-10 18:13:36', '25ba776b-35e8-41dd-8650-1029b0fd6040'),
 ('1236', '97', '2', NULL, '51', '2', '2017-07-10 18:13:36', '2017-07-10 18:13:36', 'd68fe267-3569-4571-b4af-aadfadcdcc3e'),
 ('1237', '97', '2', NULL, '53', '3', '2017-07-10 18:13:36', '2017-07-10 18:13:36', '02915738-4949-4619-9eda-dead3163e927'),
 ('1238', '66', '2', NULL, '99', '1', '2017-07-10 18:13:36', '2017-07-10 18:13:36', 'f5b14f1c-63c7-4257-bb5c-fef6e099441c'),
 ('1239', '62', '23', NULL, '70', '1', '2017-07-10 21:31:49', '2017-07-10 21:31:49', '1f0c6f52-0033-474f-bde4-2ea5b6504f74'),
 ('1240', '34', '23', NULL, '102', '1', '2017-07-10 21:31:49', '2017-07-10 21:31:49', '242cd28f-4e5a-4fb9-aa4d-8325befc7c01'),
 ('1241', '6', '23', NULL, '7', '1', '2017-07-10 21:31:49', '2017-07-10 21:31:49', 'eb2d77b3-b1ee-40c1-9b6a-f9091b204e2c'),
 ('1242', '8', '23', NULL, '28', '1', '2017-07-10 21:31:49', '2017-07-10 21:31:49', '7ced7303-d2ce-4ace-95ec-24adccd67ef3'),
 ('1243', '7', '23', NULL, '30', '1', '2017-07-10 21:31:49', '2017-07-10 21:31:49', '834dc5ba-7686-40e0-854a-a88e17173030');
INSERT INTO `guide_relations` (`id`, `fieldId`, `sourceId`, `sourceLocale`, `targetId`, `sortOrder`, `dateCreated`, `dateUpdated`, `uid`) VALUES
 ('1244', '42', '23', NULL, '82', '1', '2017-07-10 21:31:49', '2017-07-10 21:31:49', 'a802bd10-9679-4208-b1cf-d67730e7e8ac'),
 ('1245', '42', '23', NULL, '77', '2', '2017-07-10 21:31:49', '2017-07-10 21:31:49', '1862dfc4-087c-4512-a60f-9dbec25435c0'),
 ('1246', '42', '23', NULL, '76', '3', '2017-07-10 21:31:49', '2017-07-10 21:31:49', '6ae81309-f04a-41ed-af25-7a4944ba4cc5'),
 ('1247', '42', '23', NULL, '81', '4', '2017-07-10 21:31:49', '2017-07-10 21:31:49', 'ca8292bc-d253-4cbd-8119-fc27947ce6a9'),
 ('1248', '42', '23', NULL, '83', '5', '2017-07-10 21:31:49', '2017-07-10 21:31:49', 'b9475948-f2a4-4e02-8058-f500ee5b7881'),
 ('1249', '62', '65', NULL, '64', '1', '2017-07-10 21:32:48', '2017-07-10 21:32:48', '4d636830-c1dc-4db9-91f8-cb9272b6decc'),
 ('1250', '34', '65', NULL, '98', '1', '2017-07-10 21:32:48', '2017-07-10 21:32:48', '97f9c327-0b95-4f3b-a780-ff06566ff221'),
 ('1251', '42', '65', NULL, '91', '1', '2017-07-10 21:32:48', '2017-07-10 21:32:48', '4e2930a3-0692-4a09-a1e5-be3a0ff5db0c'),
 ('1252', '42', '65', NULL, '77', '2', '2017-07-10 21:32:48', '2017-07-10 21:32:48', 'f884c37f-9239-44fc-b32a-3cbc4aeb8799'),
 ('1253', '42', '65', NULL, '75', '3', '2017-07-10 21:32:48', '2017-07-10 21:32:48', '129af07e-5fa5-431a-8517-e04bc15ccd04'),
 ('1254', '42', '65', NULL, '80', '4', '2017-07-10 21:32:48', '2017-07-10 21:32:48', 'c18f835e-ece3-489d-8a9a-8eaf0fcb31b7'),
 ('1255', '62', '63', NULL, '10', '1', '2017-07-10 21:36:57', '2017-07-10 21:36:57', '654bd1fc-2f56-43e1-9e0f-214acbb5afb9'),
 ('1256', '34', '63', NULL, '98', '1', '2017-07-10 21:36:57', '2017-07-10 21:36:57', 'b5f832a5-1a0a-491b-b80e-3e6f3cc9a16f'),
 ('1257', '42', '63', NULL, '79', '1', '2017-07-10 21:36:57', '2017-07-10 21:36:57', '3ceb9621-e009-4dde-b264-6dc0a1a08505'),
 ('1258', '42', '63', NULL, '81', '2', '2017-07-10 21:36:57', '2017-07-10 21:36:57', '5ea6d6d7-1e53-49ef-bc6f-16a9e053b626'),
 ('1259', '42', '63', NULL, '76', '3', '2017-07-10 21:36:57', '2017-07-10 21:36:57', 'b9d39b3c-47f5-4e37-a65a-bfa7a1297c6c'),
 ('1260', '81', '102', NULL, '97', '1', '2017-07-10 21:59:36', '2017-07-10 21:59:36', '0a9af7bc-4bc4-42fd-bac7-ea2950d1ed7b'),
 ('1261', '81', '98', NULL, '97', '1', '2017-07-10 21:59:45', '2017-07-10 21:59:45', '4182ad47-af1d-4b78-a619-0fde17fc8dcd');





--
-- Schema for table `guide_routes`
--
CREATE TABLE `guide_routes` (
  `id` int(11) NOT NULL AUTO_INCREMENT,
  `locale` char(12) COLLATE utf8_unicode_ci DEFAULT NULL,
  `urlParts` varchar(255) COLLATE utf8_unicode_ci NOT NULL,
  `urlPattern` varchar(255) COLLATE utf8_unicode_ci NOT NULL,
  `template` varchar(255) COLLATE utf8_unicode_ci NOT NULL,
  `sortOrder` smallint(6) unsigned DEFAULT NULL,
  `dateCreated` datetime NOT NULL,
  `dateUpdated` datetime NOT NULL,
  `uid` char(36) COLLATE utf8_unicode_ci NOT NULL DEFAULT '0',
  PRIMARY KEY (`id`),
  KEY `guide_routes_locale_idx` (`locale`),
  KEY `guide_routes_urlPattern_idx` (`urlPattern`)
) ENGINE=InnoDB AUTO_INCREMENT=4 DEFAULT CHARSET=utf8 COLLATE=utf8_unicode_ci;

--
-- Data for table `guide_routes`
--

INSERT INTO `guide_routes` (`id`, `locale`, `urlParts`, `urlPattern`, `template`, `sortOrder`, `dateCreated`, `dateUpdated`, `uid`) VALUES
 ('1', NULL, '{\"0\":\"cities\\/\",\"1\":[\"slug\",\"[^\\\\\\/]+\"],\"3\":\"\\/neighborhoods\"}', 'cities\\/(?P<slug>[^\\/]+)\\/neighborhoods', 'neighborhoods/index', '1', '2017-06-21 15:01:17', '2017-06-22 08:24:25', 'fa5b6876-3d54-406e-a1c5-fb674d640cf0'),
 ('2', NULL, '[\"cities\\/\",[\"slug\",\"[^\\\\\\/]+\"],\"\\/places\\/\",[\"*\",\"[^\\\\\\/]+\"]]', 'cities\\/(?P<slug>[^\\/]+)\\/places\\/([^\\/]+)', 'places/index', '2', '2017-06-22 08:26:26', '2017-06-22 08:26:26', '3471dc88-991c-42a4-a2cc-b24b6ea33202'),
 ('3', NULL, '[\"cities\\/\",[\"slug\",\"[^\\\\\\/]+\"],\"\\/neighborhoods\\/\",[\"slug\",\"[^\\\\\\/]+\"],\"\\/places\\/\",[\"*\",\"[^\\\\\\/]+\"]]', 'cities\\/(?P<slug>[^\\/]+)\\/neighborhoods\\/(?P<slug2>[^\\/]+)\\/places\\/([^\\/]+)', 'places/index', '3', '2017-06-22 08:27:07', '2017-06-22 08:30:09', '6f79fd11-638f-4ff8-b1ed-23e14d07f740');





--
-- Schema for table `guide_searchindex`
--
CREATE TABLE `guide_searchindex` (
  `elementId` int(11) NOT NULL,
  `attribute` varchar(25) COLLATE utf8_unicode_ci NOT NULL,
  `fieldId` int(11) NOT NULL,
  `locale` char(12) COLLATE utf8_unicode_ci NOT NULL,
  `keywords` text COLLATE utf8_unicode_ci NOT NULL,
  PRIMARY KEY (`elementId`,`attribute`,`fieldId`,`locale`),
  FULLTEXT KEY `guide_searchindex_keywords_idx` (`keywords`)
) ENGINE=MyISAM DEFAULT CHARSET=utf8 COLLATE=utf8_unicode_ci;

--
-- Data for table `guide_searchindex`
--

INSERT INTO `guide_searchindex` (`elementId`, `attribute`, `fieldId`, `locale`, `keywords`) VALUES
 ('1', 'username', '0', 'en', ' wanderbrief '),
 ('1', 'firstname', '0', 'en', ''),
 ('1', 'lastname', '0', 'en', ''),
 ('1', 'fullname', '0', 'en', ''),
 ('1', 'email', '0', 'en', ' cguillou wanderbrief com '),
 ('1', 'slug', '0', 'en', ''),
 ('2', 'slug', '0', 'en', ' homepage '),
 ('2', 'title', '0', 'en', ' home '),
 ('2', 'field', '1', 'en', ' it s true this site doesn t have a whole lot of content yet but don t worry our web developers have just installed the cms and they re setting things up for the content editors this very moment soon wanderbrief guides local will be an oasis of fresh perspectives sharp analyses and astute opinions that will keep you coming back again and again '),
 ('4', 'field', '37', 'en', ' amsterdam is all about contrasts it s equal parts old and new innovative and down to earth frenzied and calm humble and proud it s amongst these dichotomies that we find comfort and belonging add to the mix a relaxed work culture forget work hard play hard we re all about work a little play more and you might never want to leave '),
 ('4', 'field', '38', 'en', ' there s a reason why people flock to amsterdam to experience the magic themselves but that also means there are tourists all year round then throw bikes in the mix and it doesn t always make for a pretty sight my advice if you don t feel stable on two wheels and don t ride at home don t try it here we re ruthless on our bikes '),
 ('4', 'field', '10', 'en', ' noord west centrum '),
 ('4', 'field', '14', 'en', ''),
 ('4', 'field', '18', 'en', ' 1 '),
 ('4', 'field', '15', 'en', ' high '),
 ('4', 'field', '16', 'en', ' medium '),
 ('4', 'field', '17', 'en', ' low '),
 ('4', 'field', '22', 'en', ''),
 ('4', 'field', '35', 'en', ''),
 ('4', 'field', '4', 'en', ' amsterdam radiates an electric energy that can be felt even by those who pass through for a brief visit it might have something to do with the dizzying amount of bicycles that race through the city at any given moment and still it s easy to get welcomingly lost in the city s small streets the famous canal belt is something out of a movie the crooked facades of the historic buildings are so imperfectly perfect it s hard to imagine they re actually real in a city like this it s about finding the beauty in the chaos '),
 ('4', 'field', '21', 'en', ''),
 ('4', 'field', '23', 'en', ' $13 41 $22 34 '),
 ('4', 'field', '24', 'en', ''),
 ('4', 'field', '25', 'en', ' $2 68 $3 91 '),
 ('4', 'field', '26', 'en', ' $2 23 $3 24 '),
 ('4', 'field', '27', 'en', ''),
 ('4', 'field', '28', 'en', ' $2 23 $3 35 '),
 ('4', 'field', '19', 'en', ''),
 ('4', 'field', '29', 'en', ''),
 ('4', 'field', '30', 'en', ''),
 ('4', 'field', '20', 'en', ''),
 ('4', 'field', '32', 'en', ''),
 ('4', 'field', '31', 'en', ''),
 ('4', 'field', '33', 'en', ''),
 ('4', 'field', '6', 'en', ' starbucks '),
 ('4', 'field', '8', 'en', ' cafe parvis '),
 ('4', 'field', '7', 'en', ' le tableau blanc '),
 ('4', 'field', '42', 'en', ' wanderbriefers worthy artsy party hardy loved by locals architecture '),
 ('4', 'field', '36', 'en', ''),
 ('4', 'field', '11', 'en', ''),
 ('4', 'field', '12', 'en', ''),
 ('4', 'slug', '0', 'en', ' amsterdam '),
 ('4', 'title', '0', 'en', ' amsterdam '),
 ('5', 'field', '35', 'en', ' vadim sherbakov 41909 min '),
 ('5', 'field', '4', 'en', ' the once so boring industrial area has become one of the hotspots of the city from hippie markets to the world s most creative companies and epic festivals all year round amsterdam noord is the place to be one of the best things about this area is that it s more relaxing to walk around compared to areas like the centre on top of that you have an amazing view over the modest skyline of amsterdam with if you re lucky the sun shining on your side all day '),
 ('5', 'field', '40', 'en', ' amsterdam '),
 ('5', 'field', '6', 'en', ' starbucks '),
 ('5', 'field', '8', 'en', ' cafe parvis '),
 ('5', 'field', '7', 'en', ' le tableau blanc '),
 ('5', 'field', '41', 'en', ' historic loved by locals architecture '),
 ('5', 'field', '36', 'en', ''),
 ('5', 'field', '11', 'en', ''),
 ('5', 'field', '12', 'en', ''),
 ('5', 'field', '39', 'en', ''),
 ('5', 'slug', '0', 'en', ' noord '),
 ('5', 'title', '0', 'en', ' noord '),
 ('2', 'field', '35', 'en', ' jeremy bishop 219587 min '),
 ('2', 'field', '59', 'en', ' tokyo sydney amsterdam new york phuket da nang '),
 ('2', 'field', '6', 'en', ''),
 ('2', 'field', '8', 'en', ''),
 ('2', 'field', '7', 'en', ''),
 ('2', 'field', '60', 'en', ''),
 ('2', 'field', '11', 'en', ' wanderbrief cityguides curated by local nomads '),
 ('2', 'field', '12', 'en', ' wanderbrief city guides help you plan the perfect remote working trip with information on the best coffee internet speed co working spaces local adventures and meetups with like minded nomads across the city '),
 ('2', 'field', '39', 'en', ''),
 ('9', 'extension', '0', 'en', ' jpg '),
 ('9', 'filename', '0', 'en', ' 2249 jpg '),
 ('9', 'field', '43', 'en', ''),
 ('9', 'field', '34', 'en', ''),
 ('9', 'field', '1', 'en', ''),
 ('4', 'field', '62', 'en', ' rob bye 66757 min '),
 ('4', 'field', '64', 'en', ' 0 '),
 ('4', 'field', '71', 'en', ' uber '),
 ('4', 'field', '73', 'en', ' logo uber '),
 ('4', 'field', '72', 'en', ' https uber com '),
 ('4', 'field', '74', 'en', ''),
 ('4', 'field', '75', 'en', ' 2017 06 04 '),
 ('4', 'field', '76', 'en', ' 2017 06 27 '),
 ('4', 'field', '77', 'en', ' 1 '),
 ('7', 'field', '4', 'en', ''),
 ('7', 'field', '49', 'en', ''),
 ('7', 'field', '61', 'en', ' 35847 '),
 ('7', 'field', '57', 'en', ' 0 0 '),
 ('7', 'field', '34', 'en', ''),
 ('7', 'field', '50', 'en', ' fast food '),
 ('7', 'field', '48', 'en', ' hipster '),
 ('7', 'field', '47', 'en', ''),
 ('7', 'field', '51', 'en', ' 0 '),
 ('7', 'field', '56', 'en', ''),
 ('7', 'field', '52', 'en', ''),
 ('7', 'field', '53', 'en', ''),
 ('7', 'field', '54', 'en', ''),
 ('7', 'field', '55', 'en', ''),
 ('7', 'field', '58', 'en', ''),
 ('7', 'field', '77', 'en', ' 1 '),
 ('7', 'field', '71', 'en', ' starbucks '),
 ('7', 'field', '73', 'en', ''),
 ('7', 'field', '78', 'en', ''),
 ('7', 'field', '74', 'en', ''),
 ('7', 'field', '72', 'en', '');
INSERT INTO `guide_searchindex` (`elementId`, `attribute`, `fieldId`, `locale`, `keywords`) VALUES
 ('7', 'field', '75', 'en', ' 2017 06 05 '),
 ('7', 'field', '76', 'en', ' 2017 06 12 '),
 ('7', 'field', '36', 'en', ''),
 ('7', 'field', '11', 'en', ''),
 ('7', 'field', '12', 'en', ''),
 ('7', 'field', '39', 'en', ''),
 ('7', 'slug', '0', 'en', ' starbucks '),
 ('7', 'title', '0', 'en', ' starbucks '),
 ('2', 'field', '65', 'en', ' amsterdam '),
 ('2', 'field', '67', 'en', ' starbucks '),
 ('2', 'field', '68', 'en', ''),
 ('2', 'field', '69', 'en', ''),
 ('2', 'field', '82', 'en', ' starbucks cafe parvis le tableau blanc '),
 ('4', 'field', '78', 'en', ''),
 ('8', 'field', '1', 'en', ''),
 ('8', 'field', '34', 'en', ''),
 ('8', 'field', '43', 'en', ''),
 ('8', 'filename', '0', 'en', ' 2249 jpg '),
 ('8', 'extension', '0', 'en', ' jpg '),
 ('8', 'kind', '0', 'en', ' image '),
 ('8', 'slug', '0', 'en', ' 2249 '),
 ('8', 'title', '0', 'en', ' 2249 '),
 ('2', 'field', '62', 'en', ' 2249 '),
 ('2', 'field', '66', 'en', ' july 2017 by karan singh '),
 ('9', 'kind', '0', 'en', ' image '),
 ('9', 'slug', '0', 'en', ' 2249 '),
 ('9', 'title', '0', 'en', ' 2249 '),
 ('10', 'field', '1', 'en', ''),
 ('10', 'field', '34', 'en', ''),
 ('10', 'field', '43', 'en', ''),
 ('10', 'filename', '0', 'en', ' 1899 jpg '),
 ('10', 'extension', '0', 'en', ' jpg '),
 ('10', 'kind', '0', 'en', ' image '),
 ('10', 'slug', '0', 'en', ' 1899 '),
 ('10', 'title', '0', 'en', ' 1899 '),
 ('101', 'slug', '0', 'en', ' june by clement guillou '),
 ('101', 'title', '0', 'en', ' june by clement guillou '),
 ('12', 'field', '1', 'en', ' cafe '),
 ('12', 'field', '34', 'en', ''),
 ('12', 'field', '43', 'en', ''),
 ('12', 'filename', '0', 'en', ' 35847 jpg '),
 ('12', 'extension', '0', 'en', ' jpg '),
 ('12', 'kind', '0', 'en', ' image '),
 ('12', 'slug', '0', 'en', ' jazmin quaynor 35847 '),
 ('12', 'title', '0', 'en', ' 35847 '),
 ('102', 'field', '4', 'en', ' lorem ipsun dolor sit amet '),
 ('102', 'field', '80', 'en', ' http clementguillou com '),
 ('102', 'field', '81', 'en', ' gopro '),
 ('102', 'slug', '0', 'en', ' clement guillou '),
 ('102', 'title', '0', 'en', ' clement guillou '),
 ('103', 'field', '77', 'en', ' 1 '),
 ('103', 'field', '103', 'en', ' world nomads wander safely with this travel insurance for independent travelers from more than 130 countries https amazon com get discount 1 world nomads wander safely with this travel insurance for independent travelers from more than 130 countries https amazon com get discount 1 '),
 ('103', 'slug', '0', 'en', ''),
 ('14', 'field', '1', 'en', ''),
 ('14', 'field', '34', 'en', ''),
 ('14', 'field', '43', 'en', ''),
 ('14', 'filename', '0', 'en', ' gopro jpg '),
 ('14', 'extension', '0', 'en', ' jpg '),
 ('14', 'kind', '0', 'en', ' image '),
 ('14', 'slug', '0', 'en', ' gopro '),
 ('14', 'title', '0', 'en', ' gopro '),
 ('99', 'field', '102', 'en', ' karan singh '),
 ('15', 'field', '87', 'en', ' contact wanderbrief com '),
 ('15', 'field', '88', 'en', ' support wanderbrief com '),
 ('15', 'field', '83', 'en', ' https www facebook com wanderbrief '),
 ('15', 'field', '84', 'en', ' https www instagram com wanderbrief '),
 ('15', 'field', '85', 'en', ' https twitter com wanderbrief '),
 ('15', 'field', '86', 'en', ''),
 ('15', 'slug', '0', 'en', ''),
 ('16', 'field', '11', 'en', ''),
 ('16', 'field', '12', 'en', ''),
 ('16', 'field', '39', 'en', ''),
 ('16', 'slug', '0', 'en', ''),
 ('2', 'field', '89', 'en', ' work live abroad like a local '),
 ('17', 'field', '1', 'en', ''),
 ('17', 'field', '34', 'en', ''),
 ('17', 'field', '43', 'en', ''),
 ('17', 'filename', '0', 'en', ' kaci baum 266662 min jpg '),
 ('17', 'extension', '0', 'en', ' jpg '),
 ('17', 'kind', '0', 'en', ' image '),
 ('17', 'slug', '0', 'en', ' hero '),
 ('17', 'title', '0', 'en', ' hero '),
 ('23', 'field', '62', 'en', ' andre benz 250740 min '),
 ('23', 'field', '4', 'en', ' lorem ipsum dolor sit amet '),
 ('23', 'field', '37', 'en', ' with world class museums quirky festivals theatre live music laid back bars and delightful restaurants there s never a shortage of things to do in amsterdam '),
 ('23', 'field', '38', 'en', ' lorem ipsm dolor sit amet '),
 ('23', 'field', '10', 'en', ''),
 ('23', 'field', '64', 'en', ' 0 '),
 ('23', 'field', '14', 'en', ''),
 ('23', 'field', '18', 'en', ' 1 '),
 ('23', 'field', '15', 'en', ' medium '),
 ('23', 'field', '16', 'en', ' medium '),
 ('23', 'field', '17', 'en', ' medium '),
 ('23', 'field', '22', 'en', ''),
 ('23', 'field', '21', 'en', ''),
 ('23', 'field', '23', 'en', ''),
 ('23', 'field', '24', 'en', ''),
 ('23', 'field', '25', 'en', ''),
 ('23', 'field', '26', 'en', ''),
 ('23', 'field', '27', 'en', '');
INSERT INTO `guide_searchindex` (`elementId`, `attribute`, `fieldId`, `locale`, `keywords`) VALUES
 ('23', 'field', '28', 'en', ''),
 ('23', 'field', '19', 'en', ''),
 ('23', 'field', '29', 'en', ''),
 ('23', 'field', '30', 'en', ''),
 ('23', 'field', '20', 'en', ''),
 ('23', 'field', '32', 'en', ''),
 ('23', 'field', '31', 'en', ''),
 ('23', 'field', '33', 'en', ''),
 ('23', 'field', '6', 'en', ' starbucks '),
 ('23', 'field', '8', 'en', ' cafe parvis '),
 ('23', 'field', '7', 'en', ' le tableau blanc '),
 ('23', 'field', '42', 'en', ' architecture famous for food artsy culture authentic '),
 ('23', 'field', '77', 'en', ' 0 '),
 ('23', 'field', '71', 'en', ''),
 ('23', 'field', '73', 'en', ''),
 ('23', 'field', '78', 'en', ''),
 ('23', 'field', '74', 'en', ''),
 ('23', 'field', '72', 'en', ''),
 ('23', 'field', '75', 'en', ''),
 ('23', 'field', '76', 'en', ''),
 ('23', 'field', '36', 'en', ''),
 ('23', 'field', '11', 'en', ''),
 ('23', 'field', '12', 'en', ''),
 ('23', 'slug', '0', 'en', ' tokyo '),
 ('23', 'title', '0', 'en', ' tokyo '),
 ('24', 'field', '62', 'en', ' matthew kane 171732 min '),
 ('24', 'field', '4', 'en', ' lorem ipsum dolor sit amet '),
 ('24', 'field', '37', 'en', ' with world class museums quirky festivals theatre live music laid back bars and delightful restaurants there s never a shortage of things to do in amsterdam '),
 ('24', 'field', '38', 'en', ' lorem ipsum dolor sit amet '),
 ('24', 'field', '10', 'en', ''),
 ('24', 'field', '64', 'en', ' 0 '),
 ('24', 'field', '14', 'en', ''),
 ('24', 'field', '18', 'en', ' 1 '),
 ('24', 'field', '15', 'en', ' medium '),
 ('24', 'field', '16', 'en', ' medium '),
 ('24', 'field', '17', 'en', ' medium '),
 ('24', 'field', '22', 'en', ''),
 ('24', 'field', '21', 'en', ''),
 ('24', 'field', '23', 'en', ''),
 ('24', 'field', '24', 'en', ''),
 ('24', 'field', '25', 'en', ''),
 ('24', 'field', '26', 'en', ''),
 ('24', 'field', '27', 'en', ''),
 ('24', 'field', '28', 'en', ''),
 ('24', 'field', '19', 'en', ''),
 ('24', 'field', '29', 'en', ''),
 ('24', 'field', '30', 'en', ''),
 ('24', 'field', '20', 'en', ''),
 ('24', 'field', '32', 'en', ''),
 ('24', 'field', '31', 'en', ''),
 ('24', 'field', '33', 'en', ''),
 ('24', 'field', '6', 'en', ''),
 ('24', 'field', '8', 'en', ''),
 ('24', 'field', '7', 'en', ''),
 ('24', 'field', '42', 'en', ' nature architecture '),
 ('24', 'field', '77', 'en', ' 0 '),
 ('24', 'field', '71', 'en', ''),
 ('24', 'field', '73', 'en', ''),
 ('24', 'field', '78', 'en', ''),
 ('24', 'field', '74', 'en', ''),
 ('24', 'field', '72', 'en', ''),
 ('24', 'field', '75', 'en', ''),
 ('24', 'field', '76', 'en', ''),
 ('24', 'field', '36', 'en', ''),
 ('24', 'field', '11', 'en', ''),
 ('24', 'field', '12', 'en', ''),
 ('24', 'slug', '0', 'en', ' sydney '),
 ('24', 'title', '0', 'en', ' sydney '),
 ('24', 'field', '90', 'en', ' australia '),
 ('23', 'field', '90', 'en', ' asia '),
 ('4', 'field', '90', 'en', ' europe '),
 ('25', 'filename', '0', 'en', ' heineken icon svg '),
 ('25', 'extension', '0', 'en', ' svg '),
 ('25', 'kind', '0', 'en', ' image '),
 ('25', 'slug', '0', 'en', ' heineken icon '),
 ('25', 'title', '0', 'en', ' heineken icon '),
 ('26', 'filename', '0', 'en', ' logo heineken png '),
 ('26', 'extension', '0', 'en', ' png '),
 ('26', 'kind', '0', 'en', ' image '),
 ('26', 'slug', '0', 'en', ' logo heineken '),
 ('26', 'title', '0', 'en', ' logo heineken '),
 ('27', 'field', '1', 'en', ' cafe '),
 ('27', 'field', '34', 'en', ''),
 ('27', 'field', '43', 'en', ''),
 ('27', 'filename', '0', 'en', ' patrick tomasso 42345 min jpg '),
 ('27', 'extension', '0', 'en', ' jpg '),
 ('27', 'kind', '0', 'en', ' image '),
 ('27', 'slug', '0', 'en', ' patrick tomasso 42345 min '),
 ('27', 'title', '0', 'en', ' cafe '),
 ('28', 'field', '4', 'en', ''),
 ('28', 'field', '49', 'en', ' noord '),
 ('28', 'field', '61', 'en', ' cafe '),
 ('28', 'field', '57', 'en', ' 0 0 '),
 ('28', 'field', '34', 'en', ''),
 ('28', 'field', '50', 'en', ' pub '),
 ('28', 'field', '47', 'en', ''),
 ('28', 'field', '48', 'en', ' hipster '),
 ('28', 'field', '56', 'en', ''),
 ('28', 'field', '52', 'en', ''),
 ('28', 'field', '53', 'en', '');
INSERT INTO `guide_searchindex` (`elementId`, `attribute`, `fieldId`, `locale`, `keywords`) VALUES
 ('28', 'field', '54', 'en', ''),
 ('28', 'field', '55', 'en', ''),
 ('28', 'field', '58', 'en', ''),
 ('28', 'field', '77', 'en', ' 0 '),
 ('28', 'field', '71', 'en', ''),
 ('28', 'field', '73', 'en', ''),
 ('28', 'field', '78', 'en', ''),
 ('28', 'field', '74', 'en', ''),
 ('28', 'field', '72', 'en', ''),
 ('28', 'field', '75', 'en', ''),
 ('28', 'field', '76', 'en', ''),
 ('28', 'field', '36', 'en', ''),
 ('28', 'field', '11', 'en', ''),
 ('28', 'field', '12', 'en', ''),
 ('28', 'field', '39', 'en', ''),
 ('28', 'slug', '0', 'en', ' cafe parvis '),
 ('28', 'title', '0', 'en', ' cafe parvis '),
 ('29', 'field', '1', 'en', ''),
 ('29', 'field', '34', 'en', ''),
 ('29', 'field', '43', 'en', ''),
 ('29', 'filename', '0', 'en', ' 19126134_10210672482501367_280490407_o jpg '),
 ('29', 'extension', '0', 'en', ' jpg '),
 ('29', 'kind', '0', 'en', ' image '),
 ('29', 'slug', '0', 'en', ' 19126134 10210672482501367 280490407 o '),
 ('29', 'title', '0', 'en', ' 19126134 10210672482501367 280490407 o '),
 ('30', 'field', '4', 'en', ' lorem ipsum '),
 ('30', 'field', '49', 'en', ' noord '),
 ('30', 'field', '61', 'en', ' 19126134 10210672482501367 280490407 o '),
 ('30', 'field', '57', 'en', ' 0 0 '),
 ('30', 'field', '34', 'en', ''),
 ('30', 'field', '50', 'en', ' caterer '),
 ('30', 'field', '47', 'en', ''),
 ('30', 'field', '48', 'en', ' hipster '),
 ('30', 'field', '14', 'en', ''),
 ('30', 'field', '56', 'en', ''),
 ('30', 'field', '52', 'en', ''),
 ('30', 'field', '53', 'en', ''),
 ('30', 'field', '54', 'en', ''),
 ('30', 'field', '55', 'en', ''),
 ('30', 'field', '58', 'en', ''),
 ('30', 'field', '77', 'en', ' 0 '),
 ('30', 'field', '71', 'en', ''),
 ('30', 'field', '73', 'en', ''),
 ('30', 'field', '78', 'en', ''),
 ('30', 'field', '74', 'en', ''),
 ('30', 'field', '72', 'en', ''),
 ('30', 'field', '75', 'en', ''),
 ('30', 'field', '76', 'en', ''),
 ('30', 'field', '36', 'en', ''),
 ('30', 'field', '11', 'en', ''),
 ('30', 'field', '12', 'en', ''),
 ('30', 'field', '39', 'en', ''),
 ('30', 'slug', '0', 'en', ' le tableau blanc '),
 ('30', 'title', '0', 'en', ' le tableau blanc '),
 ('40', 'field', '34', 'en', ''),
 ('40', 'field', '43', 'en', ''),
 ('40', 'filename', '0', 'en', ' matthew kane 171732 min jpg '),
 ('31', 'field', '1', 'en', ''),
 ('31', 'field', '34', 'en', ''),
 ('31', 'field', '43', 'en', ''),
 ('31', 'filename', '0', 'en', ' dasha vdovichenko 41596 jpg '),
 ('31', 'extension', '0', 'en', ' jpg '),
 ('31', 'kind', '0', 'en', ' image '),
 ('31', 'slug', '0', 'en', ' dasha vdovichenko 41596 '),
 ('31', 'title', '0', 'en', ' dasha vdovichenko 41596 '),
 ('40', 'field', '1', 'en', ''),
 ('32', 'field', '1', 'en', ''),
 ('32', 'field', '34', 'en', ''),
 ('32', 'field', '43', 'en', ''),
 ('32', 'filename', '0', 'en', ' anthony tori 115580 min jpg '),
 ('32', 'extension', '0', 'en', ' jpg '),
 ('32', 'kind', '0', 'en', ' image '),
 ('32', 'slug', '0', 'en', ' anthony tori 115580 min '),
 ('32', 'title', '0', 'en', ' anthony tori 115580 min '),
 ('38', 'filename', '0', 'en', ' matthew kane 278419 jpg '),
 ('38', 'extension', '0', 'en', ' jpg '),
 ('38', 'kind', '0', 'en', ' image '),
 ('38', 'slug', '0', 'en', ' matthew kane 278419 '),
 ('38', 'title', '0', 'en', ' matthew kane 278419 '),
 ('38', 'field', '43', 'en', ''),
 ('38', 'field', '1', 'en', ''),
 ('38', 'field', '34', 'en', ''),
 ('37', 'filename', '0', 'en', ' logo uber png '),
 ('35', 'field', '1', 'en', ''),
 ('35', 'field', '34', 'en', ''),
 ('35', 'field', '43', 'en', ''),
 ('35', 'filename', '0', 'en', ' img_20150710_152245 min jpg '),
 ('35', 'extension', '0', 'en', ' jpg '),
 ('35', 'kind', '0', 'en', ' image '),
 ('35', 'slug', '0', 'en', ' img 20150710 152245 min '),
 ('35', 'title', '0', 'en', ' img 20150710 152245 min '),
 ('36', 'field', '1', 'en', ''),
 ('36', 'field', '34', 'en', ''),
 ('36', 'field', '43', 'en', ''),
 ('36', 'filename', '0', 'en', ' clay banks 170882 jpg '),
 ('36', 'extension', '0', 'en', ' jpg '),
 ('36', 'kind', '0', 'en', ' image '),
 ('36', 'slug', '0', 'en', ' clay banks 170882 '),
 ('36', 'title', '0', 'en', ' clay banks 170882 '),
 ('37', 'extension', '0', 'en', ' png ');
INSERT INTO `guide_searchindex` (`elementId`, `attribute`, `fieldId`, `locale`, `keywords`) VALUES
 ('37', 'kind', '0', 'en', ' image '),
 ('37', 'slug', '0', 'en', ' logo uber '),
 ('37', 'title', '0', 'en', ' logo uber '),
 ('39', 'field', '1', 'en', ''),
 ('39', 'field', '34', 'en', ''),
 ('39', 'field', '43', 'en', ''),
 ('39', 'filename', '0', 'en', ' matthew kane 171732 min jpg '),
 ('39', 'extension', '0', 'en', ' jpg '),
 ('39', 'kind', '0', 'en', ' image '),
 ('39', 'slug', '0', 'en', ' matthew kane 171732 min '),
 ('39', 'title', '0', 'en', ' matthew kane 171732 min '),
 ('40', 'extension', '0', 'en', ' jpg '),
 ('40', 'kind', '0', 'en', ' image '),
 ('40', 'slug', '0', 'en', ' matthew kane 171732 min '),
 ('40', 'title', '0', 'en', ' matthew kane 171732 min '),
 ('44', 'field', '1', 'en', ''),
 ('41', 'field', '1', 'en', ''),
 ('41', 'field', '34', 'en', ''),
 ('41', 'field', '43', 'en', ''),
 ('41', 'filename', '0', 'en', ' jonny clow 35081 min jpg '),
 ('41', 'extension', '0', 'en', ' jpg '),
 ('41', 'kind', '0', 'en', ' image '),
 ('41', 'slug', '0', 'en', ' jonny clow 35081 min '),
 ('41', 'title', '0', 'en', ' jonny clow 35081 min '),
 ('42', 'field', '1', 'en', ''),
 ('42', 'field', '34', 'en', ''),
 ('42', 'field', '43', 'en', ''),
 ('42', 'filename', '0', 'en', ' jonny clow 35081 min jpg '),
 ('42', 'extension', '0', 'en', ' jpg '),
 ('42', 'kind', '0', 'en', ' image '),
 ('42', 'slug', '0', 'en', ' jonny clow 35081 min '),
 ('42', 'title', '0', 'en', ' jonny clow 35081 min '),
 ('43', 'field', '90', 'en', ' asia '),
 ('43', 'field', '62', 'en', ' jonny clow 35081 min '),
 ('43', 'field', '4', 'en', ' lorem ipsum dolor sit amet consectetur adipiscing elit sed pharetra placerat justo ac porttitor tortor rhoncus sit amet donec a ex ac odio consectetur laoreet '),
 ('43', 'field', '37', 'en', ' lorem ipsum dolor sit amet consectetur adipiscing elit sed pharetra placerat justo ac porttitor tortor rhoncus sit amet donec a ex ac odio consectetur laoreet '),
 ('43', 'field', '38', 'en', ' lorem ipsum dolor sit amet consectetur adipiscing elit sed pharetra placerat justo ac porttitor tortor rhoncus sit amet donec a ex ac odio consectetur laoreet '),
 ('43', 'field', '10', 'en', ''),
 ('43', 'field', '64', 'en', ' 0 '),
 ('43', 'field', '14', 'en', ''),
 ('43', 'field', '18', 'en', ' 1 '),
 ('43', 'field', '15', 'en', ' medium '),
 ('43', 'field', '16', 'en', ' medium '),
 ('43', 'field', '17', 'en', ' medium '),
 ('43', 'field', '22', 'en', ''),
 ('43', 'field', '21', 'en', ''),
 ('43', 'field', '23', 'en', ''),
 ('43', 'field', '24', 'en', ''),
 ('43', 'field', '25', 'en', ''),
 ('43', 'field', '26', 'en', ''),
 ('43', 'field', '27', 'en', ''),
 ('43', 'field', '28', 'en', ''),
 ('43', 'field', '19', 'en', ''),
 ('43', 'field', '29', 'en', ''),
 ('43', 'field', '30', 'en', ''),
 ('43', 'field', '20', 'en', ''),
 ('43', 'field', '32', 'en', ''),
 ('43', 'field', '31', 'en', ''),
 ('43', 'field', '33', 'en', ''),
 ('43', 'field', '6', 'en', ' starbucks '),
 ('43', 'field', '8', 'en', ' cafe parvis '),
 ('43', 'field', '7', 'en', ' le tableau blanc '),
 ('43', 'field', '42', 'en', ' adventurous famous for food nature '),
 ('43', 'field', '77', 'en', ' 1 '),
 ('43', 'field', '71', 'en', ' uber '),
 ('43', 'field', '73', 'en', ' logo uber '),
 ('43', 'field', '78', 'en', ''),
 ('43', 'field', '74', 'en', ''),
 ('43', 'field', '72', 'en', ''),
 ('43', 'field', '75', 'en', ''),
 ('43', 'field', '76', 'en', ''),
 ('43', 'field', '36', 'en', ''),
 ('43', 'field', '11', 'en', ''),
 ('43', 'field', '12', 'en', ''),
 ('43', 'slug', '0', 'en', ' phuket '),
 ('43', 'title', '0', 'en', ' phuket '),
 ('44', 'field', '34', 'en', ''),
 ('44', 'field', '43', 'en', ''),
 ('44', 'filename', '0', 'en', ' product 03 jpg '),
 ('44', 'extension', '0', 'en', ' jpg '),
 ('44', 'kind', '0', 'en', ' image '),
 ('44', 'slug', '0', 'en', ' product 03 '),
 ('44', 'title', '0', 'en', ' product 03 '),
 ('101', 'field', '102', 'en', ' clement guillou '),
 ('101', 'field', '63', 'en', ' alexander andrews 247193 min markers min '),
 ('101', 'field', '92', 'en', ' 2017 06 01 '),
 ('46', 'slug', '0', 'en', ' camera '),
 ('46', 'title', '0', 'en', ' camera '),
 ('47', 'slug', '0', 'en', ' phone '),
 ('47', 'title', '0', 'en', ' phone '),
 ('101', 'field', '100', 'en', ' 1 lorem ipsum lorem ipsum dolor sit amet https amazon com 1 lorem ipsum lorem ipsum dolor sit amet https amazon com 2 lorem ipsum lorem ipsum dolor sit amet lorem ipsum dolor sit amet https amazon com 2 lorem ipsum lorem ipsum dolor sit amet lorem ipsum dolor sit amet https amazon com 3 lorem ipsum lorem ipsum dolor sit amet lorem ipsum https amazon com 3 lorem ipsum lorem ipsum dolor sit amet lorem ipsum https amazon com 4 lorem ipsum lorem ipsum dolor sit amet https amazon com 4 lorem ipsum lorem ipsum dolor sit amet https amazon com 5 lorem ipsum lorem ipsum dolor sit amet https amazon com 5 lorem ipsum lorem ipsum dolor sit amet https amazon com 6 lorem ipsum lorem ipsum dolor sit amet https amazon com 6 lorem ipsum lorem ipsum dolor sit amet https amazon com 7 lorem ipsum lorem ipsum dolor sit amet https amazon com 7 lorem ipsum lorem ipsum dolor sit amet https amazon com '),
 ('48', 'filename', '0', 'en', ' 2qifuf jpg '),
 ('48', 'extension', '0', 'en', ' jpg '),
 ('48', 'kind', '0', 'en', ' image '),
 ('48', 'slug', '0', 'en', ' 2q ifu f '),
 ('48', 'title', '0', 'en', ' 2q ifu f '),
 ('49', 'field', '91', 'en', ' vodafone '),
 ('49', 'field', '95', 'en', ' reykjavik iceland '),
 ('49', 'field', '92', 'en', ' 2017 07 31 '),
 ('49', 'field', '93', 'en', ' 20 ');
INSERT INTO `guide_searchindex` (`elementId`, `attribute`, `fieldId`, `locale`, `keywords`) VALUES
 ('49', 'field', '80', 'en', ' https wanderbrief com briefs 2qifuf '),
 ('49', 'field', '96', 'en', ' 2q ifu f '),
 ('49', 'field', '77', 'en', ' 0 '),
 ('49', 'field', '71', 'en', ''),
 ('49', 'field', '73', 'en', ''),
 ('49', 'field', '78', 'en', ''),
 ('49', 'field', '72', 'en', ''),
 ('49', 'field', '74', 'en', ''),
 ('49', 'field', '75', 'en', ''),
 ('49', 'field', '76', 'en', ''),
 ('49', 'slug', '0', 'en', ' graphic designer '),
 ('49', 'title', '0', 'en', ' graphic designer '),
 ('2', 'field', '97', 'en', ' graphic designer motion designer video producer '),
 ('50', 'filename', '0', 'en', ' 1tzpgr jpg '),
 ('50', 'extension', '0', 'en', ' jpg '),
 ('50', 'kind', '0', 'en', ' image '),
 ('50', 'slug', '0', 'en', ' 1tzp gr '),
 ('50', 'title', '0', 'en', ' 1tzp gr '),
 ('51', 'field', '91', 'en', ' porsche hq '),
 ('51', 'field', '95', 'en', ' stuttgart germany '),
 ('51', 'field', '92', 'en', ' 2017 07 02 '),
 ('51', 'field', '93', 'en', ' 11 '),
 ('51', 'field', '80', 'en', ' https wanderbrief com briefs 1tzpgr '),
 ('51', 'field', '96', 'en', ' 1tzp gr '),
 ('51', 'field', '77', 'en', ' 0 '),
 ('51', 'field', '71', 'en', ''),
 ('51', 'field', '73', 'en', ''),
 ('51', 'field', '78', 'en', ''),
 ('51', 'field', '72', 'en', ''),
 ('51', 'field', '74', 'en', ''),
 ('51', 'field', '75', 'en', ''),
 ('51', 'field', '76', 'en', ''),
 ('51', 'slug', '0', 'en', ' motion graphic designer '),
 ('51', 'title', '0', 'en', ' motion designer '),
 ('52', 'filename', '0', 'en', ' z2q31u2 jpg '),
 ('52', 'extension', '0', 'en', ' jpg '),
 ('52', 'kind', '0', 'en', ' image '),
 ('52', 'slug', '0', 'en', ' z2q31u2 '),
 ('52', 'title', '0', 'en', ' z2q31u2 '),
 ('53', 'field', '91', 'en', ' hi usa '),
 ('53', 'field', '95', 'en', ' chicago united states '),
 ('53', 'field', '92', 'en', ' 2017 09 13 '),
 ('53', 'field', '93', 'en', ' 14 '),
 ('53', 'field', '80', 'en', ' https wanderbrief com briefs z2q31u2 '),
 ('53', 'field', '96', 'en', ' z2q31u2 '),
 ('53', 'field', '77', 'en', ' 0 '),
 ('53', 'field', '71', 'en', ''),
 ('53', 'field', '73', 'en', ''),
 ('53', 'field', '78', 'en', ''),
 ('53', 'field', '72', 'en', ''),
 ('53', 'field', '74', 'en', ''),
 ('53', 'field', '75', 'en', ''),
 ('53', 'field', '76', 'en', ''),
 ('53', 'slug', '0', 'en', ' video producer '),
 ('53', 'title', '0', 'en', ' video producer '),
 ('5', 'field', '77', 'en', ' 1 '),
 ('54', 'field', '1', 'en', ''),
 ('54', 'field', '34', 'en', ''),
 ('54', 'field', '43', 'en', ''),
 ('54', 'filename', '0', 'en', ' bag jpg '),
 ('54', 'extension', '0', 'en', ' jpg '),
 ('54', 'kind', '0', 'en', ' image '),
 ('54', 'slug', '0', 'en', ' bag '),
 ('54', 'title', '0', 'en', ' bag '),
 ('100', 'kind', '0', 'en', ' image '),
 ('100', 'field', '43', 'en', ''),
 ('100', 'filename', '0', 'en', ' alexander andrews 247193 min markers min jpg '),
 ('100', 'extension', '0', 'en', ' jpg '),
 ('100', 'field', '34', 'en', ''),
 ('100', 'field', '1', 'en', ''),
 ('56', 'field', '1', 'en', ''),
 ('56', 'field', '34', 'en', ''),
 ('56', 'field', '43', 'en', ''),
 ('56', 'filename', '0', 'en', ' unpacked jpg '),
 ('56', 'extension', '0', 'en', ' jpg '),
 ('56', 'kind', '0', 'en', ' image '),
 ('56', 'slug', '0', 'en', ' unpacked '),
 ('56', 'title', '0', 'en', ' unpacked '),
 ('57', 'field', '1', 'en', ''),
 ('57', 'field', '34', 'en', ''),
 ('57', 'field', '43', 'en', ''),
 ('57', 'filename', '0', 'en', ' todd glaser packing list 4 jpg '),
 ('57', 'extension', '0', 'en', ' jpg '),
 ('57', 'kind', '0', 'en', ' image '),
 ('57', 'slug', '0', 'en', ' todd glaser packing list 4 '),
 ('57', 'title', '0', 'en', ' todd glaser packing list 4 '),
 ('100', 'title', '0', 'en', ' alexander andrews 247193 min markers min '),
 ('5', 'field', '71', 'en', ' uber '),
 ('5', 'field', '73', 'en', ' logo uber '),
 ('5', 'field', '78', 'en', ''),
 ('5', 'field', '74', 'en', ' bla bla bla '),
 ('5', 'field', '72', 'en', ''),
 ('5', 'field', '75', 'en', ''),
 ('5', 'field', '76', 'en', ''),
 ('58', 'slug', '0', 'en', ' cities '),
 ('58', 'title', '0', 'en', ' cities '),
 ('58', 'field', '35', 'en', ' noah silliman 155839 min '),
 ('58', 'field', '89', 'en', ' top cities '),
 ('59', 'field', '1', 'en', ''),
 ('59', 'field', '34', 'en', '');
INSERT INTO `guide_searchindex` (`elementId`, `attribute`, `fieldId`, `locale`, `keywords`) VALUES
 ('59', 'field', '43', 'en', ''),
 ('59', 'filename', '0', 'en', ' john towner 117301 min jpg '),
 ('59', 'extension', '0', 'en', ' jpg '),
 ('59', 'kind', '0', 'en', ' image '),
 ('59', 'slug', '0', 'en', ' john towner 117301 min '),
 ('59', 'title', '0', 'en', ' john towner 117301 min '),
 ('60', 'field', '1', 'en', ''),
 ('60', 'field', '34', 'en', ''),
 ('60', 'field', '43', 'en', ''),
 ('60', 'filename', '0', 'en', ' noah silliman 155839 min jpg '),
 ('60', 'extension', '0', 'en', ' jpg '),
 ('60', 'kind', '0', 'en', ' image '),
 ('60', 'slug', '0', 'en', ' noah silliman 155839 min '),
 ('60', 'title', '0', 'en', ' noah silliman 155839 min '),
 ('61', 'field', '1', 'en', ''),
 ('61', 'field', '34', 'en', ''),
 ('61', 'field', '43', 'en', ''),
 ('61', 'filename', '0', 'en', ' annie spratt 126510 min jpg '),
 ('61', 'extension', '0', 'en', ' jpg '),
 ('61', 'kind', '0', 'en', ' image '),
 ('61', 'slug', '0', 'en', ' annie spratt 126510 min '),
 ('61', 'title', '0', 'en', ' annie spratt 126510 min '),
 ('62', 'field', '1', 'en', ''),
 ('62', 'field', '34', 'en', ''),
 ('62', 'field', '43', 'en', ''),
 ('62', 'filename', '0', 'en', ' vadim sherbakov 41909 min jpg '),
 ('62', 'extension', '0', 'en', ' jpg '),
 ('62', 'kind', '0', 'en', ' image '),
 ('62', 'slug', '0', 'en', ' vadim sherbakov 41909 min '),
 ('62', 'title', '0', 'en', ' vadim sherbakov 41909 min '),
 ('63', 'field', '90', 'en', ' north america '),
 ('63', 'field', '62', 'en', ' 1899 '),
 ('63', 'field', '4', 'en', ' lorem ipsum dolor sit amet '),
 ('63', 'field', '37', 'en', ' ​lorem ipsum dolor sit amet '),
 ('63', 'field', '38', 'en', ' ​lorem ipsum dolor sit amet '),
 ('63', 'field', '10', 'en', ''),
 ('63', 'field', '64', 'en', ' 0 '),
 ('63', 'field', '14', 'en', ''),
 ('63', 'field', '18', 'en', ' 1 '),
 ('63', 'field', '15', 'en', ' medium '),
 ('63', 'field', '16', 'en', ' medium '),
 ('63', 'field', '17', 'en', ' medium '),
 ('63', 'field', '22', 'en', ''),
 ('63', 'field', '21', 'en', ''),
 ('63', 'field', '23', 'en', ''),
 ('63', 'field', '24', 'en', ''),
 ('63', 'field', '25', 'en', ''),
 ('63', 'field', '26', 'en', ''),
 ('63', 'field', '27', 'en', ''),
 ('63', 'field', '28', 'en', ''),
 ('63', 'field', '19', 'en', ''),
 ('63', 'field', '29', 'en', ''),
 ('63', 'field', '30', 'en', ''),
 ('63', 'field', '20', 'en', ''),
 ('63', 'field', '32', 'en', ''),
 ('63', 'field', '31', 'en', ''),
 ('63', 'field', '33', 'en', ''),
 ('63', 'field', '6', 'en', ''),
 ('63', 'field', '8', 'en', ''),
 ('63', 'field', '7', 'en', ''),
 ('63', 'field', '42', 'en', ' loved by locals culture artsy '),
 ('63', 'field', '77', 'en', ' 0 '),
 ('63', 'field', '71', 'en', ''),
 ('63', 'field', '73', 'en', ''),
 ('63', 'field', '78', 'en', ''),
 ('63', 'field', '74', 'en', ''),
 ('63', 'field', '72', 'en', ''),
 ('63', 'field', '75', 'en', ''),
 ('63', 'field', '76', 'en', ''),
 ('63', 'field', '36', 'en', ''),
 ('63', 'field', '11', 'en', ''),
 ('63', 'field', '12', 'en', ''),
 ('63', 'slug', '0', 'en', ' new york '),
 ('63', 'title', '0', 'en', ' new york '),
 ('64', 'field', '1', 'en', ''),
 ('64', 'field', '34', 'en', ''),
 ('64', 'field', '43', 'en', ''),
 ('64', 'filename', '0', 'en', ' annie spratt 126510 min jpg '),
 ('64', 'extension', '0', 'en', ' jpg '),
 ('64', 'kind', '0', 'en', ' image '),
 ('64', 'slug', '0', 'en', ' annie spratt 126510 min '),
 ('64', 'title', '0', 'en', ' annie spratt 126510 min '),
 ('65', 'field', '90', 'en', ' asia '),
 ('65', 'field', '62', 'en', ' annie spratt 126510 min '),
 ('65', 'field', '4', 'en', ' lorem ipsum dolor sit amet '),
 ('65', 'field', '37', 'en', ' ​lorem ipsum dolor sit amet '),
 ('65', 'field', '38', 'en', ' ​lorem ipsum dolor sit amet '),
 ('65', 'field', '10', 'en', ''),
 ('65', 'field', '64', 'en', ' 0 '),
 ('65', 'field', '14', 'en', ''),
 ('65', 'field', '18', 'en', ' 1 '),
 ('65', 'field', '15', 'en', ' medium '),
 ('65', 'field', '16', 'en', ' medium '),
 ('65', 'field', '17', 'en', ' medium '),
 ('65', 'field', '22', 'en', ''),
 ('65', 'field', '21', 'en', ''),
 ('65', 'field', '23', 'en', ''),
 ('65', 'field', '24', 'en', ''),
 ('65', 'field', '25', 'en', ''),
 ('65', 'field', '26', 'en', '');
INSERT INTO `guide_searchindex` (`elementId`, `attribute`, `fieldId`, `locale`, `keywords`) VALUES
 ('65', 'field', '27', 'en', ''),
 ('65', 'field', '28', 'en', ''),
 ('65', 'field', '19', 'en', ''),
 ('65', 'field', '29', 'en', ''),
 ('65', 'field', '30', 'en', ''),
 ('65', 'field', '20', 'en', ''),
 ('65', 'field', '32', 'en', ''),
 ('65', 'field', '31', 'en', ''),
 ('65', 'field', '33', 'en', ''),
 ('65', 'field', '6', 'en', ''),
 ('65', 'field', '8', 'en', ''),
 ('65', 'field', '7', 'en', ''),
 ('65', 'field', '42', 'en', ' nature famous for food wanderbriefers worthy adventurous '),
 ('65', 'field', '77', 'en', ' 0 '),
 ('65', 'field', '71', 'en', ''),
 ('65', 'field', '73', 'en', ''),
 ('65', 'field', '78', 'en', ''),
 ('65', 'field', '74', 'en', ''),
 ('65', 'field', '72', 'en', ''),
 ('65', 'field', '75', 'en', ''),
 ('65', 'field', '76', 'en', ''),
 ('65', 'field', '36', 'en', ''),
 ('65', 'field', '11', 'en', ''),
 ('65', 'field', '12', 'en', ''),
 ('65', 'slug', '0', 'en', ' da nang '),
 ('65', 'title', '0', 'en', ' da nang '),
 ('66', 'name', '0', 'en', ' historic '),
 ('66', 'slug', '0', 'en', ' historic '),
 ('66', 'title', '0', 'en', ' historic '),
 ('67', 'name', '0', 'en', ' loved by locals '),
 ('67', 'slug', '0', 'en', ' loved by locals '),
 ('67', 'title', '0', 'en', ' loved by locals '),
 ('68', 'name', '0', 'en', ' architecture '),
 ('68', 'slug', '0', 'en', ' architecture '),
 ('68', 'title', '0', 'en', ' architecture '),
 ('69', 'slug', '0', 'en', ''),
 ('69', 'field', '98', 'en', ' https wanderbrief com '),
 ('70', 'field', '1', 'en', ''),
 ('70', 'field', '34', 'en', ''),
 ('70', 'field', '43', 'en', ''),
 ('70', 'filename', '0', 'en', ' andre benz 250740 min jpg '),
 ('70', 'extension', '0', 'en', ' jpg '),
 ('70', 'kind', '0', 'en', ' image '),
 ('70', 'slug', '0', 'en', ' andre benz 250740 min '),
 ('70', 'title', '0', 'en', ' andre benz 250740 min '),
 ('71', 'name', '0', 'en', ' artsy '),
 ('71', 'slug', '0', 'en', ' artsy '),
 ('71', 'title', '0', 'en', ' artsy '),
 ('72', 'field', '35', 'en', ' noah silliman 155839 min '),
 ('72', 'field', '4', 'en', ' lorem ipsum dolor sit amet '),
 ('72', 'field', '40', 'en', ' amsterdam '),
 ('72', 'field', '6', 'en', ' starbucks '),
 ('72', 'field', '8', 'en', ' cafe parvis '),
 ('72', 'field', '7', 'en', ''),
 ('72', 'field', '41', 'en', ' artsy adventurous famous for food '),
 ('72', 'field', '77', 'en', ' 0 '),
 ('72', 'field', '71', 'en', ''),
 ('72', 'field', '73', 'en', ''),
 ('72', 'field', '78', 'en', ''),
 ('72', 'field', '74', 'en', ''),
 ('72', 'field', '72', 'en', ''),
 ('72', 'field', '75', 'en', ''),
 ('72', 'field', '76', 'en', ''),
 ('72', 'field', '36', 'en', ''),
 ('72', 'field', '11', 'en', ''),
 ('72', 'field', '12', 'en', ''),
 ('72', 'field', '39', 'en', ''),
 ('72', 'slug', '0', 'en', ' west '),
 ('72', 'title', '0', 'en', ' west '),
 ('89', 'field', '1', 'en', ''),
 ('88', 'title', '0', 'en', ' places '),
 ('87', 'slug', '0', 'en', ' neighborhoods '),
 ('87', 'title', '0', 'en', ' neighborhoods '),
 ('88', 'slug', '0', 'en', ' places '),
 ('75', 'name', '0', 'en', ' wanderbriefers worthy '),
 ('75', 'slug', '0', 'en', ' wanderbriefers worthy '),
 ('75', 'title', '0', 'en', ' wanderbriefers worthy '),
 ('76', 'name', '0', 'en', ' artsy '),
 ('76', 'slug', '0', 'en', ' artsy '),
 ('76', 'title', '0', 'en', ' artsy '),
 ('77', 'name', '0', 'en', ' famous for food '),
 ('77', 'slug', '0', 'en', ' famous for food '),
 ('77', 'title', '0', 'en', ' famous for food '),
 ('78', 'name', '0', 'en', ' party hardy '),
 ('78', 'slug', '0', 'en', ' party hardy '),
 ('78', 'title', '0', 'en', ' party hardy '),
 ('79', 'name', '0', 'en', ' loved by locals '),
 ('79', 'slug', '0', 'en', ' loved by locals '),
 ('79', 'title', '0', 'en', ' loved by locals '),
 ('80', 'name', '0', 'en', ' adventurous '),
 ('80', 'slug', '0', 'en', ' adventurous '),
 ('80', 'title', '0', 'en', ' adventurous '),
 ('81', 'name', '0', 'en', ' culture '),
 ('81', 'slug', '0', 'en', ' culture '),
 ('81', 'title', '0', 'en', ' culture '),
 ('82', 'name', '0', 'en', ' architecture '),
 ('82', 'slug', '0', 'en', ' architecture '),
 ('82', 'title', '0', 'en', ' architecture '),
 ('83', 'name', '0', 'en', ' authentic '),
 ('83', 'slug', '0', 'en', ' authentic ');
INSERT INTO `guide_searchindex` (`elementId`, `attribute`, `fieldId`, `locale`, `keywords`) VALUES
 ('83', 'title', '0', 'en', ' authentic '),
 ('84', 'name', '0', 'en', ' adventurous '),
 ('84', 'slug', '0', 'en', ' adventurous '),
 ('84', 'title', '0', 'en', ' adventurous '),
 ('85', 'name', '0', 'en', ' famous for food '),
 ('85', 'slug', '0', 'en', ' famous for food '),
 ('85', 'title', '0', 'en', ' famous for food '),
 ('86', 'field', '35', 'en', ' 2249 '),
 ('86', 'field', '4', 'en', ' lorem ipsum dolor sit amet '),
 ('86', 'field', '40', 'en', ' amsterdam '),
 ('86', 'field', '6', 'en', ''),
 ('86', 'field', '8', 'en', ' cafe parvis '),
 ('86', 'field', '7', 'en', ''),
 ('86', 'field', '41', 'en', ''),
 ('86', 'field', '77', 'en', ' 0 '),
 ('86', 'field', '71', 'en', ''),
 ('86', 'field', '73', 'en', ''),
 ('86', 'field', '78', 'en', ''),
 ('86', 'field', '74', 'en', ''),
 ('86', 'field', '72', 'en', ''),
 ('86', 'field', '75', 'en', ''),
 ('86', 'field', '76', 'en', ''),
 ('86', 'field', '36', 'en', ''),
 ('86', 'field', '11', 'en', ''),
 ('86', 'field', '12', 'en', ''),
 ('86', 'field', '39', 'en', ''),
 ('86', 'slug', '0', 'en', ' centrum '),
 ('86', 'title', '0', 'en', ' centrum '),
 ('89', 'field', '34', 'en', ''),
 ('89', 'field', '43', 'en', ''),
 ('89', 'filename', '0', 'en', ' rob bye 66757 min jpg '),
 ('89', 'extension', '0', 'en', ' jpg '),
 ('89', 'kind', '0', 'en', ' image '),
 ('89', 'slug', '0', 'en', ' rob bye 66757 min '),
 ('89', 'title', '0', 'en', ' rob bye 66757 min '),
 ('58', 'field', '42', 'en', ' culture loved by locals party hardy authentic artsy adventurous architecture famous for food wanderbriefers worthy nature bucketlist historic '),
 ('101', 'field', '101', 'en', ' alexander andrews 247193 min '),
 ('97', 'extension', '0', 'en', ' jpg '),
 ('97', 'filename', '0', 'en', ' gopro jpg '),
 ('91', 'name', '0', 'en', ' nature '),
 ('91', 'slug', '0', 'en', ' nature '),
 ('91', 'title', '0', 'en', ' nature '),
 ('92', 'name', '0', 'en', ' bucketlist '),
 ('92', 'slug', '0', 'en', ' bucketlist '),
 ('92', 'title', '0', 'en', ' bucketlist '),
 ('93', 'name', '0', 'en', ' historic '),
 ('93', 'slug', '0', 'en', ' historic '),
 ('93', 'title', '0', 'en', ' historic '),
 ('94', 'field', '1', 'en', ''),
 ('94', 'field', '34', 'en', ''),
 ('94', 'field', '43', 'en', ''),
 ('94', 'filename', '0', 'en', ' ryan hafey 176641 min jpg '),
 ('94', 'extension', '0', 'en', ' jpg '),
 ('94', 'kind', '0', 'en', ' image '),
 ('94', 'slug', '0', 'en', ' ryan hafey 176641 min '),
 ('94', 'title', '0', 'en', ' ryan hafey 176641 min '),
 ('95', 'field', '1', 'en', ''),
 ('95', 'field', '34', 'en', ''),
 ('95', 'field', '43', 'en', ''),
 ('95', 'filename', '0', 'en', ' alexander andrews 247193 min jpg '),
 ('95', 'extension', '0', 'en', ' jpg '),
 ('95', 'kind', '0', 'en', ' image '),
 ('95', 'slug', '0', 'en', ' alexander andrews 247193 min '),
 ('95', 'title', '0', 'en', ' alexander andrews 247193 min '),
 ('100', 'slug', '0', 'en', ' alexander andrews 247193 min markers min '),
 ('96', 'field', '1', 'en', ''),
 ('96', 'field', '34', 'en', ''),
 ('96', 'field', '43', 'en', ''),
 ('96', 'filename', '0', 'en', ' jeremy bishop 219587 min jpg '),
 ('96', 'extension', '0', 'en', ' jpg '),
 ('96', 'kind', '0', 'en', ' image '),
 ('96', 'slug', '0', 'en', ' jeremy bishop 219587 min '),
 ('96', 'title', '0', 'en', ' jeremy bishop 219587 min '),
 ('97', 'kind', '0', 'en', ' image '),
 ('97', 'slug', '0', 'en', ' gopro '),
 ('97', 'title', '0', 'en', ' gopro '),
 ('98', 'field', '4', 'en', ' tokyo is everything you anticipate it to be and more it ll confront you in ways which challenge you but then embrace you in serendipitous moments japanese efficiency and courtesy will ruin you for everywhere else in the world '),
 ('98', 'field', '80', 'en', ' https instagram com wanderbrief '),
 ('98', 'field', '81', 'en', ' gopro '),
 ('98', 'slug', '0', 'en', ' karan singh madebykaran '),
 ('98', 'title', '0', 'en', ' karan singh madebykaran '),
 ('99', 'field', '101', 'en', ' alexander andrews 247193 min '),
 ('99', 'field', '63', 'en', ' alexander andrews 247193 min markers min '),
 ('99', 'field', '92', 'en', ' 2017 07 01 '),
 ('99', 'field', '34', 'en', ' karan singh madebykaran '),
 ('99', 'field', '99', 'en', ' xvsfsdfsdfs '),
 ('99', 'field', '100', 'en', ' 1 apple macbook pro 15 inch with retina display http amazon com 1 apple macbook pro 15 inch with retina display http amazon com 2 apple ipad air 2 with retina display and 16 gbof storage http amazon com 2 apple ipad air 2 with retina display and 16 gbof storage http amazon com '),
 ('99', 'slug', '0', 'en', ' july 2017 by karan singh '),
 ('99', 'title', '0', 'en', ' july 2017 by karan singh '),
 ('4', 'field', '104', 'en', ' amsterdam is all about contrasts it s equal parts old and new innovative and down to earth frenzied and calm humble and proud it s amongst these dichotomies that we find comfort and belonging '),
 ('4', 'field', '105', 'en', ' karan singh '),
 ('4', 'field', '34', 'en', ' karan singh madebykaran '),
 ('5', 'field', '34', 'en', ' karan singh madebykaran '),
 ('72', 'field', '34', 'en', ' clement guillou '),
 ('86', 'field', '34', 'en', ' karan singh madebykaran '),
 ('5', 'field', '107', 'en', ' 52 387896 '),
 ('5', 'field', '106', 'en', ' 4 912519 '),
 ('5', 'field', '109', 'en', ' 1000 '),
 ('5', 'field', '108', 'en', ' 13 '),
 ('86', 'field', '107', 'en', ' 52 372710 ');
INSERT INTO `guide_searchindex` (`elementId`, `attribute`, `fieldId`, `locale`, `keywords`) VALUES
 ('86', 'field', '106', 'en', ' 4 900331 '),
 ('86', 'field', '109', 'en', ' 1500 '),
 ('86', 'field', '108', 'en', ' 13 '),
 ('72', 'field', '107', 'en', ' 52 383114 '),
 ('72', 'field', '106', 'en', ' 4 875441 '),
 ('72', 'field', '109', 'en', ' 1200 '),
 ('72', 'field', '108', 'en', ' 13 '),
 ('4', 'field', '110', 'en', ' $90 $120 '),
 ('4', 'field', '111', 'en', ' $70 $100 '),
 ('4', 'field', '112', 'en', ' amsterdam nl '),
 ('23', 'field', '34', 'en', ' clement guillou '),
 ('23', 'field', '104', 'en', ' lorem ipsm dolor sit amet '),
 ('23', 'field', '112', 'en', ' tokyo jp '),
 ('23', 'field', '110', 'en', ' 0 '),
 ('23', 'field', '111', 'en', ''),
 ('63', 'field', '34', 'en', ' karan singh madebykaran '),
 ('63', 'field', '104', 'en', ' ​lorem ipsum dolor sit amet '),
 ('63', 'field', '112', 'en', ' new york '),
 ('63', 'field', '110', 'en', ' 0 '),
 ('63', 'field', '111', 'en', ''),
 ('65', 'field', '34', 'en', ' karan singh madebykaran '),
 ('65', 'field', '104', 'en', ' lorem ipsum dolor sit amet '),
 ('65', 'field', '112', 'en', ' da nang vn '),
 ('65', 'field', '110', 'en', ' 0 '),
 ('65', 'field', '111', 'en', ''),
 ('43', 'field', '34', 'en', ' clement guillou '),
 ('43', 'field', '104', 'en', ' lorem ipsum dolor sit amet consectetur adipiscing elit sed pharetra placerat justo ac porttitor tortor rhoncus sit amet donec a ex ac odio consectetur laoreet '),
 ('43', 'field', '112', 'en', ' phuket th '),
 ('43', 'field', '110', 'en', ' 0 '),
 ('43', 'field', '111', 'en', ''),
 ('24', 'field', '34', 'en', ' karan singh madebykaran '),
 ('24', 'field', '104', 'en', ' lorem ipsum dolor sit amet '),
 ('24', 'field', '112', 'en', ' sydney au '),
 ('24', 'field', '110', 'en', ' 0 '),
 ('24', 'field', '111', 'en', ''),
 ('2', 'field', '4', 'en', ' wanderbrief is the platform that enables people to work from anywhere while roaming the globe we hook you up with the coolest remote jobs and community curated insights on the best cities to live and work remotely '),
 ('23', 'field', '107', 'en', ' 35 6894880 '),
 ('23', 'field', '106', 'en', ' 139 6917060 '),
 ('65', 'field', '107', 'en', ' 16 0544070 '),
 ('65', 'field', '106', 'en', ' 108 2021670 '),
 ('63', 'field', '107', 'en', ' 40 7830600 '),
 ('63', 'field', '106', 'en', ' 73 9712490 ');





--
-- Schema for table `guide_sections`
--
CREATE TABLE `guide_sections` (
  `id` int(11) NOT NULL AUTO_INCREMENT,
  `structureId` int(11) DEFAULT NULL,
  `name` varchar(255) COLLATE utf8_unicode_ci NOT NULL,
  `handle` varchar(255) COLLATE utf8_unicode_ci NOT NULL,
  `type` enum('single','channel','structure') COLLATE utf8_unicode_ci NOT NULL DEFAULT 'channel',
  `hasUrls` tinyint(1) unsigned NOT NULL DEFAULT '1',
  `template` varchar(500) COLLATE utf8_unicode_ci DEFAULT NULL,
  `enableVersioning` tinyint(1) unsigned NOT NULL DEFAULT '0',
  `dateCreated` datetime NOT NULL,
  `dateUpdated` datetime NOT NULL,
  `uid` char(36) COLLATE utf8_unicode_ci NOT NULL DEFAULT '0',
  PRIMARY KEY (`id`),
  UNIQUE KEY `guide_sections_name_unq_idx` (`name`),
  UNIQUE KEY `guide_sections_handle_unq_idx` (`handle`),
  KEY `guide_sections_structureId_fk` (`structureId`)
) ENGINE=InnoDB AUTO_INCREMENT=17 DEFAULT CHARSET=utf8 COLLATE=utf8_unicode_ci;

--
-- Data for table `guide_sections`
--

INSERT INTO `guide_sections` (`id`, `structureId`, `name`, `handle`, `type`, `hasUrls`, `template`, `enableVersioning`, `dateCreated`, `dateUpdated`, `uid`) VALUES
 ('1', NULL, 'Homepage', 'homepage', 'single', '1', 'index', '1', '2017-06-05 15:46:30', '2017-06-05 15:46:30', '1550d8ed-4cea-41a0-850a-351bcba7de14'),
 ('3', NULL, 'Essential', 'essential', 'channel', '1', 'essentials/_entry', '1', '2017-06-05 15:47:44', '2017-06-23 12:44:29', 'b18d3387-88b8-4671-8c76-7021b0b281eb'),
 ('4', NULL, 'City', 'city', 'channel', '1', 'cities/_entry', '1', '2017-06-05 15:48:17', '2017-06-16 13:49:26', '8fff3934-df58-4bf1-b419-f91870ccb45b'),
 ('5', NULL, 'Neighborhood', 'neighborhood', 'channel', '1', 'neighborhoods/_entry', '1', '2017-06-05 15:48:51', '2017-06-21 14:38:55', 'd57b85c4-c38d-48bc-9219-d667e6b2b6cf'),
 ('6', NULL, 'Food place', 'foodPlace', 'channel', '1', 'places/_entry', '1', '2017-06-05 16:45:52', '2017-06-16 13:49:40', 'e802250c-a72d-4b26-8515-153746e14935'),
 ('7', NULL, 'Drink place', 'drinkPlace', 'channel', '1', 'places/_entry', '1', '2017-06-05 16:46:19', '2017-06-16 13:49:35', '61d7550d-e4f5-4f7a-8bb2-c878b89b35fe'),
 ('8', NULL, 'Working place', 'workingPlace', 'channel', '1', 'places/_entry', '1', '2017-06-05 16:47:18', '2017-06-16 13:50:00', '53c8236e-818a-4db8-8283-4abb7ad5d1b1'),
 ('9', NULL, 'Living place', 'livingPlace', 'channel', '1', 'places/_entry', '1', '2017-06-05 16:47:56', '2017-06-16 13:49:51', '3ef41bfc-cb33-40fb-83c4-816db58c4cdc'),
 ('10', NULL, 'Author', 'author', 'channel', '0', NULL, '1', '2017-06-13 20:55:38', '2017-06-16 13:49:08', 'd9fe1460-3d11-4034-8fb8-e184eee601c6'),
 ('11', NULL, 'Brief', 'brief', 'channel', '0', NULL, '1', '2017-06-15 16:41:29', '2017-06-16 13:49:13', '20dce902-0875-4374-8f5c-d3602b2b4119'),
 ('12', NULL, 'Cities', 'cities', 'single', '1', 'cities/index', '1', '2017-06-16 13:50:18', '2017-06-16 13:50:18', 'e70d8855-865e-4898-a34d-a6fb479a07fb'),
 ('15', NULL, 'Neighborhoods', 'neighborhoods', 'single', '1', 'neighborhoods/index', '1', '2017-06-22 08:24:54', '2017-06-22 08:24:54', '97774ad5-2ff5-452f-a4a5-508da82cbf3d'),
 ('16', NULL, 'Places', 'places', 'single', '1', 'places/index', '1', '2017-06-22 08:25:27', '2017-06-22 08:25:27', '5d0f9e6c-0102-4887-ae35-d9e11f7af21f');





--
-- Schema for table `guide_sections_i18n`
--
CREATE TABLE `guide_sections_i18n` (
  `id` int(11) NOT NULL AUTO_INCREMENT,
  `sectionId` int(11) NOT NULL,
  `locale` char(12) COLLATE utf8_unicode_ci NOT NULL,
  `enabledByDefault` tinyint(1) unsigned NOT NULL DEFAULT '1',
  `urlFormat` text COLLATE utf8_unicode_ci,
  `nestedUrlFormat` text COLLATE utf8_unicode_ci,
  `dateCreated` datetime NOT NULL,
  `dateUpdated` datetime NOT NULL,
  `uid` char(36) COLLATE utf8_unicode_ci NOT NULL DEFAULT '0',
  PRIMARY KEY (`id`),
  UNIQUE KEY `guide_sections_i18n_sectionId_locale_unq_idx` (`sectionId`,`locale`),
  KEY `guide_sections_i18n_locale_fk` (`locale`)
) ENGINE=InnoDB AUTO_INCREMENT=17 DEFAULT CHARSET=utf8 COLLATE=utf8_unicode_ci;

--
-- Data for table `guide_sections_i18n`
--

INSERT INTO `guide_sections_i18n` (`id`, `sectionId`, `locale`, `enabledByDefault`, `urlFormat`, `nestedUrlFormat`, `dateCreated`, `dateUpdated`, `uid`) VALUES
 ('1', '1', 'en', '1', '__home__', NULL, '2017-06-05 15:46:30', '2017-06-05 15:46:30', 'ec328f81-4719-4d9d-9b3f-cfc93ca8da83'),
 ('3', '3', 'en', '0', 'essentials/{slug}', NULL, '2017-06-05 15:47:44', '2017-06-22 14:31:04', '8ef56370-80da-41ca-9875-6a35b75e580c'),
 ('4', '4', 'en', '0', 'cities/{slug}', NULL, '2017-06-05 15:48:17', '2017-06-05 15:48:17', 'd7b86bcc-2105-46b5-886f-83177410ba40'),
 ('5', '5', 'en', '0', 'neighborhoods/{slug}', NULL, '2017-06-05 15:48:51', '2017-06-21 14:32:20', 'a1c13ab8-fecc-4b80-a2a1-ec0637887263'),
 ('6', '6', 'en', '1', 'places/food/{slug}', NULL, '2017-06-05 16:45:52', '2017-06-05 16:45:52', '71ea6380-6517-42f6-a48f-d855002ce723'),
 ('7', '7', 'en', '0', 'places/drink/{slug}', NULL, '2017-06-05 16:46:19', '2017-06-05 16:46:19', '4bff8845-f9f4-4140-9f40-bdf5a2270561'),
 ('8', '8', 'en', '0', 'places/working/{slug}', NULL, '2017-06-05 16:47:18', '2017-06-05 16:48:06', 'a1a9149c-9bca-48bd-aabb-e5e5aa29972e'),
 ('9', '9', 'en', '0', 'places/living/{slug}', NULL, '2017-06-05 16:47:56', '2017-06-05 16:47:56', '9b11a4b3-06ad-4cba-ab65-602a23ed12f9'),
 ('10', '10', 'en', '0', NULL, NULL, '2017-06-13 20:55:38', '2017-06-13 20:55:38', '2a8add20-9b99-4cef-85b9-8d2650d96a01'),
 ('11', '11', 'en', '1', NULL, NULL, '2017-06-15 16:41:29', '2017-06-15 16:41:29', '1cd36459-7b8c-4f6c-b3a3-56fc39543531'),
 ('12', '12', 'en', '1', 'cities', NULL, '2017-06-16 13:50:18', '2017-06-16 13:50:18', '1c787ff9-12dd-47d3-87d1-14e31da1232a'),
 ('15', '15', 'en', '1', 'neighborhoods', NULL, '2017-06-22 08:24:54', '2017-06-22 08:24:54', 'ca4ae542-ff24-4b0d-b7a6-0f1e920c8ed0'),
 ('16', '16', 'en', '1', 'places', NULL, '2017-06-22 08:25:27', '2017-06-22 08:25:27', 'ed8870f2-be30-40bd-b443-aaef1436cf42');





--
-- Schema for table `guide_sessions`
--
CREATE TABLE `guide_sessions` (
  `id` int(11) NOT NULL AUTO_INCREMENT,
  `userId` int(11) NOT NULL,
  `token` char(100) COLLATE utf8_unicode_ci NOT NULL,
  `dateCreated` datetime NOT NULL,
  `dateUpdated` datetime NOT NULL,
  `uid` char(36) COLLATE utf8_unicode_ci NOT NULL DEFAULT '0',
  PRIMARY KEY (`id`),
  KEY `guide_sessions_uid_idx` (`uid`),
  KEY `guide_sessions_token_idx` (`token`),
  KEY `guide_sessions_dateUpdated_idx` (`dateUpdated`),
  KEY `guide_sessions_userId_fk` (`userId`)
) ENGINE=InnoDB AUTO_INCREMENT=25 DEFAULT CHARSET=utf8 COLLATE=utf8_unicode_ci;



--
-- Schema for table `guide_shunnedmessages`
--
CREATE TABLE `guide_shunnedmessages` (
  `id` int(11) NOT NULL AUTO_INCREMENT,
  `userId` int(11) NOT NULL,
  `message` varchar(255) COLLATE utf8_unicode_ci NOT NULL,
  `expiryDate` datetime DEFAULT NULL,
  `dateCreated` datetime NOT NULL,
  `dateUpdated` datetime NOT NULL,
  `uid` char(36) COLLATE utf8_unicode_ci NOT NULL DEFAULT '0',
  PRIMARY KEY (`id`),
  UNIQUE KEY `guide_shunnedmessages_userId_message_unq_idx` (`userId`,`message`)
) ENGINE=InnoDB DEFAULT CHARSET=utf8 COLLATE=utf8_unicode_ci;



--
-- Schema for table `guide_structureelements`
--
CREATE TABLE `guide_structureelements` (
  `id` int(11) NOT NULL AUTO_INCREMENT,
  `structureId` int(11) NOT NULL,
  `elementId` int(11) DEFAULT NULL,
  `root` int(11) unsigned DEFAULT NULL,
  `lft` int(11) unsigned NOT NULL,
  `rgt` int(11) unsigned NOT NULL,
  `level` smallint(6) unsigned NOT NULL,
  `dateCreated` datetime NOT NULL,
  `dateUpdated` datetime NOT NULL,
  `uid` char(36) COLLATE utf8_unicode_ci NOT NULL DEFAULT '0',
  PRIMARY KEY (`id`),
  UNIQUE KEY `guide_structureelements_structureId_elementId_unq_idx` (`structureId`,`elementId`),
  KEY `guide_structureelements_root_idx` (`root`),
  KEY `guide_structureelements_lft_idx` (`lft`),
  KEY `guide_structureelements_rgt_idx` (`rgt`),
  KEY `guide_structureelements_level_idx` (`level`),
  KEY `guide_structureelements_elementId_fk` (`elementId`)
) ENGINE=InnoDB AUTO_INCREMENT=4 DEFAULT CHARSET=utf8 COLLATE=utf8_unicode_ci;

--
-- Data for table `guide_structureelements`
--

INSERT INTO `guide_structureelements` (`id`, `structureId`, `elementId`, `root`, `lft`, `rgt`, `level`, `dateCreated`, `dateUpdated`, `uid`) VALUES
 ('1', '1', NULL, '1', '1', '6', '0', '2017-06-15 15:06:46', '2017-06-15 15:06:46', '0cec926b-f75d-4070-8a4d-5b38f9ffe5ab'),
 ('2', '1', '46', '1', '2', '3', '1', '2017-06-15 15:06:46', '2017-06-15 15:06:46', '477d5937-d0d2-4b13-8f0e-124c9f648684'),
 ('3', '1', '47', '1', '4', '5', '1', '2017-06-15 15:06:53', '2017-06-15 15:06:53', '4fe52cbd-1397-432c-a4f9-737941d573de');





--
-- Schema for table `guide_structures`
--
CREATE TABLE `guide_structures` (
  `id` int(11) NOT NULL AUTO_INCREMENT,
  `maxLevels` smallint(6) unsigned DEFAULT NULL,
  `dateCreated` datetime NOT NULL,
  `dateUpdated` datetime NOT NULL,
  `uid` char(36) COLLATE utf8_unicode_ci NOT NULL DEFAULT '0',
  PRIMARY KEY (`id`)
) ENGINE=InnoDB AUTO_INCREMENT=2 DEFAULT CHARSET=utf8 COLLATE=utf8_unicode_ci;

--
-- Data for table `guide_structures`
--

INSERT INTO `guide_structures` (`id`, `maxLevels`, `dateCreated`, `dateUpdated`, `uid`) VALUES
 ('1', '1', '2017-06-05 18:56:37', '2017-06-05 18:56:37', '0e13c8c5-e39a-4ac6-a8af-42451a4e36a6');





--
-- Schema for table `guide_systemsettings`
--
CREATE TABLE `guide_systemsettings` (
  `id` int(11) NOT NULL AUTO_INCREMENT,
  `category` varchar(15) COLLATE utf8_unicode_ci NOT NULL,
  `settings` text COLLATE utf8_unicode_ci,
  `dateCreated` datetime NOT NULL,
  `dateUpdated` datetime NOT NULL,
  `uid` char(36) COLLATE utf8_unicode_ci NOT NULL DEFAULT '0',
  PRIMARY KEY (`id`),
  UNIQUE KEY `guide_systemsettings_category_unq_idx` (`category`)
) ENGINE=InnoDB AUTO_INCREMENT=2 DEFAULT CHARSET=utf8 COLLATE=utf8_unicode_ci;

--
-- Data for table `guide_systemsettings`
--

INSERT INTO `guide_systemsettings` (`id`, `category`, `settings`, `dateCreated`, `dateUpdated`, `uid`) VALUES
 ('1', 'email', '{\"protocol\":\"php\",\"emailAddress\":\"support@wanderbrief.com\",\"senderName\":\"Wanderbrief Guides\"}', '2017-06-05 15:46:30', '2017-06-13 21:59:18', '1fc1811f-87f8-43a7-97ae-6c45c3f9a146');





--
-- Schema for table `guide_taggroups`
--
CREATE TABLE `guide_taggroups` (
  `id` int(11) NOT NULL AUTO_INCREMENT,
  `name` varchar(255) COLLATE utf8_unicode_ci NOT NULL,
  `handle` varchar(255) COLLATE utf8_unicode_ci NOT NULL,
  `fieldLayoutId` int(10) DEFAULT NULL,
  `dateCreated` datetime NOT NULL,
  `dateUpdated` datetime NOT NULL,
  `uid` char(36) COLLATE utf8_unicode_ci NOT NULL DEFAULT '0',
  PRIMARY KEY (`id`),
  UNIQUE KEY `guide_taggroups_name_unq_idx` (`name`),
  UNIQUE KEY `guide_taggroups_handle_unq_idx` (`handle`),
  KEY `guide_taggroups_fieldLayoutId_fk` (`fieldLayoutId`)
) ENGINE=InnoDB AUTO_INCREMENT=6 DEFAULT CHARSET=utf8 COLLATE=utf8_unicode_ci;

--
-- Data for table `guide_taggroups`
--

INSERT INTO `guide_taggroups` (`id`, `name`, `handle`, `fieldLayoutId`, `dateCreated`, `dateUpdated`, `uid`) VALUES
 ('1', 'Default', 'default', '1', '2017-06-05 15:46:30', '2017-06-05 15:46:30', 'cf01fa5d-4085-45d6-b503-f87fb69e038e'),
 ('2', 'Neighborhoods', 'neighborhoods', '28', '2017-06-05 18:47:55', '2017-06-05 18:47:55', '161840e0-e254-4e0c-84a5-911a2ea12a3c'),
 ('3', 'Cities', 'cities', '29', '2017-06-05 18:48:02', '2017-06-05 18:48:02', 'd51fad02-b570-4acb-bbef-9233d063f3f5'),
 ('4', 'Medias', 'medias', '30', '2017-06-05 18:49:48', '2017-06-05 18:49:48', '373030e8-0508-4aa5-bc53-9a503ec0dbdd'),
 ('5', 'Places', 'places', '40', '2017-06-05 19:11:01', '2017-06-05 19:11:01', '18e81320-4ee7-4e49-979b-2df090f6a76f');





--
-- Schema for table `guide_tags`
--
CREATE TABLE `guide_tags` (
  `id` int(11) NOT NULL,
  `groupId` int(11) NOT NULL,
  `dateCreated` datetime NOT NULL,
  `dateUpdated` datetime NOT NULL,
  `uid` char(36) COLLATE utf8_unicode_ci NOT NULL DEFAULT '0',
  PRIMARY KEY (`id`),
  KEY `guide_tags_groupId_fk` (`groupId`)
) ENGINE=InnoDB DEFAULT CHARSET=utf8 COLLATE=utf8_unicode_ci;

--
-- Data for table `guide_tags`
--

INSERT INTO `guide_tags` (`id`, `groupId`, `dateCreated`, `dateUpdated`, `uid`) VALUES
 ('66', '2', '2017-06-21 09:56:36', '2017-06-21 09:56:36', '45f5cd6f-c111-43ed-9ce3-bcea657ad9e8'),
 ('67', '2', '2017-06-21 09:56:45', '2017-06-21 09:56:45', 'a05ffcc4-78b3-49f8-a435-1e2dd6e786ef'),
 ('68', '2', '2017-06-21 09:56:52', '2017-06-21 09:56:52', 'a2dd8c65-ef87-4ee9-b61e-2364a9801b18'),
 ('71', '2', '2017-06-21 14:10:04', '2017-06-21 14:10:04', '4c58446a-d78c-4d8d-8a6b-652a44ec02e0'),
 ('75', '3', '2017-06-21 15:23:17', '2017-06-21 15:23:17', 'eabe9ada-1ac9-4245-9d02-ae4f6d57d662'),
 ('76', '3', '2017-06-21 15:23:41', '2017-06-21 15:23:41', '2b065811-45ab-44ae-8388-b283e19f67e4'),
 ('77', '3', '2017-06-21 15:23:47', '2017-06-21 15:23:47', '91a7a373-fca2-431c-bc38-38ee48e37f8a'),
 ('78', '3', '2017-06-21 15:23:52', '2017-06-21 15:23:52', 'd0046f40-b640-44b0-87ef-fb7774b2fe28'),
 ('79', '3', '2017-06-21 15:24:31', '2017-06-21 15:24:31', '6bef1a4b-266d-41a2-b490-13b60651c15c'),
 ('80', '3', '2017-06-21 16:12:48', '2017-06-21 16:12:48', '27bef014-8979-4c8b-9314-58dccb16d9ed'),
 ('81', '3', '2017-06-21 16:12:52', '2017-06-21 16:12:52', '48c007f6-dc13-4e04-ba76-92b52551fdf7'),
 ('82', '3', '2017-06-21 16:12:59', '2017-06-21 16:12:59', '8e3c2a6b-72c3-4842-9dff-555338425146'),
 ('83', '3', '2017-06-21 16:13:04', '2017-06-21 16:13:04', 'd174b6a0-9b0f-460a-a206-25ea9c9fba10'),
 ('84', '2', '2017-06-21 16:31:25', '2017-06-21 16:31:25', '5dba7bab-9e94-47c9-b3c6-3b95f0f3dd8d'),
 ('85', '2', '2017-06-21 16:31:26', '2017-06-21 16:31:26', 'd3bbec8a-4a2b-4cf8-9604-d86f240ee2a0'),
 ('91', '3', '2017-06-22 14:38:46', '2017-06-22 14:38:46', '22110321-da5a-45ea-bfc5-4123c9515ba6'),
 ('92', '3', '2017-06-22 14:38:50', '2017-06-22 14:38:50', '1366b678-aeb9-490c-96c3-9b5f19ebe63a'),
 ('93', '3', '2017-06-22 14:39:35', '2017-06-22 14:39:35', '7110bc85-7d2a-4d3a-b2c7-c9e371dcd2d4');





--
-- Schema for table `guide_tasks`
--
CREATE TABLE `guide_tasks` (
  `id` int(11) NOT NULL AUTO_INCREMENT,
  `root` int(11) unsigned DEFAULT NULL,
  `lft` int(11) unsigned NOT NULL,
  `rgt` int(11) unsigned NOT NULL,
  `level` smallint(6) unsigned NOT NULL,
  `currentStep` int(11) unsigned DEFAULT NULL,
  `totalSteps` int(11) unsigned DEFAULT NULL,
  `status` enum('pending','error','running') COLLATE utf8_unicode_ci DEFAULT NULL,
  `type` varchar(150) COLLATE utf8_unicode_ci NOT NULL,
  `description` varchar(255) COLLATE utf8_unicode_ci DEFAULT NULL,
  `settings` mediumtext COLLATE utf8_unicode_ci,
  `dateCreated` datetime NOT NULL,
  `dateUpdated` datetime NOT NULL,
  `uid` char(36) COLLATE utf8_unicode_ci NOT NULL DEFAULT '0',
  PRIMARY KEY (`id`),
  KEY `guide_tasks_root_idx` (`root`),
  KEY `guide_tasks_lft_idx` (`lft`),
  KEY `guide_tasks_rgt_idx` (`rgt`),
  KEY `guide_tasks_level_idx` (`level`)
) ENGINE=InnoDB AUTO_INCREMENT=13 DEFAULT CHARSET=utf8 COLLATE=utf8_unicode_ci;



--
-- Schema for table `guide_templatecachecriteria`
--
CREATE TABLE `guide_templatecachecriteria` (
  `id` int(11) NOT NULL AUTO_INCREMENT,
  `cacheId` int(11) NOT NULL,
  `type` varchar(150) COLLATE utf8_unicode_ci NOT NULL,
  `criteria` text COLLATE utf8_unicode_ci NOT NULL,
  PRIMARY KEY (`id`),
  KEY `guide_templatecachecriteria_cacheId_fk` (`cacheId`),
  KEY `guide_templatecachecriteria_type_idx` (`type`)
) ENGINE=InnoDB DEFAULT CHARSET=utf8 COLLATE=utf8_unicode_ci;



--
-- Schema for table `guide_templatecacheelements`
--
CREATE TABLE `guide_templatecacheelements` (
  `cacheId` int(11) NOT NULL,
  `elementId` int(11) NOT NULL,
  KEY `guide_templatecacheelements_cacheId_fk` (`cacheId`),
  KEY `guide_templatecacheelements_elementId_fk` (`elementId`)
) ENGINE=InnoDB DEFAULT CHARSET=utf8 COLLATE=utf8_unicode_ci;



--
-- Schema for table `guide_templatecaches`
--
CREATE TABLE `guide_templatecaches` (
  `id` int(11) NOT NULL AUTO_INCREMENT,
  `cacheKey` varchar(255) COLLATE utf8_unicode_ci NOT NULL,
  `locale` char(12) COLLATE utf8_unicode_ci NOT NULL,
  `path` varchar(255) COLLATE utf8_unicode_ci DEFAULT NULL,
  `expiryDate` datetime NOT NULL,
  `body` mediumtext COLLATE utf8_unicode_ci NOT NULL,
  PRIMARY KEY (`id`),
  KEY `guide_templatecaches_expiryDate_cacheKey_locale_path_idx` (`expiryDate`,`cacheKey`,`locale`,`path`),
  KEY `guide_templatecaches_locale_fk` (`locale`)
) ENGINE=InnoDB DEFAULT CHARSET=utf8 COLLATE=utf8_unicode_ci;



--
-- Schema for table `guide_tokens`
--
CREATE TABLE `guide_tokens` (
  `id` int(11) NOT NULL AUTO_INCREMENT,
  `token` char(32) COLLATE utf8_unicode_ci NOT NULL,
  `route` text COLLATE utf8_unicode_ci,
  `usageLimit` tinyint(3) unsigned DEFAULT NULL,
  `usageCount` tinyint(3) unsigned DEFAULT NULL,
  `expiryDate` datetime NOT NULL,
  `dateCreated` datetime NOT NULL,
  `dateUpdated` datetime NOT NULL,
  `uid` char(36) COLLATE utf8_unicode_ci NOT NULL DEFAULT '0',
  PRIMARY KEY (`id`),
  UNIQUE KEY `guide_tokens_token_unq_idx` (`token`),
  KEY `guide_tokens_expiryDate_idx` (`expiryDate`)
) ENGINE=InnoDB DEFAULT CHARSET=utf8 COLLATE=utf8_unicode_ci;



--
-- Schema for table `guide_usergroups`
--
CREATE TABLE `guide_usergroups` (
  `id` int(11) NOT NULL AUTO_INCREMENT,
  `name` varchar(255) COLLATE utf8_unicode_ci NOT NULL,
  `handle` varchar(255) COLLATE utf8_unicode_ci NOT NULL,
  `dateCreated` datetime NOT NULL,
  `dateUpdated` datetime NOT NULL,
  `uid` char(36) COLLATE utf8_unicode_ci NOT NULL DEFAULT '0',
  PRIMARY KEY (`id`),
  UNIQUE KEY `guide_usergroups_name_unq_idx` (`name`),
  UNIQUE KEY `guide_usergroups_handle_unq_idx` (`handle`)
) ENGINE=InnoDB DEFAULT CHARSET=utf8 COLLATE=utf8_unicode_ci;



--
-- Schema for table `guide_usergroups_users`
--
CREATE TABLE `guide_usergroups_users` (
  `id` int(11) NOT NULL AUTO_INCREMENT,
  `groupId` int(11) NOT NULL,
  `userId` int(11) NOT NULL,
  `dateCreated` datetime NOT NULL,
  `dateUpdated` datetime NOT NULL,
  `uid` char(36) COLLATE utf8_unicode_ci NOT NULL DEFAULT '0',
  PRIMARY KEY (`id`),
  UNIQUE KEY `guide_usergroups_users_groupId_userId_unq_idx` (`groupId`,`userId`),
  KEY `guide_usergroups_users_userId_fk` (`userId`)
) ENGINE=InnoDB DEFAULT CHARSET=utf8 COLLATE=utf8_unicode_ci;



--
-- Schema for table `guide_userpermissions`
--
CREATE TABLE `guide_userpermissions` (
  `id` int(11) NOT NULL AUTO_INCREMENT,
  `name` varchar(255) COLLATE utf8_unicode_ci NOT NULL,
  `dateCreated` datetime NOT NULL,
  `dateUpdated` datetime NOT NULL,
  `uid` char(36) COLLATE utf8_unicode_ci NOT NULL DEFAULT '0',
  PRIMARY KEY (`id`),
  UNIQUE KEY `guide_userpermissions_name_unq_idx` (`name`)
) ENGINE=InnoDB DEFAULT CHARSET=utf8 COLLATE=utf8_unicode_ci;



--
-- Schema for table `guide_userpermissions_usergroups`
--
CREATE TABLE `guide_userpermissions_usergroups` (
  `id` int(11) NOT NULL AUTO_INCREMENT,
  `permissionId` int(11) NOT NULL,
  `groupId` int(11) NOT NULL,
  `dateCreated` datetime NOT NULL,
  `dateUpdated` datetime NOT NULL,
  `uid` char(36) COLLATE utf8_unicode_ci NOT NULL DEFAULT '0',
  PRIMARY KEY (`id`),
  UNIQUE KEY `guide_userpermissions_usergroups_permissionId_groupId_unq_idx` (`permissionId`,`groupId`),
  KEY `guide_userpermissions_usergroups_groupId_fk` (`groupId`)
) ENGINE=InnoDB DEFAULT CHARSET=utf8 COLLATE=utf8_unicode_ci;



--
-- Schema for table `guide_userpermissions_users`
--
CREATE TABLE `guide_userpermissions_users` (
  `id` int(11) NOT NULL AUTO_INCREMENT,
  `permissionId` int(11) NOT NULL,
  `userId` int(11) NOT NULL,
  `dateCreated` datetime NOT NULL,
  `dateUpdated` datetime NOT NULL,
  `uid` char(36) COLLATE utf8_unicode_ci NOT NULL DEFAULT '0',
  PRIMARY KEY (`id`),
  UNIQUE KEY `guide_userpermissions_users_permissionId_userId_unq_idx` (`permissionId`,`userId`),
  KEY `guide_userpermissions_users_userId_fk` (`userId`)
) ENGINE=InnoDB DEFAULT CHARSET=utf8 COLLATE=utf8_unicode_ci;



--
-- Schema for table `guide_users`
--
CREATE TABLE `guide_users` (
  `id` int(11) NOT NULL,
  `username` varchar(100) COLLATE utf8_unicode_ci NOT NULL,
  `photo` varchar(100) COLLATE utf8_unicode_ci DEFAULT NULL,
  `firstName` varchar(100) COLLATE utf8_unicode_ci DEFAULT NULL,
  `lastName` varchar(100) COLLATE utf8_unicode_ci DEFAULT NULL,
  `email` varchar(255) COLLATE utf8_unicode_ci NOT NULL,
  `password` char(255) COLLATE utf8_unicode_ci DEFAULT NULL,
  `preferredLocale` char(12) COLLATE utf8_unicode_ci DEFAULT NULL,
  `weekStartDay` tinyint(1) unsigned NOT NULL DEFAULT '0',
  `admin` tinyint(1) unsigned NOT NULL DEFAULT '0',
  `client` tinyint(1) unsigned NOT NULL DEFAULT '0',
  `locked` tinyint(1) unsigned NOT NULL DEFAULT '0',
  `suspended` tinyint(1) unsigned NOT NULL DEFAULT '0',
  `pending` tinyint(1) unsigned NOT NULL DEFAULT '0',
  `archived` tinyint(1) unsigned NOT NULL DEFAULT '0',
  `lastLoginDate` datetime DEFAULT NULL,
  `lastLoginAttemptIPAddress` varchar(45) COLLATE utf8_unicode_ci DEFAULT NULL,
  `invalidLoginWindowStart` datetime DEFAULT NULL,
  `invalidLoginCount` tinyint(4) unsigned DEFAULT NULL,
  `lastInvalidLoginDate` datetime DEFAULT NULL,
  `lockoutDate` datetime DEFAULT NULL,
  `verificationCode` char(100) COLLATE utf8_unicode_ci DEFAULT NULL,
  `verificationCodeIssuedDate` datetime DEFAULT NULL,
  `unverifiedEmail` varchar(255) COLLATE utf8_unicode_ci DEFAULT NULL,
  `passwordResetRequired` tinyint(1) unsigned NOT NULL DEFAULT '0',
  `lastPasswordChangeDate` datetime DEFAULT NULL,
  `dateCreated` datetime NOT NULL,
  `dateUpdated` datetime NOT NULL,
  `uid` char(36) COLLATE utf8_unicode_ci NOT NULL DEFAULT '0',
  PRIMARY KEY (`id`),
  UNIQUE KEY `guide_users_username_unq_idx` (`username`),
  UNIQUE KEY `guide_users_email_unq_idx` (`email`),
  KEY `guide_users_verificationCode_idx` (`verificationCode`),
  KEY `guide_users_uid_idx` (`uid`),
  KEY `guide_users_preferredLocale_fk` (`preferredLocale`)
) ENGINE=InnoDB DEFAULT CHARSET=utf8 COLLATE=utf8_unicode_ci;

--
-- Data for table `guide_users`
--

INSERT INTO `guide_users` (`id`, `username`, `photo`, `firstName`, `lastName`, `email`, `password`, `preferredLocale`, `weekStartDay`, `admin`, `client`, `locked`, `suspended`, `pending`, `archived`, `lastLoginDate`, `lastLoginAttemptIPAddress`, `invalidLoginWindowStart`, `invalidLoginCount`, `lastInvalidLoginDate`, `lockoutDate`, `verificationCode`, `verificationCodeIssuedDate`, `unverifiedEmail`, `passwordResetRequired`, `lastPasswordChangeDate`, `dateCreated`, `dateUpdated`, `uid`) VALUES
 ('1', 'Wanderbrief', NULL, NULL, NULL, 'cguillou@wanderbrief.com', '$2y$13$idfVhZ7FkXR2HleZcERhoOTHmJkjnT38lBynan69434UKiCtMSzia', NULL, '1', '1', '0', '0', '0', '0', '0', '2017-07-10 23:40:41', '184.162.135.253', NULL, NULL, NULL, NULL, NULL, NULL, NULL, '0', '2017-06-05 15:46:29', '2017-06-05 15:46:29', '2017-07-10 23:40:41', 'cef77a09-4a2e-4ac8-9af6-57c67906daeb');





--
-- Schema for table `guide_widgets`
--
CREATE TABLE `guide_widgets` (
  `id` int(11) NOT NULL AUTO_INCREMENT,
  `userId` int(11) NOT NULL,
  `type` varchar(150) COLLATE utf8_unicode_ci NOT NULL,
  `sortOrder` smallint(6) unsigned DEFAULT NULL,
  `colspan` tinyint(4) unsigned DEFAULT NULL,
  `settings` text COLLATE utf8_unicode_ci,
  `enabled` tinyint(1) unsigned NOT NULL DEFAULT '1',
  `dateCreated` datetime NOT NULL,
  `dateUpdated` datetime NOT NULL,
  `uid` char(36) COLLATE utf8_unicode_ci NOT NULL DEFAULT '0',
  PRIMARY KEY (`id`),
  KEY `guide_widgets_userId_fk` (`userId`)
) ENGINE=InnoDB AUTO_INCREMENT=5 DEFAULT CHARSET=utf8 COLLATE=utf8_unicode_ci;

--
-- Data for table `guide_widgets`
--

INSERT INTO `guide_widgets` (`id`, `userId`, `type`, `sortOrder`, `colspan`, `settings`, `enabled`, `dateCreated`, `dateUpdated`, `uid`) VALUES
 ('1', '1', 'RecentEntries', '2', '4', '{\"section\":\"*\",\"limit\":\"12\"}', '1', '2017-06-05 15:46:34', '2017-06-06 18:20:06', '6adbe497-fe2f-4b08-aca6-73a8c7b1b8cb'),
 ('2', '1', 'GetHelp', '3', '4', NULL, '0', '2017-06-05 15:46:34', '2017-06-06 18:19:40', 'c051b884-2e81-4cda-89cb-06189d5615bf'),
 ('3', '1', 'Updates', '1', '4', NULL, '1', '2017-06-05 15:46:34', '2017-06-05 19:39:16', '82331f73-298c-4523-8ec8-5ceebbfd12fa'),
 ('4', '1', 'Feed', '4', NULL, '{\"url\":\"https:\\/\\/craftcms.com\\/news.rss\",\"title\":\"Craft News\"}', '0', '2017-06-05 15:46:34', '2017-06-05 19:38:53', '851e38d2-e071-414d-86f3-d36a480543b1');


--
-- Constraints for tables
--


--
-- Constraints for table `guide_assetfiles`
--
ALTER TABLE `guide_assetfiles`
	ADD CONSTRAINT `guide_assetfiles_folderId_fk` FOREIGN KEY (`folderId`) REFERENCES `guide_assetfolders` (`id`) ON DELETE CASCADE,
	ADD CONSTRAINT `guide_assetfiles_id_fk` FOREIGN KEY (`id`) REFERENCES `guide_elements` (`id`) ON DELETE CASCADE,
	ADD CONSTRAINT `guide_assetfiles_sourceId_fk` FOREIGN KEY (`sourceId`) REFERENCES `guide_assetsources` (`id`) ON DELETE CASCADE;

--
-- Constraints for table `guide_assetfolders`
--
ALTER TABLE `guide_assetfolders`
	ADD CONSTRAINT `guide_assetfolders_parentId_fk` FOREIGN KEY (`parentId`) REFERENCES `guide_assetfolders` (`id`) ON DELETE CASCADE,
	ADD CONSTRAINT `guide_assetfolders_sourceId_fk` FOREIGN KEY (`sourceId`) REFERENCES `guide_assetsources` (`id`) ON DELETE CASCADE;

--
-- Constraints for table `guide_assetindexdata`
--
ALTER TABLE `guide_assetindexdata`
	ADD CONSTRAINT `guide_assetindexdata_sourceId_fk` FOREIGN KEY (`sourceId`) REFERENCES `guide_assetsources` (`id`) ON DELETE CASCADE;

--
-- Constraints for table `guide_assetsources`
--
ALTER TABLE `guide_assetsources`
	ADD CONSTRAINT `guide_assetsources_fieldLayoutId_fk` FOREIGN KEY (`fieldLayoutId`) REFERENCES `guide_fieldlayouts` (`id`) ON DELETE SET NULL;

--
-- Constraints for table `guide_categories`
--
ALTER TABLE `guide_categories`
	ADD CONSTRAINT `guide_categories_groupId_fk` FOREIGN KEY (`groupId`) REFERENCES `guide_categorygroups` (`id`) ON DELETE CASCADE,
	ADD CONSTRAINT `guide_categories_id_fk` FOREIGN KEY (`id`) REFERENCES `guide_elements` (`id`) ON DELETE CASCADE;

--
-- Constraints for table `guide_categorygroups`
--
ALTER TABLE `guide_categorygroups`
	ADD CONSTRAINT `guide_categorygroups_fieldLayoutId_fk` FOREIGN KEY (`fieldLayoutId`) REFERENCES `guide_fieldlayouts` (`id`) ON DELETE SET NULL,
	ADD CONSTRAINT `guide_categorygroups_structureId_fk` FOREIGN KEY (`structureId`) REFERENCES `guide_structures` (`id`) ON DELETE CASCADE;

--
-- Constraints for table `guide_categorygroups_i18n`
--
ALTER TABLE `guide_categorygroups_i18n`
	ADD CONSTRAINT `guide_categorygroups_i18n_groupId_fk` FOREIGN KEY (`groupId`) REFERENCES `guide_categorygroups` (`id`) ON DELETE CASCADE,
	ADD CONSTRAINT `guide_categorygroups_i18n_locale_fk` FOREIGN KEY (`locale`) REFERENCES `guide_locales` (`locale`) ON DELETE CASCADE ON UPDATE CASCADE;

--
-- Constraints for table `guide_content`
--
ALTER TABLE `guide_content`
	ADD CONSTRAINT `guide_content_elementId_fk` FOREIGN KEY (`elementId`) REFERENCES `guide_elements` (`id`) ON DELETE CASCADE,
	ADD CONSTRAINT `guide_content_locale_fk` FOREIGN KEY (`locale`) REFERENCES `guide_locales` (`locale`) ON DELETE CASCADE ON UPDATE CASCADE;

--
-- Constraints for table `guide_elements_i18n`
--
ALTER TABLE `guide_elements_i18n`
	ADD CONSTRAINT `guide_elements_i18n_elementId_fk` FOREIGN KEY (`elementId`) REFERENCES `guide_elements` (`id`) ON DELETE CASCADE,
	ADD CONSTRAINT `guide_elements_i18n_locale_fk` FOREIGN KEY (`locale`) REFERENCES `guide_locales` (`locale`) ON DELETE CASCADE ON UPDATE CASCADE;

--
-- Constraints for table `guide_emailmessages`
--
ALTER TABLE `guide_emailmessages`
	ADD CONSTRAINT `guide_emailmessages_locale_fk` FOREIGN KEY (`locale`) REFERENCES `guide_locales` (`locale`) ON DELETE CASCADE ON UPDATE CASCADE;

--
-- Constraints for table `guide_entries`
--
ALTER TABLE `guide_entries`
	ADD CONSTRAINT `guide_entries_authorId_fk` FOREIGN KEY (`authorId`) REFERENCES `guide_users` (`id`) ON DELETE CASCADE,
	ADD CONSTRAINT `guide_entries_id_fk` FOREIGN KEY (`id`) REFERENCES `guide_elements` (`id`) ON DELETE CASCADE,
	ADD CONSTRAINT `guide_entries_sectionId_fk` FOREIGN KEY (`sectionId`) REFERENCES `guide_sections` (`id`) ON DELETE CASCADE,
	ADD CONSTRAINT `guide_entries_typeId_fk` FOREIGN KEY (`typeId`) REFERENCES `guide_entrytypes` (`id`) ON DELETE CASCADE;

--
-- Constraints for table `guide_entrydrafts`
--
ALTER TABLE `guide_entrydrafts`
	ADD CONSTRAINT `guide_entrydrafts_creatorId_fk` FOREIGN KEY (`creatorId`) REFERENCES `guide_users` (`id`) ON DELETE CASCADE,
	ADD CONSTRAINT `guide_entrydrafts_entryId_fk` FOREIGN KEY (`entryId`) REFERENCES `guide_entries` (`id`) ON DELETE CASCADE,
	ADD CONSTRAINT `guide_entrydrafts_locale_fk` FOREIGN KEY (`locale`) REFERENCES `guide_locales` (`locale`) ON DELETE CASCADE ON UPDATE CASCADE,
	ADD CONSTRAINT `guide_entrydrafts_sectionId_fk` FOREIGN KEY (`sectionId`) REFERENCES `guide_sections` (`id`) ON DELETE CASCADE;

--
-- Constraints for table `guide_entrytypes`
--
ALTER TABLE `guide_entrytypes`
	ADD CONSTRAINT `guide_entrytypes_fieldLayoutId_fk` FOREIGN KEY (`fieldLayoutId`) REFERENCES `guide_fieldlayouts` (`id`) ON DELETE SET NULL,
	ADD CONSTRAINT `guide_entrytypes_sectionId_fk` FOREIGN KEY (`sectionId`) REFERENCES `guide_sections` (`id`) ON DELETE CASCADE;

--
-- Constraints for table `guide_entryversions`
--
ALTER TABLE `guide_entryversions`
	ADD CONSTRAINT `guide_entryversions_creatorId_fk` FOREIGN KEY (`creatorId`) REFERENCES `guide_users` (`id`) ON DELETE SET NULL,
	ADD CONSTRAINT `guide_entryversions_entryId_fk` FOREIGN KEY (`entryId`) REFERENCES `guide_entries` (`id`) ON DELETE CASCADE,
	ADD CONSTRAINT `guide_entryversions_locale_fk` FOREIGN KEY (`locale`) REFERENCES `guide_locales` (`locale`) ON DELETE CASCADE ON UPDATE CASCADE,
	ADD CONSTRAINT `guide_entryversions_sectionId_fk` FOREIGN KEY (`sectionId`) REFERENCES `guide_sections` (`id`) ON DELETE CASCADE;

--
-- Constraints for table `guide_fieldlayoutfields`
--
ALTER TABLE `guide_fieldlayoutfields`
	ADD CONSTRAINT `guide_fieldlayoutfields_fieldId_fk` FOREIGN KEY (`fieldId`) REFERENCES `guide_fields` (`id`) ON DELETE CASCADE,
	ADD CONSTRAINT `guide_fieldlayoutfields_layoutId_fk` FOREIGN KEY (`layoutId`) REFERENCES `guide_fieldlayouts` (`id`) ON DELETE CASCADE,
	ADD CONSTRAINT `guide_fieldlayoutfields_tabId_fk` FOREIGN KEY (`tabId`) REFERENCES `guide_fieldlayouttabs` (`id`) ON DELETE CASCADE;

--
-- Constraints for table `guide_fieldlayouttabs`
--
ALTER TABLE `guide_fieldlayouttabs`
	ADD CONSTRAINT `guide_fieldlayouttabs_layoutId_fk` FOREIGN KEY (`layoutId`) REFERENCES `guide_fieldlayouts` (`id`) ON DELETE CASCADE;

--
-- Constraints for table `guide_fields`
--
ALTER TABLE `guide_fields`
	ADD CONSTRAINT `guide_fields_groupId_fk` FOREIGN KEY (`groupId`) REFERENCES `guide_fieldgroups` (`id`) ON DELETE CASCADE;

--
-- Constraints for table `guide_globalsets`
--
ALTER TABLE `guide_globalsets`
	ADD CONSTRAINT `guide_globalsets_fieldLayoutId_fk` FOREIGN KEY (`fieldLayoutId`) REFERENCES `guide_fieldlayouts` (`id`) ON DELETE SET NULL,
	ADD CONSTRAINT `guide_globalsets_id_fk` FOREIGN KEY (`id`) REFERENCES `guide_elements` (`id`) ON DELETE CASCADE;

--
-- Constraints for table `guide_matrixblocks`
--
ALTER TABLE `guide_matrixblocks`
	ADD CONSTRAINT `guide_matrixblocks_fieldId_fk` FOREIGN KEY (`fieldId`) REFERENCES `guide_fields` (`id`) ON DELETE CASCADE,
	ADD CONSTRAINT `guide_matrixblocks_id_fk` FOREIGN KEY (`id`) REFERENCES `guide_elements` (`id`) ON DELETE CASCADE,
	ADD CONSTRAINT `guide_matrixblocks_ownerId_fk` FOREIGN KEY (`ownerId`) REFERENCES `guide_elements` (`id`) ON DELETE CASCADE,
	ADD CONSTRAINT `guide_matrixblocks_ownerLocale_fk` FOREIGN KEY (`ownerLocale`) REFERENCES `guide_locales` (`locale`) ON DELETE CASCADE ON UPDATE CASCADE,
	ADD CONSTRAINT `guide_matrixblocks_typeId_fk` FOREIGN KEY (`typeId`) REFERENCES `guide_matrixblocktypes` (`id`) ON DELETE CASCADE;

--
-- Constraints for table `guide_matrixblocktypes`
--
ALTER TABLE `guide_matrixblocktypes`
	ADD CONSTRAINT `guide_matrixblocktypes_fieldId_fk` FOREIGN KEY (`fieldId`) REFERENCES `guide_fields` (`id`) ON DELETE CASCADE,
	ADD CONSTRAINT `guide_matrixblocktypes_fieldLayoutId_fk` FOREIGN KEY (`fieldLayoutId`) REFERENCES `guide_fieldlayouts` (`id`) ON DELETE SET NULL;

--
-- Constraints for table `guide_migrations`
--
ALTER TABLE `guide_migrations`
	ADD CONSTRAINT `guide_migrations_pluginId_fk` FOREIGN KEY (`pluginId`) REFERENCES `guide_plugins` (`id`) ON DELETE CASCADE;

--
-- Constraints for table `guide_relations`
--
ALTER TABLE `guide_relations`
	ADD CONSTRAINT `guide_relations_fieldId_fk` FOREIGN KEY (`fieldId`) REFERENCES `guide_fields` (`id`) ON DELETE CASCADE,
	ADD CONSTRAINT `guide_relations_sourceId_fk` FOREIGN KEY (`sourceId`) REFERENCES `guide_elements` (`id`) ON DELETE CASCADE,
	ADD CONSTRAINT `guide_relations_sourceLocale_fk` FOREIGN KEY (`sourceLocale`) REFERENCES `guide_locales` (`locale`) ON DELETE CASCADE ON UPDATE CASCADE,
	ADD CONSTRAINT `guide_relations_targetId_fk` FOREIGN KEY (`targetId`) REFERENCES `guide_elements` (`id`) ON DELETE CASCADE;

--
-- Constraints for table `guide_routes`
--
ALTER TABLE `guide_routes`
	ADD CONSTRAINT `guide_routes_locale_fk` FOREIGN KEY (`locale`) REFERENCES `guide_locales` (`locale`) ON DELETE CASCADE ON UPDATE CASCADE;

--
-- Constraints for table `guide_sections`
--
ALTER TABLE `guide_sections`
	ADD CONSTRAINT `guide_sections_structureId_fk` FOREIGN KEY (`structureId`) REFERENCES `guide_structures` (`id`) ON DELETE SET NULL;

--
-- Constraints for table `guide_sections_i18n`
--
ALTER TABLE `guide_sections_i18n`
	ADD CONSTRAINT `guide_sections_i18n_locale_fk` FOREIGN KEY (`locale`) REFERENCES `guide_locales` (`locale`) ON DELETE CASCADE ON UPDATE CASCADE,
	ADD CONSTRAINT `guide_sections_i18n_sectionId_fk` FOREIGN KEY (`sectionId`) REFERENCES `guide_sections` (`id`) ON DELETE CASCADE;

--
-- Constraints for table `guide_sessions`
--
ALTER TABLE `guide_sessions`
	ADD CONSTRAINT `guide_sessions_userId_fk` FOREIGN KEY (`userId`) REFERENCES `guide_users` (`id`) ON DELETE CASCADE;

--
-- Constraints for table `guide_shunnedmessages`
--
ALTER TABLE `guide_shunnedmessages`
	ADD CONSTRAINT `guide_shunnedmessages_userId_fk` FOREIGN KEY (`userId`) REFERENCES `guide_users` (`id`) ON DELETE CASCADE;

--
-- Constraints for table `guide_structureelements`
--
ALTER TABLE `guide_structureelements`
	ADD CONSTRAINT `guide_structureelements_elementId_fk` FOREIGN KEY (`elementId`) REFERENCES `guide_elements` (`id`) ON DELETE CASCADE,
	ADD CONSTRAINT `guide_structureelements_structureId_fk` FOREIGN KEY (`structureId`) REFERENCES `guide_structures` (`id`) ON DELETE CASCADE;

--
-- Constraints for table `guide_taggroups`
--
ALTER TABLE `guide_taggroups`
	ADD CONSTRAINT `guide_taggroups_fieldLayoutId_fk` FOREIGN KEY (`fieldLayoutId`) REFERENCES `guide_fieldlayouts` (`id`) ON DELETE SET NULL;

--
-- Constraints for table `guide_tags`
--
ALTER TABLE `guide_tags`
	ADD CONSTRAINT `guide_tags_groupId_fk` FOREIGN KEY (`groupId`) REFERENCES `guide_taggroups` (`id`) ON DELETE CASCADE,
	ADD CONSTRAINT `guide_tags_id_fk` FOREIGN KEY (`id`) REFERENCES `guide_elements` (`id`) ON DELETE CASCADE;

--
-- Constraints for table `guide_templatecachecriteria`
--
ALTER TABLE `guide_templatecachecriteria`
	ADD CONSTRAINT `guide_templatecachecriteria_cacheId_fk` FOREIGN KEY (`cacheId`) REFERENCES `guide_templatecaches` (`id`) ON DELETE CASCADE;

--
-- Constraints for table `guide_templatecacheelements`
--
ALTER TABLE `guide_templatecacheelements`
	ADD CONSTRAINT `guide_templatecacheelements_cacheId_fk` FOREIGN KEY (`cacheId`) REFERENCES `guide_templatecaches` (`id`) ON DELETE CASCADE,
	ADD CONSTRAINT `guide_templatecacheelements_elementId_fk` FOREIGN KEY (`elementId`) REFERENCES `guide_elements` (`id`) ON DELETE CASCADE;

--
-- Constraints for table `guide_templatecaches`
--
ALTER TABLE `guide_templatecaches`
	ADD CONSTRAINT `guide_templatecaches_locale_fk` FOREIGN KEY (`locale`) REFERENCES `guide_locales` (`locale`) ON DELETE CASCADE ON UPDATE CASCADE;

--
-- Constraints for table `guide_usergroups_users`
--
ALTER TABLE `guide_usergroups_users`
	ADD CONSTRAINT `guide_usergroups_users_groupId_fk` FOREIGN KEY (`groupId`) REFERENCES `guide_usergroups` (`id`) ON DELETE CASCADE,
	ADD CONSTRAINT `guide_usergroups_users_userId_fk` FOREIGN KEY (`userId`) REFERENCES `guide_users` (`id`) ON DELETE CASCADE;

--
-- Constraints for table `guide_userpermissions_usergroups`
--
ALTER TABLE `guide_userpermissions_usergroups`
	ADD CONSTRAINT `guide_userpermissions_usergroups_groupId_fk` FOREIGN KEY (`groupId`) REFERENCES `guide_usergroups` (`id`) ON DELETE CASCADE,
	ADD CONSTRAINT `guide_userpermissions_usergroups_permissionId_fk` FOREIGN KEY (`permissionId`) REFERENCES `guide_userpermissions` (`id`) ON DELETE CASCADE;

--
-- Constraints for table `guide_userpermissions_users`
--
ALTER TABLE `guide_userpermissions_users`
	ADD CONSTRAINT `guide_userpermissions_users_permissionId_fk` FOREIGN KEY (`permissionId`) REFERENCES `guide_userpermissions` (`id`) ON DELETE CASCADE,
	ADD CONSTRAINT `guide_userpermissions_users_userId_fk` FOREIGN KEY (`userId`) REFERENCES `guide_users` (`id`) ON DELETE CASCADE;

--
-- Constraints for table `guide_users`
--
ALTER TABLE `guide_users`
	ADD CONSTRAINT `guide_users_id_fk` FOREIGN KEY (`id`) REFERENCES `guide_elements` (`id`) ON DELETE CASCADE,
	ADD CONSTRAINT `guide_users_preferredLocale_fk` FOREIGN KEY (`preferredLocale`) REFERENCES `guide_locales` (`locale`) ON DELETE SET NULL ON UPDATE CASCADE;

--
-- Constraints for table `guide_widgets`
--
ALTER TABLE `guide_widgets`
	ADD CONSTRAINT `guide_widgets_userId_fk` FOREIGN KEY (`userId`) REFERENCES `guide_users` (`id`) ON DELETE CASCADE;

