# ************************************************************
# Sequel Pro SQL dump
# Version 4541
#
# http://www.sequelpro.com/
# https://github.com/sequelpro/sequelpro
#
# Hôte: 127.0.0.1 (MySQL 5.7.18-0ubuntu0.16.04.1)
# Base de données: wanderbrief_guides
# Temps de génération: 2017-06-22 15:07:46 +0000
# ************************************************************




# Affichage de la table guide_assetfiles
# ------------------------------------------------------------


CREATE TABLE `guide_assetfiles` (
  `id` int(11) NOT NULL,
  `sourceId` int(11) DEFAULT NULL,
  `folderId` int(11) NOT NULL,
  `filename` varchar(255) COLLATE utf8_unicode_ci NOT NULL,
  `kind` varchar(50) COLLATE utf8_unicode_ci NOT NULL DEFAULT 'unknown',
  `width` int(11) unsigned DEFAULT NULL,
  `height` int(11) unsigned DEFAULT NULL,
  `size` bigint(20) unsigned DEFAULT NULL,
  `dateModified` datetime DEFAULT NULL,
  `dateCreated` datetime NOT NULL,
  `dateUpdated` datetime NOT NULL,
  `uid` char(36) COLLATE utf8_unicode_ci NOT NULL DEFAULT '0',
  PRIMARY KEY (`id`),
  UNIQUE KEY `guide_assetfiles_filename_folderId_unq_idx` (`filename`,`folderId`),
  KEY `guide_assetfiles_sourceId_fk` (`sourceId`),
  KEY `guide_assetfiles_folderId_fk` (`folderId`),
  CONSTRAINT `guide_assetfiles_folderId_fk` FOREIGN KEY (`folderId`) REFERENCES `guide_assetfolders` (`id`) ON DELETE CASCADE,
  CONSTRAINT `guide_assetfiles_id_fk` FOREIGN KEY (`id`) REFERENCES `guide_elements` (`id`) ON DELETE CASCADE,
  CONSTRAINT `guide_assetfiles_sourceId_fk` FOREIGN KEY (`sourceId`) REFERENCES `guide_assetsources` (`id`) ON DELETE CASCADE
) ENGINE=InnoDB DEFAULT CHARSET=utf8 COLLATE=utf8_unicode_ci;


INSERT INTO `guide_assetfiles` (`id`, `sourceId`, `folderId`, `filename`, `kind`, `width`, `height`, `size`, `dateModified`, `dateCreated`, `dateUpdated`, `uid`)
VALUES
	(8,1,1,'2249.jpg','image',1920,1280,1495210,'2017-06-13 21:27:36','2017-06-13 21:27:36','2017-06-21 09:52:28','905568f0-111c-4c1c-9bbb-f38a0dfba20b'),
	(9,4,4,'2249.jpg','image',1920,1280,1495210,'2017-06-13 21:34:11','2017-06-13 21:34:11','2017-06-21 09:52:24','1ec6ee78-1c17-44c1-885f-8842e2799149'),
	(10,1,1,'1899.jpg','image',1920,1280,1446434,'2017-06-13 21:38:53','2017-06-13 21:38:54','2017-06-21 09:52:27','9060d58c-bd7a-44c8-b257-b29f94650dc9'),
	(12,3,3,'35847.jpg','image',1920,1079,1456079,'2017-06-13 21:43:44','2017-06-13 21:43:44','2017-06-21 09:52:27','aa5f0fbb-05a4-492b-886b-cab0eb9ec6ba'),
	(14,2,2,'gopro.jpg','image',1920,1080,301793,'2017-06-13 21:50:33','2017-06-13 21:50:33','2017-06-21 09:52:29','fe1f39dc-5f06-4167-9995-32b44253c0f3'),
	(17,4,4,'kaci-baum-266662-min.jpg','image',3840,2048,1501621,'2017-06-14 17:16:21','2017-06-14 16:26:59','2017-06-21 09:52:25','9f0b76f7-5baf-487b-ab8e-c85b7e85c589'),
	(25,5,5,'heineken-icon.svg','image',339,80,5966,'2017-06-14 19:30:43','2017-06-14 19:23:57','2017-06-21 09:52:26','0955803b-fb26-47a0-8fca-35cd1582317d'),
	(26,5,5,'logo-heineken.png','image',678,160,9161,'2017-06-14 19:33:59','2017-06-14 19:27:13','2017-06-21 09:52:26','eb5ecd5f-eafd-4ebb-b083-9883a40d5598'),
	(27,3,3,'patrick-tomasso-42345-min.jpg','image',1920,1440,687517,'2017-06-14 20:08:45','2017-06-14 20:02:00','2017-06-21 09:52:27','ba009cf0-b78d-42ed-b345-93f4ed13a74b'),
	(29,3,3,'19126134_10210672482501367_280490407_o.jpg','image',2048,1365,336604,'2017-06-14 20:13:08','2017-06-14 20:06:23','2017-06-21 09:52:26','a5ffaba7-a52f-42d4-b33c-482e09632144'),
	(31,1,1,'dasha-vdovichenko-41596.jpg','image',3487,2190,988239,'2017-06-14 22:35:11','2017-06-14 22:28:31','2017-06-21 09:52:28','078078e2-198c-4634-a5ff-4f9022724108'),
	(32,1,1,'anthony-tori-115580-min.jpg','image',3840,2560,1235245,'2017-06-14 22:40:07','2017-06-14 22:32:09','2017-06-21 09:52:27','7ad926c4-c491-4e19-a975-042418256f1e'),
	(35,4,4,'IMG_20150710_152245-min.jpg','image',3840,2880,1432650,'2017-06-14 22:46:18','2017-06-14 22:39:38','2017-06-21 09:52:24','4e7877a4-8d57-4e67-a01d-f49fea303b20'),
	(36,1,1,'clay-banks-170882.jpg','image',2300,1535,1275296,'2017-06-14 22:49:30','2017-06-14 22:42:50','2017-06-21 09:52:28','cb45e3d6-feeb-443f-bd70-127e7852bec1'),
	(37,5,5,'logo-uber.png','image',230,48,2800,'2017-06-14 22:51:05','2017-06-14 22:44:25','2017-06-21 09:52:26','1c6b534b-f4c5-49fe-99ce-83a76290074e'),
	(38,1,1,'matthew-kane-278419.jpg','image',3992,2242,2086068,'2017-06-14 22:55:25','2017-06-14 22:48:45','2017-06-21 09:52:29','c466c2fb-4925-4a99-ae0e-05588bb9d0ed'),
	(39,1,1,'matthew-kane-171732-min.jpg','image',3840,2157,2579817,'2017-06-14 23:02:31','2017-06-14 22:55:51','2017-06-21 09:52:29','f5dc1876-122a-4d31-962b-aa98ed02ce56'),
	(40,4,4,'matthew-kane-171732-min.jpg','image',3840,2157,2579817,'2017-06-14 23:07:10','2017-06-14 23:00:31','2017-06-21 09:52:25','edbefe9d-4cd8-4430-93ab-e4d9b4808133'),
	(41,4,4,'jonny-clow-35081-min.jpg','image',3840,2562,1002683,'2017-06-14 23:09:53','2017-06-14 23:03:13','2017-06-21 09:52:25','89fa231c-ef88-4ef7-8a62-438b41866e17'),
	(42,1,1,'jonny-clow-35081-min.jpg','image',3840,2562,1002683,'2017-06-14 23:10:35','2017-06-14 23:03:56','2017-06-21 09:52:28','761debb8-88d9-4895-a02c-db1b4b2b1c79'),
	(44,2,2,'product-03.jpg','image',1500,1000,387575,'2017-06-15 14:28:48','2017-06-15 14:28:48','2017-06-21 09:52:29','fa359a56-49c5-43cc-a501-9a3db5dfb51e'),
	(48,8,8,'2qIFuF.jpg','image',1200,400,427761,'2017-06-15 16:59:23','2017-06-15 16:52:46','2017-06-21 09:52:30','55ae356b-cc63-4959-a1ea-e811f1257f0b'),
	(50,8,8,'1tzpGr.jpg','image',1200,400,385952,'2017-06-15 17:04:53','2017-06-15 16:58:16','2017-06-21 09:52:30','380e422a-d50d-42ab-9eb4-f0f864fc243e'),
	(52,8,8,'Z2q31u2.jpg','image',1200,400,495088,'2017-06-15 17:06:12','2017-06-15 16:59:35','2017-06-21 09:52:30','e0286bea-cdfe-460d-8361-7a0b1d91aa30'),
	(54,2,2,'bag.jpg','image',980,653,343420,'2017-06-15 19:59:42','2017-06-15 19:53:10','2017-06-21 09:52:29','595d604f-577c-43de-87c8-099c1b44d9a5'),
	(56,2,2,'unpacked.jpg','image',909,615,77967,'2017-06-15 20:01:49','2017-06-15 19:55:17','2017-06-21 09:52:30','65dcafdc-a6f7-4258-8158-efe904a19788'),
	(57,2,2,'Todd-Glaser-packing-list-4.jpg','image',980,653,299682,'2017-06-15 20:03:23','2017-06-15 19:56:51','2017-06-21 09:52:29','72f4f906-ef2e-4f3c-9e1d-f54271692c99'),
	(59,4,4,'john-towner-117301-min.jpg','image',3840,2160,1767931,'2017-06-16 15:15:51','2017-06-16 15:06:22','2017-06-21 09:52:25','c2e8f9eb-5635-42b6-a403-0607b7f549cf'),
	(60,4,4,'noah-silliman-155839-min.jpg','image',3840,2560,1684844,'2017-06-16 15:15:53','2017-06-16 15:06:23','2017-06-21 09:52:26','37823fcb-aba4-4d5c-b612-67e3363274d5'),
	(61,4,4,'annie-spratt-126510-min.jpg','image',3840,2556,1986852,'2017-06-16 15:15:55','2017-06-16 15:06:26','2017-06-21 09:52:24','20f9a814-4a44-4b00-bb62-f3ac0b9d8b2a'),
	(62,4,4,'vadim-sherbakov-41909-min.jpg','image',3840,2560,2107066,'2017-06-16 15:15:57','2017-06-16 15:06:28','2017-06-21 09:52:25','b1d082ab-0a90-43f3-add6-1360b3fc99bb'),
	(64,1,1,'annie-spratt-126510-min.jpg','image',3840,2556,1986852,'2017-06-16 15:57:02','2017-06-16 15:47:34','2017-06-21 09:52:28','90ea28a3-e719-46db-ab84-4cccc5a910cb'),
	(70,1,1,'andre-benz-250740-min.jpg','image',3840,2647,1205301,'2017-06-21 14:02:50','2017-06-21 14:02:50','2017-06-21 14:02:50','88f78231-650f-4856-bc55-4cb8b961bb33'),
	(89,1,1,'rob-bye-66757-min.jpg','image',3264,2448,874257,'2017-06-22 10:48:51','2017-06-22 10:48:51','2017-06-22 10:48:51','e2d4689b-6ed3-4df2-9e04-a21c87dac5ef');



# Affichage de la table guide_assetfolders
# ------------------------------------------------------------


CREATE TABLE `guide_assetfolders` (
  `id` int(11) NOT NULL AUTO_INCREMENT,
  `parentId` int(11) DEFAULT NULL,
  `sourceId` int(11) DEFAULT NULL,
  `name` varchar(255) COLLATE utf8_unicode_ci NOT NULL,
  `path` varchar(255) COLLATE utf8_unicode_ci DEFAULT NULL,
  `dateCreated` datetime NOT NULL,
  `dateUpdated` datetime NOT NULL,
  `uid` char(36) COLLATE utf8_unicode_ci NOT NULL DEFAULT '0',
  PRIMARY KEY (`id`),
  UNIQUE KEY `guide_assetfolders_name_parentId_sourceId_unq_idx` (`name`,`parentId`,`sourceId`),
  KEY `guide_assetfolders_parentId_fk` (`parentId`),
  KEY `guide_assetfolders_sourceId_fk` (`sourceId`),
  CONSTRAINT `guide_assetfolders_parentId_fk` FOREIGN KEY (`parentId`) REFERENCES `guide_assetfolders` (`id`) ON DELETE CASCADE,
  CONSTRAINT `guide_assetfolders_sourceId_fk` FOREIGN KEY (`sourceId`) REFERENCES `guide_assetsources` (`id`) ON DELETE CASCADE
) ENGINE=InnoDB DEFAULT CHARSET=utf8 COLLATE=utf8_unicode_ci;


INSERT INTO `guide_assetfolders` (`id`, `parentId`, `sourceId`, `name`, `path`, `dateCreated`, `dateUpdated`, `uid`)
VALUES
	(1,NULL,1,'Cities','','2017-06-05 17:58:34','2017-06-05 17:58:34','33252528-a55d-498d-935b-561de10780a4'),
	(2,NULL,2,'Gears','','2017-06-05 17:59:22','2017-06-05 17:59:22','204e447f-a9e8-4bcd-a919-a401e9c104e0'),
	(3,NULL,3,'Places','','2017-06-05 18:07:39','2017-06-05 18:07:39','b67aed75-94c1-4f6f-b146-ee1c3994fa6f'),
	(4,NULL,4,'Others','','2017-06-05 18:08:18','2017-06-05 18:08:18','a8475eee-308a-4c0e-9a34-ef337d32d793'),
	(5,NULL,5,'Promotions','','2017-06-06 16:58:12','2017-06-06 16:58:12','941c7d57-132a-4cba-b3a4-3b7709ab71ef'),
	(6,NULL,6,'Users','','2017-06-13 20:58:33','2017-06-13 20:58:33','de823464-c28c-427d-b266-598c0748ba3a'),
	(7,NULL,7,'Logos','','2017-06-14 19:25:08','2017-06-14 19:25:08','4adbe00d-79ec-4fd6-a4aa-9d614aa2ca1c'),
	(8,NULL,8,'Briefs','','2017-06-15 16:45:38','2017-06-15 16:45:38','88876060-9f4a-46f1-8dcf-d71611f37dc8');




# Affichage de la table guide_assetsources
# ------------------------------------------------------------


CREATE TABLE `guide_assetsources` (
  `id` int(11) NOT NULL AUTO_INCREMENT,
  `name` varchar(255) COLLATE utf8_unicode_ci NOT NULL,
  `handle` varchar(255) COLLATE utf8_unicode_ci NOT NULL,
  `type` varchar(150) COLLATE utf8_unicode_ci NOT NULL,
  `settings` text COLLATE utf8_unicode_ci,
  `sortOrder` smallint(6) unsigned DEFAULT NULL,
  `fieldLayoutId` int(10) DEFAULT NULL,
  `dateCreated` datetime NOT NULL,
  `dateUpdated` datetime NOT NULL,
  `uid` char(36) COLLATE utf8_unicode_ci NOT NULL DEFAULT '0',
  PRIMARY KEY (`id`),
  UNIQUE KEY `guide_assetsources_name_unq_idx` (`name`),
  UNIQUE KEY `guide_assetsources_handle_unq_idx` (`handle`),
  KEY `guide_assetsources_fieldLayoutId_fk` (`fieldLayoutId`),
  CONSTRAINT `guide_assetsources_fieldLayoutId_fk` FOREIGN KEY (`fieldLayoutId`) REFERENCES `guide_fieldlayouts` (`id`) ON DELETE SET NULL
) ENGINE=InnoDB DEFAULT CHARSET=utf8 COLLATE=utf8_unicode_ci;


INSERT INTO `guide_assetsources` (`id`, `name`, `handle`, `type`, `settings`, `sortOrder`, `fieldLayoutId`, `dateCreated`, `dateUpdated`, `uid`)
VALUES
	(1,'Cities','cities','Local','{\"path\":\"\\/var\\/www\\/wanderbrief-guides.local\\/public\\/storage\\/images\\/cities\\/\",\"publicURLs\":\"1\",\"url\":\"http:\\/\\/wanderbrief-guides.local\\/storage\\/images\\/cities\\/\"}',1,103,'2017-06-05 17:58:34','2017-06-13 21:03:11','b675aebe-2b4a-47d5-951b-9106f3df6a75'),
	(2,'Gears','gears','Local','{\"path\":\"\\/var\\/www\\/wanderbrief-guides.local\\/public\\/storage\\/images\\/gears\\/\",\"publicURLs\":\"1\",\"url\":\"http:\\/\\/wanderbrief-guides.local\\/storage\\/images\\/gears\\/\"}',2,104,'2017-06-05 17:59:22','2017-06-13 21:03:16','76f3b074-50eb-46d3-9a4b-f57b10474d46'),
	(3,'Places','places','Local','{\"path\":\"\\/var\\/www\\/wanderbrief-guides.local\\/public\\/storage\\/images\\/places\\/\",\"publicURLs\":\"1\",\"url\":\"http:\\/\\/wanderbrief-guides.local\\/storage\\/images\\/places\\/\"}',3,102,'2017-06-05 18:07:39','2017-06-13 21:03:01','b0409883-802e-4709-9647-c29c38cff572'),
	(4,'Others','others','Local','{\"path\":\"\\/var\\/www\\/wanderbrief-guides.local\\/public\\/storage\\/images\\/others\\/\",\"publicURLs\":\"1\",\"url\":\"http:\\/\\/wanderbrief-guides.local\\/storage\\/images\\/others\\/\"}',4,34,'2017-06-05 18:08:18','2017-06-05 18:51:04','60734df6-bc82-4d8c-ae21-2cb286b3727b'),
	(5,'Promotions','promotions','Local','{\"path\":\"\\/home\\/ubuntu\\/www\\/wanderbrief-guides.local\\/public\\/storage\\/images\\/promotions\\/\",\"publicURLs\":\"1\",\"url\":\"http:\\/\\/wanderbrief-guides.local\\/storage\\/images\\/promotions\\/\"}',5,64,'2017-06-06 16:58:12','2017-06-06 16:58:12','5430d38f-800b-4471-863a-33a5895223d5'),
	(6,'Users','users','Local','{\"path\":\"\\/var\\/www\\/wanderbrief-guides.local\\/public\\/storage\\/images\\/users\\/\",\"publicURLs\":\"1\",\"url\":\"http:\\/\\/wanderbrief-guides.local\\/storage\\/images\\/users\\/\"}',6,100,'2017-06-13 20:58:33','2017-06-13 20:58:33','9322557d-0a81-422d-91cd-5825a8e4233d'),
	(7,'Logos','logos','Local','{\"path\":\"\\/var\\/www\\/wanderbrief-guides.local\\/public\\/storage\\/images\\/logos\\/\",\"publicURLs\":\"1\",\"url\":\"http:\\/\\/wanderbrief-guides.local\\/storage\\/images\\/logos\\/\"}',7,116,'2017-06-14 19:25:08','2017-06-14 19:25:08','033bf622-26e3-4604-8f22-c19e35a0efac'),
	(8,'Briefs','briefs','Local','{\"path\":\"\\/var\\/www\\/wanderbrief-guides.local\\/public\\/storage\\/images\\/briefs\\/\",\"publicURLs\":\"1\",\"url\":\"http:\\/\\/wanderbrief-guides.local\\/storage\\/images\\/briefs\\/\"}',8,119,'2017-06-15 16:45:38','2017-06-15 16:45:38','1dd31f9d-9e87-4e7e-a324-337a438b4bd6');



# Affichage de la table guide_assettransformindex
# ------------------------------------------------------------


CREATE TABLE `guide_assettransformindex` (
  `id` int(11) NOT NULL AUTO_INCREMENT,
  `fileId` int(11) NOT NULL,
  `filename` varchar(255) COLLATE utf8_unicode_ci DEFAULT NULL,
  `format` varchar(255) COLLATE utf8_unicode_ci DEFAULT NULL,
  `location` varchar(255) COLLATE utf8_unicode_ci NOT NULL,
  `sourceId` int(11) DEFAULT NULL,
  `fileExists` tinyint(1) DEFAULT NULL,
  `inProgress` tinyint(1) DEFAULT NULL,
  `dateIndexed` datetime DEFAULT NULL,
  `dateCreated` datetime NOT NULL,
  `dateUpdated` datetime NOT NULL,
  `uid` char(36) COLLATE utf8_unicode_ci NOT NULL DEFAULT '0',
  PRIMARY KEY (`id`),
  KEY `guide_assettransformindex_sourceId_fileId_location_idx` (`sourceId`,`fileId`,`location`)
) ENGINE=InnoDB DEFAULT CHARSET=utf8 COLLATE=utf8_unicode_ci;


INSERT INTO `guide_assettransformindex` (`id`, `fileId`, `filename`, `format`, `location`, `sourceId`, `fileExists`, `inProgress`, `dateIndexed`, `dateCreated`, `dateUpdated`, `uid`)
VALUES
	(1,8,'2249.jpg','jpg','_cover',1,1,0,'2017-06-21 15:13:10','2017-06-21 15:13:10','2017-06-21 15:13:13','c0b7251f-805d-4669-befe-d13bb4fc98e5'),
	(2,37,'logo-uber.png','png','_logo',5,1,0,'2017-06-21 15:13:11','2017-06-21 15:13:11','2017-06-21 15:13:12','9ed77d69-ac82-4702-a649-f0d3c57b0261'),
	(3,62,'vadim-sherbakov-41909-min.jpg','jpg','_cover',4,1,0,'2017-06-21 15:13:11','2017-06-21 15:13:11','2017-06-21 15:13:13','369d56d5-4084-408f-ac55-33773a8452c6'),
	(4,60,'noah-silliman-155839-min.jpg','jpg','_cover',4,1,0,'2017-06-21 15:13:11','2017-06-21 15:13:11','2017-06-21 15:13:14','31c254b1-45d0-43b5-9120-f25f5c51d625'),
	(5,27,'patrick-tomasso-42345-min.jpg','jpg','_square',3,1,0,'2017-06-21 15:13:11','2017-06-21 15:13:11','2017-06-21 15:13:13','7de2ba1b-a117-4ccf-9d1f-cd807b3ef078'),
	(6,12,'35847.jpg','jpg','_square',3,1,0,'2017-06-21 15:13:11','2017-06-21 15:13:11','2017-06-21 15:13:14','4a795cf3-09eb-4fe4-8c11-2038b8a86b47'),
	(7,29,'19126134_10210672482501367_280490407_o.jpg','jpg','_square',3,1,0,'2017-06-21 15:13:11','2017-06-21 15:13:11','2017-06-21 15:13:14','3d68cbd2-435d-4c34-9c79-6f329d79595e'),
	(8,40,'matthew-kane-171732-min.jpg','jpg','_cover',4,1,0,'2017-06-21 15:14:01','2017-06-21 15:14:01','2017-06-21 15:14:04','e7d507f2-79be-49e9-a580-3e9051522bd6'),
	(9,8,'2249.jpg','jpg','_square',1,1,0,'2017-06-21 15:14:01','2017-06-21 15:14:01','2017-06-21 15:14:04','5932ac60-5e2d-46ff-b370-37accfacb5cb'),
	(10,70,'andre-benz-250740-min.jpg','jpg','_square',1,1,0,'2017-06-21 15:14:01','2017-06-21 15:14:01','2017-06-21 15:14:04','87987b69-3f83-499d-aca0-19bd9bf6aeb4'),
	(11,39,'matthew-kane-171732-min.jpg','jpg','_square',1,1,0,'2017-06-21 15:14:01','2017-06-21 15:14:01','2017-06-21 15:14:03','9004f873-8c55-4f23-b099-2db844c0ed88'),
	(12,42,'jonny-clow-35081-min.jpg','jpg','_square',1,1,0,'2017-06-21 15:14:01','2017-06-21 15:14:01','2017-06-21 15:14:04','db55612a-7c5b-4c5f-876f-6332ba190ec6'),
	(13,10,'1899.jpg','jpg','_square',1,1,0,'2017-06-21 15:14:01','2017-06-21 15:14:01','2017-06-21 15:14:03','99f323b0-bd99-41bc-84f0-b9e0f0232dba'),
	(14,64,'annie-spratt-126510-min.jpg','jpg','_square',1,1,0,'2017-06-21 15:14:01','2017-06-21 15:14:01','2017-06-21 15:14:05','acfe2bbc-678e-4824-9102-a4bdd7b09d8b'),
	(15,59,'john-towner-117301-min.jpg','jpg','_cover',4,1,0,'2017-06-21 15:27:23','2017-06-21 15:27:23','2017-06-21 15:27:25','45d611bd-964f-43bf-817d-3758a3e5d7d1'),
	(16,62,'vadim-sherbakov-41909-min.jpg','jpg','_square',4,1,0,'2017-06-21 15:42:42','2017-06-21 15:42:42','2017-06-21 15:42:44','4fcc14c5-3b52-49fa-a150-a36e87a992da'),
	(17,60,'noah-silliman-155839-min.jpg','jpg','_square',4,1,0,'2017-06-21 15:42:42','2017-06-21 15:42:42','2017-06-21 15:42:44','558cc306-7b11-43a4-b111-87546e14a290'),
	(18,17,'kaci-baum-266662-min.jpg','jpg','_cover',4,1,0,'2017-06-21 15:58:36','2017-06-21 15:58:36','2017-06-21 15:58:40','11515e46-e8f6-4388-b727-67b974d49acc'),
	(19,48,'2qIFuF.jpg','jpg','_square',8,1,0,'2017-06-21 15:58:36','2017-06-21 15:58:36','2017-06-21 15:58:40','725f633e-459a-4b5f-805d-c4273d5cb9d9'),
	(20,50,'1tzpGr.jpg','jpg','_square',8,1,0,'2017-06-21 15:58:36','2017-06-21 15:58:36','2017-06-21 15:58:40','bd379f56-106d-4fd3-9150-55c72e28082d'),
	(21,52,'Z2q31u2.jpg','jpg','_square',8,1,0,'2017-06-21 15:58:36','2017-06-21 15:58:36','2017-06-21 15:58:40','0ab4ea6e-4733-4e23-a5b0-d85190dc2e71'),
	(22,57,'Todd-Glaser-packing-list-4.jpg','jpg','_cover',2,1,0,'2017-06-21 15:58:36','2017-06-21 15:58:36','2017-06-21 15:58:40','f7ff5c5f-1b7c-459e-87a2-07f1e6522b6d'),
	(23,14,'gopro.jpg','jpg','_square',2,1,0,'2017-06-21 15:58:36','2017-06-21 15:58:36','2017-06-21 15:58:40','729de20d-1a4e-487a-96d7-cf9699399989'),
	(24,44,'product-03.jpg','jpg','_square',2,1,0,'2017-06-21 15:58:36','2017-06-21 15:58:36','2017-06-21 15:58:41','4346d309-72bb-4e7d-b25d-92e527534138'),
	(25,39,'matthew-kane-171732-min.jpg','jpg','_cover',1,1,0,'2017-06-21 15:58:56','2017-06-21 15:58:56','2017-06-21 15:58:57','dddba859-72cb-49fb-990d-3ec70f6f1d8a'),
	(26,40,'matthew-kane-171732-min.jpg','jpg','_square',4,1,0,'2017-06-22 08:23:04','2017-06-22 08:23:04','2017-06-22 08:23:05','a4571e5c-9032-4a03-9ae9-1fc6eba120ff'),
	(27,42,'jonny-clow-35081-min.jpg','jpg','_cover',1,1,0,'2017-06-22 08:23:24','2017-06-22 08:23:24','2017-06-22 08:23:26','32d084ba-bef6-4cc1-9200-fe41cc8fb6c8'),
	(28,89,'rob-bye-66757-min.jpg','jpg','_square',1,1,0,'2017-06-22 10:48:59','2017-06-22 10:48:59','2017-06-22 10:49:01','5d9c3bb2-d2d6-468f-aa9a-f2827aaef5e1'),
	(29,89,'rob-bye-66757-min.jpg','jpg','_cover',1,1,0,'2017-06-22 10:48:59','2017-06-22 10:48:59','2017-06-22 10:49:01','81456180-0394-462f-bab8-60464028529c'),
	(30,9,'2249.jpg','jpg','_square',4,1,0,'2017-06-22 11:02:12','2017-06-22 11:02:12','2017-06-22 11:02:14','064df09a-3b89-41f9-b86c-631726e2842f'),
	(31,9,'2249.jpg','jpg','_cover',4,1,0,'2017-06-22 12:55:41','2017-06-22 12:55:41','2017-06-22 12:55:42','dd60f367-82b0-41bc-8745-c546ca1e47ce');



# Affichage de la table guide_assettransforms
# ------------------------------------------------------------


CREATE TABLE `guide_assettransforms` (
  `id` int(11) NOT NULL AUTO_INCREMENT,
  `name` varchar(255) COLLATE utf8_unicode_ci NOT NULL,
  `handle` varchar(255) COLLATE utf8_unicode_ci NOT NULL,
  `mode` enum('stretch','fit','crop') COLLATE utf8_unicode_ci NOT NULL DEFAULT 'crop',
  `position` enum('top-left','top-center','top-right','center-left','center-center','center-right','bottom-left','bottom-center','bottom-right') COLLATE utf8_unicode_ci NOT NULL DEFAULT 'center-center',
  `height` int(10) DEFAULT NULL,
  `width` int(10) DEFAULT NULL,
  `format` varchar(255) COLLATE utf8_unicode_ci DEFAULT NULL,
  `quality` int(10) DEFAULT NULL,
  `dimensionChangeTime` datetime DEFAULT NULL,
  `dateCreated` datetime NOT NULL,
  `dateUpdated` datetime NOT NULL,
  `uid` char(36) COLLATE utf8_unicode_ci NOT NULL DEFAULT '0',
  PRIMARY KEY (`id`),
  UNIQUE KEY `guide_assettransforms_name_unq_idx` (`name`),
  UNIQUE KEY `guide_assettransforms_handle_unq_idx` (`handle`)
) ENGINE=InnoDB DEFAULT CHARSET=utf8 COLLATE=utf8_unicode_ci;


INSERT INTO `guide_assettransforms` (`id`, `name`, `handle`, `mode`, `position`, `height`, `width`, `format`, `quality`, `dimensionChangeTime`, `dateCreated`, `dateUpdated`, `uid`)
VALUES
	(1,'Cover','cover','crop','center-center',1024,1920,'jpg',82,'2017-06-14 17:11:07','2017-06-06 14:40:20','2017-06-14 17:11:07','f9ffb9e2-eaf8-421d-ac9c-831f4fb9d5f2'),
	(2,'Square','square','crop','center-center',1280,1280,'jpg',82,'2017-06-06 14:40:45','2017-06-06 14:40:45','2017-06-06 14:40:45','091fcfe6-a652-43a9-9d24-23a19f7f071c'),
	(3,'Avatar','avatar','crop','center-center',200,200,'jpg',NULL,'2017-06-13 20:59:12','2017-06-13 20:59:12','2017-06-13 20:59:12','205764a1-dea5-4b0f-be7d-599a195dc501'),
	(4,'Logo','logo','fit','center-center',200,400,'png',82,'2017-06-14 19:22:15','2017-06-14 19:22:15','2017-06-14 19:22:15','15e9e85b-92eb-44c9-bfd7-ca76ce6f7e54');



# Affichage de la table guide_categories
# ------------------------------------------------------------


CREATE TABLE `guide_categories` (
  `id` int(11) NOT NULL,
  `groupId` int(11) NOT NULL,
  `dateCreated` datetime NOT NULL,
  `dateUpdated` datetime NOT NULL,
  `uid` char(36) COLLATE utf8_unicode_ci NOT NULL DEFAULT '0',
  PRIMARY KEY (`id`),
  KEY `guide_categories_groupId_fk` (`groupId`),
  CONSTRAINT `guide_categories_groupId_fk` FOREIGN KEY (`groupId`) REFERENCES `guide_categorygroups` (`id`) ON DELETE CASCADE,
  CONSTRAINT `guide_categories_id_fk` FOREIGN KEY (`id`) REFERENCES `guide_elements` (`id`) ON DELETE CASCADE
) ENGINE=InnoDB DEFAULT CHARSET=utf8 COLLATE=utf8_unicode_ci;


INSERT INTO `guide_categories` (`id`, `groupId`, `dateCreated`, `dateUpdated`, `uid`)
VALUES
	(46,1,'2017-06-15 15:06:46','2017-06-15 15:06:46','7139bfb3-020b-41c7-a532-b442925b8e58'),
	(47,1,'2017-06-15 15:06:53','2017-06-15 15:06:53','74c295a3-9689-46ac-9cc9-4586b2a690b8');



# Affichage de la table guide_categorygroups
# ------------------------------------------------------------


CREATE TABLE `guide_categorygroups` (
  `id` int(11) NOT NULL AUTO_INCREMENT,
  `structureId` int(11) NOT NULL,
  `fieldLayoutId` int(11) DEFAULT NULL,
  `name` varchar(255) COLLATE utf8_unicode_ci NOT NULL,
  `handle` varchar(255) COLLATE utf8_unicode_ci NOT NULL,
  `hasUrls` tinyint(1) unsigned NOT NULL DEFAULT '1',
  `template` varchar(500) COLLATE utf8_unicode_ci DEFAULT NULL,
  `dateCreated` datetime NOT NULL,
  `dateUpdated` datetime NOT NULL,
  `uid` char(36) COLLATE utf8_unicode_ci NOT NULL DEFAULT '0',
  PRIMARY KEY (`id`),
  UNIQUE KEY `guide_categorygroups_name_unq_idx` (`name`),
  UNIQUE KEY `guide_categorygroups_handle_unq_idx` (`handle`),
  KEY `guide_categorygroups_structureId_fk` (`structureId`),
  KEY `guide_categorygroups_fieldLayoutId_fk` (`fieldLayoutId`),
  CONSTRAINT `guide_categorygroups_fieldLayoutId_fk` FOREIGN KEY (`fieldLayoutId`) REFERENCES `guide_fieldlayouts` (`id`) ON DELETE SET NULL,
  CONSTRAINT `guide_categorygroups_structureId_fk` FOREIGN KEY (`structureId`) REFERENCES `guide_structures` (`id`) ON DELETE CASCADE
) ENGINE=InnoDB DEFAULT CHARSET=utf8 COLLATE=utf8_unicode_ci;


INSERT INTO `guide_categorygroups` (`id`, `structureId`, `fieldLayoutId`, `name`, `handle`, `hasUrls`, `template`, `dateCreated`, `dateUpdated`, `uid`)
VALUES
	(1,1,37,'Gears','gears',0,NULL,'2017-06-05 18:56:37','2017-06-05 18:56:37','d919b6d3-f9f8-4f4c-b547-82040c7f346e');



# Affichage de la table guide_categorygroups_i18n
# ------------------------------------------------------------


CREATE TABLE `guide_categorygroups_i18n` (
  `id` int(11) NOT NULL AUTO_INCREMENT,
  `groupId` int(11) NOT NULL,
  `locale` char(12) COLLATE utf8_unicode_ci NOT NULL,
  `urlFormat` text COLLATE utf8_unicode_ci,
  `nestedUrlFormat` text COLLATE utf8_unicode_ci,
  `dateCreated` datetime NOT NULL,
  `dateUpdated` datetime NOT NULL,
  `uid` char(36) COLLATE utf8_unicode_ci NOT NULL DEFAULT '0',
  PRIMARY KEY (`id`),
  UNIQUE KEY `guide_categorygroups_i18n_groupId_locale_unq_idx` (`groupId`,`locale`),
  KEY `guide_categorygroups_i18n_locale_fk` (`locale`),
  CONSTRAINT `guide_categorygroups_i18n_groupId_fk` FOREIGN KEY (`groupId`) REFERENCES `guide_categorygroups` (`id`) ON DELETE CASCADE,
  CONSTRAINT `guide_categorygroups_i18n_locale_fk` FOREIGN KEY (`locale`) REFERENCES `guide_locales` (`locale`) ON DELETE CASCADE ON UPDATE CASCADE
) ENGINE=InnoDB DEFAULT CHARSET=utf8 COLLATE=utf8_unicode_ci;


INSERT INTO `guide_categorygroups_i18n` (`id`, `groupId`, `locale`, `urlFormat`, `nestedUrlFormat`, `dateCreated`, `dateUpdated`, `uid`)
VALUES
	(1,1,'en',NULL,NULL,'2017-06-05 18:56:37','2017-06-05 18:56:37','fda1f70d-50d4-44a2-bfc8-972878a01d78');



# Affichage de la table guide_content
# ------------------------------------------------------------


CREATE TABLE `guide_content` (
  `id` int(11) NOT NULL AUTO_INCREMENT,
  `elementId` int(11) NOT NULL,
  `locale` char(12) COLLATE utf8_unicode_ci NOT NULL,
  `title` varchar(255) COLLATE utf8_unicode_ci DEFAULT NULL,
  `field_body` text COLLATE utf8_unicode_ci,
  `field_shortDescription` text COLLATE utf8_unicode_ci,
  `field_metaTitle` varchar(70) COLLATE utf8_unicode_ci DEFAULT NULL,
  `field_metaDescription` varchar(220) COLLATE utf8_unicode_ci DEFAULT NULL,
  `field_internetSpeed` varchar(30) COLLATE utf8_unicode_ci DEFAULT NULL,
  `field_funFactor` varchar(255) COLLATE utf8_unicode_ci DEFAULT 'medium',
  `field_safetyFactor` varchar(255) COLLATE utf8_unicode_ci DEFAULT 'medium',
  `field_polutionFactor` varchar(255) COLLATE utf8_unicode_ci DEFAULT 'medium',
  `field_nomadFriendly` tinyint(1) unsigned NOT NULL DEFAULT '0',
  `field_uberAvailable` text COLLATE utf8_unicode_ci,
  `field_airbnbAvailable` text COLLATE utf8_unicode_ci,
  `field_pricingMonthlyBudget` varchar(30) COLLATE utf8_unicode_ci DEFAULT NULL,
  `field_pricingWeeklyBudget` varchar(30) COLLATE utf8_unicode_ci DEFAULT NULL,
  `field_pricingMeal` varchar(30) COLLATE utf8_unicode_ci DEFAULT NULL,
  `field_pricingBeer` varchar(30) COLLATE utf8_unicode_ci DEFAULT NULL,
  `field_pricingCoffee` varchar(30) COLLATE utf8_unicode_ci DEFAULT NULL,
  `field_pricingUnitLocalTransport` varchar(30) COLLATE utf8_unicode_ci DEFAULT NULL,
  `field_pricingMonthlyLocalTransport` varchar(30) COLLATE utf8_unicode_ci DEFAULT NULL,
  `field_pricingTaxi` varchar(30) COLLATE utf8_unicode_ci DEFAULT NULL,
  `field_pricingAccomodation1Bedroom` varchar(30) COLLATE utf8_unicode_ci DEFAULT NULL,
  `field_pricingAccomodation3Bedroom` varchar(30) COLLATE utf8_unicode_ci DEFAULT NULL,
  `field_pricingFitnessClub` varchar(30) COLLATE utf8_unicode_ci DEFAULT NULL,
  `field_pricingCoworkingSpace` varchar(30) COLLATE utf8_unicode_ci DEFAULT NULL,
  `field_pricingSimCard` varchar(30) COLLATE utf8_unicode_ci DEFAULT NULL,
  `field_updateLog` text COLLATE utf8_unicode_ci,
  `field_pros` text COLLATE utf8_unicode_ci,
  `field_cons` text COLLATE utf8_unicode_ci,
  `field_specifications` text COLLATE utf8_unicode_ci,
  `field_shopLink` text COLLATE utf8_unicode_ci,
  `field_speciality` varchar(120) COLLATE utf8_unicode_ci DEFAULT NULL,
  `field_vibe` varchar(255) COLLATE utf8_unicode_ci DEFAULT NULL,
  `field_placeType` varchar(255) COLLATE utf8_unicode_ci DEFAULT NULL,
  `field_veganOptions` tinyint(1) unsigned NOT NULL DEFAULT '0',
  `field_fullAddress` text COLLATE utf8_unicode_ci,
  `field_googleMapLink` text COLLATE utf8_unicode_ci,
  `field_phone` varchar(30) COLLATE utf8_unicode_ci DEFAULT NULL,
  `field_website` varchar(120) COLLATE utf8_unicode_ci DEFAULT NULL,
  `field_openingHours` text COLLATE utf8_unicode_ci,
  `field_rating` decimal(2,1) unsigned DEFAULT '0.0',
  `field_position` smallint(4) unsigned DEFAULT '0',
  `field_announcerName` varchar(120) COLLATE utf8_unicode_ci DEFAULT NULL,
  `field_promotionLink` text COLLATE utf8_unicode_ci,
  `field_promotionText` text COLLATE utf8_unicode_ci,
  `field_promotionStartAt` datetime DEFAULT NULL,
  `field_promotionEndAt` datetime DEFAULT NULL,
  `field_promotionActive` tinyint(1) unsigned NOT NULL DEFAULT '0',
  `field_fullname` varchar(60) COLLATE utf8_unicode_ci DEFAULT NULL,
  `field_siteUrl` varchar(250) COLLATE utf8_unicode_ci DEFAULT NULL,
  `field_facebookUrl` text COLLATE utf8_unicode_ci,
  `field_instagramUrl` text COLLATE utf8_unicode_ci,
  `field_twitterUrl` text COLLATE utf8_unicode_ci,
  `field_snapchatUrl` text COLLATE utf8_unicode_ci,
  `field_contactEmail` text COLLATE utf8_unicode_ci,
  `field_supportEmail` text COLLATE utf8_unicode_ci,
  `field_tagline` text COLLATE utf8_unicode_ci,
  `field_continent` varchar(255) COLLATE utf8_unicode_ci DEFAULT NULL,
  `field_company` varchar(60) COLLATE utf8_unicode_ci DEFAULT NULL,
  `field_dateFrom` datetime DEFAULT NULL,
  `field_duration` tinyint(3) unsigned DEFAULT '0',
  `field_location` varchar(80) COLLATE utf8_unicode_ci DEFAULT NULL,
  `field_briefslink` text COLLATE utf8_unicode_ci,
  `dateCreated` datetime NOT NULL,
  `dateUpdated` datetime NOT NULL,
  `uid` char(36) COLLATE utf8_unicode_ci NOT NULL DEFAULT '0',
  PRIMARY KEY (`id`),
  UNIQUE KEY `guide_content_elementId_locale_unq_idx` (`elementId`,`locale`),
  KEY `guide_content_title_idx` (`title`),
  KEY `guide_content_locale_fk` (`locale`),
  CONSTRAINT `guide_content_elementId_fk` FOREIGN KEY (`elementId`) REFERENCES `guide_elements` (`id`) ON DELETE CASCADE,
  CONSTRAINT `guide_content_locale_fk` FOREIGN KEY (`locale`) REFERENCES `guide_locales` (`locale`) ON DELETE CASCADE ON UPDATE CASCADE
) ENGINE=InnoDB DEFAULT CHARSET=utf8 COLLATE=utf8_unicode_ci;


INSERT INTO `guide_content` (`id`, `elementId`, `locale`, `title`, `field_body`, `field_shortDescription`, `field_metaTitle`, `field_metaDescription`, `field_internetSpeed`, `field_funFactor`, `field_safetyFactor`, `field_polutionFactor`, `field_nomadFriendly`, `field_uberAvailable`, `field_airbnbAvailable`, `field_pricingMonthlyBudget`, `field_pricingWeeklyBudget`, `field_pricingMeal`, `field_pricingBeer`, `field_pricingCoffee`, `field_pricingUnitLocalTransport`, `field_pricingMonthlyLocalTransport`, `field_pricingTaxi`, `field_pricingAccomodation1Bedroom`, `field_pricingAccomodation3Bedroom`, `field_pricingFitnessClub`, `field_pricingCoworkingSpace`, `field_pricingSimCard`, `field_updateLog`, `field_pros`, `field_cons`, `field_specifications`, `field_shopLink`, `field_speciality`, `field_vibe`, `field_placeType`, `field_veganOptions`, `field_fullAddress`, `field_googleMapLink`, `field_phone`, `field_website`, `field_openingHours`, `field_rating`, `field_position`, `field_announcerName`, `field_promotionLink`, `field_promotionText`, `field_promotionStartAt`, `field_promotionEndAt`, `field_promotionActive`, `field_fullname`, `field_siteUrl`, `field_facebookUrl`, `field_instagramUrl`, `field_twitterUrl`, `field_snapchatUrl`, `field_contactEmail`, `field_supportEmail`, `field_tagline`, `field_continent`, `field_company`, `field_dateFrom`, `field_duration`, `field_location`, `field_briefslink`, `dateCreated`, `dateUpdated`, `uid`)
VALUES
	(1,1,'en',NULL,NULL,NULL,NULL,NULL,NULL,NULL,NULL,NULL,0,NULL,NULL,NULL,NULL,NULL,NULL,NULL,NULL,NULL,NULL,NULL,NULL,NULL,NULL,NULL,NULL,NULL,NULL,NULL,NULL,NULL,NULL,NULL,0,NULL,NULL,NULL,NULL,NULL,0.0,0,NULL,NULL,NULL,NULL,NULL,0,NULL,NULL,NULL,NULL,NULL,NULL,NULL,NULL,NULL,NULL,NULL,NULL,0,NULL,NULL,'2017-06-05 15:46:29','2017-06-05 15:46:29','45577930-6daa-4d56-ae08-e0dd4fbd39d3'),
	(2,2,'en','Home','<p>It’s true, this site doesn’t have a whole lot of content yet, but don’t worry. Our web developers have just installed the CMS, and they’re setting things up for the content editors this very moment. Soon Wanderbrief-guides.local will be an oasis of fresh perspectives, sharp analyses, and astute opinions that will keep you coming back again and again.</p>',NULL,'Wanderbrief CityGuides — Curated by local nomads.','Wanderbrief City Guides help you plan the perfect remote working trip with information on the best coffee, internet speed, co-working spaces, local adventures and meetups with like-minded nomads across the city.',NULL,NULL,NULL,NULL,0,NULL,NULL,NULL,NULL,NULL,NULL,NULL,NULL,NULL,NULL,NULL,NULL,NULL,NULL,NULL,NULL,NULL,NULL,NULL,NULL,NULL,NULL,NULL,0,NULL,NULL,NULL,NULL,NULL,0.0,0,NULL,NULL,NULL,NULL,NULL,0,NULL,NULL,NULL,NULL,NULL,NULL,NULL,NULL,'<p><strong>Work</strong> &amp; <strong>live</strong><strong> </strong>abroad like a local.</p>',NULL,NULL,NULL,0,NULL,NULL,'2017-06-05 15:46:31','2017-06-21 17:01:34','25d7fb9f-d833-44de-a5d1-da89af0840c2'),
	(4,4,'en','Amsterdam',NULL,'<p>Where else in the world can you enjoy the hipster city life and within a few minutes find yourself in a geothermal pool in the middle of a Game of Thrones set?</p>','','','','high','medium','low',1,'','','','','','','','','','','','','','','','[{\"col1\":\"\",\"col2\":\"\",\"col3\":\"\"}]','Where else in the world can you enjoy the hipster city life and within a few minutes find yourself in a geothermal pool in the middle of a Game of Thrones set?','',NULL,NULL,NULL,NULL,NULL,0,NULL,NULL,NULL,NULL,NULL,0.0,0,'Uber','https://uber.com','','2017-06-04 00:00:00','2017-06-27 00:00:00',1,NULL,NULL,NULL,NULL,NULL,NULL,NULL,NULL,NULL,'Europe',NULL,NULL,0,NULL,NULL,'2017-06-05 19:31:18','2017-06-22 14:42:04','91112744-d0a4-4d26-9196-a97653f82656'),
	(5,5,'en','Noord',NULL,'<p>Lorem ipsum dolot sit amet.</p>','','',NULL,NULL,NULL,NULL,0,NULL,NULL,NULL,NULL,NULL,NULL,NULL,NULL,NULL,NULL,NULL,NULL,NULL,NULL,NULL,'[{\"col1\":\"\",\"col2\":\"\",\"col3\":\"\"}]',NULL,NULL,NULL,NULL,NULL,NULL,NULL,0,NULL,NULL,NULL,NULL,NULL,0.0,0,'Uber','','<p>Bla bla bla</p>',NULL,NULL,1,NULL,NULL,NULL,NULL,NULL,NULL,NULL,NULL,NULL,NULL,NULL,NULL,0,NULL,NULL,'2017-06-05 19:40:41','2017-06-21 14:39:25','7e0700f0-978d-4f4c-a400-29f9ccab3eab'),
	(7,7,'en','Starbucks',NULL,'','','',NULL,'medium','medium','medium',0,NULL,NULL,NULL,NULL,NULL,NULL,NULL,NULL,NULL,NULL,NULL,NULL,NULL,NULL,NULL,'[{\"col1\":\"\",\"col2\":\"\",\"col3\":\"\"}]',NULL,NULL,NULL,NULL,'','hipster','Fast Food',0,'','','','','[{\"col1\":\"\",\"col2\":\"\",\"col3\":\"\",\"col4\":\"\",\"col5\":\"\",\"col6\":\"\",\"col7\":\"\"}]',0.0,0,'Starbucks','','','2017-06-05 07:00:00','2017-06-12 07:00:00',1,NULL,NULL,NULL,NULL,NULL,NULL,NULL,NULL,NULL,NULL,NULL,NULL,0,NULL,NULL,'2017-06-08 15:01:08','2017-06-16 13:49:41','dcc178ab-356b-426f-9a46-b88db9a508ec'),
	(8,8,'en','2249',NULL,NULL,NULL,NULL,NULL,'medium','medium','medium',0,NULL,NULL,NULL,NULL,NULL,NULL,NULL,NULL,NULL,NULL,NULL,NULL,NULL,NULL,NULL,NULL,NULL,NULL,NULL,NULL,NULL,NULL,NULL,0,NULL,NULL,NULL,NULL,NULL,0.0,0,NULL,NULL,NULL,NULL,NULL,0,NULL,NULL,NULL,NULL,NULL,NULL,NULL,NULL,NULL,NULL,NULL,NULL,0,NULL,NULL,'2017-06-13 21:27:36','2017-06-21 09:52:28','ed8597a4-162c-40b3-8bc6-1e456f5d9139'),
	(9,9,'en','2249',NULL,NULL,NULL,NULL,NULL,'medium','medium','medium',0,NULL,NULL,NULL,NULL,NULL,NULL,NULL,NULL,NULL,NULL,NULL,NULL,NULL,NULL,NULL,NULL,NULL,NULL,NULL,NULL,NULL,NULL,NULL,0,NULL,NULL,NULL,NULL,NULL,0.0,0,NULL,NULL,NULL,NULL,NULL,0,NULL,NULL,NULL,NULL,NULL,NULL,NULL,NULL,NULL,NULL,NULL,NULL,0,NULL,NULL,'2017-06-13 21:34:11','2017-06-21 09:52:24','d77855d1-f612-4df2-842e-a6bd458f4c4b'),
	(10,10,'en','1899',NULL,NULL,NULL,NULL,NULL,'medium','medium','medium',0,NULL,NULL,NULL,NULL,NULL,NULL,NULL,NULL,NULL,NULL,NULL,NULL,NULL,NULL,NULL,NULL,NULL,NULL,NULL,NULL,NULL,NULL,NULL,0,NULL,NULL,NULL,NULL,NULL,0.0,0,NULL,NULL,NULL,NULL,NULL,0,NULL,NULL,NULL,NULL,NULL,NULL,NULL,NULL,NULL,NULL,NULL,NULL,0,NULL,NULL,'2017-06-13 21:38:53','2017-06-21 09:52:27','3f8ef858-77f3-4554-9dca-85d8086975f1'),
	(12,12,'en','35847','<p>Cafe</p>',NULL,NULL,NULL,NULL,'medium','medium','medium',0,NULL,NULL,NULL,NULL,NULL,NULL,NULL,NULL,NULL,NULL,NULL,NULL,NULL,NULL,NULL,NULL,NULL,NULL,NULL,NULL,NULL,NULL,NULL,0,NULL,NULL,NULL,NULL,NULL,0.0,0,NULL,NULL,NULL,NULL,NULL,0,NULL,NULL,NULL,NULL,NULL,NULL,NULL,NULL,NULL,NULL,NULL,NULL,0,NULL,NULL,'2017-06-13 21:43:44','2017-06-21 09:52:27','3e1959ee-b8c1-49d8-982f-4814cfc62682'),
	(13,13,'en','GoPro Hero 5+','<p>Lorem ipsum dolor sit amet, consectetur adipiscing elit. Nam sit amet fermentum nisi. In sollicitudin pulvinar turpis sed fermentum. Ut vehicula odio nec semper tincidunt. Sed gravida tempus dignissim. Aenean varius sapien ut congue consectetur. Aliquam pellentesque accumsan purus, dapibus accumsan nibh porttitor eget. Etiam commodo vehicula ipsum sit amet gravida. Nullam iaculis sapien nulla, quis vulputate felis consectetur ac. Quisque elementum tortor eget odio condimentum, ut efficitur libero convallis. Ut luctus lacus nec pharetra rhoncus. Pellentesque vel purus tristique, sollicitudin purus sed, vehicula odio. Aenean hendrerit enim nec posuere tincidunt. Pellentesque luctus justo nisi. Mauris at placerat nisl. Quisque varius ligula non mi dapibus bibendum.</p>\n<p>Maecenas nec congue purus. Nullam lacinia nisi et nunc laoreet, nec fermentum sapien volutpat. Pellentesque non luctus risus. Phasellus sed scelerisque erat. Nam facilisis euismod ornare. Donec rhoncus tempor eros vitae mattis. Duis elementum, dolor eu vestibulum tristique, enim ipsum aliquet tortor, id pharetra massa nisl sed nunc. Duis gravida ipsum turpis, non varius elit suscipit et. Nunc in vestibulum orci. Ut viverra neque nec risus mollis, sit amet pharetra tellus suscipit. Curabitur gravida nisi at nisl auctor eleifend. Aenean viverra suscipit egestas. Cras rutrum odio condimentum erat malesuada, quis ultrices quam ornare. Nullam at ornare augue.</p>','<p>Lorem ipsum dolor sit amet...</p>',NULL,NULL,NULL,'medium','medium','medium',0,NULL,NULL,NULL,NULL,NULL,NULL,NULL,NULL,NULL,NULL,NULL,NULL,NULL,NULL,NULL,NULL,NULL,NULL,'[{\"col1\":\"Specification #1\"},{\"col1\":\"Specification #2\"},{\"col1\":\"Specification #3\"}]','https://amazon.com',NULL,NULL,NULL,0,NULL,NULL,NULL,NULL,NULL,0.0,0,'','','',NULL,NULL,0,NULL,NULL,NULL,NULL,NULL,NULL,NULL,NULL,NULL,NULL,NULL,NULL,0,NULL,NULL,'2017-06-13 21:48:25','2017-06-22 14:31:06','6db09f09-9232-44b4-bbcc-9d10f719f8bc'),
	(14,14,'en','Gopro',NULL,NULL,NULL,NULL,NULL,'medium','medium','medium',0,NULL,NULL,NULL,NULL,NULL,NULL,NULL,NULL,NULL,NULL,NULL,NULL,NULL,NULL,NULL,NULL,NULL,NULL,NULL,NULL,NULL,NULL,NULL,0,NULL,NULL,NULL,NULL,NULL,0.0,0,NULL,NULL,NULL,NULL,NULL,0,NULL,NULL,NULL,NULL,NULL,NULL,NULL,NULL,NULL,NULL,NULL,NULL,0,NULL,NULL,'2017-06-13 21:50:33','2017-06-21 09:52:29','881ed0a0-870b-47f2-b39b-fbea04dff4d0'),
	(15,15,'en',NULL,NULL,NULL,NULL,NULL,NULL,'medium','medium','medium',0,NULL,NULL,NULL,NULL,NULL,NULL,NULL,NULL,NULL,NULL,NULL,NULL,NULL,NULL,NULL,NULL,NULL,NULL,NULL,NULL,NULL,NULL,NULL,0,NULL,NULL,NULL,NULL,NULL,0.0,0,NULL,NULL,NULL,NULL,NULL,0,NULL,NULL,'https://www.facebook.com/wanderbrief','https://www.instagram.com/wanderbrief','https://twitter.com/wanderbrief','','contact@wanderbrief.com','support@wanderbrief.com',NULL,NULL,NULL,NULL,0,NULL,NULL,'2017-06-13 22:11:06','2017-06-21 13:57:53','b6b47597-008c-4eb8-8ee0-c129e05a5660'),
	(16,16,'en',NULL,NULL,NULL,NULL,NULL,NULL,'medium','medium','medium',0,NULL,NULL,NULL,NULL,NULL,NULL,NULL,NULL,NULL,NULL,NULL,NULL,NULL,NULL,NULL,NULL,NULL,NULL,NULL,NULL,NULL,NULL,NULL,0,NULL,NULL,NULL,NULL,NULL,0.0,0,NULL,NULL,NULL,NULL,NULL,0,NULL,NULL,NULL,NULL,NULL,NULL,NULL,NULL,NULL,NULL,NULL,NULL,0,NULL,NULL,'2017-06-13 22:11:32','2017-06-13 22:11:32','cf75b490-73bf-4bd3-a075-7bb27ba7f351'),
	(17,17,'en','Hero',NULL,NULL,NULL,NULL,NULL,'medium','medium','medium',0,NULL,NULL,NULL,NULL,NULL,NULL,NULL,NULL,NULL,NULL,NULL,NULL,NULL,NULL,NULL,NULL,NULL,NULL,NULL,NULL,NULL,NULL,NULL,0,NULL,NULL,NULL,NULL,NULL,0.0,0,NULL,NULL,NULL,NULL,NULL,0,NULL,NULL,NULL,NULL,NULL,NULL,NULL,NULL,NULL,NULL,NULL,NULL,0,NULL,NULL,'2017-06-14 16:26:59','2017-06-21 09:52:25','9ad2babc-d284-48cf-a265-47fe889736ee'),
	(23,23,'en','Tokyo',NULL,'<p>Lorem ipsum dolor sit amet...</p>','','','','medium','medium','medium',1,'','','','','','','','','','','','','','','','[{\"col1\":\"\",\"col2\":\"\",\"col3\":\"\"}]','With world-class museums, quirky festivals, theatre, live music, laid-back bars and delightful restaurants, there\'s never a shortage of things to do in Amsterdam!','',NULL,NULL,NULL,NULL,NULL,0,NULL,NULL,NULL,NULL,NULL,0.0,0,'','','',NULL,NULL,0,NULL,NULL,NULL,NULL,NULL,NULL,NULL,NULL,NULL,'Asia',NULL,NULL,0,NULL,NULL,'2017-06-14 18:49:51','2017-06-22 14:43:55','2fe01e68-1fca-4b9f-aa97-a666a8bd8b49'),
	(24,24,'en','Sydney',NULL,'<p>Lorem ipsum dolor sit amet...</p>','','','','medium','medium','medium',1,'','','','','','','','','','','','','','','','[{\"col1\":\"\",\"col2\":\"\",\"col3\":\"\"}]','With world-class museums, quirky festivals, theatre, live music, laid-back bars and delightful restaurants, there\'s never a shortage of things to do in Amsterdam!','',NULL,NULL,NULL,NULL,NULL,0,NULL,NULL,NULL,NULL,NULL,0.0,0,'','','',NULL,NULL,0,NULL,NULL,NULL,NULL,NULL,NULL,NULL,NULL,NULL,'Australia',NULL,NULL,0,NULL,NULL,'2017-06-14 18:50:21','2017-06-22 14:43:24','5ee686a1-b44f-4442-85dd-9fc4409ab010'),
	(25,25,'en','Heineken Icon',NULL,NULL,NULL,NULL,NULL,'medium','medium','medium',0,NULL,NULL,NULL,NULL,NULL,NULL,NULL,NULL,NULL,NULL,NULL,NULL,NULL,NULL,NULL,NULL,NULL,NULL,NULL,NULL,NULL,NULL,NULL,0,NULL,NULL,NULL,NULL,NULL,0.0,0,NULL,NULL,NULL,NULL,NULL,0,NULL,NULL,NULL,NULL,NULL,NULL,NULL,NULL,NULL,NULL,NULL,NULL,0,NULL,NULL,'2017-06-14 19:23:57','2017-06-21 09:52:26','319c9e86-d878-4aa6-8766-c55db9919409'),
	(26,26,'en','Logo Heineken',NULL,NULL,NULL,NULL,NULL,'medium','medium','medium',0,NULL,NULL,NULL,NULL,NULL,NULL,NULL,NULL,NULL,NULL,NULL,NULL,NULL,NULL,NULL,NULL,NULL,NULL,NULL,NULL,NULL,NULL,NULL,0,NULL,NULL,NULL,NULL,NULL,0.0,0,NULL,NULL,NULL,NULL,NULL,0,NULL,NULL,NULL,NULL,NULL,NULL,NULL,NULL,NULL,NULL,NULL,NULL,0,NULL,NULL,'2017-06-14 19:27:13','2017-06-21 09:52:26','176f470e-b499-4811-accb-4e45a5b5cb8a'),
	(27,27,'en','Cafe','<p>Café</p>',NULL,NULL,NULL,NULL,'medium','medium','medium',0,NULL,NULL,NULL,NULL,NULL,NULL,NULL,NULL,NULL,NULL,NULL,NULL,NULL,NULL,NULL,NULL,NULL,NULL,NULL,NULL,NULL,NULL,NULL,0,NULL,NULL,NULL,NULL,NULL,0.0,0,NULL,NULL,NULL,NULL,NULL,0,NULL,NULL,NULL,NULL,NULL,NULL,NULL,NULL,NULL,NULL,NULL,NULL,0,NULL,NULL,'2017-06-14 20:02:00','2017-06-21 09:52:26','85078f0a-4055-46b2-a874-38d8fd596e32'),
	(28,28,'en','Café Parvis',NULL,'','','',NULL,'medium','medium','medium',0,NULL,NULL,NULL,NULL,NULL,NULL,NULL,NULL,NULL,NULL,NULL,NULL,NULL,NULL,NULL,'[{\"col1\":\"\",\"col2\":\"\",\"col3\":\"\"}]',NULL,NULL,NULL,NULL,'','hipster','Pub',0,'','','','','[{\"col1\":\"\",\"col2\":\"\",\"col3\":\"\",\"col4\":\"\",\"col5\":\"\",\"col6\":\"\",\"col7\":\"\"}]',0.0,0,'','','',NULL,NULL,0,NULL,NULL,NULL,NULL,NULL,NULL,NULL,NULL,NULL,NULL,NULL,NULL,0,NULL,NULL,'2017-06-14 20:02:14','2017-06-16 13:49:36','0fb4fc61-b71b-4c04-99f7-6ee88f1d6532'),
	(29,29,'en','19126134 10210672482501367 280490407 O',NULL,NULL,NULL,NULL,NULL,'medium','medium','medium',0,NULL,NULL,NULL,NULL,NULL,NULL,NULL,NULL,NULL,NULL,NULL,NULL,NULL,NULL,NULL,NULL,NULL,NULL,NULL,NULL,NULL,NULL,NULL,0,NULL,NULL,NULL,NULL,NULL,0.0,0,NULL,NULL,NULL,NULL,NULL,0,NULL,NULL,NULL,NULL,NULL,NULL,NULL,NULL,NULL,NULL,NULL,NULL,0,NULL,NULL,'2017-06-14 20:06:23','2017-06-21 09:52:26','30847077-67e0-450c-b660-2b6c35664941'),
	(30,30,'en','Le Tableau Blanc',NULL,'<p>Lorem ipsum...</p>','','','','medium','medium','medium',0,NULL,NULL,NULL,NULL,NULL,NULL,NULL,NULL,NULL,NULL,NULL,NULL,NULL,NULL,NULL,'[{\"col1\":\"\",\"col2\":\"\",\"col3\":\"\"}]',NULL,NULL,NULL,NULL,'','hipster','Caterer',0,'','','','','[{\"col1\":\"\",\"col2\":\"\",\"col3\":\"\",\"col4\":\"\",\"col5\":\"\",\"col6\":\"\",\"col7\":\"\"}]',0.0,0,'','','',NULL,NULL,0,NULL,NULL,NULL,NULL,NULL,NULL,NULL,NULL,NULL,NULL,NULL,NULL,0,NULL,NULL,'2017-06-14 20:06:30','2017-06-16 13:50:01','e7684b8c-5d99-4146-a018-bd5f0607dc71'),
	(31,31,'en','Dasha Vdovichenko 41596',NULL,NULL,NULL,NULL,NULL,'medium','medium','medium',0,NULL,NULL,NULL,NULL,NULL,NULL,NULL,NULL,NULL,NULL,NULL,NULL,NULL,NULL,NULL,NULL,NULL,NULL,NULL,NULL,NULL,NULL,NULL,0,NULL,NULL,NULL,NULL,NULL,0.0,0,NULL,NULL,NULL,NULL,NULL,0,NULL,NULL,NULL,NULL,NULL,NULL,NULL,NULL,NULL,NULL,NULL,NULL,0,NULL,NULL,'2017-06-14 22:28:31','2017-06-21 09:52:28','14645ee9-d1d7-4193-86bf-968ba7ade39d'),
	(32,32,'en','Anthony Tori 115580 Min',NULL,NULL,NULL,NULL,NULL,'medium','medium','medium',0,NULL,NULL,NULL,NULL,NULL,NULL,NULL,NULL,NULL,NULL,NULL,NULL,NULL,NULL,NULL,NULL,NULL,NULL,NULL,NULL,NULL,NULL,NULL,0,NULL,NULL,NULL,NULL,NULL,0.0,0,NULL,NULL,NULL,NULL,NULL,0,NULL,NULL,NULL,NULL,NULL,NULL,NULL,NULL,NULL,NULL,NULL,NULL,0,NULL,NULL,'2017-06-14 22:32:09','2017-06-21 09:52:27','752e11cf-50f2-4c86-9e36-eede9cbe9846'),
	(35,35,'en','Img 20150710 152245 Min',NULL,NULL,NULL,NULL,NULL,'medium','medium','medium',0,NULL,NULL,NULL,NULL,NULL,NULL,NULL,NULL,NULL,NULL,NULL,NULL,NULL,NULL,NULL,NULL,NULL,NULL,NULL,NULL,NULL,NULL,NULL,0,NULL,NULL,NULL,NULL,NULL,0.0,0,NULL,NULL,NULL,NULL,NULL,0,NULL,NULL,NULL,NULL,NULL,NULL,NULL,NULL,NULL,NULL,NULL,NULL,0,NULL,NULL,'2017-06-14 22:39:38','2017-06-21 09:52:24','7f070985-9446-4224-8e17-e7d5f272e610'),
	(36,36,'en','Clay Banks 170882',NULL,NULL,NULL,NULL,NULL,'medium','medium','medium',0,NULL,NULL,NULL,NULL,NULL,NULL,NULL,NULL,NULL,NULL,NULL,NULL,NULL,NULL,NULL,NULL,NULL,NULL,NULL,NULL,NULL,NULL,NULL,0,NULL,NULL,NULL,NULL,NULL,0.0,0,NULL,NULL,NULL,NULL,NULL,0,NULL,NULL,NULL,NULL,NULL,NULL,NULL,NULL,NULL,NULL,NULL,NULL,0,NULL,NULL,'2017-06-14 22:42:50','2017-06-21 09:52:28','b644c637-8036-4d19-8b62-f35acdbcc6e3'),
	(37,37,'en','Logo Uber',NULL,NULL,NULL,NULL,NULL,'medium','medium','medium',0,NULL,NULL,NULL,NULL,NULL,NULL,NULL,NULL,NULL,NULL,NULL,NULL,NULL,NULL,NULL,NULL,NULL,NULL,NULL,NULL,NULL,NULL,NULL,0,NULL,NULL,NULL,NULL,NULL,0.0,0,NULL,NULL,NULL,NULL,NULL,0,NULL,NULL,NULL,NULL,NULL,NULL,NULL,NULL,NULL,NULL,NULL,NULL,0,NULL,NULL,'2017-06-14 22:44:25','2017-06-21 09:52:26','10dacb07-22fb-4f4f-bf77-96981f010e4f'),
	(38,38,'en','Matthew Kane 278419',NULL,NULL,NULL,NULL,NULL,'medium','medium','medium',0,NULL,NULL,NULL,NULL,NULL,NULL,NULL,NULL,NULL,NULL,NULL,NULL,NULL,NULL,NULL,NULL,NULL,NULL,NULL,NULL,NULL,NULL,NULL,0,NULL,NULL,NULL,NULL,NULL,0.0,0,NULL,NULL,NULL,NULL,NULL,0,NULL,NULL,NULL,NULL,NULL,NULL,NULL,NULL,NULL,NULL,NULL,NULL,0,NULL,NULL,'2017-06-14 22:48:45','2017-06-21 09:52:29','3ad660ac-c2ec-4741-94a0-9cf1113feeae'),
	(39,39,'en','Matthew Kane 171732 Min',NULL,NULL,NULL,NULL,NULL,'medium','medium','medium',0,NULL,NULL,NULL,NULL,NULL,NULL,NULL,NULL,NULL,NULL,NULL,NULL,NULL,NULL,NULL,NULL,NULL,NULL,NULL,NULL,NULL,NULL,NULL,0,NULL,NULL,NULL,NULL,NULL,0.0,0,NULL,NULL,NULL,NULL,NULL,0,NULL,NULL,NULL,NULL,NULL,NULL,NULL,NULL,NULL,NULL,NULL,NULL,0,NULL,NULL,'2017-06-14 22:55:51','2017-06-21 09:52:29','52462c1c-85a6-4bf5-84ed-0e1d8c9fe308'),
	(40,40,'en','Matthew Kane 171732 Min',NULL,NULL,NULL,NULL,NULL,'medium','medium','medium',0,NULL,NULL,NULL,NULL,NULL,NULL,NULL,NULL,NULL,NULL,NULL,NULL,NULL,NULL,NULL,NULL,NULL,NULL,NULL,NULL,NULL,NULL,NULL,0,NULL,NULL,NULL,NULL,NULL,0.0,0,NULL,NULL,NULL,NULL,NULL,0,NULL,NULL,NULL,NULL,NULL,NULL,NULL,NULL,NULL,NULL,NULL,NULL,0,NULL,NULL,'2017-06-14 23:00:31','2017-06-21 09:52:25','6816ab22-ad05-43cc-8bbc-72c7dbdcc66a'),
	(41,41,'en','Jonny Clow 35081 Min',NULL,NULL,NULL,NULL,NULL,'medium','medium','medium',0,NULL,NULL,NULL,NULL,NULL,NULL,NULL,NULL,NULL,NULL,NULL,NULL,NULL,NULL,NULL,NULL,NULL,NULL,NULL,NULL,NULL,NULL,NULL,0,NULL,NULL,NULL,NULL,NULL,0.0,0,NULL,NULL,NULL,NULL,NULL,0,NULL,NULL,NULL,NULL,NULL,NULL,NULL,NULL,NULL,NULL,NULL,NULL,0,NULL,NULL,'2017-06-14 23:03:13','2017-06-21 09:52:25','f2ff86e6-c9a9-4994-8d45-d2eb1644aaab'),
	(42,42,'en','Jonny Clow 35081 Min',NULL,NULL,NULL,NULL,NULL,'medium','medium','medium',0,NULL,NULL,NULL,NULL,NULL,NULL,NULL,NULL,NULL,NULL,NULL,NULL,NULL,NULL,NULL,NULL,NULL,NULL,NULL,NULL,NULL,NULL,NULL,0,NULL,NULL,NULL,NULL,NULL,0.0,0,NULL,NULL,NULL,NULL,NULL,0,NULL,NULL,NULL,NULL,NULL,NULL,NULL,NULL,NULL,NULL,NULL,NULL,0,NULL,NULL,'2017-06-14 23:03:56','2017-06-21 09:52:28','f0a508e6-6ae7-4860-96e1-dc62269585fd'),
	(43,43,'en','Phuket',NULL,'<p>Lorem ipsum dolor sit amet, consectetur adipiscing elit. Sed pharetra placerat justo, ac porttitor tortor rhoncus sit amet. Donec a ex ac odio consectetur laoreet.</p>','','','','medium','medium','medium',1,'','','','','','','','','','','','','','','','[{\"col1\":\"\",\"col2\":\"\",\"col3\":\"\"}]','Lorem ipsum dolor sit amet, consectetur adipiscing elit. Sed pharetra placerat justo, ac porttitor tortor rhoncus sit amet. Donec a ex ac odio consectetur laoreet.','',NULL,NULL,NULL,NULL,NULL,0,NULL,NULL,NULL,NULL,NULL,0.0,0,'Uber','','',NULL,NULL,1,NULL,NULL,NULL,NULL,NULL,NULL,NULL,NULL,NULL,'Asia',NULL,NULL,0,NULL,NULL,'2017-06-14 23:04:25','2017-06-22 14:42:20','9408c0df-d5fd-4d87-9850-d243d94f98f9'),
	(44,44,'en','Product 03',NULL,NULL,NULL,NULL,NULL,'medium','medium','medium',0,NULL,NULL,NULL,NULL,NULL,NULL,NULL,NULL,NULL,NULL,NULL,NULL,NULL,NULL,NULL,NULL,NULL,NULL,NULL,NULL,NULL,NULL,NULL,0,NULL,NULL,NULL,NULL,NULL,0.0,0,NULL,NULL,NULL,NULL,NULL,0,NULL,NULL,NULL,NULL,NULL,NULL,NULL,NULL,NULL,NULL,NULL,NULL,0,NULL,NULL,'2017-06-15 14:28:48','2017-06-21 09:52:29','19fb0962-ed9f-4228-98a7-b17790465b25'),
	(45,45,'en','OnePlus 5','<p>Lorem ipsum dolor sit amet...</p>','<p>Lorem ipsum dolor sit amet...</p>',NULL,NULL,NULL,'medium','medium','medium',0,NULL,NULL,NULL,NULL,NULL,NULL,NULL,NULL,NULL,NULL,NULL,NULL,NULL,NULL,NULL,NULL,NULL,NULL,'[{\"col1\":\"\"}]','https://oneplus.net',NULL,NULL,NULL,0,NULL,NULL,NULL,NULL,NULL,0.0,0,'Uber','','',NULL,NULL,1,NULL,NULL,NULL,NULL,NULL,NULL,NULL,NULL,NULL,NULL,NULL,NULL,0,NULL,NULL,'2017-06-15 14:28:53','2017-06-22 14:31:06','699e8a0c-a1f0-4555-b128-7f2a31adf333'),
	(46,46,'en','Camera',NULL,NULL,NULL,NULL,NULL,'medium','medium','medium',0,NULL,NULL,NULL,NULL,NULL,NULL,NULL,NULL,NULL,NULL,NULL,NULL,NULL,NULL,NULL,NULL,NULL,NULL,NULL,NULL,NULL,NULL,NULL,0,NULL,NULL,NULL,NULL,NULL,0.0,0,NULL,NULL,NULL,NULL,NULL,0,NULL,NULL,NULL,NULL,NULL,NULL,NULL,NULL,NULL,NULL,NULL,NULL,0,NULL,NULL,'2017-06-15 15:06:46','2017-06-15 15:06:46','407b9125-bb64-443a-a808-3e6941f44d0c'),
	(47,47,'en','Phone',NULL,NULL,NULL,NULL,NULL,'medium','medium','medium',0,NULL,NULL,NULL,NULL,NULL,NULL,NULL,NULL,NULL,NULL,NULL,NULL,NULL,NULL,NULL,NULL,NULL,NULL,NULL,NULL,NULL,NULL,NULL,0,NULL,NULL,NULL,NULL,NULL,0.0,0,NULL,NULL,NULL,NULL,NULL,0,NULL,NULL,NULL,NULL,NULL,NULL,NULL,NULL,NULL,NULL,NULL,NULL,0,NULL,NULL,'2017-06-15 15:06:53','2017-06-15 15:06:53','4207278e-3190-4ed0-b2d1-cf8ed738eb31'),
	(48,48,'en','2Q Ifu F',NULL,NULL,NULL,NULL,NULL,'medium','medium','medium',0,NULL,NULL,NULL,NULL,NULL,NULL,NULL,NULL,NULL,NULL,NULL,NULL,NULL,NULL,NULL,NULL,NULL,NULL,NULL,NULL,NULL,NULL,NULL,0,NULL,NULL,NULL,NULL,NULL,0.0,0,NULL,NULL,NULL,NULL,NULL,0,NULL,NULL,NULL,NULL,NULL,NULL,NULL,NULL,NULL,NULL,NULL,NULL,0,NULL,NULL,'2017-06-15 16:52:45','2017-06-21 09:52:30','cb9bdbb3-53a2-4f01-8a39-975d66c268f2'),
	(49,49,'en','Graphic Designer',NULL,NULL,NULL,NULL,NULL,'medium','medium','medium',0,NULL,NULL,NULL,NULL,NULL,NULL,NULL,NULL,NULL,NULL,NULL,NULL,NULL,NULL,NULL,NULL,NULL,NULL,NULL,NULL,NULL,NULL,NULL,0,NULL,NULL,NULL,NULL,NULL,0.0,0,'','','',NULL,NULL,0,NULL,'https://wanderbrief.com/briefs/2qIFuF',NULL,NULL,NULL,NULL,NULL,NULL,NULL,NULL,'Vodafone','2017-07-30 22:00:00',20,'Reykjavík, Iceland',NULL,'2017-06-15 16:52:50','2017-06-16 13:49:14','70688001-a154-49a0-97c7-4235e1b27076'),
	(50,50,'en','1Tzp Gr',NULL,NULL,NULL,NULL,NULL,'medium','medium','medium',0,NULL,NULL,NULL,NULL,NULL,NULL,NULL,NULL,NULL,NULL,NULL,NULL,NULL,NULL,NULL,NULL,NULL,NULL,NULL,NULL,NULL,NULL,NULL,0,NULL,NULL,NULL,NULL,NULL,0.0,0,NULL,NULL,NULL,NULL,NULL,0,NULL,NULL,NULL,NULL,NULL,NULL,NULL,NULL,NULL,NULL,NULL,NULL,0,NULL,NULL,'2017-06-15 16:58:16','2017-06-21 09:52:30','b7f03023-f2a0-4b70-98bc-a8a1d9a439fc'),
	(51,51,'en','Motion Designer',NULL,NULL,NULL,NULL,NULL,'medium','medium','medium',0,NULL,NULL,NULL,NULL,NULL,NULL,NULL,NULL,NULL,NULL,NULL,NULL,NULL,NULL,NULL,NULL,NULL,NULL,NULL,NULL,NULL,NULL,NULL,0,NULL,NULL,NULL,NULL,NULL,0.0,0,'','','',NULL,NULL,0,NULL,'https://wanderbrief.com/briefs/1tzpGr',NULL,NULL,NULL,NULL,NULL,NULL,NULL,NULL,'Porsche HQ','2017-07-01 22:00:00',11,'Stuttgart, Germany',NULL,'2017-06-15 16:58:22','2017-06-16 13:49:14','689fc52e-5705-4f5f-af39-4e1bd7a308aa'),
	(52,52,'en','Z2Q31U2',NULL,NULL,NULL,NULL,NULL,'medium','medium','medium',0,NULL,NULL,NULL,NULL,NULL,NULL,NULL,NULL,NULL,NULL,NULL,NULL,NULL,NULL,NULL,NULL,NULL,NULL,NULL,NULL,NULL,NULL,NULL,0,NULL,NULL,NULL,NULL,NULL,0.0,0,NULL,NULL,NULL,NULL,NULL,0,NULL,NULL,NULL,NULL,NULL,NULL,NULL,NULL,NULL,NULL,NULL,NULL,0,NULL,NULL,'2017-06-15 16:59:35','2017-06-21 09:52:30','cd2c613c-ba9f-4f25-b099-609d6250f0d2'),
	(53,53,'en','Video Producer',NULL,NULL,NULL,NULL,NULL,'medium','medium','medium',0,NULL,NULL,NULL,NULL,NULL,NULL,NULL,NULL,NULL,NULL,NULL,NULL,NULL,NULL,NULL,NULL,NULL,NULL,NULL,NULL,NULL,NULL,NULL,0,NULL,NULL,NULL,NULL,NULL,0.0,0,'','','',NULL,NULL,0,NULL,'https://wanderbrief.com/briefs/Z2q31u2',NULL,NULL,NULL,NULL,NULL,NULL,NULL,NULL,'HI USA','2017-09-12 22:00:00',14,'Chicago, United States',NULL,'2017-06-15 16:59:39','2017-06-16 13:49:14','6937dc8d-bd3a-4dfe-a616-bd6533222f6e'),
	(54,54,'en','Bag',NULL,NULL,NULL,NULL,NULL,'medium','medium','medium',0,NULL,NULL,NULL,NULL,NULL,NULL,NULL,NULL,NULL,NULL,NULL,NULL,NULL,NULL,NULL,NULL,NULL,NULL,NULL,NULL,NULL,NULL,NULL,0,NULL,NULL,NULL,NULL,NULL,0.0,0,NULL,NULL,NULL,NULL,NULL,0,NULL,NULL,NULL,NULL,NULL,NULL,NULL,NULL,NULL,NULL,NULL,NULL,0,NULL,NULL,'2017-06-15 19:53:10','2017-06-21 09:52:29','c477e701-1af9-496c-8775-a87b57b51830'),
	(55,55,'en','Monthly Essentials Selection','<p>Lorem ipsum...</p>','<p>Lorem ipsum...</p>',NULL,NULL,NULL,'medium','medium','medium',0,NULL,NULL,NULL,NULL,NULL,NULL,NULL,NULL,NULL,NULL,NULL,NULL,NULL,NULL,NULL,NULL,NULL,NULL,'[{\"col1\":\"\"}]','',NULL,NULL,NULL,0,NULL,NULL,NULL,NULL,NULL,0.0,1,'Uber','','',NULL,NULL,1,NULL,NULL,NULL,NULL,NULL,NULL,NULL,NULL,NULL,NULL,NULL,NULL,0,NULL,NULL,'2017-06-15 19:53:21','2017-06-22 14:31:06','f532aab0-11a8-430c-bb9d-b1c2c77fa402'),
	(56,56,'en','Unpacked',NULL,NULL,NULL,NULL,NULL,'medium','medium','medium',0,NULL,NULL,NULL,NULL,NULL,NULL,NULL,NULL,NULL,NULL,NULL,NULL,NULL,NULL,NULL,NULL,NULL,NULL,NULL,NULL,NULL,NULL,NULL,0,NULL,NULL,NULL,NULL,NULL,0.0,0,NULL,NULL,NULL,NULL,NULL,0,NULL,NULL,NULL,NULL,NULL,NULL,NULL,NULL,NULL,NULL,NULL,NULL,0,NULL,NULL,'2017-06-15 19:55:17','2017-06-21 09:52:30','e2c81a76-5a18-4cf7-baa5-3d75ddcfa1bc'),
	(57,57,'en','Todd Glaser Packing List 4',NULL,NULL,NULL,NULL,NULL,'medium','medium','medium',0,NULL,NULL,NULL,NULL,NULL,NULL,NULL,NULL,NULL,NULL,NULL,NULL,NULL,NULL,NULL,NULL,NULL,NULL,NULL,NULL,NULL,NULL,NULL,0,NULL,NULL,NULL,NULL,NULL,0.0,0,NULL,NULL,NULL,NULL,NULL,0,NULL,NULL,NULL,NULL,NULL,NULL,NULL,NULL,NULL,NULL,NULL,NULL,0,NULL,NULL,'2017-06-15 19:56:51','2017-06-21 09:52:29','39b0cc61-fe97-440d-acb8-5c58acc5947b'),
	(58,58,'en','Cities',NULL,NULL,NULL,NULL,NULL,'medium','medium','medium',0,NULL,NULL,NULL,NULL,NULL,NULL,NULL,NULL,NULL,NULL,NULL,NULL,NULL,NULL,NULL,NULL,NULL,NULL,NULL,NULL,NULL,NULL,NULL,0,NULL,NULL,NULL,NULL,NULL,0.0,0,NULL,NULL,NULL,NULL,NULL,0,NULL,NULL,NULL,NULL,NULL,NULL,NULL,NULL,'<p>Top Cities</p>',NULL,NULL,NULL,0,NULL,NULL,'2017-06-16 13:50:19','2017-06-22 14:39:36','f23399bc-cc4e-42b1-8e01-726089e8d12e'),
	(59,59,'en','John Towner 117301 Min',NULL,NULL,NULL,NULL,NULL,'medium','medium','medium',0,NULL,NULL,NULL,NULL,NULL,NULL,NULL,NULL,NULL,NULL,NULL,NULL,NULL,NULL,NULL,NULL,NULL,NULL,NULL,NULL,NULL,NULL,NULL,0,NULL,NULL,NULL,NULL,NULL,0.0,0,NULL,NULL,NULL,NULL,NULL,0,NULL,NULL,NULL,NULL,NULL,NULL,NULL,NULL,NULL,NULL,NULL,NULL,0,NULL,NULL,'2017-06-16 15:06:22','2017-06-21 09:52:25','d1436871-54a6-467b-92f8-7bf251be2cab'),
	(60,60,'en','Noah Silliman 155839 Min',NULL,NULL,NULL,NULL,NULL,'medium','medium','medium',0,NULL,NULL,NULL,NULL,NULL,NULL,NULL,NULL,NULL,NULL,NULL,NULL,NULL,NULL,NULL,NULL,NULL,NULL,NULL,NULL,NULL,NULL,NULL,0,NULL,NULL,NULL,NULL,NULL,0.0,0,NULL,NULL,NULL,NULL,NULL,0,NULL,NULL,NULL,NULL,NULL,NULL,NULL,NULL,NULL,NULL,NULL,NULL,0,NULL,NULL,'2017-06-16 15:06:23','2017-06-21 09:52:26','fa7f2311-5319-442f-8724-c2940f4afd3d'),
	(61,61,'en','Annie Spratt 126510 Min',NULL,NULL,NULL,NULL,NULL,'medium','medium','medium',0,NULL,NULL,NULL,NULL,NULL,NULL,NULL,NULL,NULL,NULL,NULL,NULL,NULL,NULL,NULL,NULL,NULL,NULL,NULL,NULL,NULL,NULL,NULL,0,NULL,NULL,NULL,NULL,NULL,0.0,0,NULL,NULL,NULL,NULL,NULL,0,NULL,NULL,NULL,NULL,NULL,NULL,NULL,NULL,NULL,NULL,NULL,NULL,0,NULL,NULL,'2017-06-16 15:06:26','2017-06-21 09:52:24','d5a98580-e2f2-40fa-988e-2638abc5fe12'),
	(62,62,'en','Vadim Sherbakov 41909 Min',NULL,NULL,NULL,NULL,NULL,'medium','medium','medium',0,NULL,NULL,NULL,NULL,NULL,NULL,NULL,NULL,NULL,NULL,NULL,NULL,NULL,NULL,NULL,NULL,NULL,NULL,NULL,NULL,NULL,NULL,NULL,0,NULL,NULL,NULL,NULL,NULL,0.0,0,NULL,NULL,NULL,NULL,NULL,0,NULL,NULL,NULL,NULL,NULL,NULL,NULL,NULL,NULL,NULL,NULL,NULL,0,NULL,NULL,'2017-06-16 15:06:28','2017-06-21 09:52:25','8b5989d5-4892-4c53-9151-91d4e6eb5833'),
	(63,63,'en','New York',NULL,'<p>Lorem ipsum dolor sit amet</p>','','','','medium','medium','medium',1,'','','','','','','','','','','','','','','','[{\"col1\":\"\",\"col2\":\"\",\"col3\":\"\"}]','​Lorem ipsum dolor sit amet','',NULL,NULL,NULL,NULL,NULL,0,NULL,NULL,NULL,NULL,NULL,0.0,0,'','','',NULL,NULL,0,NULL,NULL,NULL,NULL,NULL,NULL,NULL,NULL,NULL,'North America',NULL,NULL,0,NULL,NULL,'2017-06-16 15:42:13','2017-06-22 14:42:48','986bb42f-4a8f-404a-8e20-c94d4239fa7e'),
	(64,64,'en','Annie Spratt 126510 Min',NULL,NULL,NULL,NULL,NULL,'medium','medium','medium',0,NULL,NULL,NULL,NULL,NULL,NULL,NULL,NULL,NULL,NULL,NULL,NULL,NULL,NULL,NULL,NULL,NULL,NULL,NULL,NULL,NULL,NULL,NULL,0,NULL,NULL,NULL,NULL,NULL,0.0,0,NULL,NULL,NULL,NULL,NULL,0,NULL,NULL,NULL,NULL,NULL,NULL,NULL,NULL,NULL,NULL,NULL,NULL,0,NULL,NULL,'2017-06-16 15:47:34','2017-06-21 09:52:28','dd72710b-c5d8-454f-a276-909ee0eb8740'),
	(65,65,'en','Da Nang',NULL,'<p>Lorem ipsum dolor sit amet.</p>','','','','medium','medium','medium',1,'','','','','','','','','','','','','','','','[{\"col1\":\"\",\"col2\":\"\",\"col3\":\"\"}]','​Lorem ipsum dolor sit amet.','',NULL,NULL,NULL,NULL,NULL,0,NULL,NULL,NULL,NULL,NULL,0.0,0,'','','',NULL,NULL,0,NULL,NULL,NULL,NULL,NULL,NULL,NULL,NULL,NULL,'Asia',NULL,NULL,0,NULL,NULL,'2017-06-16 15:47:48','2017-06-22 14:44:43','8f48305f-cc48-4ccc-9bf5-b51d7511e8da'),
	(66,66,'en','Historic',NULL,NULL,NULL,NULL,NULL,'medium','medium','medium',0,NULL,NULL,NULL,NULL,NULL,NULL,NULL,NULL,NULL,NULL,NULL,NULL,NULL,NULL,NULL,NULL,NULL,NULL,NULL,NULL,NULL,NULL,NULL,0,NULL,NULL,NULL,NULL,NULL,0.0,0,NULL,NULL,NULL,NULL,NULL,0,NULL,NULL,NULL,NULL,NULL,NULL,NULL,NULL,NULL,NULL,NULL,NULL,0,NULL,NULL,'2017-06-21 09:56:36','2017-06-21 09:56:36','3227473c-f0bf-43b1-81bb-8445d03ea708'),
	(67,67,'en','Loved by locals',NULL,NULL,NULL,NULL,NULL,'medium','medium','medium',0,NULL,NULL,NULL,NULL,NULL,NULL,NULL,NULL,NULL,NULL,NULL,NULL,NULL,NULL,NULL,NULL,NULL,NULL,NULL,NULL,NULL,NULL,NULL,0,NULL,NULL,NULL,NULL,NULL,0.0,0,NULL,NULL,NULL,NULL,NULL,0,NULL,NULL,NULL,NULL,NULL,NULL,NULL,NULL,NULL,NULL,NULL,NULL,0,NULL,NULL,'2017-06-21 09:56:45','2017-06-21 09:56:45','04723cf2-3250-4bd3-aa65-c6ee8bbd480d'),
	(68,68,'en','Architecture',NULL,NULL,NULL,NULL,NULL,'medium','medium','medium',0,NULL,NULL,NULL,NULL,NULL,NULL,NULL,NULL,NULL,NULL,NULL,NULL,NULL,NULL,NULL,NULL,NULL,NULL,NULL,NULL,NULL,NULL,NULL,0,NULL,NULL,NULL,NULL,NULL,0.0,0,NULL,NULL,NULL,NULL,NULL,0,NULL,NULL,NULL,NULL,NULL,NULL,NULL,NULL,NULL,NULL,NULL,NULL,0,NULL,NULL,'2017-06-21 09:56:52','2017-06-21 09:56:52','58687541-64d3-4dc0-a055-b13b97100d35'),
	(69,69,'en',NULL,NULL,NULL,NULL,NULL,NULL,'medium','medium','medium',0,NULL,NULL,NULL,NULL,NULL,NULL,NULL,NULL,NULL,NULL,NULL,NULL,NULL,NULL,NULL,NULL,NULL,NULL,NULL,NULL,NULL,NULL,NULL,0,NULL,NULL,NULL,NULL,NULL,0.0,0,NULL,NULL,NULL,NULL,NULL,0,NULL,NULL,NULL,NULL,NULL,NULL,NULL,NULL,NULL,NULL,NULL,NULL,0,NULL,'https://wanderbrief.com','2017-06-21 13:38:10','2017-06-21 13:41:10','366f4020-6752-4706-a04a-bdeb7b346799'),
	(70,70,'en','Andre Benz 250740 Min',NULL,NULL,NULL,NULL,NULL,'medium','medium','medium',0,NULL,NULL,NULL,NULL,NULL,NULL,NULL,NULL,NULL,NULL,NULL,NULL,NULL,NULL,NULL,NULL,NULL,NULL,NULL,NULL,NULL,NULL,NULL,0,NULL,NULL,NULL,NULL,NULL,0.0,0,NULL,NULL,NULL,NULL,NULL,0,NULL,NULL,NULL,NULL,NULL,NULL,NULL,NULL,NULL,NULL,NULL,NULL,0,NULL,NULL,'2017-06-21 14:02:50','2017-06-21 14:02:50','37dc67ed-b73c-430c-87a9-760255ad3d41'),
	(71,71,'en','Artsy',NULL,NULL,NULL,NULL,NULL,'medium','medium','medium',0,NULL,NULL,NULL,NULL,NULL,NULL,NULL,NULL,NULL,NULL,NULL,NULL,NULL,NULL,NULL,NULL,NULL,NULL,NULL,NULL,NULL,NULL,NULL,0,NULL,NULL,NULL,NULL,NULL,0.0,0,NULL,NULL,NULL,NULL,NULL,0,NULL,NULL,NULL,NULL,NULL,NULL,NULL,NULL,NULL,NULL,NULL,NULL,0,NULL,NULL,'2017-06-21 14:10:04','2017-06-21 14:10:04','6a5de0e6-5000-4892-86b3-09e41e7642a4'),
	(72,72,'en','West',NULL,'<p>Lorem ipsum dolor sit amet...</p>','','',NULL,'medium','medium','medium',0,NULL,NULL,NULL,NULL,NULL,NULL,NULL,NULL,NULL,NULL,NULL,NULL,NULL,NULL,NULL,'[{\"col1\":\"\",\"col2\":\"\",\"col3\":\"\"}]',NULL,NULL,NULL,NULL,NULL,NULL,NULL,0,NULL,NULL,NULL,NULL,NULL,0.0,0,'','','',NULL,NULL,0,NULL,NULL,NULL,NULL,NULL,NULL,NULL,NULL,NULL,NULL,NULL,NULL,0,NULL,NULL,'2017-06-21 14:10:05','2017-06-21 16:31:28','ea7e3282-c9da-45b2-b0fc-b92f9de4b413'),
	(75,75,'en','Wanderbriefers worthy',NULL,NULL,NULL,NULL,NULL,'medium','medium','medium',0,NULL,NULL,NULL,NULL,NULL,NULL,NULL,NULL,NULL,NULL,NULL,NULL,NULL,NULL,NULL,NULL,NULL,NULL,NULL,NULL,NULL,NULL,NULL,0,NULL,NULL,NULL,NULL,NULL,0.0,0,NULL,NULL,NULL,NULL,NULL,0,NULL,NULL,NULL,NULL,NULL,NULL,NULL,NULL,NULL,NULL,NULL,NULL,0,NULL,NULL,'2017-06-21 15:23:17','2017-06-21 15:23:17','002594b3-441f-4796-84b9-f336177158b3'),
	(76,76,'en','Artsy',NULL,NULL,NULL,NULL,NULL,'medium','medium','medium',0,NULL,NULL,NULL,NULL,NULL,NULL,NULL,NULL,NULL,NULL,NULL,NULL,NULL,NULL,NULL,NULL,NULL,NULL,NULL,NULL,NULL,NULL,NULL,0,NULL,NULL,NULL,NULL,NULL,0.0,0,NULL,NULL,NULL,NULL,NULL,0,NULL,NULL,NULL,NULL,NULL,NULL,NULL,NULL,NULL,NULL,NULL,NULL,0,NULL,NULL,'2017-06-21 15:23:41','2017-06-21 15:23:41','2043d019-f62e-4504-8b63-88e59a00f4d3'),
	(77,77,'en','Famous for food',NULL,NULL,NULL,NULL,NULL,'medium','medium','medium',0,NULL,NULL,NULL,NULL,NULL,NULL,NULL,NULL,NULL,NULL,NULL,NULL,NULL,NULL,NULL,NULL,NULL,NULL,NULL,NULL,NULL,NULL,NULL,0,NULL,NULL,NULL,NULL,NULL,0.0,0,NULL,NULL,NULL,NULL,NULL,0,NULL,NULL,NULL,NULL,NULL,NULL,NULL,NULL,NULL,NULL,NULL,NULL,0,NULL,NULL,'2017-06-21 15:23:47','2017-06-21 15:23:47','ec1cb4a1-7dd0-48ad-907a-292ad0035184'),
	(78,78,'en','Party hardy',NULL,NULL,NULL,NULL,NULL,'medium','medium','medium',0,NULL,NULL,NULL,NULL,NULL,NULL,NULL,NULL,NULL,NULL,NULL,NULL,NULL,NULL,NULL,NULL,NULL,NULL,NULL,NULL,NULL,NULL,NULL,0,NULL,NULL,NULL,NULL,NULL,0.0,0,NULL,NULL,NULL,NULL,NULL,0,NULL,NULL,NULL,NULL,NULL,NULL,NULL,NULL,NULL,NULL,NULL,NULL,0,NULL,NULL,'2017-06-21 15:23:52','2017-06-21 15:23:52','7aa94eb5-cfc6-415a-808e-70ab585c3572'),
	(79,79,'en','Loved by locals',NULL,NULL,NULL,NULL,NULL,'medium','medium','medium',0,NULL,NULL,NULL,NULL,NULL,NULL,NULL,NULL,NULL,NULL,NULL,NULL,NULL,NULL,NULL,NULL,NULL,NULL,NULL,NULL,NULL,NULL,NULL,0,NULL,NULL,NULL,NULL,NULL,0.0,0,NULL,NULL,NULL,NULL,NULL,0,NULL,NULL,NULL,NULL,NULL,NULL,NULL,NULL,NULL,NULL,NULL,NULL,0,NULL,NULL,'2017-06-21 15:24:31','2017-06-21 15:24:31','40b5f16c-9792-441b-afe0-c58494e63040'),
	(80,80,'en','Adventurous',NULL,NULL,NULL,NULL,NULL,'medium','medium','medium',0,NULL,NULL,NULL,NULL,NULL,NULL,NULL,NULL,NULL,NULL,NULL,NULL,NULL,NULL,NULL,NULL,NULL,NULL,NULL,NULL,NULL,NULL,NULL,0,NULL,NULL,NULL,NULL,NULL,0.0,0,NULL,NULL,NULL,NULL,NULL,0,NULL,NULL,NULL,NULL,NULL,NULL,NULL,NULL,NULL,NULL,NULL,NULL,0,NULL,NULL,'2017-06-21 16:12:48','2017-06-21 16:12:48','3c4838f3-125e-4d32-90c8-12487393a4bd'),
	(81,81,'en','Culture',NULL,NULL,NULL,NULL,NULL,'medium','medium','medium',0,NULL,NULL,NULL,NULL,NULL,NULL,NULL,NULL,NULL,NULL,NULL,NULL,NULL,NULL,NULL,NULL,NULL,NULL,NULL,NULL,NULL,NULL,NULL,0,NULL,NULL,NULL,NULL,NULL,0.0,0,NULL,NULL,NULL,NULL,NULL,0,NULL,NULL,NULL,NULL,NULL,NULL,NULL,NULL,NULL,NULL,NULL,NULL,0,NULL,NULL,'2017-06-21 16:12:52','2017-06-21 16:12:52','03254c94-a5e1-414b-b29b-0f4088902cb4'),
	(82,82,'en','Architecture',NULL,NULL,NULL,NULL,NULL,'medium','medium','medium',0,NULL,NULL,NULL,NULL,NULL,NULL,NULL,NULL,NULL,NULL,NULL,NULL,NULL,NULL,NULL,NULL,NULL,NULL,NULL,NULL,NULL,NULL,NULL,0,NULL,NULL,NULL,NULL,NULL,0.0,0,NULL,NULL,NULL,NULL,NULL,0,NULL,NULL,NULL,NULL,NULL,NULL,NULL,NULL,NULL,NULL,NULL,NULL,0,NULL,NULL,'2017-06-21 16:12:59','2017-06-21 16:12:59','8f9c3aa4-a741-43e2-a9b3-80120e074d92'),
	(83,83,'en','Authentic',NULL,NULL,NULL,NULL,NULL,'medium','medium','medium',0,NULL,NULL,NULL,NULL,NULL,NULL,NULL,NULL,NULL,NULL,NULL,NULL,NULL,NULL,NULL,NULL,NULL,NULL,NULL,NULL,NULL,NULL,NULL,0,NULL,NULL,NULL,NULL,NULL,0.0,0,NULL,NULL,NULL,NULL,NULL,0,NULL,NULL,NULL,NULL,NULL,NULL,NULL,NULL,NULL,NULL,NULL,NULL,0,NULL,NULL,'2017-06-21 16:13:04','2017-06-21 16:13:04','4988389c-c360-47da-bce7-bc00795999d7'),
	(84,84,'en','Adventurous',NULL,NULL,NULL,NULL,NULL,'medium','medium','medium',0,NULL,NULL,NULL,NULL,NULL,NULL,NULL,NULL,NULL,NULL,NULL,NULL,NULL,NULL,NULL,NULL,NULL,NULL,NULL,NULL,NULL,NULL,NULL,0,NULL,NULL,NULL,NULL,NULL,0.0,0,NULL,NULL,NULL,NULL,NULL,0,NULL,NULL,NULL,NULL,NULL,NULL,NULL,NULL,NULL,NULL,NULL,NULL,0,NULL,NULL,'2017-06-21 16:31:25','2017-06-21 16:31:25','c6ea604d-8b9e-4e43-9453-e4523275bd1b'),
	(85,85,'en','Famous for food',NULL,NULL,NULL,NULL,NULL,'medium','medium','medium',0,NULL,NULL,NULL,NULL,NULL,NULL,NULL,NULL,NULL,NULL,NULL,NULL,NULL,NULL,NULL,NULL,NULL,NULL,NULL,NULL,NULL,NULL,NULL,0,NULL,NULL,NULL,NULL,NULL,0.0,0,NULL,NULL,NULL,NULL,NULL,0,NULL,NULL,NULL,NULL,NULL,NULL,NULL,NULL,NULL,NULL,NULL,NULL,0,NULL,NULL,'2017-06-21 16:31:26','2017-06-21 16:31:26','ba15b769-3f21-4673-a3dd-657f2371d513'),
	(86,86,'en','Centrum',NULL,'<p>Lorem ipsum dolor sit amet.</p>','','',NULL,'medium','medium','medium',0,NULL,NULL,NULL,NULL,NULL,NULL,NULL,NULL,NULL,NULL,NULL,NULL,NULL,NULL,NULL,'[{\"col1\":\"\",\"col2\":\"\",\"col3\":\"\"}]',NULL,NULL,NULL,NULL,NULL,NULL,NULL,0,NULL,NULL,NULL,NULL,NULL,0.0,0,'','','',NULL,NULL,0,NULL,NULL,NULL,NULL,NULL,NULL,NULL,NULL,NULL,NULL,NULL,NULL,0,NULL,NULL,'2017-06-22 08:09:46','2017-06-22 10:49:57','be9c9e9e-91d0-4e3d-8796-81103bef8e8e'),
	(87,87,'en','Neighborhoods',NULL,NULL,NULL,NULL,NULL,'medium','medium','medium',0,NULL,NULL,NULL,NULL,NULL,NULL,NULL,NULL,NULL,NULL,NULL,NULL,NULL,NULL,NULL,NULL,NULL,NULL,NULL,NULL,NULL,NULL,NULL,0,NULL,NULL,NULL,NULL,NULL,0.0,0,NULL,NULL,NULL,NULL,NULL,0,NULL,NULL,NULL,NULL,NULL,NULL,NULL,NULL,NULL,NULL,NULL,NULL,0,NULL,NULL,'2017-06-22 08:24:54','2017-06-22 08:24:54','3fd54448-8cb1-4727-9268-4581623e3a38'),
	(88,88,'en','Places',NULL,NULL,NULL,NULL,NULL,'medium','medium','medium',0,NULL,NULL,NULL,NULL,NULL,NULL,NULL,NULL,NULL,NULL,NULL,NULL,NULL,NULL,NULL,NULL,NULL,NULL,NULL,NULL,NULL,NULL,NULL,0,NULL,NULL,NULL,NULL,NULL,0.0,0,NULL,NULL,NULL,NULL,NULL,0,NULL,NULL,NULL,NULL,NULL,NULL,NULL,NULL,NULL,NULL,NULL,NULL,0,NULL,NULL,'2017-06-22 08:25:27','2017-06-22 08:25:27','64fa6c56-086f-459b-b79f-3dd1e9a623f0'),
	(89,89,'en','Rob Bye 66757 Min',NULL,NULL,NULL,NULL,NULL,'medium','medium','medium',0,NULL,NULL,NULL,NULL,NULL,NULL,NULL,NULL,NULL,NULL,NULL,NULL,NULL,NULL,NULL,NULL,NULL,NULL,NULL,NULL,NULL,NULL,NULL,0,NULL,NULL,NULL,NULL,NULL,0.0,0,NULL,NULL,NULL,NULL,NULL,0,NULL,NULL,NULL,NULL,NULL,NULL,NULL,NULL,NULL,NULL,NULL,NULL,0,NULL,NULL,'2017-06-22 10:48:51','2017-06-22 10:48:51','40d652da-b872-4d12-8e01-bfe90e62ab90'),
	(90,90,'en','Essentials',NULL,NULL,NULL,NULL,NULL,'medium','medium','medium',0,NULL,NULL,NULL,NULL,NULL,NULL,NULL,NULL,NULL,NULL,NULL,NULL,NULL,NULL,NULL,NULL,NULL,NULL,NULL,NULL,NULL,NULL,NULL,0,NULL,NULL,NULL,NULL,NULL,0.0,0,NULL,NULL,NULL,NULL,NULL,0,NULL,NULL,NULL,NULL,NULL,NULL,NULL,NULL,NULL,NULL,NULL,NULL,0,NULL,NULL,'2017-06-22 14:32:16','2017-06-22 14:32:16','afebfa5c-5636-45bb-ba57-06a4f8b9f93a'),
	(91,91,'en','Nature',NULL,NULL,NULL,NULL,NULL,'medium','medium','medium',0,NULL,NULL,NULL,NULL,NULL,NULL,NULL,NULL,NULL,NULL,NULL,NULL,NULL,NULL,NULL,NULL,NULL,NULL,NULL,NULL,NULL,NULL,NULL,0,NULL,NULL,NULL,NULL,NULL,0.0,0,NULL,NULL,NULL,NULL,NULL,0,NULL,NULL,NULL,NULL,NULL,NULL,NULL,NULL,NULL,NULL,NULL,NULL,0,NULL,NULL,'2017-06-22 14:38:46','2017-06-22 14:38:46','ff421f43-b93f-4958-8f84-41ce7e3d5709'),
	(92,92,'en','Bucketlist',NULL,NULL,NULL,NULL,NULL,'medium','medium','medium',0,NULL,NULL,NULL,NULL,NULL,NULL,NULL,NULL,NULL,NULL,NULL,NULL,NULL,NULL,NULL,NULL,NULL,NULL,NULL,NULL,NULL,NULL,NULL,0,NULL,NULL,NULL,NULL,NULL,0.0,0,NULL,NULL,NULL,NULL,NULL,0,NULL,NULL,NULL,NULL,NULL,NULL,NULL,NULL,NULL,NULL,NULL,NULL,0,NULL,NULL,'2017-06-22 14:38:50','2017-06-22 14:38:50','56ddd487-fc74-4a01-b4a9-7c81ba01f123'),
	(93,93,'en','Historic',NULL,NULL,NULL,NULL,NULL,'medium','medium','medium',0,NULL,NULL,NULL,NULL,NULL,NULL,NULL,NULL,NULL,NULL,NULL,NULL,NULL,NULL,NULL,NULL,NULL,NULL,NULL,NULL,NULL,NULL,NULL,0,NULL,NULL,NULL,NULL,NULL,0.0,0,NULL,NULL,NULL,NULL,NULL,0,NULL,NULL,NULL,NULL,NULL,NULL,NULL,NULL,NULL,NULL,NULL,NULL,0,NULL,NULL,'2017-06-22 14:39:35','2017-06-22 14:39:35','ec239382-7332-4324-b2a3-4a2fe400eb84');




# Affichage de la table guide_elementindexsettings
# ------------------------------------------------------------


CREATE TABLE `guide_elementindexsettings` (
  `id` int(11) NOT NULL AUTO_INCREMENT,
  `type` varchar(150) COLLATE utf8_unicode_ci NOT NULL,
  `settings` text COLLATE utf8_unicode_ci,
  `dateCreated` datetime NOT NULL,
  `dateUpdated` datetime NOT NULL,
  `uid` char(36) COLLATE utf8_unicode_ci NOT NULL DEFAULT '0',
  PRIMARY KEY (`id`),
  UNIQUE KEY `guide_elementindexsettings_type_unq_idx` (`type`)
) ENGINE=InnoDB DEFAULT CHARSET=utf8 COLLATE=utf8_unicode_ci;


INSERT INTO `guide_elementindexsettings` (`id`, `type`, `settings`, `dateCreated`, `dateUpdated`, `uid`)
VALUES
	(1,'Entry','{\"sourceOrder\":[[\"heading\",\"Guides\"],[\"key\",\"section:4\"],[\"key\",\"section:5\"],[\"heading\",\"Places\"],[\"key\",\"section:6\"],[\"key\",\"section:7\"],[\"key\",\"section:8\"],[\"key\",\"section:9\"],[\"heading\",\"Briefs\"],[\"key\",\"section:11\"],[\"heading\",\"Gear\"],[\"key\",\"section:3\"],[\"heading\",\"Influencers\"],[\"key\",\"section:10\"],[\"heading\",\"Pages\"],[\"key\",\"singles\"],[\"heading\",\"\"],[\"key\",\"*\"]],\"sources\":{\"*\":{\"tableAttributes\":{\"1\":\"section\",\"2\":\"postDate\",\"3\":\"expiryDate\",\"4\":\"link\"}},\"section:3\":{\"tableAttributes\":{\"1\":\"postDate\",\"2\":\"expiryDate\",\"3\":\"link\"}},\"section:4\":{\"tableAttributes\":{\"1\":\"postDate\",\"2\":\"expiryDate\",\"3\":\"link\"}},\"singles\":{\"tableAttributes\":{\"1\":\"link\"}},\"section:10\":{\"tableAttributes\":{\"1\":\"postDate\",\"2\":\"expiryDate\",\"3\":\"link\"}}}}','2017-06-05 15:53:03','2017-06-15 16:50:19','983b092f-86ac-4c1e-883d-830d372fc7f0');



# Affichage de la table guide_elements
# ------------------------------------------------------------


CREATE TABLE `guide_elements` (
  `id` int(11) NOT NULL AUTO_INCREMENT,
  `type` varchar(150) COLLATE utf8_unicode_ci NOT NULL,
  `enabled` tinyint(1) unsigned NOT NULL DEFAULT '1',
  `archived` tinyint(1) unsigned NOT NULL DEFAULT '0',
  `dateCreated` datetime NOT NULL,
  `dateUpdated` datetime NOT NULL,
  `uid` char(36) COLLATE utf8_unicode_ci NOT NULL DEFAULT '0',
  PRIMARY KEY (`id`),
  KEY `guide_elements_type_idx` (`type`),
  KEY `guide_elements_enabled_idx` (`enabled`),
  KEY `guide_elements_archived_dateCreated_idx` (`archived`,`dateCreated`)
) ENGINE=InnoDB DEFAULT CHARSET=utf8 COLLATE=utf8_unicode_ci;


INSERT INTO `guide_elements` (`id`, `type`, `enabled`, `archived`, `dateCreated`, `dateUpdated`, `uid`)
VALUES
	(1,'User',1,0,'2017-06-05 15:46:29','2017-06-05 15:46:29','54b7b6a6-f70b-4a37-bd7d-3c5d6b5860f4'),
	(2,'Entry',1,0,'2017-06-05 15:46:30','2017-06-21 17:01:34','cbeaa1cb-0280-445a-bdf3-1dbb02f8a2e3'),
	(4,'Entry',1,0,'2017-06-05 19:31:18','2017-06-22 14:42:04','d47b8baa-2dca-4d64-80a6-0cda525df0f4'),
	(5,'Entry',1,0,'2017-06-05 19:40:41','2017-06-21 14:39:25','1350bc0a-9dd7-44c5-9bde-9975ead76b3c'),
	(7,'Entry',1,0,'2017-06-08 15:01:08','2017-06-16 13:49:41','77357313-2005-425b-b5fb-41527c68c2bd'),
	(8,'Asset',1,0,'2017-06-13 21:27:36','2017-06-21 09:52:28','e41ca60c-b98d-483d-b1ab-c129b3f0621b'),
	(9,'Asset',1,0,'2017-06-13 21:34:11','2017-06-21 09:52:24','85f52fd8-0df0-4206-971f-249d49bea28a'),
	(10,'Asset',1,0,'2017-06-13 21:38:53','2017-06-21 09:52:27','e34bfcba-fa52-4a5e-bdc9-8ab649c11af9'),
	(12,'Asset',1,0,'2017-06-13 21:43:44','2017-06-21 09:52:27','939e4e77-a79f-4876-b359-94864ba4cfdc'),
	(13,'Entry',1,0,'2017-06-13 21:48:25','2017-06-22 14:31:06','3256d4fa-b0c7-4d67-a4b4-469b8400a8c5'),
	(14,'Asset',1,0,'2017-06-13 21:50:33','2017-06-21 09:52:29','df994dab-f002-4002-9c8a-45281c6c51d6'),
	(15,'GlobalSet',1,0,'2017-06-13 22:11:06','2017-06-21 13:57:53','178232de-17f0-48cf-b18e-1b4a28452cb1'),
	(16,'GlobalSet',1,0,'2017-06-13 22:11:32','2017-06-13 22:11:32','f7543142-6415-4440-9bd1-92e32c5b6ba5'),
	(17,'Asset',1,0,'2017-06-14 16:26:59','2017-06-21 09:52:25','3da0fba1-8f58-443e-ade7-f4987b865645'),
	(23,'Entry',1,0,'2017-06-14 18:49:51','2017-06-22 14:43:55','cb35fcd2-1a24-4b4e-9a57-1c23be15e7cf'),
	(24,'Entry',1,0,'2017-06-14 18:50:21','2017-06-22 14:43:24','72434f25-7f6c-4054-a3e3-3c7d7361b51f'),
	(25,'Asset',1,0,'2017-06-14 19:23:57','2017-06-21 09:52:26','83a70dae-614d-4239-a30a-2ffd84c009b0'),
	(26,'Asset',1,0,'2017-06-14 19:27:13','2017-06-21 09:52:26','9ca0b764-dc8a-4dcd-9f91-b1cecde23755'),
	(27,'Asset',1,0,'2017-06-14 20:02:00','2017-06-21 09:52:26','ca7ae31f-d533-4234-8a80-f9c6a22aebfe'),
	(28,'Entry',1,0,'2017-06-14 20:02:14','2017-06-16 13:49:36','c43d608e-47c1-439f-a267-e3a183cb86e8'),
	(29,'Asset',1,0,'2017-06-14 20:06:23','2017-06-21 09:52:26','a448634f-b32b-49d3-8c0a-376e8a2dd437'),
	(30,'Entry',1,0,'2017-06-14 20:06:30','2017-06-16 13:50:01','92368b82-c1ea-425a-903b-97af033b4c3f'),
	(31,'Asset',1,0,'2017-06-14 22:28:31','2017-06-21 09:52:28','5ac8b2f2-6fb5-4835-8454-ad44579498c6'),
	(32,'Asset',1,0,'2017-06-14 22:32:09','2017-06-21 09:52:27','f5506875-b1ea-477e-97fa-a6bab9c18f09'),
	(35,'Asset',1,0,'2017-06-14 22:39:38','2017-06-21 09:52:24','3b2f4645-6cc6-4e1b-8db3-0f2975309636'),
	(36,'Asset',1,0,'2017-06-14 22:42:50','2017-06-21 09:52:28','dc66a030-6b5b-499e-bd44-50e79163036e'),
	(37,'Asset',1,0,'2017-06-14 22:44:25','2017-06-21 09:52:26','5c516bc3-22b9-45c8-b2a1-ff0181fecca5'),
	(38,'Asset',1,0,'2017-06-14 22:48:45','2017-06-21 09:52:29','91d0d633-b247-449c-bf0b-ee7db991105a'),
	(39,'Asset',1,0,'2017-06-14 22:55:51','2017-06-21 09:52:29','e7474a4a-7256-4986-ab86-3dcd258de924'),
	(40,'Asset',1,0,'2017-06-14 23:00:31','2017-06-21 09:52:25','11227f52-3b81-433b-babd-959bc2c3a5b9'),
	(41,'Asset',1,0,'2017-06-14 23:03:13','2017-06-21 09:52:25','c93efd9a-a984-49f9-92ff-365ac06ca9a9'),
	(42,'Asset',1,0,'2017-06-14 23:03:56','2017-06-21 09:52:28','4c45d0db-019c-4e49-b88d-20e4f4c3bb47'),
	(43,'Entry',1,0,'2017-06-14 23:04:25','2017-06-22 14:42:20','eeb55143-3a24-42b1-9cdc-6202eea71864'),
	(44,'Asset',1,0,'2017-06-15 14:28:48','2017-06-21 09:52:29','328bdfc0-f350-4876-9232-87eb96675873'),
	(45,'Entry',1,0,'2017-06-15 14:28:53','2017-06-22 14:31:06','0ec3d916-0268-4ce2-8624-8a924278b7df'),
	(46,'Category',1,0,'2017-06-15 15:06:46','2017-06-15 15:06:46','8da85317-8557-41ee-a7b4-715c6a172176'),
	(47,'Category',1,0,'2017-06-15 15:06:53','2017-06-15 15:06:53','2a8c3afe-bc52-4a05-8815-86a47e5bcfe7'),
	(48,'Asset',1,0,'2017-06-15 16:52:45','2017-06-21 09:52:30','eb81971b-1af6-4bae-a701-82b5b409d9e3'),
	(49,'Entry',1,0,'2017-06-15 16:52:50','2017-06-16 13:49:14','97a867d3-9bb0-4af2-989e-90e6404b8950'),
	(50,'Asset',1,0,'2017-06-15 16:58:16','2017-06-21 09:52:30','6a2374c4-b872-4bd9-ab85-4f1adf24fed5'),
	(51,'Entry',1,0,'2017-06-15 16:58:22','2017-06-16 13:49:14','eca974b7-faa4-43b7-aeb1-f3d8906b0d95'),
	(52,'Asset',1,0,'2017-06-15 16:59:35','2017-06-21 09:52:30','a77f4500-a3f5-419f-9d04-6d1b50168996'),
	(53,'Entry',1,0,'2017-06-15 16:59:39','2017-06-16 13:49:14','566c28d4-13f5-4b9c-bd34-1627c84ca5d6'),
	(54,'Asset',1,0,'2017-06-15 19:53:10','2017-06-21 09:52:29','f77ad2b0-9fcc-434c-831d-cfa1a057c58d'),
	(55,'Entry',1,0,'2017-06-15 19:53:21','2017-06-22 14:31:06','5ce3e483-3a0a-4989-855b-0a1703a651e3'),
	(56,'Asset',1,0,'2017-06-15 19:55:17','2017-06-21 09:52:30','63c5f7cb-6280-402b-8ca5-8247697e5c9a'),
	(57,'Asset',1,0,'2017-06-15 19:56:51','2017-06-21 09:52:29','31d8ecc7-9a41-422e-9c90-c00401f30c2f'),
	(58,'Entry',1,0,'2017-06-16 13:50:19','2017-06-22 14:39:36','d793dbd0-2066-4ba5-ad07-9da9a6232ae0'),
	(59,'Asset',1,0,'2017-06-16 15:06:22','2017-06-21 09:52:25','7565571d-64ab-47f4-ae96-4ac346ed3907'),
	(60,'Asset',1,0,'2017-06-16 15:06:23','2017-06-21 09:52:26','64910bee-f0d2-46c5-a4d7-ee95823d96b8'),
	(61,'Asset',1,0,'2017-06-16 15:06:26','2017-06-21 09:52:24','450685c2-1cdd-4ca0-9dbc-e2e2c31e74e6'),
	(62,'Asset',1,0,'2017-06-16 15:06:28','2017-06-21 09:52:25','df57fdab-42cc-4982-aabf-8c7dfc6aa2de'),
	(63,'Entry',1,0,'2017-06-16 15:42:13','2017-06-22 14:42:48','f8ec6b1e-4425-42da-9b07-2aef7ce1d30d'),
	(64,'Asset',1,0,'2017-06-16 15:47:34','2017-06-21 09:52:28','c076e1b7-bdfe-4f8a-bf7c-a10c0d7ccac6'),
	(65,'Entry',1,0,'2017-06-16 15:47:48','2017-06-22 14:44:43','cc92e885-9987-4723-9d4a-6b83ee8115d6'),
	(66,'Tag',1,0,'2017-06-21 09:56:36','2017-06-21 09:56:36','fdfc7f22-7eeb-4f7c-9c2a-bed623b7a361'),
	(67,'Tag',1,0,'2017-06-21 09:56:45','2017-06-21 09:56:45','73ed2e95-4607-4035-a084-a144dc6a8cb3'),
	(68,'Tag',1,0,'2017-06-21 09:56:52','2017-06-21 09:56:52','83138026-a337-4e5b-a537-fa8da9c11a18'),
	(69,'GlobalSet',1,0,'2017-06-21 13:38:10','2017-06-21 13:41:10','53ce2e50-cad3-446f-8c94-1a3b5b6bb659'),
	(70,'Asset',1,0,'2017-06-21 14:02:50','2017-06-21 14:02:50','8df98770-9529-4c2b-99dc-577e7ceb9f96'),
	(71,'Tag',1,0,'2017-06-21 14:10:04','2017-06-21 14:10:04','a890c1e7-27ed-4550-bd91-9c8bf1c73dcd'),
	(72,'Entry',1,0,'2017-06-21 14:10:05','2017-06-21 16:31:28','8ca5cb27-f5b1-42bb-811a-19d8afaf12ca'),
	(75,'Tag',1,0,'2017-06-21 15:23:17','2017-06-21 15:23:17','ac9df24d-c21d-479e-9183-bbc1e2a6a073'),
	(76,'Tag',1,0,'2017-06-21 15:23:41','2017-06-21 15:23:41','3bc43b84-73ec-4500-bffc-6aca6333fe55'),
	(77,'Tag',1,0,'2017-06-21 15:23:47','2017-06-21 15:23:47','7ee3bc2e-570d-467b-bd35-453aaf34744f'),
	(78,'Tag',1,0,'2017-06-21 15:23:52','2017-06-21 15:23:52','df9e50a1-c4d1-4dba-87e1-3dba4ca3ced5'),
	(79,'Tag',1,0,'2017-06-21 15:24:31','2017-06-21 15:24:31','66ebf189-a5d0-4413-b039-07a7c694b924'),
	(80,'Tag',1,0,'2017-06-21 16:12:48','2017-06-21 16:12:48','17684e9d-23c4-4739-8c59-aa9dd804839b'),
	(81,'Tag',1,0,'2017-06-21 16:12:52','2017-06-21 16:12:52','a086da43-a544-4d9e-b0c7-5f0b47a79ebd'),
	(82,'Tag',1,0,'2017-06-21 16:12:59','2017-06-21 16:12:59','b13cbdc3-1783-482a-b251-feb7bf3b0c6a'),
	(83,'Tag',1,0,'2017-06-21 16:13:04','2017-06-21 16:13:04','70b862d0-61de-427e-b845-98548bd1c94b'),
	(84,'Tag',1,0,'2017-06-21 16:31:25','2017-06-21 16:31:25','6caec15b-eb7f-4982-982d-e571834db6a2'),
	(85,'Tag',1,0,'2017-06-21 16:31:26','2017-06-21 16:31:26','b620a8f8-eae7-4361-9e54-c25f1b6a1c74'),
	(86,'Entry',1,0,'2017-06-22 08:09:46','2017-06-22 10:49:57','c8711440-36c7-4073-b192-3ce5e1175a00'),
	(87,'Entry',1,0,'2017-06-22 08:24:54','2017-06-22 08:24:54','0ba22107-c6c3-4820-8486-2aefdb08168c'),
	(88,'Entry',1,0,'2017-06-22 08:25:27','2017-06-22 08:25:27','fdc1a58d-81ce-4ec7-a0b5-34e8916459b6'),
	(89,'Asset',1,0,'2017-06-22 10:48:51','2017-06-22 10:48:51','a8a10b21-949b-4841-a99e-b6373d62d4f1'),
	(90,'Entry',1,0,'2017-06-22 14:32:16','2017-06-22 14:32:16','c66e78f9-d771-4016-91b0-7202ae07b6d1'),
	(91,'Tag',1,0,'2017-06-22 14:38:46','2017-06-22 14:38:46','69d6b994-a98c-4198-9c7c-c685cc2cafba'),
	(92,'Tag',1,0,'2017-06-22 14:38:50','2017-06-22 14:38:50','a86119d6-ca8f-46b8-a185-ba547d669f4c'),
	(93,'Tag',1,0,'2017-06-22 14:39:35','2017-06-22 14:39:35','d31bedad-c6e4-4233-8c87-4e2bc9d0467b');



# Affichage de la table guide_elements_i18n
# ------------------------------------------------------------


CREATE TABLE `guide_elements_i18n` (
  `id` int(11) NOT NULL AUTO_INCREMENT,
  `elementId` int(11) NOT NULL,
  `locale` char(12) COLLATE utf8_unicode_ci NOT NULL,
  `slug` varchar(255) COLLATE utf8_unicode_ci DEFAULT NULL,
  `uri` varchar(255) COLLATE utf8_unicode_ci DEFAULT NULL,
  `enabled` tinyint(1) unsigned NOT NULL DEFAULT '1',
  `dateCreated` datetime NOT NULL,
  `dateUpdated` datetime NOT NULL,
  `uid` char(36) COLLATE utf8_unicode_ci NOT NULL DEFAULT '0',
  PRIMARY KEY (`id`),
  UNIQUE KEY `guide_elements_i18n_elementId_locale_unq_idx` (`elementId`,`locale`),
  UNIQUE KEY `guide_elements_i18n_uri_locale_unq_idx` (`uri`,`locale`),
  KEY `guide_elements_i18n_slug_locale_idx` (`slug`,`locale`),
  KEY `guide_elements_i18n_enabled_idx` (`enabled`),
  KEY `guide_elements_i18n_locale_fk` (`locale`),
  CONSTRAINT `guide_elements_i18n_elementId_fk` FOREIGN KEY (`elementId`) REFERENCES `guide_elements` (`id`) ON DELETE CASCADE,
  CONSTRAINT `guide_elements_i18n_locale_fk` FOREIGN KEY (`locale`) REFERENCES `guide_locales` (`locale`) ON DELETE CASCADE ON UPDATE CASCADE
) ENGINE=InnoDB DEFAULT CHARSET=utf8 COLLATE=utf8_unicode_ci;


INSERT INTO `guide_elements_i18n` (`id`, `elementId`, `locale`, `slug`, `uri`, `enabled`, `dateCreated`, `dateUpdated`, `uid`)
VALUES
	(1,1,'en','',NULL,1,'2017-06-05 15:46:29','2017-06-05 15:46:29','d29d3fd3-3d45-46c7-9257-169cae44308f'),
	(2,2,'en','homepage','__home__',1,'2017-06-05 15:46:31','2017-06-21 17:01:34','b93b12ec-a321-4845-b50a-0df7bca448a7'),
	(4,4,'en','amsterdam','cities/amsterdam',1,'2017-06-05 19:31:19','2017-06-22 14:42:04','65085697-108a-4d7b-80df-899272b5b9c7'),
	(5,5,'en','noord','neighborhoods/noord',1,'2017-06-05 19:40:41','2017-06-21 14:39:25','cac60e1f-b842-4877-8a5f-562108e89a70'),
	(7,7,'en','starbucks','places/food/starbucks',1,'2017-06-08 15:01:09','2017-06-16 13:49:41','f05f43d2-852e-4d66-9b7c-b3955441c66a'),
	(8,8,'en','2249',NULL,1,'2017-06-13 21:27:36','2017-06-21 09:52:28','d8b2f583-894b-4a62-bbb1-fc2fc96d20ea'),
	(9,9,'en','2249',NULL,1,'2017-06-13 21:34:11','2017-06-21 09:52:24','c41d3705-f171-4036-aeb4-8221fef4578a'),
	(10,10,'en','1899',NULL,1,'2017-06-13 21:38:54','2017-06-21 09:52:27','1a5dee00-fd95-4422-9543-abcafe2300a7'),
	(12,12,'en','jazmin-quaynor-35847',NULL,1,'2017-06-13 21:43:44','2017-06-21 09:52:27','053b959d-21fb-4506-9ce7-c0586f60a7fd'),
	(13,13,'en','gopro-hero-5','essentials/gopro-hero-5',1,'2017-06-13 21:48:25','2017-06-22 14:31:06','ea0839b4-75ad-4b3c-9584-18c92aa68c0a'),
	(14,14,'en','gopro',NULL,1,'2017-06-13 21:50:33','2017-06-21 09:52:29','9fc6381a-7871-479d-a56d-9f179c965d7f'),
	(15,15,'en','',NULL,1,'2017-06-13 22:11:06','2017-06-21 13:57:53','ac2f428e-5be0-4542-99da-db289e3260f9'),
	(16,16,'en','',NULL,1,'2017-06-13 22:11:32','2017-06-13 22:11:32','c521705f-ec47-4e59-9bef-88132240b306'),
	(17,17,'en','hero',NULL,1,'2017-06-14 16:26:59','2017-06-21 09:52:25','c0238b47-d9c7-4814-b673-a2e171e63afd'),
	(23,23,'en','tokyo','cities/tokyo',1,'2017-06-14 18:49:51','2017-06-22 14:43:55','14507c87-d00e-4bb5-af3b-0d6d826fc117'),
	(24,24,'en','sydney','cities/sydney',1,'2017-06-14 18:50:21','2017-06-22 14:43:24','4a70b144-e9b4-47ee-9736-1f79838b594b'),
	(25,25,'en','heineken-icon',NULL,1,'2017-06-14 19:23:57','2017-06-21 09:52:26','8ccd2296-b576-4216-9bea-798978ae947b'),
	(26,26,'en','logo-heineken',NULL,1,'2017-06-14 19:27:13','2017-06-21 09:52:26','f1e3f497-56bc-44aa-8834-cfafa0c8f773'),
	(27,27,'en','patrick-tomasso-42345-min',NULL,1,'2017-06-14 20:02:00','2017-06-21 09:52:27','b72166e0-1d7b-4183-952b-b27931cbcf01'),
	(28,28,'en','café-parvis','places/drink/café-parvis',1,'2017-06-14 20:02:14','2017-06-16 13:49:37','51f6c23c-4d46-4c18-a620-13b780ba7f7b'),
	(29,29,'en','19126134-10210672482501367-280490407-o',NULL,1,'2017-06-14 20:06:23','2017-06-21 09:52:26','de959032-6e8c-484f-ad93-62bb92349f5b'),
	(30,30,'en','le-tableau-blanc','places/working/le-tableau-blanc',1,'2017-06-14 20:06:30','2017-06-16 13:50:02','9e8b788a-7b7f-47f8-8910-8fb4d22f5467'),
	(31,31,'en','dasha-vdovichenko-41596',NULL,1,'2017-06-14 22:28:31','2017-06-21 09:52:28','72845489-af10-45b5-9b93-cfbc80097bda'),
	(32,32,'en','anthony-tori-115580-min',NULL,1,'2017-06-14 22:32:09','2017-06-21 09:52:27','709e13df-fa06-4235-988f-4218cadbf701'),
	(35,35,'en','img-20150710-152245-min',NULL,1,'2017-06-14 22:39:38','2017-06-21 09:52:24','b8a0f96e-b627-42a8-a567-44d0bae191a0'),
	(36,36,'en','clay-banks-170882',NULL,1,'2017-06-14 22:42:50','2017-06-21 09:52:28','74f00d16-abc8-4afc-9019-7b0bc51a2d02'),
	(37,37,'en','logo-uber',NULL,1,'2017-06-14 22:44:25','2017-06-21 09:52:26','be5443e3-f8af-4dc9-ac82-c16cb4c00dc5'),
	(38,38,'en','matthew-kane-278419',NULL,1,'2017-06-14 22:48:45','2017-06-21 09:52:29','beee4dc7-ac93-4eea-a669-eeda5107cc32'),
	(39,39,'en','matthew-kane-171732-min',NULL,1,'2017-06-14 22:55:51','2017-06-21 09:52:29','10292fbf-b726-4e52-9ed4-f1e65fd63b2c'),
	(40,40,'en','matthew-kane-171732-min',NULL,1,'2017-06-14 23:00:31','2017-06-21 09:52:25','b71f8f6f-9378-4cc1-a796-b33fd1dfa375'),
	(41,41,'en','jonny-clow-35081-min',NULL,1,'2017-06-14 23:03:13','2017-06-21 09:52:25','e1a86c0e-6e5f-4e6f-bb5b-a06cdb768014'),
	(42,42,'en','jonny-clow-35081-min',NULL,1,'2017-06-14 23:03:56','2017-06-21 09:52:28','8ea095e8-fced-4eed-b782-b879719fa8aa'),
	(43,43,'en','phuket','cities/phuket',1,'2017-06-14 23:04:26','2017-06-22 14:42:20','d6ac5b99-743c-4380-95d0-62130f762139'),
	(44,44,'en','product-03',NULL,1,'2017-06-15 14:28:48','2017-06-21 09:52:29','05e69591-2de7-423a-8160-06c7cb6d0daa'),
	(45,45,'en','oneplus-5','essentials/oneplus-5',1,'2017-06-15 14:28:53','2017-06-22 14:31:06','e05fd5e8-35c0-4f4c-ae5a-3bb263f6a0bf'),
	(46,46,'en','camera',NULL,1,'2017-06-15 15:06:46','2017-06-15 15:06:47','d7453115-6326-4389-ae1d-c34325b8d50c'),
	(47,47,'en','phone',NULL,1,'2017-06-15 15:06:53','2017-06-15 15:06:53','2ea785b2-8a97-45d4-adb9-2675224fe002'),
	(48,48,'en','2q-ifu-f',NULL,1,'2017-06-15 16:52:46','2017-06-21 09:52:30','680f8cb4-abc4-406a-8094-89d176f113bb'),
	(49,49,'en','graphic-designer',NULL,1,'2017-06-15 16:52:50','2017-06-16 13:49:14','e6993be4-180f-4302-884a-7b40818c341d'),
	(50,50,'en','1tzp-gr',NULL,1,'2017-06-15 16:58:16','2017-06-21 09:52:30','68cc2d90-e27b-4034-bca1-505e16d61b2c'),
	(51,51,'en','motion-graphic-designer',NULL,1,'2017-06-15 16:58:22','2017-06-16 13:49:14','dc7843af-e750-4790-be05-2fefb1a0dd8c'),
	(52,52,'en','z2q31u2',NULL,1,'2017-06-15 16:59:35','2017-06-21 09:52:30','9c9279cb-b5f9-45fa-aa5d-f62523ab4bb6'),
	(53,53,'en','video-producer',NULL,1,'2017-06-15 16:59:39','2017-06-16 13:49:14','fafe6e75-e1da-4350-b57e-16fef3a873dd'),
	(54,54,'en','bag',NULL,1,'2017-06-15 19:53:10','2017-06-21 09:52:29','a9c513b4-60fa-4509-919d-49550143a1e0'),
	(55,55,'en','monthly-gears-selection','essentials/monthly-gears-selection',1,'2017-06-15 19:53:21','2017-06-22 14:31:06','deb524f9-6a84-4c85-a29e-74b8ea4d48b3'),
	(56,56,'en','unpacked',NULL,1,'2017-06-15 19:55:17','2017-06-21 09:52:30','a0e0b41b-8c83-4148-b828-35a7113f0cf3'),
	(57,57,'en','todd-glaser-packing-list-4',NULL,1,'2017-06-15 19:56:51','2017-06-21 09:52:29','9560f3ad-3c9a-464e-b182-b03e35ad91a2'),
	(58,58,'en','cities','cities',1,'2017-06-16 13:50:19','2017-06-22 14:39:36','be97ada5-b7a0-42fc-ad9f-abd741a4c704'),
	(59,59,'en','john-towner-117301-min',NULL,1,'2017-06-16 15:06:22','2017-06-21 09:52:25','6bfa2a8d-158d-4144-815d-4a8c3eed1d1d'),
	(60,60,'en','noah-silliman-155839-min',NULL,1,'2017-06-16 15:06:23','2017-06-21 09:52:26','1bbcd535-5da4-4335-a7e6-5b7063afad0f'),
	(61,61,'en','annie-spratt-126510-min',NULL,1,'2017-06-16 15:06:26','2017-06-21 09:52:24','a5370851-2c41-43e8-b180-acb1700a72d9'),
	(62,62,'en','vadim-sherbakov-41909-min',NULL,1,'2017-06-16 15:06:28','2017-06-21 09:52:25','a2f3faed-8f35-4bca-b815-5e430d91d4e4'),
	(63,63,'en','new-york','cities/new-york',1,'2017-06-16 15:42:13','2017-06-22 14:42:48','2a8f100d-d24e-4ac3-9aad-1744552b56cb'),
	(64,64,'en','annie-spratt-126510-min',NULL,1,'2017-06-16 15:47:34','2017-06-21 09:52:28','340a3e3d-ca18-4adc-9f3e-7efdca52d291'),
	(65,65,'en','da-nang','cities/da-nang',1,'2017-06-16 15:47:48','2017-06-22 14:44:43','a6ae6095-a9b2-4bfb-8175-a08961ab82ca'),
	(66,66,'en','historic',NULL,1,'2017-06-21 09:56:36','2017-06-21 09:56:36','64251c1c-aeb0-4ac3-852a-481f071fbdef'),
	(67,67,'en','loved-by-locals',NULL,1,'2017-06-21 09:56:45','2017-06-21 09:56:45','ce455076-da11-453f-9f3c-5a43efc05ba9'),
	(68,68,'en','architecture',NULL,1,'2017-06-21 09:56:52','2017-06-21 09:56:52','ccf746b2-889b-4528-a84e-2bb9383a7310'),
	(69,69,'en','',NULL,1,'2017-06-21 13:38:10','2017-06-21 13:41:10','fc7e1fe4-96e2-4b0a-93f5-2180be7b3740'),
	(70,70,'en','andre-benz-250740-min',NULL,1,'2017-06-21 14:02:50','2017-06-21 14:02:50','106991c7-edd9-45fa-9a4c-d5d6355b653b'),
	(71,71,'en','artsy',NULL,1,'2017-06-21 14:10:04','2017-06-21 14:10:04','3abf0952-3f9f-4fe1-9e4a-ba4592e3839b'),
	(72,72,'en','west','neighborhoods/west',1,'2017-06-21 14:10:05','2017-06-21 16:31:28','fcaf4d53-4869-42e9-a861-330f973d52f2'),
	(75,75,'en','wanderbriefers-worthy',NULL,1,'2017-06-21 15:23:17','2017-06-21 15:23:17','25283dbd-3a4c-467f-8fb3-86c0e5b1e56c'),
	(76,76,'en','artsy',NULL,1,'2017-06-21 15:23:41','2017-06-21 15:23:41','bc3128e2-0d60-4781-9cd6-000da05eed8b'),
	(77,77,'en','famous-for-food',NULL,1,'2017-06-21 15:23:47','2017-06-21 15:23:47','22f3cbeb-f63b-4e29-a216-1a7531d36dff'),
	(78,78,'en','party-hardy',NULL,1,'2017-06-21 15:23:52','2017-06-21 15:23:52','e57b191b-6c4f-43c2-bcba-492bc802192f'),
	(79,79,'en','loved-by-locals',NULL,1,'2017-06-21 15:24:31','2017-06-21 15:24:31','cc417014-d0d9-4c36-840d-3be04aa59f24'),
	(80,80,'en','adventurous',NULL,1,'2017-06-21 16:12:48','2017-06-21 16:12:48','edd9d374-d4cd-4aaf-9d06-1ec362bf30f6'),
	(81,81,'en','culture',NULL,1,'2017-06-21 16:12:52','2017-06-21 16:12:52','08caeed7-2434-41ba-b513-793e1cafdb94'),
	(82,82,'en','architecture',NULL,1,'2017-06-21 16:12:59','2017-06-21 16:12:59','dc53674a-fd1f-48cb-891b-1373357ffc49'),
	(83,83,'en','authentic',NULL,1,'2017-06-21 16:13:04','2017-06-21 16:13:04','d5c35220-0050-4750-84e7-5c61b61fc161'),
	(84,84,'en','adventurous',NULL,1,'2017-06-21 16:31:25','2017-06-21 16:31:25','2437a7e3-f59f-45dd-8462-539a2e1c31da'),
	(85,85,'en','famous-for-food',NULL,1,'2017-06-21 16:31:26','2017-06-21 16:31:26','35476779-87f3-4229-9002-ebf532394705'),
	(86,86,'en','centrum','neighborhoods/centrum',1,'2017-06-22 08:09:46','2017-06-22 10:49:57','b00017d5-1b26-49a2-84cc-f8d2ac2da39a'),
	(87,87,'en','neighborhoods','neighborhoods',1,'2017-06-22 08:24:54','2017-06-22 08:24:54','e3b933de-4658-4e9c-be90-f2e40cfabe8e'),
	(88,88,'en','places','places',1,'2017-06-22 08:25:27','2017-06-22 08:25:27','1ff3eef5-0888-4f5f-bb33-d11645ece729'),
	(89,89,'en','rob-bye-66757-min',NULL,1,'2017-06-22 10:48:51','2017-06-22 10:48:51','eb463a50-cea3-4df4-90d7-98e953ee271b'),
	(90,90,'en','essentials','essentials',1,'2017-06-22 14:32:16','2017-06-22 14:32:16','270ecdf4-424a-48f5-acfb-256b6e076277'),
	(91,91,'en','nature',NULL,1,'2017-06-22 14:38:46','2017-06-22 14:38:46','6779796e-345a-4a5f-b1c3-358aead45bc1'),
	(92,92,'en','bucketlist',NULL,1,'2017-06-22 14:38:50','2017-06-22 14:38:50','f7d1a25f-c7b9-44ff-94c6-126b75713907'),
	(93,93,'en','historic',NULL,1,'2017-06-22 14:39:35','2017-06-22 14:39:35','24f9fcd0-a10e-4f49-a8c5-9899b893b552');




# Affichage de la table guide_entries
# ------------------------------------------------------------


CREATE TABLE `guide_entries` (
  `id` int(11) NOT NULL,
  `sectionId` int(11) NOT NULL,
  `typeId` int(11) DEFAULT NULL,
  `authorId` int(11) DEFAULT NULL,
  `postDate` datetime DEFAULT NULL,
  `expiryDate` datetime DEFAULT NULL,
  `dateCreated` datetime NOT NULL,
  `dateUpdated` datetime NOT NULL,
  `uid` char(36) COLLATE utf8_unicode_ci NOT NULL DEFAULT '0',
  PRIMARY KEY (`id`),
  KEY `guide_entries_sectionId_idx` (`sectionId`),
  KEY `guide_entries_typeId_idx` (`typeId`),
  KEY `guide_entries_postDate_idx` (`postDate`),
  KEY `guide_entries_expiryDate_idx` (`expiryDate`),
  KEY `guide_entries_authorId_fk` (`authorId`),
  CONSTRAINT `guide_entries_authorId_fk` FOREIGN KEY (`authorId`) REFERENCES `guide_users` (`id`) ON DELETE CASCADE,
  CONSTRAINT `guide_entries_id_fk` FOREIGN KEY (`id`) REFERENCES `guide_elements` (`id`) ON DELETE CASCADE,
  CONSTRAINT `guide_entries_sectionId_fk` FOREIGN KEY (`sectionId`) REFERENCES `guide_sections` (`id`) ON DELETE CASCADE,
  CONSTRAINT `guide_entries_typeId_fk` FOREIGN KEY (`typeId`) REFERENCES `guide_entrytypes` (`id`) ON DELETE CASCADE
) ENGINE=InnoDB DEFAULT CHARSET=utf8 COLLATE=utf8_unicode_ci;


INSERT INTO `guide_entries` (`id`, `sectionId`, `typeId`, `authorId`, `postDate`, `expiryDate`, `dateCreated`, `dateUpdated`, `uid`)
VALUES
	(2,1,NULL,NULL,'2017-06-05 15:46:30',NULL,'2017-06-05 15:46:31','2017-06-21 17:01:34','53916099-5e82-4044-877d-dba569fe380c'),
	(4,4,4,1,'2017-06-05 19:31:00',NULL,'2017-06-05 19:31:19','2017-06-22 14:42:05','f49feb0b-90c7-4b96-87a2-fca0fc34d47a'),
	(5,5,5,1,'2017-06-05 19:40:00',NULL,'2017-06-05 19:40:41','2017-06-21 14:12:30','bb63ef92-c3a8-46e5-b237-7aa3a0daa6b6'),
	(7,6,6,1,'2017-06-08 15:01:00',NULL,'2017-06-08 15:01:09','2017-06-14 21:00:45','b4a5b6aa-0e34-4ee1-b711-947cc2d2c072'),
	(13,3,3,1,'2017-06-13 21:51:00',NULL,'2017-06-13 21:48:25','2017-06-15 15:07:16','e51a6d48-8b82-4191-8b86-7e8f680821ce'),
	(23,4,4,1,'2017-06-14 18:49:00',NULL,'2017-06-14 18:49:51','2017-06-22 14:43:55','3f54dd50-7de8-4d03-8e72-42eba06b7ab3'),
	(24,4,4,1,'2017-06-14 18:50:00',NULL,'2017-06-14 18:50:21','2017-06-22 14:43:24','8609c3a7-661e-4952-879d-7005936fa212'),
	(28,7,7,1,'2017-06-14 20:02:00',NULL,'2017-06-14 20:02:14','2017-06-14 21:01:00','4e109ecc-b4f2-4cd3-92c3-e5274418c94d'),
	(30,8,8,1,'2017-06-14 20:06:00',NULL,'2017-06-14 20:06:30','2017-06-14 21:01:10','e1f7d046-5ca4-4a43-a5c2-e3ea9f7b9cfe'),
	(43,4,4,1,'2017-06-14 23:04:00',NULL,'2017-06-14 23:04:26','2017-06-22 14:42:20','df3c9868-f724-4dd2-b5a1-b94736f521c8'),
	(45,3,3,1,'2017-06-15 14:28:00',NULL,'2017-06-15 14:28:53','2017-06-15 15:07:52','5ae8b341-e3b4-4386-8f09-57f5b4d711f0'),
	(49,11,11,1,'2017-06-15 16:52:00',NULL,'2017-06-15 16:52:50','2017-06-15 17:04:00','1b069a14-c207-40a9-9d9c-d680b6c2e164'),
	(51,11,11,1,'2017-06-15 16:58:00',NULL,'2017-06-15 16:58:22','2017-06-15 17:01:21','616b17a8-be4c-4496-85a8-9188b626f7ca'),
	(53,11,11,1,'2017-06-15 16:59:39',NULL,'2017-06-15 16:59:39','2017-06-15 16:59:39','032375d4-250d-4879-b080-b1bcd8dc4817'),
	(55,3,3,1,'2017-06-15 19:53:00',NULL,'2017-06-15 19:53:21','2017-06-22 14:30:21','aef90b1e-d9a3-4845-9315-4fd6f4bc8ee7'),
	(58,12,NULL,NULL,'2017-06-16 13:50:18',NULL,'2017-06-16 13:50:19','2017-06-22 14:39:36','ac86357b-1438-4c13-83a8-6bc3057fee54'),
	(63,4,4,1,'2017-06-16 15:42:00',NULL,'2017-06-16 15:42:13','2017-06-22 14:42:48','12d6ce7a-d839-48db-96c0-e3f0902d1f84'),
	(65,4,4,1,'2017-06-16 15:47:00',NULL,'2017-06-16 15:47:48','2017-06-22 14:44:43','0e3892da-db27-4b75-b5e6-617579b3e09a'),
	(72,5,5,1,'2017-06-21 14:10:00',NULL,'2017-06-21 14:10:06','2017-06-21 16:31:28','9eda074c-e90d-41dc-a895-7e0bb13b3407'),
	(86,5,5,1,'2017-06-22 08:09:00',NULL,'2017-06-22 08:09:46','2017-06-22 10:49:57','67f4c73c-a0dc-4e3a-8db1-6ff6d9f5f8c9'),
	(87,15,NULL,NULL,'2017-06-22 08:24:54',NULL,'2017-06-22 08:24:54','2017-06-22 08:24:54','c8237a99-16b4-4145-a5d4-001c5abe2708'),
	(88,16,NULL,NULL,'2017-06-22 08:25:27',NULL,'2017-06-22 08:25:27','2017-06-22 08:25:27','87bf8d75-c45e-4ca6-ae0a-6e8d11b2d3ac'),
	(90,17,NULL,NULL,'2017-06-22 14:32:16',NULL,'2017-06-22 14:32:16','2017-06-22 14:32:16','06352cfd-26c0-4341-a6b7-6027252c9f38');



# Affichage de la table guide_entrydrafts
# ------------------------------------------------------------


CREATE TABLE `guide_entrydrafts` (
  `id` int(11) NOT NULL AUTO_INCREMENT,
  `entryId` int(11) NOT NULL,
  `sectionId` int(11) NOT NULL,
  `creatorId` int(11) NOT NULL,
  `locale` char(12) COLLATE utf8_unicode_ci NOT NULL,
  `name` varchar(255) COLLATE utf8_unicode_ci NOT NULL,
  `notes` tinytext COLLATE utf8_unicode_ci,
  `data` mediumtext COLLATE utf8_unicode_ci NOT NULL,
  `dateCreated` datetime NOT NULL,
  `dateUpdated` datetime NOT NULL,
  `uid` char(36) COLLATE utf8_unicode_ci NOT NULL DEFAULT '0',
  PRIMARY KEY (`id`),
  KEY `guide_entrydrafts_entryId_locale_idx` (`entryId`,`locale`),
  KEY `guide_entrydrafts_sectionId_fk` (`sectionId`),
  KEY `guide_entrydrafts_creatorId_fk` (`creatorId`),
  KEY `guide_entrydrafts_locale_fk` (`locale`),
  CONSTRAINT `guide_entrydrafts_creatorId_fk` FOREIGN KEY (`creatorId`) REFERENCES `guide_users` (`id`) ON DELETE CASCADE,
  CONSTRAINT `guide_entrydrafts_entryId_fk` FOREIGN KEY (`entryId`) REFERENCES `guide_entries` (`id`) ON DELETE CASCADE,
  CONSTRAINT `guide_entrydrafts_locale_fk` FOREIGN KEY (`locale`) REFERENCES `guide_locales` (`locale`) ON DELETE CASCADE ON UPDATE CASCADE,
  CONSTRAINT `guide_entrydrafts_sectionId_fk` FOREIGN KEY (`sectionId`) REFERENCES `guide_sections` (`id`) ON DELETE CASCADE
) ENGINE=InnoDB DEFAULT CHARSET=utf8 COLLATE=utf8_unicode_ci;



# Affichage de la table guide_entrytypes
# ------------------------------------------------------------


CREATE TABLE `guide_entrytypes` (
  `id` int(11) NOT NULL AUTO_INCREMENT,
  `sectionId` int(11) NOT NULL,
  `fieldLayoutId` int(11) DEFAULT NULL,
  `name` varchar(255) COLLATE utf8_unicode_ci NOT NULL,
  `handle` varchar(255) COLLATE utf8_unicode_ci NOT NULL,
  `hasTitleField` tinyint(1) unsigned NOT NULL DEFAULT '1',
  `titleLabel` varchar(255) COLLATE utf8_unicode_ci DEFAULT 'Title',
  `titleFormat` varchar(255) COLLATE utf8_unicode_ci DEFAULT NULL,
  `sortOrder` smallint(6) unsigned DEFAULT NULL,
  `dateCreated` datetime NOT NULL,
  `dateUpdated` datetime NOT NULL,
  `uid` char(36) COLLATE utf8_unicode_ci NOT NULL DEFAULT '0',
  PRIMARY KEY (`id`),
  UNIQUE KEY `guide_entrytypes_name_sectionId_unq_idx` (`name`,`sectionId`),
  UNIQUE KEY `guide_entrytypes_handle_sectionId_unq_idx` (`handle`,`sectionId`),
  KEY `guide_entrytypes_sectionId_fk` (`sectionId`),
  KEY `guide_entrytypes_fieldLayoutId_fk` (`fieldLayoutId`),
  CONSTRAINT `guide_entrytypes_fieldLayoutId_fk` FOREIGN KEY (`fieldLayoutId`) REFERENCES `guide_fieldlayouts` (`id`) ON DELETE SET NULL,
  CONSTRAINT `guide_entrytypes_sectionId_fk` FOREIGN KEY (`sectionId`) REFERENCES `guide_sections` (`id`) ON DELETE CASCADE
) ENGINE=InnoDB DEFAULT CHARSET=utf8 COLLATE=utf8_unicode_ci;


INSERT INTO `guide_entrytypes` (`id`, `sectionId`, `fieldLayoutId`, `name`, `handle`, `hasTitleField`, `titleLabel`, `titleFormat`, `sortOrder`, `dateCreated`, `dateUpdated`, `uid`)
VALUES
	(1,1,121,'Homepage','homepage',1,'Title',NULL,1,'2017-06-05 15:46:30','2017-06-15 16:47:43','1593af02-3142-424b-9823-81bafda6fcd3'),
	(3,3,109,'Gears','gears',1,'Title',NULL,1,'2017-06-05 15:47:44','2017-06-13 21:46:53','74f5b4b1-f187-4b83-9148-5d70588c358a'),
	(4,4,115,'Cities','cities',1,'City Name',NULL,1,'2017-06-05 15:48:17','2017-06-14 19:00:10','317d2629-c992-44e0-b45b-25563e7ba434'),
	(5,5,97,'Neighborhoods','neighborhoods',1,'Title',NULL,1,'2017-06-05 15:48:51','2017-06-06 18:15:02','15b0c54d-9461-4b56-b741-3cde5fd41af8'),
	(6,6,94,'Food places','foodPlaces',1,'Title',NULL,1,'2017-06-05 16:45:52','2017-06-06 18:13:49','70b3dead-e6cb-44f1-b2f8-362f558d7f23'),
	(7,7,93,'Drink places','drinkPlaces',1,'Title',NULL,1,'2017-06-05 16:46:19','2017-06-06 18:13:27','80df6abe-9951-485b-b05d-53352015a45c'),
	(8,8,98,'Working places','workingPlaces',1,'Title',NULL,1,'2017-06-05 16:47:19','2017-06-06 18:15:19','a2f6103a-38ff-43e7-acff-4a2c70544f5e'),
	(9,9,96,'Living places','livingPlaces',1,'Title',NULL,1,'2017-06-05 16:47:56','2017-06-06 18:14:42','07e42a4f-06a6-4b8e-9c5c-40558158f701'),
	(10,10,110,'Author','author',1,'Name',NULL,1,'2017-06-13 20:55:38','2017-06-13 22:01:22','b8d5f853-0b33-429d-a10e-db7951ca12b6'),
	(11,11,123,'Briefs','briefs',1,'Title',NULL,1,'2017-06-15 16:41:29','2017-06-15 16:49:48','e87663d2-74c6-42f0-8f0e-5bdf3c0c84aa'),
	(12,12,137,'Cities','cities',0,NULL,'{section.name|raw}',1,'2017-06-16 13:50:18','2017-06-22 14:15:01','255e1cab-7bd0-4b95-8cf0-e537776aa8fc'),
	(15,15,135,'Neighborhoods','neighborhoods',0,NULL,'{section.name|raw}',1,'2017-06-22 08:24:54','2017-06-22 08:24:54','83da7224-484b-4725-93e2-d0195714220d'),
	(16,16,136,'Places','places',0,NULL,'{section.name|raw}',1,'2017-06-22 08:25:27','2017-06-22 08:25:27','3762b8d6-5071-451e-babb-49f8c81f54bb'),
	(17,17,138,'Essentials','essentials',0,NULL,'{section.name|raw}',1,'2017-06-22 14:32:16','2017-06-22 14:32:16','03bc9ad7-e3b7-4b1f-a305-220dc3531f6e');



# Affichage de la table guide_entryversions
# ------------------------------------------------------------


CREATE TABLE `guide_entryversions` (
  `id` int(11) NOT NULL AUTO_INCREMENT,
  `entryId` int(11) NOT NULL,
  `sectionId` int(11) NOT NULL,
  `creatorId` int(11) DEFAULT NULL,
  `locale` char(12) COLLATE utf8_unicode_ci NOT NULL,
  `num` smallint(6) unsigned NOT NULL,
  `notes` tinytext COLLATE utf8_unicode_ci,
  `data` mediumtext COLLATE utf8_unicode_ci NOT NULL,
  `dateCreated` datetime NOT NULL,
  `dateUpdated` datetime NOT NULL,
  `uid` char(36) COLLATE utf8_unicode_ci NOT NULL DEFAULT '0',
  PRIMARY KEY (`id`),
  KEY `guide_entryversions_entryId_locale_idx` (`entryId`,`locale`),
  KEY `guide_entryversions_sectionId_fk` (`sectionId`),
  KEY `guide_entryversions_creatorId_fk` (`creatorId`),
  KEY `guide_entryversions_locale_fk` (`locale`),
  CONSTRAINT `guide_entryversions_creatorId_fk` FOREIGN KEY (`creatorId`) REFERENCES `guide_users` (`id`) ON DELETE SET NULL,
  CONSTRAINT `guide_entryversions_entryId_fk` FOREIGN KEY (`entryId`) REFERENCES `guide_entries` (`id`) ON DELETE CASCADE,
  CONSTRAINT `guide_entryversions_locale_fk` FOREIGN KEY (`locale`) REFERENCES `guide_locales` (`locale`) ON DELETE CASCADE ON UPDATE CASCADE,
  CONSTRAINT `guide_entryversions_sectionId_fk` FOREIGN KEY (`sectionId`) REFERENCES `guide_sections` (`id`) ON DELETE CASCADE
) ENGINE=InnoDB DEFAULT CHARSET=utf8 COLLATE=utf8_unicode_ci;


INSERT INTO `guide_entryversions` (`id`, `entryId`, `sectionId`, `creatorId`, `locale`, `num`, `notes`, `data`, `dateCreated`, `dateUpdated`, `uid`)
VALUES
	(1,2,1,1,'en',1,NULL,'{\"typeId\":\"1\",\"authorId\":null,\"title\":\"Homepage\",\"slug\":\"homepage\",\"postDate\":1496677590,\"expiryDate\":null,\"enabled\":1,\"parentId\":null,\"fields\":[]}','2017-06-05 15:46:31','2017-06-05 15:46:31','50cd044a-c732-43e6-a463-f5b5d9250e76'),
	(2,2,1,1,'en',2,NULL,'{\"typeId\":null,\"authorId\":null,\"title\":\"Welcome to Wanderbrief-guides.local!\",\"slug\":\"homepage\",\"postDate\":1496677590,\"expiryDate\":null,\"enabled\":\"1\",\"parentId\":null,\"fields\":{\"1\":\"<p>It\\u2019s true, this site doesn\\u2019t have a whole lot of content yet, but don\\u2019t worry. Our web developers have just installed the CMS, and they\\u2019re setting things up for the content editors this very moment. Soon Wanderbrief-guides.local will be an oasis of fresh perspectives, sharp analyses, and astute opinions that will keep you coming back again and again.<\\/p>\"}}','2017-06-05 15:46:31','2017-06-05 15:46:31','b244cfd3-0bd7-4266-9f4f-e451ae6a43f3'),
	(4,4,4,1,'en',1,'','{\"typeId\":null,\"authorId\":\"1\",\"title\":\"Amsterdam\",\"slug\":\"amsterdam\",\"postDate\":1496691078,\"expiryDate\":null,\"enabled\":1,\"parentId\":null,\"fields\":{\"20\":\"\",\"38\":\"\",\"35\":\"\",\"8\":\"\",\"6\":\"\",\"15\":\"1\",\"14\":\"\",\"12\":\"\",\"11\":\"\",\"10\":\"\",\"18\":\"1\",\"17\":\"1\",\"29\":\"\",\"30\":\"\",\"24\":\"\",\"25\":\"\",\"32\":\"\",\"31\":\"\",\"23\":\"\",\"21\":\"\",\"27\":\"\",\"33\":\"\",\"28\":\"\",\"26\":\"\",\"22\":\"\",\"37\":\"\",\"16\":\"1\",\"4\":\"<p>With world-class museums, quirky festivals, theatre, live music, laid-back bars and delightful restaurants, there\'s never a shortage of things to do in Amsterdam!<\\/p>\",\"42\":\"\",\"19\":\"\",\"36\":[{\"col1\":\"\",\"col2\":\"\",\"col3\":\"\"}],\"7\":\"\"}}','2017-06-05 19:31:19','2017-06-05 19:31:19','b3fb9cef-bd89-426c-8f63-0c988667768a'),
	(5,5,5,1,'en',1,'','{\"typeId\":null,\"authorId\":\"1\",\"title\":\"Noord\",\"slug\":\"noord\",\"postDate\":1496691641,\"expiryDate\":null,\"enabled\":1,\"parentId\":null,\"fields\":{\"40\":[\"4\"],\"35\":\"\",\"8\":\"\",\"6\":\"\",\"12\":\"\",\"11\":\"\",\"39\":\"\",\"4\":\"\",\"41\":\"\",\"36\":[{\"col1\":\"\",\"col2\":\"\",\"col3\":\"\"}],\"7\":\"\"}}','2017-06-05 19:40:41','2017-06-05 19:40:41','66b20616-591d-4764-a1a4-60fb3673ca36'),
	(6,4,4,1,'en',2,'','{\"typeId\":\"4\",\"authorId\":\"1\",\"title\":\"Amsterdam\",\"slug\":\"amsterdam\",\"postDate\":1496691060,\"expiryDate\":null,\"enabled\":1,\"parentId\":null,\"fields\":{\"20\":\"\",\"38\":\"\",\"35\":\"\",\"8\":\"\",\"6\":\"\",\"15\":\"1\",\"14\":\"\",\"12\":\"\",\"11\":\"\",\"10\":[\"5\"],\"18\":\"1\",\"17\":\"1\",\"29\":\"\",\"30\":\"\",\"24\":\"\",\"25\":\"\",\"32\":\"\",\"31\":\"\",\"23\":\"\",\"21\":\"\",\"27\":\"\",\"33\":\"\",\"28\":\"\",\"26\":\"\",\"22\":\"\",\"37\":\"\",\"16\":\"1\",\"4\":\"<p>With world-class museums, quirky festivals, theatre, live music, laid-back bars and delightful restaurants, there\'s never a shortage of things to do in Amsterdam!<\\/p>\",\"42\":\"\",\"19\":\"\",\"36\":[{\"col1\":\"\",\"col2\":\"\",\"col3\":\"\"}],\"7\":\"\"}}','2017-06-05 19:41:37','2017-06-05 19:41:37','e1e7bc78-ca94-4962-97e3-14a7e3c6bc09'),
	(7,2,1,1,'en',3,'','{\"typeId\":null,\"authorId\":null,\"title\":\"Home\",\"slug\":\"homepage\",\"postDate\":1496677590,\"expiryDate\":null,\"enabled\":1,\"parentId\":null,\"fields\":{\"59\":[\"4\"],\"35\":\"\",\"8\":\"\",\"6\":\"\",\"60\":\"\",\"12\":\"\",\"11\":\"Wanderbrief CityGuides | Curated by local nomads.\",\"39\":\"\",\"7\":\"\"}}','2017-06-06 14:38:38','2017-06-06 14:38:38','3de33b94-1357-42f7-8c32-3045f5434bb9'),
	(8,2,1,1,'en',4,'','{\"typeId\":null,\"authorId\":null,\"title\":\"Home\",\"slug\":\"homepage\",\"postDate\":1496677590,\"expiryDate\":null,\"enabled\":1,\"parentId\":null,\"fields\":{\"59\":[\"4\"],\"35\":\"\",\"8\":\"\",\"6\":\"\",\"60\":\"\",\"12\":\"Wanderbrief City Guides help you plan the perfect remote working trip with information on the best coffee, internet speed, co-working spaces, local adventures and meetups with like-minded nomads across the city.\",\"11\":\"Wanderbrief CityGuides | Curated by local nomads.\",\"39\":\"\",\"7\":\"\"}}','2017-06-06 14:39:01','2017-06-06 14:39:01','8cbe3db9-6b8d-4c4b-a6fc-a1698eefd9bd'),
	(9,2,1,1,'en',5,'','{\"typeId\":null,\"authorId\":null,\"title\":\"Home\",\"slug\":\"homepage\",\"postDate\":1496677590,\"expiryDate\":null,\"enabled\":1,\"parentId\":null,\"fields\":{\"59\":[\"4\"],\"35\":[\"6\"],\"8\":\"\",\"6\":\"\",\"60\":\"\",\"12\":\"Wanderbrief City Guides help you plan the perfect remote working trip with information on the best coffee, internet speed, co-working spaces, local adventures and meetups with like-minded nomads across the city.\",\"11\":\"Wanderbrief CityGuides | Curated by local nomads.\",\"39\":\"\",\"7\":\"\"}}','2017-06-06 14:50:20','2017-06-06 14:50:20','f6956b1f-1078-444d-a25b-1aad8b9b01f9'),
	(10,2,1,1,'en',6,'','{\"typeId\":null,\"authorId\":null,\"title\":\"Home\",\"slug\":\"homepage\",\"postDate\":1496677590,\"expiryDate\":null,\"enabled\":1,\"parentId\":null,\"fields\":{\"59\":[\"4\"],\"35\":[\"6\"],\"8\":\"\",\"6\":\"\",\"60\":\"\",\"12\":\"Wanderbrief City Guides help you plan the perfect remote working trip with information on the best coffee, internet speed, co-working spaces, local adventures and meetups with like-minded nomads across the city.\",\"11\":\"Wanderbrief CityGuides \\u2014 Curated by local nomads.\",\"39\":\"\",\"7\":\"\"}}','2017-06-06 14:57:34','2017-06-06 14:57:34','0a1951dc-dc0f-4949-ada7-43c104d4098a'),
	(11,2,1,1,'en',7,'','{\"typeId\":null,\"authorId\":null,\"title\":\"Home\",\"slug\":\"homepage\",\"postDate\":1496677590,\"expiryDate\":null,\"enabled\":1,\"parentId\":null,\"fields\":{\"59\":[\"4\"],\"35\":[\"6\"],\"8\":\"\",\"6\":\"\",\"60\":\"\",\"12\":\"Wanderbrief City Guides help you plan the perfect remote working trip with information on the best coffee, internet speed, co-working spaces, local adventures and meetups with like-minded nomads across the city.\",\"11\":\"Wanderbrief CityGuides  \\u2014  Curated by local nomads.\",\"39\":\"\",\"7\":\"\"}}','2017-06-06 15:02:54','2017-06-06 15:02:54','6e95d7f6-d625-4667-b96a-e63140cd2261'),
	(12,2,1,1,'en',8,'','{\"typeId\":null,\"authorId\":null,\"title\":\"Home\",\"slug\":\"homepage\",\"postDate\":1496677590,\"expiryDate\":null,\"enabled\":1,\"parentId\":null,\"fields\":{\"59\":[\"4\"],\"35\":[\"6\"],\"8\":\"\",\"6\":\"\",\"60\":\"\",\"12\":\"Wanderbrief City Guides help you plan the perfect remote working trip with information on the best coffee, internet speed, co-working spaces, local adventures and meetups with like-minded nomads across the city.\",\"11\":\"Wanderbrief CityGuides \\u2014 Curated by local nomads.\",\"39\":\"\",\"7\":\"\"}}','2017-06-06 15:03:13','2017-06-06 15:03:13','895f7927-b125-465d-a261-7eba8ac48db2'),
	(13,4,4,1,'en',3,'','{\"typeId\":\"4\",\"authorId\":\"1\",\"title\":\"Amsterdam\",\"slug\":\"amsterdam\",\"postDate\":1496691060,\"expiryDate\":null,\"enabled\":1,\"parentId\":null,\"fields\":{\"20\":\"\",\"72\":\"\",\"73\":\"\",\"71\":\"\",\"74\":\"\",\"38\":\"\",\"62\":\"\",\"8\":\"\",\"6\":\"\",\"15\":\"high\",\"14\":\"\",\"12\":\"\",\"11\":\"\",\"10\":[\"5\"],\"18\":\"1\",\"17\":\"low\",\"64\":\"0\",\"29\":\"\",\"30\":\"\",\"24\":\"\",\"25\":\"\",\"32\":\"\",\"31\":\"\",\"23\":\"\",\"21\":\"\",\"27\":\"\",\"33\":\"\",\"28\":\"\",\"26\":\"\",\"22\":\"\",\"37\":\"\",\"76\":{\"date\":\"\",\"time\":\"\"},\"75\":{\"date\":\"\",\"time\":\"\"},\"16\":\"medium\",\"4\":\"<p>With world-class museums, quirky festivals, theatre, live music, laid-back bars and delightful restaurants, there\'s never a shortage of things to do in Amsterdam!<\\/p>\",\"42\":\"\",\"19\":\"\",\"36\":[{\"col1\":\"\",\"col2\":\"\",\"col3\":\"\"}],\"7\":\"\"}}','2017-06-06 17:40:34','2017-06-06 17:40:34','c129a1aa-4de5-4e38-b696-5690a12eea04'),
	(14,4,4,1,'en',4,'','{\"typeId\":\"4\",\"authorId\":\"1\",\"title\":\"Amsterdam\",\"slug\":\"amsterdam\",\"postDate\":1496691060,\"expiryDate\":null,\"enabled\":1,\"parentId\":null,\"fields\":{\"20\":\"\",\"72\":\"http:\\/\\/www.iamsterdam.com\\/fr\\/visiter\",\"73\":\"\",\"71\":\"iamsterdam\",\"74\":\"\",\"38\":\"\",\"62\":\"\",\"8\":\"\",\"6\":\"\",\"15\":\"high\",\"14\":\"\",\"12\":\"\",\"11\":\"\",\"10\":[\"5\"],\"18\":\"1\",\"17\":\"low\",\"64\":\"0\",\"29\":\"\",\"30\":\"\",\"24\":\"\",\"25\":\"\",\"32\":\"\",\"31\":\"\",\"23\":\"\",\"21\":\"\",\"27\":\"\",\"33\":\"\",\"28\":\"\",\"26\":\"\",\"22\":\"\",\"37\":\"\",\"76\":{\"date\":\"\",\"time\":\"\"},\"75\":{\"date\":\"\",\"time\":\"\"},\"16\":\"medium\",\"4\":\"<p>With world-class museums, quirky festivals, theatre, live music, laid-back bars and delightful restaurants, there\'s never a shortage of things to do in Amsterdam!<\\/p>\",\"42\":\"\",\"19\":\"\",\"36\":[{\"col1\":\"\",\"col2\":\"\",\"col3\":\"\"}],\"7\":\"\"}}','2017-06-06 17:59:03','2017-06-06 17:59:03','a073a2a2-8b2d-496d-8f32-93e32cb0f82f'),
	(15,4,4,1,'en',5,'','{\"typeId\":\"4\",\"authorId\":\"1\",\"title\":\"Amsterdam\",\"slug\":\"amsterdam\",\"postDate\":1496691060,\"expiryDate\":null,\"enabled\":1,\"parentId\":null,\"fields\":{\"20\":\"\",\"72\":\"http:\\/\\/www.iamsterdam.com\\/fr\\/visiter\",\"73\":\"\",\"71\":\"iamsterdam\",\"74\":\"\",\"38\":\"\",\"62\":\"\",\"8\":\"\",\"6\":\"\",\"15\":\"high\",\"14\":\"\",\"12\":\"\",\"11\":\"\",\"10\":[\"5\"],\"18\":\"1\",\"17\":\"low\",\"64\":\"0\",\"29\":\"\",\"30\":\"\",\"24\":\"\",\"25\":\"\",\"32\":\"\",\"31\":\"\",\"23\":\"\",\"21\":\"\",\"27\":\"\",\"33\":\"\",\"28\":\"\",\"26\":\"\",\"22\":\"\",\"37\":\"\",\"77\":\"1\",\"76\":{\"date\":\"\",\"time\":\"\"},\"75\":{\"date\":\"\",\"time\":\"\"},\"16\":\"medium\",\"4\":\"<p>With world-class museums, quirky festivals, theatre, live music, laid-back bars and delightful restaurants, there\'s never a shortage of things to do in Amsterdam!<\\/p>\",\"42\":\"\",\"19\":\"\",\"36\":[{\"col1\":\"\",\"col2\":\"\",\"col3\":\"\"}],\"7\":\"\"}}','2017-06-06 18:01:58','2017-06-06 18:01:58','a475a7da-9a52-4aed-ac7d-a33a0856bd9a'),
	(16,4,4,1,'en',6,'','{\"typeId\":\"4\",\"authorId\":\"1\",\"title\":\"Amsterdam\",\"slug\":\"amsterdam\",\"postDate\":1496691060,\"expiryDate\":null,\"enabled\":1,\"parentId\":null,\"fields\":{\"20\":\"\",\"72\":\"http:\\/\\/www.iamsterdam.com\\/fr\\/visiter\",\"73\":\"\",\"71\":\"iamsterdam\",\"74\":\"\",\"38\":\"\",\"62\":\"\",\"8\":\"\",\"6\":\"\",\"15\":\"high\",\"14\":\"\",\"12\":\"\",\"11\":\"\",\"10\":[\"5\"],\"18\":\"1\",\"17\":\"low\",\"64\":\"0\",\"29\":\"\",\"30\":\"\",\"24\":\"\",\"25\":\"\",\"32\":\"\",\"31\":\"\",\"23\":\"\",\"21\":\"\",\"27\":\"\",\"33\":\"\",\"28\":\"\",\"26\":\"\",\"22\":\"\",\"37\":\"\",\"77\":\"1\",\"76\":{\"date\":\"6\\/14\\/2017\",\"time\":\"12:00 AM\"},\"75\":{\"date\":\"6\\/7\\/2017\",\"time\":\"12:00 AM\"},\"16\":\"medium\",\"4\":\"<p>With world-class museums, quirky festivals, theatre, live music, laid-back bars and delightful restaurants, there\'s never a shortage of things to do in Amsterdam!<\\/p>\",\"42\":\"\",\"19\":\"\",\"36\":[{\"col1\":\"\",\"col2\":\"\",\"col3\":\"\"}],\"7\":\"\"}}','2017-06-06 18:05:43','2017-06-06 18:05:43','74ae4105-f842-4fc2-9895-3a6e069dd35d'),
	(17,4,4,1,'en',7,'','{\"typeId\":\"4\",\"authorId\":\"1\",\"title\":\"Amsterdam\",\"slug\":\"amsterdam\",\"postDate\":1496691060,\"expiryDate\":null,\"enabled\":1,\"parentId\":null,\"fields\":{\"20\":\"\",\"72\":\"http:\\/\\/www.iamsterdam.com\\/fr\\/visiter\",\"73\":\"\",\"71\":\"iamsterdam\",\"74\":\"\",\"38\":\"\",\"62\":\"\",\"8\":\"\",\"6\":\"\",\"15\":\"high\",\"14\":\"\",\"12\":\"\",\"11\":\"\",\"10\":[\"5\"],\"18\":\"1\",\"17\":\"low\",\"64\":\"0\",\"29\":\"\",\"30\":\"\",\"24\":\"\",\"25\":\"\",\"32\":\"\",\"31\":\"\",\"23\":\"\",\"21\":\"\",\"27\":\"\",\"33\":\"\",\"28\":\"\",\"26\":\"\",\"22\":\"\",\"37\":\"\",\"77\":\"1\",\"76\":{\"date\":\"6\\/18\\/2017\",\"time\":\"12:00 AM\"},\"75\":{\"date\":\"6\\/4\\/2017\",\"time\":\"12:00 AM\"},\"16\":\"medium\",\"4\":\"<p>With world-class museums, quirky festivals, theatre, live music, laid-back bars and delightful restaurants, there\'s never a shortage of things to do in Amsterdam!<\\/p>\",\"42\":\"\",\"19\":\"\",\"36\":[{\"col1\":\"\",\"col2\":\"\",\"col3\":\"\"}],\"7\":\"\"}}','2017-06-06 18:06:05','2017-06-06 18:06:05','77f2449c-d418-4e1a-9e96-37acb8944be0'),
	(18,4,4,1,'en',8,'','{\"typeId\":\"4\",\"authorId\":\"1\",\"title\":\"Amsterdam\",\"slug\":\"amsterdam\",\"postDate\":1496691060,\"expiryDate\":null,\"enabled\":1,\"parentId\":null,\"fields\":{\"20\":\"\",\"72\":\"http:\\/\\/www.iamsterdam.com\\/fr\\/visiter\",\"73\":\"\",\"71\":\"iamsterdam\",\"74\":\"\",\"38\":\"\",\"62\":\"\",\"8\":\"\",\"6\":\"\",\"15\":\"high\",\"14\":\"\",\"12\":\"\",\"11\":\"\",\"10\":[\"5\"],\"18\":\"1\",\"17\":\"low\",\"64\":\"0\",\"29\":\"\",\"30\":\"\",\"24\":\"\",\"25\":\"\",\"32\":\"\",\"31\":\"\",\"23\":\"\",\"21\":\"\",\"27\":\"\",\"33\":\"\",\"28\":\"\",\"26\":\"\",\"22\":\"\",\"37\":\"\",\"77\":\"\",\"76\":{\"date\":\"6\\/18\\/2017\",\"time\":\"12:00 AM\"},\"75\":{\"date\":\"6\\/4\\/2017\",\"time\":\"12:00 AM\"},\"16\":\"medium\",\"4\":\"<p>With world-class museums, quirky festivals, theatre, live music, laid-back bars and delightful restaurants, there\'s never a shortage of things to do in Amsterdam!<\\/p>\",\"42\":\"\",\"19\":\"\",\"36\":[{\"col1\":\"\",\"col2\":\"\",\"col3\":\"\"}],\"7\":\"\"}}','2017-06-06 18:06:19','2017-06-06 18:06:19','35d1e575-43f5-4b0f-b658-53cffd39d180'),
	(19,4,4,1,'en',9,'','{\"typeId\":\"4\",\"authorId\":\"1\",\"title\":\"Amsterdam\",\"slug\":\"amsterdam\",\"postDate\":1496691060,\"expiryDate\":null,\"enabled\":1,\"parentId\":null,\"fields\":{\"20\":\"\",\"72\":\"http:\\/\\/www.iamsterdam.com\\/fr\\/visiter\",\"73\":\"\",\"71\":\"iamsterdam\",\"74\":\"\",\"38\":\"\",\"62\":\"\",\"8\":\"\",\"6\":\"\",\"15\":\"high\",\"14\":\"\",\"12\":\"\",\"11\":\"\",\"10\":[\"5\"],\"18\":\"1\",\"17\":\"low\",\"64\":\"0\",\"29\":\"\",\"30\":\"\",\"24\":\"\",\"25\":\"\",\"32\":\"\",\"31\":\"\",\"23\":\"\",\"21\":\"\",\"27\":\"\",\"33\":\"\",\"28\":\"\",\"26\":\"\",\"22\":\"\",\"37\":\"\",\"77\":\"1\",\"76\":{\"date\":\"6\\/18\\/2017\",\"time\":\"12:00 AM\"},\"75\":{\"date\":\"6\\/4\\/2017\",\"time\":\"12:00 AM\"},\"16\":\"medium\",\"4\":\"<p>With world-class museums, quirky festivals, theatre, live music, laid-back bars and delightful restaurants, there\'s never a shortage of things to do in Amsterdam!<\\/p>\",\"42\":\"\",\"19\":\"\",\"36\":[{\"col1\":\"\",\"col2\":\"\",\"col3\":\"\"}],\"7\":\"\"}}','2017-06-06 18:06:43','2017-06-06 18:06:43','347f76f8-9bfa-4c68-ac53-9fe1a158e6c0'),
	(20,7,6,1,'en',1,'','{\"typeId\":null,\"authorId\":\"1\",\"title\":\"Starbucks\",\"slug\":\"starbucks\",\"postDate\":1496934068,\"expiryDate\":null,\"enabled\":1,\"parentId\":null,\"fields\":{\"73\":\"\",\"71\":\"\",\"34\":\"\",\"52\":\"\",\"53\":\"\",\"12\":\"\",\"11\":\"\",\"49\":\"\",\"39\":\"\",\"56\":[{\"col1\":\"\",\"col2\":\"\",\"col3\":\"\",\"col4\":\"\",\"col5\":\"\",\"col6\":\"\",\"col7\":\"\"}],\"54\":\"\",\"61\":\"\",\"50\":\"fastFood\",\"77\":\"\",\"76\":{\"date\":\"\",\"time\":\"\"},\"78\":\"\",\"72\":\"\",\"75\":{\"date\":\"\",\"time\":\"\"},\"74\":\"\",\"57\":\"0\",\"4\":\"\",\"47\":\"\",\"58\":\"\",\"36\":[{\"col1\":\"\",\"col2\":\"\",\"col3\":\"\"}],\"51\":\"\",\"48\":\"hipster\",\"55\":\"\"}}','2017-06-08 15:01:09','2017-06-08 15:01:09','660f8467-8312-43ab-a394-a29dd2e6d6e3'),
	(21,7,6,1,'en',2,'','{\"typeId\":\"6\",\"authorId\":\"1\",\"title\":\"Starbucks\",\"slug\":\"starbucks\",\"postDate\":1496934060,\"expiryDate\":null,\"enabled\":1,\"parentId\":null,\"fields\":{\"73\":\"\",\"71\":\"Starbucks\",\"34\":\"\",\"52\":\"\",\"53\":\"\",\"12\":\"\",\"11\":\"\",\"49\":\"\",\"39\":\"\",\"56\":[{\"col1\":\"\",\"col2\":\"\",\"col3\":\"\",\"col4\":\"\",\"col5\":\"\",\"col6\":\"\",\"col7\":\"\"}],\"54\":\"\",\"61\":\"\",\"50\":\"fastFood\",\"77\":\"1\",\"76\":{\"date\":\"6\\/12\\/2017\",\"time\":\"12:00 AM\"},\"78\":\"\",\"72\":\"\",\"75\":{\"date\":\"6\\/5\\/2017\",\"time\":\"12:00 AM\"},\"74\":\"\",\"57\":\"0\",\"4\":\"\",\"47\":\"\",\"58\":\"\",\"36\":[{\"col1\":\"\",\"col2\":\"\",\"col3\":\"\"}],\"51\":\"\",\"48\":\"hipster\",\"55\":\"\"}}','2017-06-08 15:01:34','2017-06-08 15:01:34','684630d8-fbc3-4d6c-9906-0d2f0049b261'),
	(22,2,1,1,'en',9,'','{\"typeId\":null,\"authorId\":null,\"title\":\"Home\",\"slug\":\"homepage\",\"postDate\":1496677590,\"expiryDate\":null,\"enabled\":1,\"parentId\":null,\"fields\":{\"59\":[\"4\"],\"8\":\"\",\"65\":\"\",\"68\":\"\",\"67\":[\"7\"],\"69\":\"\",\"6\":\"\",\"60\":\"\",\"12\":\"Wanderbrief City Guides help you plan the perfect remote working trip with information on the best coffee, internet speed, co-working spaces, local adventures and meetups with like-minded nomads across the city.\",\"11\":\"Wanderbrief CityGuides \\u2014 Curated by local nomads.\",\"39\":\"\",\"7\":\"\"}}','2017-06-08 15:04:31','2017-06-08 15:04:31','17b7193a-c7e4-4ca6-b2f7-d1e35bcf72b4'),
	(23,2,1,1,'en',10,'','{\"typeId\":null,\"authorId\":null,\"title\":\"Home\",\"slug\":\"homepage\",\"postDate\":1496677590,\"expiryDate\":null,\"enabled\":1,\"parentId\":null,\"fields\":{\"59\":[\"4\"],\"65\":\"\",\"60\":\"\",\"12\":\"Wanderbrief City Guides help you plan the perfect remote working trip with information on the best coffee, internet speed, co-working spaces, local adventures and meetups with like-minded nomads across the city.\",\"11\":\"Wanderbrief CityGuides \\u2014 Curated by local nomads.\",\"39\":\"\",\"82\":[\"7\"]}}','2017-06-13 21:14:54','2017-06-13 21:14:54','5738e386-ec7f-44a0-91c8-245572ee65b7'),
	(24,4,4,1,'en',10,'','{\"typeId\":\"4\",\"authorId\":\"1\",\"title\":\"Amsterdam\",\"slug\":\"amsterdam\",\"postDate\":1496691060,\"expiryDate\":null,\"enabled\":1,\"parentId\":null,\"fields\":{\"20\":\"\",\"73\":\"\",\"71\":\"iamsterdam\",\"38\":\"\",\"62\":\"\",\"8\":\"\",\"6\":\"\",\"15\":\"high\",\"14\":\"\",\"12\":\"\",\"11\":\"\",\"10\":[\"5\"],\"18\":\"1\",\"17\":\"low\",\"64\":\"0\",\"29\":\"\",\"30\":\"\",\"24\":\"\",\"25\":\"\",\"32\":\"\",\"31\":\"\",\"23\":\"\",\"21\":\"\",\"27\":\"\",\"33\":\"\",\"28\":\"\",\"26\":\"\",\"22\":\"\",\"37\":\"\",\"77\":\"1\",\"76\":{\"date\":\"6\\/12\\/2017\",\"time\":\"2:00 AM\"},\"78\":\"\",\"72\":\"http:\\/\\/www.iamsterdam.com\\/fr\\/visiter\",\"75\":{\"date\":\"6\\/4\\/2017\",\"time\":\"2:00 AM\"},\"74\":\"\",\"16\":\"medium\",\"4\":\"<p>With world-class museums, quirky festivals, theatre, live music, laid-back bars and delightful restaurants, there\'s never a shortage of things to do in Amsterdam!<\\/p>\",\"42\":\"\",\"19\":\"\",\"36\":[{\"col1\":\"\",\"col2\":\"\",\"col3\":\"\"}],\"7\":\"\"}}','2017-06-13 21:17:37','2017-06-13 21:17:37','c1afa4f8-3bd8-4f41-ac0c-7599069c75c6'),
	(25,4,4,1,'en',11,'','{\"typeId\":\"4\",\"authorId\":\"1\",\"title\":\"Amsterdam\",\"slug\":\"amsterdam\",\"postDate\":1496691060,\"expiryDate\":null,\"enabled\":1,\"parentId\":null,\"fields\":{\"20\":\"\",\"73\":\"\",\"71\":\"iamsterdam\",\"38\":\"\",\"62\":\"\",\"8\":\"\",\"6\":\"\",\"15\":\"high\",\"14\":\"\",\"12\":\"\",\"11\":\"\",\"10\":[\"5\"],\"18\":\"1\",\"17\":\"low\",\"64\":\"0\",\"29\":\"\",\"30\":\"\",\"24\":\"\",\"25\":\"\",\"32\":\"\",\"31\":\"\",\"23\":\"\",\"21\":\"\",\"27\":\"\",\"33\":\"\",\"28\":\"\",\"26\":\"\",\"22\":\"\",\"37\":\"\",\"77\":\"1\",\"76\":{\"date\":\"6\\/16\\/2017\",\"time\":\"2:00 AM\"},\"78\":\"\",\"72\":\"http:\\/\\/www.iamsterdam.com\\/fr\\/visiter\",\"75\":{\"date\":\"6\\/4\\/2017\",\"time\":\"2:00 AM\"},\"74\":\"\",\"16\":\"medium\",\"4\":\"<p>With world-class museums, quirky festivals, theatre, live music, laid-back bars and delightful restaurants, there\'s never a shortage of things to do in Amsterdam!<\\/p>\",\"42\":\"\",\"19\":\"\",\"36\":[{\"col1\":\"\",\"col2\":\"\",\"col3\":\"\"}],\"7\":\"\"}}','2017-06-13 21:17:51','2017-06-13 21:17:51','cf5b77b9-47b8-45c8-b4d3-227b233044a0'),
	(26,2,1,1,'en',11,'','{\"typeId\":null,\"authorId\":null,\"title\":\"Home\",\"slug\":\"homepage\",\"postDate\":1496677590,\"expiryDate\":null,\"enabled\":1,\"parentId\":null,\"fields\":{\"59\":[\"4\"],\"62\":[\"8\"],\"65\":\"\",\"66\":\"\",\"60\":\"\",\"12\":\"Wanderbrief City Guides help you plan the perfect remote working trip with information on the best coffee, internet speed, co-working spaces, local adventures and meetups with like-minded nomads across the city.\",\"11\":\"Wanderbrief CityGuides \\u2014 Curated by local nomads.\",\"39\":\"\",\"82\":[\"7\"]}}','2017-06-13 21:27:40','2017-06-13 21:27:40','39ad3db2-362f-4aca-8bc7-88ea948c08d4'),
	(27,2,1,1,'en',12,'','{\"typeId\":null,\"authorId\":null,\"title\":\"Home\",\"slug\":\"homepage\",\"postDate\":1496677590,\"expiryDate\":null,\"enabled\":1,\"parentId\":null,\"fields\":{\"59\":[\"4\"],\"62\":[\"8\"],\"65\":\"\",\"66\":\"\",\"60\":\"\",\"12\":\"Wanderbrief City Guides help you plan the perfect remote working trip with information on the best coffee, internet speed, co-working spaces, local adventures and meetups with like-minded nomads across the city.\",\"11\":\"Wanderbrief CityGuides \\u2014 Curated by local nomads.\",\"39\":\"\",\"82\":[\"7\"]}}','2017-06-13 21:30:19','2017-06-13 21:30:19','c67319a1-6aea-49e9-b5d9-087c95cb7313'),
	(28,2,1,1,'en',13,'','{\"typeId\":null,\"authorId\":null,\"title\":\"Home\",\"slug\":\"homepage\",\"postDate\":1496677590,\"expiryDate\":null,\"enabled\":1,\"parentId\":null,\"fields\":{\"59\":[\"4\"],\"62\":[\"8\"],\"65\":\"\",\"66\":\"\",\"60\":\"\",\"12\":\"Wanderbrief City Guides help you plan the perfect remote working trip with information on the best coffee, internet speed, co-working spaces, local adventures and meetups with like-minded nomads across the city.\",\"11\":\"Wanderbrief CityGuides \\u2014 Curated by local nomads.\",\"39\":\"\",\"82\":[\"7\"]}}','2017-06-13 21:33:02','2017-06-13 21:33:02','90847692-0e23-48fc-90e0-8fbc34e8ae8a'),
	(29,2,1,1,'en',14,'','{\"typeId\":null,\"authorId\":null,\"title\":\"Home\",\"slug\":\"homepage\",\"postDate\":1496677590,\"expiryDate\":null,\"enabled\":1,\"parentId\":null,\"fields\":{\"59\":[\"4\"],\"62\":[\"8\"],\"65\":\"\",\"66\":\"\",\"60\":\"\",\"12\":\"Wanderbrief City Guides help you plan the perfect remote working trip with information on the best coffee, internet speed, co-working spaces, local adventures and meetups with like-minded nomads across the city.\",\"11\":\"Wanderbrief CityGuides \\u2014 Curated by local nomads.\",\"39\":\"\",\"82\":[\"7\"]}}','2017-06-13 21:34:42','2017-06-13 21:34:42','35358f42-1090-42a2-91fb-dc14c2405453'),
	(30,2,1,1,'en',15,'','{\"typeId\":null,\"authorId\":null,\"title\":\"Home\",\"slug\":\"homepage\",\"postDate\":1496677590,\"expiryDate\":null,\"enabled\":1,\"parentId\":null,\"fields\":{\"59\":[\"4\"],\"62\":[\"8\"],\"65\":\"\",\"66\":\"\",\"60\":\"\",\"12\":\"Wanderbrief City Guides help you plan the perfect remote working trip with information on the best coffee, internet speed, co-working spaces, local adventures and meetups with like-minded nomads across the city.\",\"11\":\"Wanderbrief CityGuides \\u2014 Curated by local nomads.\",\"39\":\"\",\"82\":[\"7\"]}}','2017-06-13 21:35:53','2017-06-13 21:35:53','0063c1e3-a3db-42c2-a198-23e53a7cd13f'),
	(31,2,1,1,'en',16,'','{\"typeId\":null,\"authorId\":null,\"title\":\"Home\",\"slug\":\"homepage\",\"postDate\":1496677590,\"expiryDate\":null,\"enabled\":1,\"parentId\":null,\"fields\":{\"59\":[\"4\"],\"35\":[\"9\"],\"65\":\"\",\"66\":\"\",\"60\":\"\",\"12\":\"Wanderbrief City Guides help you plan the perfect remote working trip with information on the best coffee, internet speed, co-working spaces, local adventures and meetups with like-minded nomads across the city.\",\"11\":\"Wanderbrief CityGuides \\u2014 Curated by local nomads.\",\"39\":\"\",\"82\":[\"7\"]}}','2017-06-13 21:38:40','2017-06-13 21:38:40','faca9201-dd38-40d3-9beb-5c953520d95e'),
	(32,4,4,1,'en',12,'','{\"typeId\":\"4\",\"authorId\":\"1\",\"title\":\"Amsterdam\",\"slug\":\"amsterdam\",\"postDate\":1496691060,\"expiryDate\":null,\"enabled\":1,\"parentId\":null,\"fields\":{\"20\":\"\",\"73\":\"\",\"71\":\"iamsterdam\",\"62\":[\"10\"],\"38\":\"\",\"8\":\"\",\"6\":\"\",\"15\":\"high\",\"14\":\"\",\"12\":\"\",\"11\":\"\",\"10\":[\"5\"],\"18\":\"1\",\"17\":\"low\",\"64\":\"0\",\"29\":\"\",\"30\":\"\",\"24\":\"\",\"25\":\"\",\"32\":\"\",\"31\":\"\",\"23\":\"\",\"21\":\"\",\"27\":\"\",\"33\":\"\",\"28\":\"\",\"26\":\"\",\"22\":\"\",\"37\":\"\",\"77\":\"1\",\"76\":{\"date\":\"6\\/16\\/2017\",\"time\":\"2:00 AM\"},\"78\":\"\",\"72\":\"http:\\/\\/www.iamsterdam.com\\/fr\\/visiter\",\"75\":{\"date\":\"6\\/4\\/2017\",\"time\":\"2:00 AM\"},\"74\":\"\",\"16\":\"medium\",\"4\":\"<p>With world-class museums, quirky festivals, theatre, live music, laid-back bars and delightful restaurants, there\'s never a shortage of things to do in Amsterdam!<\\/p>\",\"42\":\"\",\"19\":\"\",\"36\":[{\"col1\":\"\",\"col2\":\"\",\"col3\":\"\"}],\"7\":\"\"}}','2017-06-13 21:38:57','2017-06-13 21:38:57','63197e65-de0e-4bb3-bb5f-26df22e17d31'),
	(33,7,6,1,'en',3,'','{\"typeId\":\"6\",\"authorId\":\"1\",\"title\":\"Starbucks\",\"slug\":\"starbucks\",\"postDate\":1496934060,\"expiryDate\":null,\"enabled\":1,\"parentId\":null,\"fields\":{\"73\":\"\",\"71\":\"Starbucks\",\"34\":\"\",\"52\":\"\",\"53\":\"\",\"12\":\"\",\"11\":\"\",\"49\":\"\",\"39\":\"\",\"56\":[{\"col1\":\"\",\"col2\":\"\",\"col3\":\"\",\"col4\":\"\",\"col5\":\"\",\"col6\":\"\",\"col7\":\"\"}],\"54\":\"\",\"61\":[\"12\"],\"50\":\"fastFood\",\"77\":\"1\",\"76\":{\"date\":\"6\\/12\\/2017\",\"time\":\"9:00 AM\"},\"78\":\"\",\"72\":\"\",\"75\":{\"date\":\"6\\/5\\/2017\",\"time\":\"9:00 AM\"},\"74\":\"\",\"57\":\"0\",\"4\":\"\",\"47\":\"\",\"58\":\"\",\"36\":[{\"col1\":\"\",\"col2\":\"\",\"col3\":\"\"}],\"51\":\"\",\"48\":\"hipster\",\"55\":\"\"}}','2017-06-13 21:43:50','2017-06-13 21:43:50','356459ad-6bc1-405d-9836-de679b72a2d8'),
	(34,13,3,1,'en',1,'','{\"typeId\":null,\"authorId\":\"1\",\"title\":\"GoPro Hero 5+\",\"slug\":\"gopro-hero-5\",\"postDate\":null,\"expiryDate\":null,\"enabled\":0,\"parentId\":null,\"fields\":{\"73\":\"\",\"71\":\"\",\"1\":\"<p>Lorem ipsum dolor sit amet, consectetur adipiscing elit. Nam sit amet fermentum nisi. In sollicitudin pulvinar turpis sed fermentum. Ut vehicula odio nec semper tincidunt. Sed gravida tempus dignissim. Aenean varius sapien ut congue consectetur. Aliquam pellentesque accumsan purus, dapibus accumsan nibh porttitor eget. Etiam commodo vehicula ipsum sit amet gravida. Nullam iaculis sapien nulla, quis vulputate felis consectetur ac. Quisque elementum tortor eget odio condimentum, ut efficitur libero convallis. Ut luctus lacus nec pharetra rhoncus. Pellentesque vel purus tristique, sollicitudin purus sed, vehicula odio. Aenean hendrerit enim nec posuere tincidunt. Pellentesque luctus justo nisi. Mauris at placerat nisl. Quisque varius ligula non mi dapibus bibendum.<\\/p><p>Maecenas nec congue purus. Nullam lacinia nisi et nunc laoreet, nec fermentum sapien volutpat. Pellentesque non luctus risus. Phasellus sed scelerisque erat. Nam facilisis euismod ornare. Donec rhoncus tempor eros vitae mattis. Duis elementum, dolor eu vestibulum tristique, enim ipsum aliquet tortor, id pharetra massa nisl sed nunc. Duis gravida ipsum turpis, non varius elit suscipit et. Nunc in vestibulum orci. Ut viverra neque nec risus mollis, sit amet pharetra tellus suscipit. Curabitur gravida nisi at nisl auctor eleifend. Aenean viverra suscipit egestas. Cras rutrum odio condimentum erat malesuada, quis ultrices quam ornare. Nullam at ornare augue.<\\/p>\",\"46\":\"\",\"63\":\"\",\"64\":\"0\",\"77\":\"\",\"76\":{\"date\":\"\",\"time\":\"\"},\"78\":\"\",\"72\":\"\",\"75\":{\"date\":\"\",\"time\":\"\"},\"74\":\"\",\"45\":\"https:\\/\\/amazon.com\",\"4\":\"<p>Lorem ipsum dolor sit amet...<\\/p>\",\"44\":[{\"col1\":\"Specification #1\"},{\"col1\":\"Specification #2\"},{\"col1\":\"Specification #3\"}]}}','2017-06-13 21:48:25','2017-06-13 21:48:25','7a821619-fc2b-49e1-9e45-2cde9c037eaa'),
	(35,13,3,1,'en',2,'','{\"typeId\":\"3\",\"authorId\":\"1\",\"title\":\"GoPro Hero 5+\",\"slug\":\"gopro-hero-5\",\"postDate\":null,\"expiryDate\":null,\"enabled\":0,\"parentId\":null,\"fields\":{\"73\":\"\",\"71\":\"\",\"1\":\"<p>Lorem ipsum dolor sit amet, consectetur adipiscing elit. Nam sit amet fermentum nisi. In sollicitudin pulvinar turpis sed fermentum. Ut vehicula odio nec semper tincidunt. Sed gravida tempus dignissim. Aenean varius sapien ut congue consectetur. Aliquam pellentesque accumsan purus, dapibus accumsan nibh porttitor eget. Etiam commodo vehicula ipsum sit amet gravida. Nullam iaculis sapien nulla, quis vulputate felis consectetur ac. Quisque elementum tortor eget odio condimentum, ut efficitur libero convallis. Ut luctus lacus nec pharetra rhoncus. Pellentesque vel purus tristique, sollicitudin purus sed, vehicula odio. Aenean hendrerit enim nec posuere tincidunt. Pellentesque luctus justo nisi. Mauris at placerat nisl. Quisque varius ligula non mi dapibus bibendum.<\\/p>\\r\\n<p>Maecenas nec congue purus. Nullam lacinia nisi et nunc laoreet, nec fermentum sapien volutpat. Pellentesque non luctus risus. Phasellus sed scelerisque erat. Nam facilisis euismod ornare. Donec rhoncus tempor eros vitae mattis. Duis elementum, dolor eu vestibulum tristique, enim ipsum aliquet tortor, id pharetra massa nisl sed nunc. Duis gravida ipsum turpis, non varius elit suscipit et. Nunc in vestibulum orci. Ut viverra neque nec risus mollis, sit amet pharetra tellus suscipit. Curabitur gravida nisi at nisl auctor eleifend. Aenean viverra suscipit egestas. Cras rutrum odio condimentum erat malesuada, quis ultrices quam ornare. Nullam at ornare augue.<\\/p>\",\"46\":\"\",\"63\":[\"14\"],\"64\":\"0\",\"77\":\"\",\"76\":{\"date\":\"\",\"time\":\"\"},\"78\":\"\",\"72\":\"\",\"75\":{\"date\":\"\",\"time\":\"\"},\"74\":\"\",\"45\":\"https:\\/\\/amazon.com\",\"4\":\"<p>Lorem ipsum dolor sit amet...<\\/p>\",\"44\":[{\"col1\":\"Specification #1\"},{\"col1\":\"Specification #2\"},{\"col1\":\"Specification #3\"}]}}','2017-06-13 21:50:39','2017-06-13 21:50:39','f5823eef-bb7e-4692-a6ce-c7f341a23a38'),
	(36,13,3,1,'en',3,'','{\"typeId\":\"3\",\"authorId\":\"1\",\"title\":\"GoPro Hero 5+\",\"slug\":\"gopro-hero-5\",\"postDate\":1497390662,\"expiryDate\":null,\"enabled\":1,\"parentId\":null,\"fields\":{\"73\":\"\",\"71\":\"\",\"1\":\"<p>Lorem ipsum dolor sit amet, consectetur adipiscing elit. Nam sit amet fermentum nisi. In sollicitudin pulvinar turpis sed fermentum. Ut vehicula odio nec semper tincidunt. Sed gravida tempus dignissim. Aenean varius sapien ut congue consectetur. Aliquam pellentesque accumsan purus, dapibus accumsan nibh porttitor eget. Etiam commodo vehicula ipsum sit amet gravida. Nullam iaculis sapien nulla, quis vulputate felis consectetur ac. Quisque elementum tortor eget odio condimentum, ut efficitur libero convallis. Ut luctus lacus nec pharetra rhoncus. Pellentesque vel purus tristique, sollicitudin purus sed, vehicula odio. Aenean hendrerit enim nec posuere tincidunt. Pellentesque luctus justo nisi. Mauris at placerat nisl. Quisque varius ligula non mi dapibus bibendum.<\\/p>\\r\\n<p>Maecenas nec congue purus. Nullam lacinia nisi et nunc laoreet, nec fermentum sapien volutpat. Pellentesque non luctus risus. Phasellus sed scelerisque erat. Nam facilisis euismod ornare. Donec rhoncus tempor eros vitae mattis. Duis elementum, dolor eu vestibulum tristique, enim ipsum aliquet tortor, id pharetra massa nisl sed nunc. Duis gravida ipsum turpis, non varius elit suscipit et. Nunc in vestibulum orci. Ut viverra neque nec risus mollis, sit amet pharetra tellus suscipit. Curabitur gravida nisi at nisl auctor eleifend. Aenean viverra suscipit egestas. Cras rutrum odio condimentum erat malesuada, quis ultrices quam ornare. Nullam at ornare augue.<\\/p>\",\"46\":\"\",\"63\":[\"14\"],\"64\":\"0\",\"77\":\"\",\"76\":{\"date\":\"\",\"time\":\"\"},\"78\":\"\",\"72\":\"\",\"75\":{\"date\":\"\",\"time\":\"\"},\"74\":\"\",\"45\":\"https:\\/\\/amazon.com\",\"4\":\"<p>Lorem ipsum dolor sit amet...<\\/p>\",\"44\":[{\"col1\":\"Specification #1\"},{\"col1\":\"Specification #2\"},{\"col1\":\"Specification #3\"}]}}','2017-06-13 21:51:02','2017-06-13 21:51:02','e22ad30e-e827-4258-b122-cdf6b624bd49'),
	(37,2,1,1,'en',17,'','{\"typeId\":null,\"authorId\":null,\"title\":\"Home\",\"slug\":\"homepage\",\"postDate\":1496677590,\"expiryDate\":null,\"enabled\":1,\"parentId\":null,\"fields\":{\"59\":[\"4\"],\"35\":[\"9\"],\"65\":\"\",\"66\":[\"13\"],\"60\":\"\",\"12\":\"Wanderbrief City Guides help you plan the perfect remote working trip with information on the best coffee, internet speed, co-working spaces, local adventures and meetups with like-minded nomads across the city.\",\"11\":\"Wanderbrief CityGuides \\u2014 Curated by local nomads.\",\"39\":\"\",\"82\":[\"7\"]}}','2017-06-13 21:51:15','2017-06-13 21:51:15','aeca017c-b0f2-4ba6-ab32-66c385fa6504'),
	(38,2,1,1,'en',18,'','{\"typeId\":null,\"authorId\":null,\"title\":\"Home\",\"slug\":\"homepage\",\"postDate\":1496677590,\"expiryDate\":null,\"enabled\":1,\"parentId\":null,\"fields\":{\"59\":[\"4\"],\"35\":[\"9\"],\"65\":\"\",\"66\":[\"13\"],\"60\":[\"13\"],\"12\":\"Wanderbrief City Guides help you plan the perfect remote working trip with information on the best coffee, internet speed, co-working spaces, local adventures and meetups with like-minded nomads across the city.\",\"11\":\"Wanderbrief CityGuides \\u2014 Curated by local nomads.\",\"39\":\"\",\"82\":[\"7\"]}}','2017-06-13 21:52:17','2017-06-13 21:52:17','d167a0fd-5734-4dc9-b265-0ebe618bde75'),
	(39,2,1,1,'en',19,'','{\"typeId\":null,\"authorId\":null,\"title\":\"Home\",\"slug\":\"homepage\",\"postDate\":1496677590,\"expiryDate\":null,\"enabled\":1,\"parentId\":null,\"fields\":{\"59\":[\"4\"],\"35\":[\"9\"],\"65\":[\"4\"],\"66\":[\"13\"],\"60\":[\"13\"],\"12\":\"Wanderbrief City Guides help you plan the perfect remote working trip with information on the best coffee, internet speed, co-working spaces, local adventures and meetups with like-minded nomads across the city.\",\"11\":\"Wanderbrief CityGuides \\u2014 Curated by local nomads.\",\"39\":\"\",\"82\":[\"7\"]}}','2017-06-13 21:57:08','2017-06-13 21:57:08','9e1e82a8-8a14-4b8a-881d-26d5f5ca7327'),
	(40,2,1,1,'en',20,'','{\"typeId\":null,\"authorId\":null,\"title\":\"Home\",\"slug\":\"homepage\",\"postDate\":1496677590,\"expiryDate\":null,\"enabled\":1,\"parentId\":null,\"fields\":{\"59\":[\"4\"],\"35\":[\"9\"],\"65\":[\"4\"],\"66\":[\"13\"],\"60\":[\"13\"],\"12\":\"Wanderbrief City Guides help you plan the perfect remote working trip with information on the best coffee, internet speed, co-working spaces, local adventures and meetups with like-minded nomads across the city.\",\"11\":\"Wanderbrief CityGuides \\u2014 Curated by local nomads.\",\"39\":\"\",\"82\":[\"7\"],\"89\":\"<p><strong>Living<\\/strong> & <strong>working<\\/strong> abroad like a local.<\\/p>\"}}','2017-06-14 14:12:11','2017-06-14 14:12:11','f7114933-170a-4de8-97c7-0016cb48a89b'),
	(41,2,1,1,'en',21,'','{\"typeId\":null,\"authorId\":null,\"title\":\"Home\",\"slug\":\"homepage\",\"postDate\":1496677590,\"expiryDate\":null,\"enabled\":1,\"parentId\":null,\"fields\":{\"59\":[\"4\"],\"35\":[\"17\"],\"65\":[\"4\"],\"66\":[\"13\"],\"60\":[\"13\"],\"12\":\"Wanderbrief City Guides help you plan the perfect remote working trip with information on the best coffee, internet speed, co-working spaces, local adventures and meetups with like-minded nomads across the city.\",\"11\":\"Wanderbrief CityGuides \\u2014 Curated by local nomads.\",\"39\":\"\",\"82\":[\"7\"],\"89\":\"<p><strong>Living<\\/strong> & <strong>working<\\/strong> abroad like a local.<\\/p>\"}}','2017-06-14 16:27:04','2017-06-14 16:27:04','9c7556b8-4a36-4169-bbb5-0c959cb988ea'),
	(42,2,1,1,'en',22,'','{\"typeId\":null,\"authorId\":null,\"title\":\"Home\",\"slug\":\"homepage\",\"postDate\":1496677590,\"expiryDate\":null,\"enabled\":1,\"parentId\":null,\"fields\":{\"59\":[\"4\"],\"35\":[\"9\"],\"65\":[\"4\"],\"66\":[\"13\"],\"60\":[\"13\"],\"12\":\"Wanderbrief City Guides help you plan the perfect remote working trip with information on the best coffee, internet speed, co-working spaces, local adventures and meetups with like-minded nomads across the city.\",\"11\":\"Wanderbrief CityGuides \\u2014 Curated by local nomads.\",\"39\":\"\",\"82\":[\"7\"],\"89\":\"<p><strong>Living<\\/strong> & <strong>working<\\/strong> abroad like a local.<\\/p>\"}}','2017-06-14 18:17:08','2017-06-14 18:17:08','269c8a88-878d-4405-a18a-8d9ee7006390'),
	(43,23,4,1,'en',1,'','{\"typeId\":null,\"authorId\":\"1\",\"title\":\"Toyko\",\"slug\":\"toyko\",\"postDate\":null,\"expiryDate\":null,\"enabled\":0,\"parentId\":null,\"fields\":{\"20\":\"\",\"73\":\"\",\"71\":\"\",\"62\":[\"8\"],\"38\":\"\",\"8\":\"\",\"6\":\"\",\"15\":\"medium\",\"14\":\"\",\"12\":\"\",\"11\":\"\",\"10\":\"\",\"18\":\"1\",\"17\":\"medium\",\"64\":\"0\",\"29\":\"\",\"30\":\"\",\"24\":\"\",\"25\":\"\",\"32\":\"\",\"31\":\"\",\"23\":\"\",\"21\":\"\",\"27\":\"\",\"33\":\"\",\"28\":\"\",\"26\":\"\",\"22\":\"\",\"37\":\"\",\"77\":\"\",\"76\":{\"date\":\"\",\"time\":\"\"},\"78\":\"\",\"72\":\"\",\"75\":{\"date\":\"\",\"time\":\"\"},\"74\":\"\",\"16\":\"medium\",\"4\":\"<p>Lorem ipsum dolor sit amet...<\\/p>\",\"42\":\"\",\"19\":\"\",\"36\":[{\"col1\":\"\",\"col2\":\"\",\"col3\":\"\"}],\"7\":\"\"}}','2017-06-14 18:49:51','2017-06-14 18:49:51','88bc2ae8-37be-40cf-8b46-b026fe9ab8bf'),
	(44,23,4,1,'en',2,'','{\"typeId\":\"4\",\"authorId\":\"1\",\"title\":\"Toyko\",\"slug\":\"toyko\",\"postDate\":1497466199,\"expiryDate\":null,\"enabled\":1,\"parentId\":null,\"fields\":{\"20\":\"\",\"73\":\"\",\"71\":\"\",\"62\":[\"8\"],\"38\":\"\",\"8\":\"\",\"6\":\"\",\"15\":\"medium\",\"14\":\"\",\"12\":\"\",\"11\":\"\",\"10\":\"\",\"18\":\"1\",\"17\":\"medium\",\"64\":\"0\",\"29\":\"\",\"30\":\"\",\"24\":\"\",\"25\":\"\",\"32\":\"\",\"31\":\"\",\"23\":\"\",\"21\":\"\",\"27\":\"\",\"33\":\"\",\"28\":\"\",\"26\":\"\",\"22\":\"\",\"37\":\"\",\"77\":\"\",\"76\":{\"date\":\"\",\"time\":\"\"},\"78\":\"\",\"72\":\"\",\"75\":{\"date\":\"\",\"time\":\"\"},\"74\":\"\",\"16\":\"medium\",\"4\":\"<p>Lorem ipsum dolor sit amet...<\\/p>\",\"42\":\"\",\"19\":\"\",\"36\":[{\"col1\":\"\",\"col2\":\"\",\"col3\":\"\"}],\"7\":\"\"}}','2017-06-14 18:49:59','2017-06-14 18:49:59','d1b8e358-8b29-48a2-b80f-44729aaa9b52'),
	(45,24,4,1,'en',1,'','{\"typeId\":null,\"authorId\":\"1\",\"title\":\"Sydney\",\"slug\":\"sydney\",\"postDate\":1497466221,\"expiryDate\":null,\"enabled\":1,\"parentId\":null,\"fields\":{\"20\":\"\",\"73\":\"\",\"71\":\"\",\"62\":[\"10\"],\"38\":\"\",\"8\":\"\",\"6\":\"\",\"15\":\"medium\",\"14\":\"\",\"12\":\"\",\"11\":\"\",\"10\":\"\",\"18\":\"1\",\"17\":\"medium\",\"64\":\"0\",\"29\":\"\",\"30\":\"\",\"24\":\"\",\"25\":\"\",\"32\":\"\",\"31\":\"\",\"23\":\"\",\"21\":\"\",\"27\":\"\",\"33\":\"\",\"28\":\"\",\"26\":\"\",\"22\":\"\",\"37\":\"\",\"77\":\"\",\"76\":{\"date\":\"\",\"time\":\"\"},\"78\":\"\",\"72\":\"\",\"75\":{\"date\":\"\",\"time\":\"\"},\"74\":\"\",\"16\":\"medium\",\"4\":\"<p>Lorem ipsum dolor sit amet...<\\/p>\",\"42\":\"\",\"19\":\"\",\"36\":[{\"col1\":\"\",\"col2\":\"\",\"col3\":\"\"}],\"7\":\"\"}}','2017-06-14 18:50:21','2017-06-14 18:50:21','5cb09868-fdaa-4edb-abfa-85f1263f2c25'),
	(46,2,1,1,'en',23,'','{\"typeId\":null,\"authorId\":null,\"title\":\"Home\",\"slug\":\"homepage\",\"postDate\":1496677590,\"expiryDate\":null,\"enabled\":1,\"parentId\":null,\"fields\":{\"59\":[\"23\",\"4\",\"24\"],\"35\":[\"9\"],\"65\":[\"4\"],\"66\":[\"13\"],\"60\":[\"13\"],\"12\":\"Wanderbrief City Guides help you plan the perfect remote working trip with information on the best coffee, internet speed, co-working spaces, local adventures and meetups with like-minded nomads across the city.\",\"11\":\"Wanderbrief CityGuides \\u2014 Curated by local nomads.\",\"39\":\"\",\"82\":[\"7\"],\"89\":\"<p><strong>Living<\\/strong> & <strong>working<\\/strong> abroad like a local.<\\/p>\"}}','2017-06-14 18:50:37','2017-06-14 18:50:37','01b1f109-aa06-4987-b93d-0bbd2db08032'),
	(47,2,1,1,'en',24,'','{\"typeId\":null,\"authorId\":null,\"title\":\"Home\",\"slug\":\"homepage\",\"postDate\":1496677590,\"expiryDate\":null,\"enabled\":1,\"parentId\":null,\"fields\":{\"59\":[\"23\",\"24\",\"4\"],\"35\":[\"9\"],\"65\":[\"4\"],\"66\":[\"13\"],\"60\":[\"13\"],\"12\":\"Wanderbrief City Guides help you plan the perfect remote working trip with information on the best coffee, internet speed, co-working spaces, local adventures and meetups with like-minded nomads across the city.\",\"11\":\"Wanderbrief CityGuides \\u2014 Curated by local nomads.\",\"39\":\"\",\"82\":[\"7\"],\"89\":\"<p><strong>Living<\\/strong> & <strong>working<\\/strong> abroad like a local.<\\/p>\"}}','2017-06-14 18:50:44','2017-06-14 18:50:44','7ee80442-19d0-43da-be88-b321d3301f24'),
	(48,23,4,1,'en',3,'','{\"typeId\":\"4\",\"authorId\":\"1\",\"title\":\"Tokyo\",\"slug\":\"tokyo\",\"postDate\":1497466140,\"expiryDate\":null,\"enabled\":1,\"parentId\":null,\"fields\":{\"20\":\"\",\"73\":\"\",\"71\":\"\",\"62\":[\"8\"],\"38\":\"\",\"8\":\"\",\"6\":\"\",\"15\":\"medium\",\"14\":\"\",\"12\":\"\",\"11\":\"\",\"10\":\"\",\"18\":\"1\",\"17\":\"medium\",\"64\":\"0\",\"29\":\"\",\"30\":\"\",\"24\":\"\",\"25\":\"\",\"32\":\"\",\"31\":\"\",\"23\":\"\",\"21\":\"\",\"27\":\"\",\"33\":\"\",\"28\":\"\",\"26\":\"\",\"22\":\"\",\"37\":\"\",\"77\":\"\",\"76\":{\"date\":\"\",\"time\":\"\"},\"78\":\"\",\"72\":\"\",\"75\":{\"date\":\"\",\"time\":\"\"},\"74\":\"\",\"16\":\"medium\",\"4\":\"<p>Lorem ipsum dolor sit amet...<\\/p>\",\"42\":\"\",\"19\":\"\",\"36\":[{\"col1\":\"\",\"col2\":\"\",\"col3\":\"\"}],\"7\":\"\"}}','2017-06-14 18:57:08','2017-06-14 18:57:08','b183bb47-9ac6-4b78-8099-6c9527b7baf0'),
	(49,24,4,1,'en',2,'','{\"typeId\":\"4\",\"authorId\":\"1\",\"title\":\"Sydney\",\"slug\":\"sydney\",\"postDate\":1497466200,\"expiryDate\":null,\"enabled\":1,\"parentId\":null,\"fields\":{\"20\":\"\",\"73\":\"\",\"71\":\"\",\"62\":[\"10\"],\"38\":\"\",\"90\":\"Australia\",\"8\":\"\",\"6\":\"\",\"15\":\"medium\",\"14\":\"\",\"12\":\"\",\"11\":\"\",\"10\":\"\",\"18\":\"1\",\"17\":\"medium\",\"64\":\"0\",\"29\":\"\",\"30\":\"\",\"24\":\"\",\"25\":\"\",\"32\":\"\",\"31\":\"\",\"23\":\"\",\"21\":\"\",\"27\":\"\",\"33\":\"\",\"28\":\"\",\"26\":\"\",\"22\":\"\",\"37\":\"\",\"77\":\"\",\"76\":{\"date\":\"\",\"time\":\"\"},\"78\":\"\",\"72\":\"\",\"75\":{\"date\":\"\",\"time\":\"\"},\"74\":\"\",\"16\":\"medium\",\"4\":\"<p>Lorem ipsum dolor sit amet...<\\/p>\",\"42\":\"\",\"19\":\"\",\"36\":[{\"col1\":\"\",\"col2\":\"\",\"col3\":\"\"}],\"7\":\"\"}}','2017-06-14 18:59:45','2017-06-14 18:59:45','8374e3e2-d01d-4a24-9ab5-47317cb3f7df'),
	(50,23,4,1,'en',4,'','{\"typeId\":\"4\",\"authorId\":\"1\",\"title\":\"Tokyo\",\"slug\":\"tokyo\",\"postDate\":1497466140,\"expiryDate\":null,\"enabled\":1,\"parentId\":null,\"fields\":{\"20\":\"\",\"73\":\"\",\"71\":\"\",\"62\":[\"8\"],\"38\":\"\",\"90\":\"Asia\",\"8\":\"\",\"6\":\"\",\"15\":\"medium\",\"14\":\"\",\"12\":\"\",\"11\":\"\",\"10\":\"\",\"18\":\"1\",\"17\":\"medium\",\"64\":\"0\",\"29\":\"\",\"30\":\"\",\"24\":\"\",\"25\":\"\",\"32\":\"\",\"31\":\"\",\"23\":\"\",\"21\":\"\",\"27\":\"\",\"33\":\"\",\"28\":\"\",\"26\":\"\",\"22\":\"\",\"37\":\"\",\"77\":\"\",\"76\":{\"date\":\"\",\"time\":\"\"},\"78\":\"\",\"72\":\"\",\"75\":{\"date\":\"\",\"time\":\"\"},\"74\":\"\",\"16\":\"medium\",\"4\":\"<p>Lorem ipsum dolor sit amet...<\\/p>\",\"42\":\"\",\"19\":\"\",\"36\":[{\"col1\":\"\",\"col2\":\"\",\"col3\":\"\"}],\"7\":\"\"}}','2017-06-14 18:59:52','2017-06-14 18:59:52','010017c1-c920-4589-a55c-acff5d1a130f'),
	(51,4,4,1,'en',13,'','{\"typeId\":\"4\",\"authorId\":\"1\",\"title\":\"Amsterdam\",\"slug\":\"amsterdam\",\"postDate\":1496691060,\"expiryDate\":null,\"enabled\":1,\"parentId\":null,\"fields\":{\"20\":\"\",\"73\":\"\",\"71\":\"iamsterdam\",\"62\":[\"10\"],\"38\":\"\",\"90\":\"Aurope\",\"8\":\"\",\"6\":\"\",\"15\":\"high\",\"14\":\"\",\"12\":\"\",\"11\":\"\",\"10\":[\"5\"],\"18\":\"1\",\"17\":\"low\",\"64\":\"0\",\"29\":\"\",\"30\":\"\",\"24\":\"\",\"25\":\"\",\"32\":\"\",\"31\":\"\",\"23\":\"\",\"21\":\"\",\"27\":\"\",\"33\":\"\",\"28\":\"\",\"26\":\"\",\"22\":\"\",\"37\":\"\",\"77\":\"1\",\"76\":{\"date\":\"6\\/16\\/2017\",\"time\":\"2:00 AM\"},\"78\":\"\",\"72\":\"http:\\/\\/www.iamsterdam.com\\/fr\\/visiter\",\"75\":{\"date\":\"6\\/4\\/2017\",\"time\":\"2:00 AM\"},\"74\":\"\",\"16\":\"medium\",\"4\":\"<p>With world-class museums, quirky festivals, theatre, live music, laid-back bars and delightful restaurants, there\'s never a shortage of things to do in Amsterdam!<\\/p>\",\"42\":\"\",\"19\":\"\",\"36\":[{\"col1\":\"\",\"col2\":\"\",\"col3\":\"\"}],\"7\":\"\"}}','2017-06-14 18:59:59','2017-06-14 18:59:59','0c2e5a7d-7857-4965-98e8-5b13cd25bc0b'),
	(52,4,4,1,'en',14,'','{\"typeId\":\"4\",\"authorId\":\"1\",\"title\":\"Amsterdam\",\"slug\":\"amsterdam\",\"postDate\":1496691060,\"expiryDate\":null,\"enabled\":1,\"parentId\":null,\"fields\":{\"20\":\"\",\"73\":\"\",\"71\":\"iamsterdam\",\"62\":[\"10\"],\"38\":\"\",\"90\":\"Europe\",\"8\":\"\",\"6\":\"\",\"15\":\"high\",\"14\":\"\",\"12\":\"\",\"11\":\"\",\"10\":[\"5\"],\"18\":\"1\",\"17\":\"low\",\"64\":\"0\",\"29\":\"\",\"30\":\"\",\"24\":\"\",\"25\":\"\",\"32\":\"\",\"31\":\"\",\"23\":\"\",\"21\":\"\",\"27\":\"\",\"33\":\"\",\"28\":\"\",\"26\":\"\",\"22\":\"\",\"37\":\"\",\"77\":\"1\",\"76\":{\"date\":\"6\\/16\\/2017\",\"time\":\"2:00 AM\"},\"78\":\"\",\"72\":\"http:\\/\\/www.iamsterdam.com\\/fr\\/visiter\",\"75\":{\"date\":\"6\\/4\\/2017\",\"time\":\"2:00 AM\"},\"74\":\"\",\"16\":\"medium\",\"4\":\"<p>With world-class museums, quirky festivals, theatre, live music, laid-back bars and delightful restaurants, there\'s never a shortage of things to do in Amsterdam!<\\/p>\",\"42\":\"\",\"19\":\"\",\"36\":[{\"col1\":\"\",\"col2\":\"\",\"col3\":\"\"}],\"7\":\"\"}}','2017-06-14 19:10:49','2017-06-14 19:10:49','3b916875-4985-4422-997e-c0d11b0c1350'),
	(53,4,4,1,'en',15,'','{\"typeId\":\"4\",\"authorId\":\"1\",\"title\":\"Amsterdam\",\"slug\":\"amsterdam\",\"postDate\":1496691060,\"expiryDate\":null,\"enabled\":1,\"parentId\":null,\"fields\":{\"20\":\"\",\"73\":[\"26\"],\"71\":\"iamsterdam\",\"62\":[\"10\"],\"38\":\"\",\"90\":\"Europe\",\"8\":\"\",\"6\":\"\",\"15\":\"high\",\"14\":\"\",\"12\":\"\",\"11\":\"\",\"10\":[\"5\"],\"18\":\"1\",\"17\":\"low\",\"64\":\"0\",\"29\":\"\",\"30\":\"\",\"24\":\"\",\"25\":\"\",\"32\":\"\",\"31\":\"\",\"23\":\"\",\"21\":\"\",\"27\":\"\",\"33\":\"\",\"28\":\"\",\"26\":\"\",\"22\":\"\",\"37\":\"\",\"77\":\"1\",\"76\":{\"date\":\"6\\/16\\/2017\",\"time\":\"2:00 AM\"},\"78\":\"\",\"72\":\"http:\\/\\/www.iamsterdam.com\\/fr\\/visiter\",\"75\":{\"date\":\"6\\/4\\/2017\",\"time\":\"2:00 AM\"},\"74\":\"\",\"16\":\"medium\",\"4\":\"<p>With world-class museums, quirky festivals, theatre, live music, laid-back bars and delightful restaurants, there\'s never a shortage of things to do in Amsterdam!<\\/p>\",\"42\":\"\",\"19\":\"\",\"36\":[{\"col1\":\"\",\"col2\":\"\",\"col3\":\"\"}],\"7\":\"\"}}','2017-06-14 19:27:17','2017-06-14 19:27:17','085d847a-8f46-442b-9d08-7473159706ef'),
	(54,28,7,1,'en',1,'','{\"typeId\":null,\"authorId\":\"1\",\"title\":\"Caf\\u00e9 Parvis\",\"slug\":\"caf\\u00e9-parvis\",\"postDate\":1497470534,\"expiryDate\":null,\"enabled\":1,\"parentId\":null,\"fields\":{\"73\":\"\",\"71\":\"\",\"34\":\"\",\"52\":\"\",\"53\":\"\",\"12\":\"\",\"11\":\"\",\"49\":[\"5\"],\"39\":\"\",\"56\":[{\"col1\":\"\",\"col2\":\"\",\"col3\":\"\",\"col4\":\"\",\"col5\":\"\",\"col6\":\"\",\"col7\":\"\"}],\"54\":\"\",\"61\":[\"27\"],\"50\":\"fastFood\",\"77\":\"\",\"76\":{\"date\":\"\",\"time\":\"\"},\"78\":\"\",\"72\":\"\",\"75\":{\"date\":\"\",\"time\":\"\"},\"74\":\"\",\"57\":\"0\",\"4\":\"\",\"47\":\"\",\"58\":\"\",\"36\":[{\"col1\":\"\",\"col2\":\"\",\"col3\":\"\"}],\"48\":\"hipster\",\"55\":\"\"}}','2017-06-14 20:02:14','2017-06-14 20:02:14','aebf21ae-66da-4b90-b120-b8a60760517a'),
	(55,2,1,1,'en',25,'','{\"typeId\":null,\"authorId\":null,\"title\":\"Home\",\"slug\":\"homepage\",\"postDate\":1496677590,\"expiryDate\":null,\"enabled\":1,\"parentId\":null,\"fields\":{\"59\":[\"23\",\"24\",\"4\"],\"35\":[\"9\"],\"65\":[\"4\"],\"66\":[\"13\"],\"60\":[\"13\"],\"12\":\"Wanderbrief City Guides help you plan the perfect remote working trip with information on the best coffee, internet speed, co-working spaces, local adventures and meetups with like-minded nomads across the city.\",\"11\":\"Wanderbrief CityGuides \\u2014 Curated by local nomads.\",\"39\":\"\",\"82\":[\"7\",\"28\"],\"89\":\"<p><strong>Living<\\/strong> & <strong>working<\\/strong> abroad like a local.<\\/p>\"}}','2017-06-14 20:02:35','2017-06-14 20:02:35','b61b3898-e8ee-4f9e-9bb9-ee1702cf28f0'),
	(56,28,7,1,'en',2,'','{\"typeId\":\"7\",\"authorId\":\"1\",\"title\":\"Caf\\u00e9 Parvis\",\"slug\":\"caf\\u00e9-parvis\",\"postDate\":1497470520,\"expiryDate\":null,\"enabled\":1,\"parentId\":null,\"fields\":{\"73\":\"\",\"71\":\"\",\"34\":\"\",\"52\":\"\",\"53\":\"\",\"12\":\"\",\"11\":\"\",\"49\":[\"5\"],\"39\":\"\",\"56\":[{\"col1\":\"\",\"col2\":\"\",\"col3\":\"\",\"col4\":\"\",\"col5\":\"\",\"col6\":\"\",\"col7\":\"\"}],\"54\":\"\",\"61\":\"\",\"50\":\"fastFood\",\"77\":\"\",\"76\":{\"date\":\"\",\"time\":\"\"},\"78\":\"\",\"72\":\"\",\"75\":{\"date\":\"\",\"time\":\"\"},\"74\":\"\",\"57\":\"0\",\"4\":\"\",\"47\":\"\",\"58\":\"\",\"36\":[{\"col1\":\"\",\"col2\":\"\",\"col3\":\"\"}],\"48\":\"hipster\",\"55\":\"\"}}','2017-06-14 20:04:44','2017-06-14 20:04:44','d9c1cf1c-2b4e-4116-825c-452d615c0a7a'),
	(57,28,7,1,'en',3,'','{\"typeId\":\"7\",\"authorId\":\"1\",\"title\":\"Caf\\u00e9 Parvis\",\"slug\":\"caf\\u00e9-parvis\",\"postDate\":1497470520,\"expiryDate\":null,\"enabled\":1,\"parentId\":null,\"fields\":{\"73\":\"\",\"71\":\"\",\"34\":\"\",\"52\":\"\",\"53\":\"\",\"12\":\"\",\"11\":\"\",\"49\":[\"5\"],\"39\":\"\",\"56\":[{\"col1\":\"\",\"col2\":\"\",\"col3\":\"\",\"col4\":\"\",\"col5\":\"\",\"col6\":\"\",\"col7\":\"\"}],\"54\":\"\",\"61\":[\"27\"],\"50\":\"fastFood\",\"77\":\"\",\"76\":{\"date\":\"\",\"time\":\"\"},\"78\":\"\",\"72\":\"\",\"75\":{\"date\":\"\",\"time\":\"\"},\"74\":\"\",\"57\":\"0\",\"4\":\"\",\"47\":\"\",\"58\":\"\",\"36\":[{\"col1\":\"\",\"col2\":\"\",\"col3\":\"\"}],\"48\":\"hipster\",\"55\":\"\"}}','2017-06-14 20:04:53','2017-06-14 20:04:53','4a956aa3-0425-49fe-90a8-b8db60805832'),
	(58,30,8,1,'en',1,'','{\"typeId\":null,\"authorId\":\"1\",\"title\":\"Le Tableau Blanc\",\"slug\":\"le-tableau-blanc\",\"postDate\":1497470790,\"expiryDate\":null,\"enabled\":1,\"parentId\":null,\"fields\":{\"73\":\"\",\"71\":\"\",\"34\":\"\",\"52\":\"\",\"53\":\"\",\"14\":\"\",\"12\":\"\",\"11\":\"\",\"49\":[\"5\"],\"39\":\"\",\"56\":[{\"col1\":\"\",\"col2\":\"\",\"col3\":\"\",\"col4\":\"\",\"col5\":\"\",\"col6\":\"\",\"col7\":\"\"}],\"54\":\"\",\"61\":[\"29\"],\"50\":\"fastFood\",\"77\":\"\",\"76\":{\"date\":\"\",\"time\":\"\"},\"78\":\"\",\"72\":\"\",\"75\":{\"date\":\"\",\"time\":\"\"},\"74\":\"\",\"57\":\"0\",\"4\":\"<p>Lorem ipsum...<\\/p>\",\"47\":\"\",\"58\":\"\",\"36\":[{\"col1\":\"\",\"col2\":\"\",\"col3\":\"\"}],\"48\":\"hipster\",\"55\":\"\"}}','2017-06-14 20:06:30','2017-06-14 20:06:30','30a44691-7bd8-49cc-80b7-43785cabc12f'),
	(59,2,1,1,'en',26,'','{\"typeId\":null,\"authorId\":null,\"title\":\"Home\",\"slug\":\"homepage\",\"postDate\":1496677590,\"expiryDate\":null,\"enabled\":1,\"parentId\":null,\"fields\":{\"59\":[\"23\",\"24\",\"4\"],\"35\":[\"9\"],\"65\":[\"4\"],\"66\":[\"13\"],\"60\":[\"13\"],\"12\":\"Wanderbrief City Guides help you plan the perfect remote working trip with information on the best coffee, internet speed, co-working spaces, local adventures and meetups with like-minded nomads across the city.\",\"11\":\"Wanderbrief CityGuides \\u2014 Curated by local nomads.\",\"39\":\"\",\"82\":[\"7\",\"28\",\"30\"],\"89\":\"<p><strong>Living<\\/strong> & <strong>working<\\/strong> abroad like a local.<\\/p>\"}}','2017-06-14 20:06:42','2017-06-14 20:06:42','3a95d2e5-c895-4de9-93c7-ee3b7dca301c'),
	(60,7,6,1,'en',4,'','{\"typeId\":\"6\",\"authorId\":\"1\",\"title\":\"Starbucks\",\"slug\":\"starbucks\",\"postDate\":1496934060,\"expiryDate\":null,\"enabled\":1,\"parentId\":null,\"fields\":{\"73\":\"\",\"71\":\"Starbucks\",\"34\":\"\",\"52\":\"\",\"53\":\"\",\"12\":\"\",\"11\":\"\",\"49\":\"\",\"39\":\"\",\"56\":[{\"col1\":\"\",\"col2\":\"\",\"col3\":\"\",\"col4\":\"\",\"col5\":\"\",\"col6\":\"\",\"col7\":\"\"}],\"54\":\"\",\"61\":[\"12\"],\"50\":\"fastFood\",\"77\":\"1\",\"76\":{\"date\":\"6\\/12\\/2017\",\"time\":\"9:00 AM\"},\"78\":\"\",\"72\":\"\",\"75\":{\"date\":\"6\\/5\\/2017\",\"time\":\"9:00 AM\"},\"74\":\"\",\"57\":\"0\",\"4\":\"\",\"47\":\"\",\"58\":\"\",\"36\":[{\"col1\":\"\",\"col2\":\"\",\"col3\":\"\"}],\"51\":\"\",\"48\":\"hipster\",\"55\":\"\"}}','2017-06-14 20:40:16','2017-06-14 20:40:16','dc3db704-b37f-4113-b9d2-e8d25204df86'),
	(61,7,6,1,'en',5,'','{\"typeId\":\"6\",\"authorId\":\"1\",\"title\":\"Starbucks\",\"slug\":\"starbucks\",\"postDate\":1496934060,\"expiryDate\":null,\"enabled\":1,\"parentId\":null,\"fields\":{\"73\":\"\",\"71\":\"Starbucks\",\"34\":\"\",\"52\":\"\",\"53\":\"\",\"12\":\"\",\"11\":\"\",\"49\":\"\",\"39\":\"\",\"56\":[{\"col1\":\"\",\"col2\":\"\",\"col3\":\"\",\"col4\":\"\",\"col5\":\"\",\"col6\":\"\",\"col7\":\"\"}],\"54\":\"\",\"61\":[\"12\"],\"50\":\"Fast Food\",\"77\":\"1\",\"76\":{\"date\":\"6\\/12\\/2017\",\"time\":\"9:00 AM\"},\"78\":\"\",\"72\":\"\",\"75\":{\"date\":\"6\\/5\\/2017\",\"time\":\"9:00 AM\"},\"74\":\"\",\"57\":\"0\",\"4\":\"\",\"47\":\"\",\"58\":\"\",\"36\":[{\"col1\":\"\",\"col2\":\"\",\"col3\":\"\"}],\"51\":\"\",\"48\":\"hipster\",\"55\":\"\"}}','2017-06-14 21:00:45','2017-06-14 21:00:45','8ab7359e-1b7d-489f-9af3-171a684695e5'),
	(62,28,7,1,'en',4,'','{\"typeId\":\"7\",\"authorId\":\"1\",\"title\":\"Caf\\u00e9 Parvis\",\"slug\":\"caf\\u00e9-parvis\",\"postDate\":1497470520,\"expiryDate\":null,\"enabled\":1,\"parentId\":null,\"fields\":{\"73\":\"\",\"71\":\"\",\"34\":\"\",\"52\":\"\",\"53\":\"\",\"12\":\"\",\"11\":\"\",\"49\":[\"5\"],\"39\":\"\",\"56\":[{\"col1\":\"\",\"col2\":\"\",\"col3\":\"\",\"col4\":\"\",\"col5\":\"\",\"col6\":\"\",\"col7\":\"\"}],\"54\":\"\",\"61\":[\"27\"],\"50\":\"Pub\",\"77\":\"\",\"76\":{\"date\":\"\",\"time\":\"\"},\"78\":\"\",\"72\":\"\",\"75\":{\"date\":\"\",\"time\":\"\"},\"74\":\"\",\"57\":\"0\",\"4\":\"\",\"47\":\"\",\"58\":\"\",\"36\":[{\"col1\":\"\",\"col2\":\"\",\"col3\":\"\"}],\"48\":\"hipster\",\"55\":\"\"}}','2017-06-14 21:01:00','2017-06-14 21:01:00','96b2da0f-822d-4559-9850-b3a952e8dade'),
	(63,28,7,1,'en',5,'','{\"typeId\":\"7\",\"authorId\":\"1\",\"title\":\"Caf\\u00e9 Parvis\",\"slug\":\"caf\\u00e9-parvis\",\"postDate\":1497470520,\"expiryDate\":null,\"enabled\":1,\"parentId\":null,\"fields\":{\"73\":\"\",\"71\":\"\",\"34\":\"\",\"52\":\"\",\"53\":\"\",\"12\":\"\",\"11\":\"\",\"49\":[\"5\"],\"39\":\"\",\"56\":[{\"col1\":\"\",\"col2\":\"\",\"col3\":\"\",\"col4\":\"\",\"col5\":\"\",\"col6\":\"\",\"col7\":\"\"}],\"54\":\"\",\"61\":[\"27\"],\"50\":\"Pub\",\"77\":\"\",\"76\":{\"date\":\"\",\"time\":\"\"},\"78\":\"\",\"72\":\"\",\"75\":{\"date\":\"\",\"time\":\"\"},\"74\":\"\",\"57\":\"0\",\"4\":\"\",\"47\":\"\",\"58\":\"\",\"36\":[{\"col1\":\"\",\"col2\":\"\",\"col3\":\"\"}],\"48\":\"hipster\",\"55\":\"\"}}','2017-06-14 21:01:00','2017-06-14 21:01:00','8916a87b-e7cb-46ef-b9ed-9287eef33158'),
	(64,30,8,1,'en',2,'','{\"typeId\":\"8\",\"authorId\":\"1\",\"title\":\"Le Tableau Blanc\",\"slug\":\"le-tableau-blanc\",\"postDate\":1497470760,\"expiryDate\":null,\"enabled\":1,\"parentId\":null,\"fields\":{\"73\":\"\",\"71\":\"\",\"34\":\"\",\"52\":\"\",\"53\":\"\",\"14\":\"\",\"12\":\"\",\"11\":\"\",\"49\":[\"5\"],\"39\":\"\",\"56\":[{\"col1\":\"\",\"col2\":\"\",\"col3\":\"\",\"col4\":\"\",\"col5\":\"\",\"col6\":\"\",\"col7\":\"\"}],\"54\":\"\",\"61\":[\"29\"],\"50\":\"Caterer\",\"77\":\"\",\"76\":{\"date\":\"\",\"time\":\"\"},\"78\":\"\",\"72\":\"\",\"75\":{\"date\":\"\",\"time\":\"\"},\"74\":\"\",\"57\":\"0\",\"4\":\"<p>Lorem ipsum...<\\/p>\",\"47\":\"\",\"58\":\"\",\"36\":[{\"col1\":\"\",\"col2\":\"\",\"col3\":\"\"}],\"48\":\"hipster\",\"55\":\"\"}}','2017-06-14 21:01:10','2017-06-14 21:01:10','74faf050-a149-46bb-8d4f-baab53acb264'),
	(65,4,4,1,'en',16,'','{\"typeId\":\"4\",\"authorId\":\"1\",\"title\":\"Amsterdam\",\"slug\":\"amsterdam\",\"postDate\":1496691060,\"expiryDate\":null,\"enabled\":1,\"parentId\":null,\"fields\":{\"20\":\"\",\"73\":[\"26\"],\"71\":\"iamsterdam\",\"62\":[\"10\"],\"38\":\"\",\"90\":\"Europe\",\"8\":\"\",\"6\":\"\",\"15\":\"high\",\"14\":\"\",\"12\":\"\",\"11\":\"\",\"10\":[\"5\"],\"18\":\"1\",\"17\":\"low\",\"64\":\"0\",\"29\":\"\",\"30\":\"\",\"24\":\"\",\"25\":\"\",\"32\":\"\",\"31\":\"\",\"23\":\"\",\"21\":\"\",\"27\":\"\",\"33\":\"\",\"28\":\"\",\"26\":\"\",\"22\":\"\",\"37\":\"With world-class museums, quirky festivals, theatre, live music, laid-back bars and delightful restaurants, there\'s never a shortage of things to do in Amsterdam!\",\"77\":\"1\",\"76\":{\"date\":\"6\\/16\\/2017\",\"time\":\"2:00 AM\"},\"78\":\"\",\"72\":\"http:\\/\\/www.iamsterdam.com\\/fr\\/visiter\",\"75\":{\"date\":\"6\\/4\\/2017\",\"time\":\"2:00 AM\"},\"74\":\"\",\"16\":\"medium\",\"4\":\"<p>With world-class museums, quirky festivals, theatre, live music, laid-back bars and delightful restaurants, there\'s never a shortage of things to do in Amsterdam!<\\/p>\",\"42\":\"\",\"19\":\"\",\"36\":[{\"col1\":\"\",\"col2\":\"\",\"col3\":\"\"}],\"7\":\"\"}}','2017-06-14 22:09:45','2017-06-14 22:09:45','274ab4c9-0210-4c66-b8c3-9fcc09d922ca'),
	(66,4,4,1,'en',17,'','{\"typeId\":\"4\",\"authorId\":\"1\",\"title\":\"Amsterdam\",\"slug\":\"amsterdam\",\"postDate\":1496691060,\"expiryDate\":null,\"enabled\":1,\"parentId\":null,\"fields\":{\"20\":\"\",\"73\":[\"26\"],\"71\":\"iamsterdam\",\"62\":[\"31\"],\"38\":\"\",\"90\":\"Europe\",\"8\":\"\",\"6\":\"\",\"15\":\"high\",\"14\":\"\",\"12\":\"\",\"11\":\"\",\"10\":[\"5\"],\"18\":\"1\",\"17\":\"low\",\"64\":\"0\",\"29\":\"\",\"30\":\"\",\"24\":\"\",\"25\":\"\",\"32\":\"\",\"31\":\"\",\"23\":\"\",\"21\":\"\",\"27\":\"\",\"33\":\"\",\"28\":\"\",\"26\":\"\",\"22\":\"\",\"37\":\"With world-class museums, quirky festivals, theatre, live music, laid-back bars and delightful restaurants, there\'s never a shortage of things to do in Amsterdam!\",\"77\":\"1\",\"76\":{\"date\":\"6\\/16\\/2017\",\"time\":\"2:00 AM\"},\"78\":\"\",\"72\":\"http:\\/\\/www.iamsterdam.com\\/fr\\/visiter\",\"75\":{\"date\":\"6\\/4\\/2017\",\"time\":\"2:00 AM\"},\"74\":\"\",\"16\":\"medium\",\"4\":\"<p>With world-class museums, quirky festivals, theatre, live music, laid-back bars and delightful restaurants, there\'s never a shortage of things to do in Amsterdam!<\\/p>\",\"42\":\"\",\"19\":\"\",\"36\":[{\"col1\":\"\",\"col2\":\"\",\"col3\":\"\"}],\"7\":\"\"}}','2017-06-14 22:28:34','2017-06-14 22:28:34','77458b5d-3607-4f54-b910-cb230dcaf62d'),
	(67,4,4,1,'en',18,'','{\"typeId\":\"4\",\"authorId\":\"1\",\"title\":\"Amsterdam\",\"slug\":\"amsterdam\",\"postDate\":1496691060,\"expiryDate\":null,\"enabled\":1,\"parentId\":null,\"fields\":{\"20\":\"\",\"73\":[\"26\"],\"71\":\"iamsterdam\",\"62\":[\"32\"],\"38\":\"\",\"90\":\"Europe\",\"8\":\"\",\"6\":\"\",\"15\":\"high\",\"14\":\"\",\"12\":\"\",\"11\":\"\",\"10\":[\"5\"],\"18\":\"1\",\"17\":\"low\",\"64\":\"0\",\"29\":\"\",\"30\":\"\",\"24\":\"\",\"25\":\"\",\"32\":\"\",\"31\":\"\",\"23\":\"\",\"21\":\"\",\"27\":\"\",\"33\":\"\",\"28\":\"\",\"26\":\"\",\"22\":\"\",\"37\":\"With world-class museums, quirky festivals, theatre, live music, laid-back bars and delightful restaurants, there\'s never a shortage of things to do in Amsterdam!\",\"77\":\"1\",\"76\":{\"date\":\"6\\/16\\/2017\",\"time\":\"2:00 AM\"},\"78\":\"\",\"72\":\"http:\\/\\/www.iamsterdam.com\\/fr\\/visiter\",\"75\":{\"date\":\"6\\/4\\/2017\",\"time\":\"2:00 AM\"},\"74\":\"\",\"16\":\"medium\",\"4\":\"<p>With world-class museums, quirky festivals, theatre, live music, laid-back bars and delightful restaurants, there\'s never a shortage of things to do in Amsterdam!<\\/p>\",\"42\":\"\",\"19\":\"\",\"36\":[{\"col1\":\"\",\"col2\":\"\",\"col3\":\"\"}],\"7\":\"\"}}','2017-06-14 22:34:01','2017-06-14 22:34:01','36df4ee8-b40c-401e-8ca8-7b63bbfb6d79'),
	(68,23,4,1,'en',5,'','{\"typeId\":\"4\",\"authorId\":\"1\",\"title\":\"Tokyo\",\"slug\":\"tokyo\",\"postDate\":1497466140,\"expiryDate\":null,\"enabled\":1,\"parentId\":null,\"fields\":{\"20\":\"\",\"73\":\"\",\"71\":\"\",\"62\":[\"34\"],\"38\":\"\",\"90\":\"Asia\",\"8\":\"\",\"6\":\"\",\"15\":\"medium\",\"14\":\"\",\"12\":\"\",\"11\":\"\",\"10\":\"\",\"18\":\"1\",\"17\":\"medium\",\"64\":\"0\",\"29\":\"\",\"30\":\"\",\"24\":\"\",\"25\":\"\",\"32\":\"\",\"31\":\"\",\"23\":\"\",\"21\":\"\",\"27\":\"\",\"33\":\"\",\"28\":\"\",\"26\":\"\",\"22\":\"\",\"37\":\"\",\"77\":\"\",\"76\":{\"date\":\"\",\"time\":\"\"},\"78\":\"\",\"72\":\"\",\"75\":{\"date\":\"\",\"time\":\"\"},\"74\":\"\",\"16\":\"medium\",\"4\":\"<p>Lorem ipsum dolor sit amet...<\\/p>\",\"42\":\"\",\"19\":\"\",\"36\":[{\"col1\":\"\",\"col2\":\"\",\"col3\":\"\"}],\"7\":\"\"}}','2017-06-14 22:39:09','2017-06-14 22:39:09','e0ac03e7-2c7c-40ef-a2e4-ed3b904922c2'),
	(69,2,1,1,'en',27,'','{\"typeId\":null,\"authorId\":null,\"title\":\"Home\",\"slug\":\"homepage\",\"postDate\":1496677590,\"expiryDate\":null,\"enabled\":1,\"parentId\":null,\"fields\":{\"59\":[\"23\",\"24\",\"4\"],\"35\":[\"35\"],\"65\":[\"4\"],\"66\":[\"13\"],\"60\":[\"13\"],\"12\":\"Wanderbrief City Guides help you plan the perfect remote working trip with information on the best coffee, internet speed, co-working spaces, local adventures and meetups with like-minded nomads across the city.\",\"11\":\"Wanderbrief CityGuides \\u2014 Curated by local nomads.\",\"39\":\"\",\"82\":[\"7\",\"28\",\"30\"],\"89\":\"<p><strong>Living<\\/strong> & <strong>working<\\/strong> abroad like a local.<\\/p>\"}}','2017-06-14 22:39:41','2017-06-14 22:39:41','15f177b4-4e1a-4795-98a1-1ada8429bac2'),
	(70,2,1,1,'en',28,'','{\"typeId\":null,\"authorId\":null,\"title\":\"Home\",\"slug\":\"homepage\",\"postDate\":1496677590,\"expiryDate\":null,\"enabled\":1,\"parentId\":null,\"fields\":{\"59\":[\"23\",\"24\",\"4\"],\"35\":[\"17\"],\"65\":[\"4\"],\"66\":[\"13\"],\"60\":[\"13\"],\"12\":\"Wanderbrief City Guides help you plan the perfect remote working trip with information on the best coffee, internet speed, co-working spaces, local adventures and meetups with like-minded nomads across the city.\",\"11\":\"Wanderbrief CityGuides \\u2014 Curated by local nomads.\",\"39\":\"\",\"82\":[\"7\",\"28\",\"30\"],\"89\":\"<p><strong>Living<\\/strong> & <strong>working<\\/strong> abroad like a local.<\\/p>\"}}','2017-06-14 22:39:58','2017-06-14 22:39:58','beff1e8d-3d0d-4dc5-bc58-0e022e32272b'),
	(71,23,4,1,'en',6,'','{\"typeId\":\"4\",\"authorId\":\"1\",\"title\":\"Tokyo\",\"slug\":\"tokyo\",\"postDate\":1497466140,\"expiryDate\":null,\"enabled\":1,\"parentId\":null,\"fields\":{\"20\":\"\",\"73\":\"\",\"71\":\"\",\"62\":[\"36\"],\"38\":\"\",\"90\":\"Asia\",\"8\":\"\",\"6\":\"\",\"15\":\"medium\",\"14\":\"\",\"12\":\"\",\"11\":\"\",\"10\":\"\",\"18\":\"1\",\"17\":\"medium\",\"64\":\"0\",\"29\":\"\",\"30\":\"\",\"24\":\"\",\"25\":\"\",\"32\":\"\",\"31\":\"\",\"23\":\"\",\"21\":\"\",\"27\":\"\",\"33\":\"\",\"28\":\"\",\"26\":\"\",\"22\":\"\",\"37\":\"\",\"77\":\"\",\"76\":{\"date\":\"\",\"time\":\"\"},\"78\":\"\",\"72\":\"\",\"75\":{\"date\":\"\",\"time\":\"\"},\"74\":\"\",\"16\":\"medium\",\"4\":\"<p>Lorem ipsum dolor sit amet...<\\/p>\",\"42\":\"\",\"19\":\"\",\"36\":[{\"col1\":\"\",\"col2\":\"\",\"col3\":\"\"}],\"7\":\"\"}}','2017-06-14 22:42:52','2017-06-14 22:42:52','c1e6f5f1-b0aa-4496-8e99-64358aff69ed'),
	(72,2,1,1,'en',29,'','{\"typeId\":null,\"authorId\":null,\"title\":\"Home\",\"slug\":\"homepage\",\"postDate\":1496677590,\"expiryDate\":null,\"enabled\":1,\"parentId\":null,\"fields\":{\"59\":[\"23\",\"24\",\"4\"],\"35\":[\"17\"],\"65\":[\"23\"],\"66\":[\"13\"],\"60\":[\"13\"],\"12\":\"Wanderbrief City Guides help you plan the perfect remote working trip with information on the best coffee, internet speed, co-working spaces, local adventures and meetups with like-minded nomads across the city.\",\"11\":\"Wanderbrief CityGuides \\u2014 Curated by local nomads.\",\"39\":\"\",\"82\":[\"7\",\"28\",\"30\"],\"89\":\"<p><strong>Living<\\/strong> & <strong>working<\\/strong> abroad like a local.<\\/p>\"}}','2017-06-14 22:43:18','2017-06-14 22:43:18','49e8ee7d-bf2d-4f1c-8159-7d871971ec01'),
	(73,23,4,1,'en',7,'','{\"typeId\":\"4\",\"authorId\":\"1\",\"title\":\"Tokyo\",\"slug\":\"tokyo\",\"postDate\":1497466140,\"expiryDate\":null,\"enabled\":1,\"parentId\":null,\"fields\":{\"20\":\"\",\"73\":[\"37\"],\"71\":\"Uber\",\"62\":[\"36\"],\"38\":\"\",\"90\":\"Asia\",\"8\":\"\",\"6\":\"\",\"15\":\"medium\",\"14\":\"\",\"12\":\"\",\"11\":\"\",\"10\":\"\",\"18\":\"1\",\"17\":\"medium\",\"64\":\"0\",\"29\":\"\",\"30\":\"\",\"24\":\"\",\"25\":\"\",\"32\":\"\",\"31\":\"\",\"23\":\"\",\"21\":\"\",\"27\":\"\",\"33\":\"\",\"28\":\"\",\"26\":\"\",\"22\":\"\",\"37\":\"\",\"77\":\"1\",\"76\":{\"date\":\"\",\"time\":\"\"},\"78\":\"\",\"72\":\"\",\"75\":{\"date\":\"\",\"time\":\"\"},\"74\":\"\",\"16\":\"medium\",\"4\":\"<p>Lorem ipsum dolor sit amet...<\\/p>\",\"42\":\"\",\"19\":\"\",\"36\":[{\"col1\":\"\",\"col2\":\"\",\"col3\":\"\"}],\"7\":\"\"}}','2017-06-14 22:44:35','2017-06-14 22:44:35','5f7f2e85-9789-40ec-b4c3-daa38db74363'),
	(74,23,4,1,'en',8,'','{\"typeId\":\"4\",\"authorId\":\"1\",\"title\":\"Tokyo\",\"slug\":\"tokyo\",\"postDate\":1497466140,\"expiryDate\":null,\"enabled\":1,\"parentId\":null,\"fields\":{\"20\":\"\",\"73\":[\"37\"],\"71\":\"Uber\",\"62\":[\"36\"],\"38\":\"\",\"90\":\"Asia\",\"8\":\"\",\"6\":\"\",\"15\":\"medium\",\"14\":\"\",\"12\":\"\",\"11\":\"\",\"10\":\"\",\"18\":\"1\",\"17\":\"medium\",\"64\":\"0\",\"29\":\"\",\"30\":\"\",\"24\":\"\",\"25\":\"\",\"32\":\"\",\"31\":\"\",\"23\":\"\",\"21\":\"\",\"27\":\"\",\"33\":\"\",\"28\":\"\",\"26\":\"\",\"22\":\"\",\"37\":\"With world-class museums, quirky festivals, theatre, live music, laid-back bars and delightful restaurants, there\'s never a shortage of things to do in Amsterdam!\",\"77\":\"1\",\"76\":{\"date\":\"\",\"time\":\"\"},\"78\":\"\",\"72\":\"\",\"75\":{\"date\":\"\",\"time\":\"\"},\"74\":\"\",\"16\":\"medium\",\"4\":\"<p>Lorem ipsum dolor sit amet...<\\/p>\",\"42\":\"\",\"19\":\"\",\"36\":[{\"col1\":\"\",\"col2\":\"\",\"col3\":\"\"}],\"7\":\"\"}}','2017-06-14 22:45:56','2017-06-14 22:45:56','7619fd10-a6b6-4c1d-bd8f-e4b5e0300735'),
	(75,24,4,1,'en',3,'','{\"typeId\":\"4\",\"authorId\":\"1\",\"title\":\"Sydney\",\"slug\":\"sydney\",\"postDate\":1497466200,\"expiryDate\":null,\"enabled\":1,\"parentId\":null,\"fields\":{\"20\":\"\",\"73\":\"\",\"71\":\"\",\"62\":[\"38\"],\"38\":\"\",\"90\":\"Australia\",\"8\":\"\",\"6\":\"\",\"15\":\"medium\",\"14\":\"\",\"12\":\"\",\"11\":\"\",\"10\":\"\",\"18\":\"1\",\"17\":\"medium\",\"64\":\"0\",\"29\":\"\",\"30\":\"\",\"24\":\"\",\"25\":\"\",\"32\":\"\",\"31\":\"\",\"23\":\"\",\"21\":\"\",\"27\":\"\",\"33\":\"\",\"28\":\"\",\"26\":\"\",\"22\":\"\",\"37\":\"\",\"77\":\"\",\"76\":{\"date\":\"\",\"time\":\"\"},\"78\":\"\",\"72\":\"\",\"75\":{\"date\":\"\",\"time\":\"\"},\"74\":\"\",\"16\":\"medium\",\"4\":\"<p>Lorem ipsum dolor sit amet...<\\/p>\",\"42\":\"\",\"19\":\"\",\"36\":[{\"col1\":\"\",\"col2\":\"\",\"col3\":\"\"}],\"7\":\"\"}}','2017-06-14 22:50:03','2017-06-14 22:50:03','1df75201-4cf0-43a5-8f69-6f1403925283'),
	(76,2,1,1,'en',30,'','{\"typeId\":null,\"authorId\":null,\"title\":\"Home\",\"slug\":\"homepage\",\"postDate\":1496677590,\"expiryDate\":null,\"enabled\":1,\"parentId\":null,\"fields\":{\"59\":[\"23\",\"24\",\"4\"],\"35\":[\"17\"],\"65\":[\"24\"],\"66\":[\"13\"],\"60\":[\"13\"],\"12\":\"Wanderbrief City Guides help you plan the perfect remote working trip with information on the best coffee, internet speed, co-working spaces, local adventures and meetups with like-minded nomads across the city.\",\"11\":\"Wanderbrief CityGuides \\u2014 Curated by local nomads.\",\"39\":\"\",\"82\":[\"7\",\"28\",\"30\"],\"89\":\"<p><strong>Living<\\/strong> & <strong>working<\\/strong> abroad like a local.<\\/p>\"}}','2017-06-14 22:50:34','2017-06-14 22:50:34','80fca482-bd22-424e-900d-6da62e9aee68'),
	(77,24,4,1,'en',4,'','{\"typeId\":\"4\",\"authorId\":\"1\",\"title\":\"Sydney\",\"slug\":\"sydney\",\"postDate\":1497466200,\"expiryDate\":null,\"enabled\":1,\"parentId\":null,\"fields\":{\"20\":\"\",\"73\":\"\",\"71\":\"\",\"62\":[\"39\"],\"38\":\"\",\"90\":\"Australia\",\"8\":\"\",\"6\":\"\",\"15\":\"medium\",\"14\":\"\",\"12\":\"\",\"11\":\"\",\"10\":\"\",\"18\":\"1\",\"17\":\"medium\",\"64\":\"0\",\"29\":\"\",\"30\":\"\",\"24\":\"\",\"25\":\"\",\"32\":\"\",\"31\":\"\",\"23\":\"\",\"21\":\"\",\"27\":\"\",\"33\":\"\",\"28\":\"\",\"26\":\"\",\"22\":\"\",\"37\":\"\",\"77\":\"\",\"76\":{\"date\":\"\",\"time\":\"\"},\"78\":\"\",\"72\":\"\",\"75\":{\"date\":\"\",\"time\":\"\"},\"74\":\"\",\"16\":\"medium\",\"4\":\"<p>Lorem ipsum dolor sit amet...<\\/p>\",\"42\":\"\",\"19\":\"\",\"36\":[{\"col1\":\"\",\"col2\":\"\",\"col3\":\"\"}],\"7\":\"\"}}','2017-06-14 22:55:55','2017-06-14 22:55:55','f36dd4f0-f9d7-4973-a890-7aabb6c64578'),
	(78,24,4,1,'en',5,'','{\"typeId\":\"4\",\"authorId\":\"1\",\"title\":\"Sydney\",\"slug\":\"sydney\",\"postDate\":1497466200,\"expiryDate\":null,\"enabled\":1,\"parentId\":null,\"fields\":{\"20\":\"\",\"73\":\"\",\"71\":\"\",\"62\":[\"39\"],\"38\":\"\",\"90\":\"Australia\",\"8\":\"\",\"6\":\"\",\"15\":\"medium\",\"14\":\"\",\"12\":\"\",\"11\":\"\",\"10\":\"\",\"18\":\"1\",\"17\":\"medium\",\"64\":\"0\",\"29\":\"\",\"30\":\"\",\"24\":\"\",\"25\":\"\",\"32\":\"\",\"31\":\"\",\"23\":\"\",\"21\":\"\",\"27\":\"\",\"33\":\"\",\"28\":\"\",\"26\":\"\",\"22\":\"\",\"37\":\"With world-class museums, quirky festivals, theatre, live music, laid-back bars and delightful restaurants, there\'s never a shortage of things to do in Amsterdam!\",\"77\":\"\",\"76\":{\"date\":\"\",\"time\":\"\"},\"78\":\"\",\"72\":\"\",\"75\":{\"date\":\"\",\"time\":\"\"},\"74\":\"\",\"16\":\"medium\",\"4\":\"<p>Lorem ipsum dolor sit amet...<\\/p>\",\"42\":\"\",\"19\":\"\",\"36\":[{\"col1\":\"\",\"col2\":\"\",\"col3\":\"\"}],\"7\":\"\"}}','2017-06-14 22:56:26','2017-06-14 22:56:26','c611c6f6-3ec0-413f-8b24-6a68ee96af61'),
	(79,4,4,1,'en',19,'','{\"typeId\":\"4\",\"authorId\":\"1\",\"title\":\"Amsterdam\",\"slug\":\"amsterdam\",\"postDate\":1496691060,\"expiryDate\":null,\"enabled\":1,\"parentId\":null,\"fields\":{\"20\":\"\",\"73\":[\"26\"],\"71\":\"iamsterdam\",\"62\":[\"32\"],\"38\":\"\",\"90\":\"Europe\",\"8\":\"\",\"6\":\"\",\"15\":\"high\",\"14\":\"\",\"12\":\"\",\"11\":\"\",\"10\":[\"5\"],\"18\":\"1\",\"17\":\"low\",\"64\":\"0\",\"29\":\"\",\"30\":\"\",\"24\":\"\",\"25\":\"\",\"32\":\"\",\"31\":\"\",\"23\":\"\",\"21\":\"\",\"27\":\"\",\"33\":\"\",\"28\":\"\",\"26\":\"\",\"22\":\"\",\"37\":\"\",\"77\":\"1\",\"76\":{\"date\":\"6\\/16\\/2017\",\"time\":\"2:00 AM\"},\"78\":\"\",\"72\":\"http:\\/\\/www.iamsterdam.com\\/fr\\/visiter\",\"75\":{\"date\":\"6\\/4\\/2017\",\"time\":\"2:00 AM\"},\"74\":\"\",\"16\":\"medium\",\"4\":\"<p>With world-class museums, quirky festivals, theatre, live music, laid-back bars and delightful restaurants, there\'s never a shortage of things to do in Amsterdam!<\\/p>\",\"42\":\"\",\"19\":\"\",\"36\":[{\"col1\":\"\",\"col2\":\"\",\"col3\":\"\"}],\"7\":\"\"}}','2017-06-14 22:57:25','2017-06-14 22:57:25','d48a30f3-db78-425d-bfe0-1ec05db8f6f2'),
	(80,2,1,1,'en',31,'','{\"typeId\":null,\"authorId\":null,\"title\":\"Home\",\"slug\":\"homepage\",\"postDate\":1496677590,\"expiryDate\":null,\"enabled\":1,\"parentId\":null,\"fields\":{\"59\":[\"23\",\"24\",\"4\"],\"35\":[\"17\"],\"65\":[\"4\"],\"66\":[\"13\"],\"60\":[\"13\"],\"12\":\"Wanderbrief City Guides help you plan the perfect remote working trip with information on the best coffee, internet speed, co-working spaces, local adventures and meetups with like-minded nomads across the city.\",\"11\":\"Wanderbrief CityGuides \\u2014 Curated by local nomads.\",\"39\":\"\",\"82\":[\"7\",\"28\",\"30\"],\"89\":\"<p><strong>Living<\\/strong> & <strong>working<\\/strong> abroad like a local.<\\/p>\"}}','2017-06-14 22:57:53','2017-06-14 22:57:53','42e4ede5-766f-48b3-867b-60fb49e02222'),
	(81,2,1,1,'en',32,'','{\"typeId\":null,\"authorId\":null,\"title\":\"Home\",\"slug\":\"homepage\",\"postDate\":1496677590,\"expiryDate\":null,\"enabled\":1,\"parentId\":null,\"fields\":{\"59\":[\"23\",\"24\",\"4\"],\"35\":[\"17\"],\"65\":[\"23\"],\"66\":[\"13\"],\"60\":[\"13\"],\"12\":\"Wanderbrief City Guides help you plan the perfect remote working trip with information on the best coffee, internet speed, co-working spaces, local adventures and meetups with like-minded nomads across the city.\",\"11\":\"Wanderbrief CityGuides \\u2014 Curated by local nomads.\",\"39\":\"\",\"82\":[\"7\",\"28\",\"30\"],\"89\":\"<p><strong>Living<\\/strong> & <strong>working<\\/strong> abroad like a local.<\\/p>\"}}','2017-06-14 22:58:11','2017-06-14 22:58:11','f5457a64-9ef0-4dc7-ad84-ed309fc87d7b'),
	(82,4,4,1,'en',20,'','{\"typeId\":\"4\",\"authorId\":\"1\",\"title\":\"Amsterdam\",\"slug\":\"amsterdam\",\"postDate\":1496691060,\"expiryDate\":null,\"enabled\":1,\"parentId\":null,\"fields\":{\"20\":\"\",\"73\":[\"26\"],\"71\":\"iamsterdam\",\"62\":[\"8\"],\"38\":\"\",\"90\":\"Europe\",\"8\":\"\",\"6\":\"\",\"15\":\"high\",\"14\":\"\",\"12\":\"\",\"11\":\"\",\"10\":[\"5\"],\"18\":\"1\",\"17\":\"low\",\"64\":\"0\",\"29\":\"\",\"30\":\"\",\"24\":\"\",\"25\":\"\",\"32\":\"\",\"31\":\"\",\"23\":\"\",\"21\":\"\",\"27\":\"\",\"33\":\"\",\"28\":\"\",\"26\":\"\",\"22\":\"\",\"37\":\"\",\"77\":\"1\",\"76\":{\"date\":\"6\\/16\\/2017\",\"time\":\"2:00 AM\"},\"78\":\"\",\"72\":\"http:\\/\\/www.iamsterdam.com\\/fr\\/visiter\",\"75\":{\"date\":\"6\\/4\\/2017\",\"time\":\"2:00 AM\"},\"74\":\"\",\"16\":\"medium\",\"4\":\"<p>With world-class museums, quirky festivals, theatre, live music, laid-back bars and delightful restaurants, there\'s never a shortage of things to do in Amsterdam!<\\/p>\",\"42\":\"\",\"19\":\"\",\"36\":[{\"col1\":\"\",\"col2\":\"\",\"col3\":\"\"}],\"7\":\"\"}}','2017-06-14 22:59:12','2017-06-14 22:59:12','55d2e68c-7065-4674-b1db-5f646750f7d2'),
	(83,2,1,1,'en',33,'','{\"typeId\":null,\"authorId\":null,\"title\":\"Home\",\"slug\":\"homepage\",\"postDate\":1496677590,\"expiryDate\":null,\"enabled\":1,\"parentId\":null,\"fields\":{\"59\":[\"23\",\"24\",\"4\"],\"35\":[\"40\"],\"65\":[\"23\"],\"66\":[\"13\"],\"60\":[\"13\"],\"12\":\"Wanderbrief City Guides help you plan the perfect remote working trip with information on the best coffee, internet speed, co-working spaces, local adventures and meetups with like-minded nomads across the city.\",\"11\":\"Wanderbrief CityGuides \\u2014 Curated by local nomads.\",\"39\":\"\",\"82\":[\"7\",\"28\",\"30\"],\"89\":\"<p><strong>Living<\\/strong> & <strong>working<\\/strong> abroad like a local.<\\/p>\"}}','2017-06-14 23:00:33','2017-06-14 23:00:33','399c2608-91ff-4c2b-a639-e94fc91bc0ad'),
	(84,2,1,1,'en',34,'','{\"typeId\":null,\"authorId\":null,\"title\":\"Home\",\"slug\":\"homepage\",\"postDate\":1496677590,\"expiryDate\":null,\"enabled\":1,\"parentId\":null,\"fields\":{\"59\":[\"23\",\"24\",\"4\"],\"35\":[\"41\"],\"65\":[\"23\"],\"66\":[\"13\"],\"60\":[\"13\"],\"12\":\"Wanderbrief City Guides help you plan the perfect remote working trip with information on the best coffee, internet speed, co-working spaces, local adventures and meetups with like-minded nomads across the city.\",\"11\":\"Wanderbrief CityGuides \\u2014 Curated by local nomads.\",\"39\":\"\",\"82\":[\"7\",\"28\",\"30\"],\"89\":\"<p><strong>Living<\\/strong> & <strong>working<\\/strong> abroad like a local.<\\/p>\"}}','2017-06-14 23:03:16','2017-06-14 23:03:16','b55b3345-5ed9-4a36-91cb-91b208af6430'),
	(85,43,4,1,'en',1,'','{\"typeId\":null,\"authorId\":\"1\",\"title\":\"Phuket\",\"slug\":\"phuket\",\"postDate\":1497481440,\"expiryDate\":null,\"enabled\":1,\"parentId\":null,\"fields\":{\"20\":\"\",\"73\":\"\",\"71\":\"\",\"62\":[\"42\"],\"38\":\"\",\"90\":\"Asia\",\"8\":\"\",\"6\":\"\",\"15\":\"medium\",\"14\":\"\",\"12\":\"\",\"11\":\"\",\"10\":\"\",\"18\":\"1\",\"17\":\"medium\",\"64\":\"0\",\"29\":\"\",\"30\":\"\",\"24\":\"\",\"25\":\"\",\"32\":\"\",\"31\":\"\",\"23\":\"\",\"21\":\"\",\"27\":\"\",\"33\":\"\",\"28\":\"\",\"26\":\"\",\"22\":\"\",\"37\":\"Lorem ipsum dolor sit amet, consectetur adipiscing elit. Sed pharetra placerat justo, ac porttitor tortor rhoncus sit amet. Donec a ex ac odio consectetur laoreet.\",\"77\":\"\",\"76\":{\"date\":\"\",\"time\":\"\"},\"78\":\"\",\"72\":\"\",\"75\":{\"date\":\"\",\"time\":\"\"},\"74\":\"\",\"16\":\"medium\",\"4\":\"<p>Lorem ipsum dolor sit amet, consectetur adipiscing elit. Sed pharetra placerat justo, ac porttitor tortor rhoncus sit amet. Donec a ex ac odio consectetur laoreet.<\\/p>\",\"42\":\"\",\"19\":\"\",\"36\":[{\"col1\":\"\",\"col2\":\"\",\"col3\":\"\"}],\"7\":\"\"}}','2017-06-14 23:04:26','2017-06-14 23:04:26','cd1c8eab-42f9-494f-a5fa-d73981cae732'),
	(86,2,1,1,'en',35,'','{\"typeId\":null,\"authorId\":null,\"title\":\"Home\",\"slug\":\"homepage\",\"postDate\":1496677590,\"expiryDate\":null,\"enabled\":1,\"parentId\":null,\"fields\":{\"59\":[\"23\",\"24\",\"4\"],\"35\":[\"41\"],\"65\":[\"43\"],\"66\":[\"13\"],\"60\":[\"13\"],\"12\":\"Wanderbrief City Guides help you plan the perfect remote working trip with information on the best coffee, internet speed, co-working spaces, local adventures and meetups with like-minded nomads across the city.\",\"11\":\"Wanderbrief CityGuides \\u2014 Curated by local nomads.\",\"39\":\"\",\"82\":[\"7\",\"28\",\"30\"],\"89\":\"<p><strong>Living<\\/strong> & <strong>working<\\/strong> abroad like a local.<\\/p>\"}}','2017-06-14 23:04:37','2017-06-14 23:04:37','492272ca-74ac-4ff0-bfb5-baa48f708852'),
	(87,4,4,1,'en',21,'','{\"typeId\":\"4\",\"authorId\":\"1\",\"title\":\"Amsterdam\",\"slug\":\"amsterdam\",\"postDate\":1496691060,\"expiryDate\":null,\"enabled\":1,\"parentId\":null,\"fields\":{\"20\":\"\",\"73\":[\"37\"],\"71\":\"Uber\",\"62\":[\"8\"],\"38\":\"\",\"90\":\"Europe\",\"8\":\"\",\"6\":\"\",\"15\":\"high\",\"14\":\"\",\"12\":\"\",\"11\":\"\",\"10\":[\"5\"],\"18\":\"1\",\"17\":\"low\",\"64\":\"0\",\"29\":\"\",\"30\":\"\",\"24\":\"\",\"25\":\"\",\"32\":\"\",\"31\":\"\",\"23\":\"\",\"21\":\"\",\"27\":\"\",\"33\":\"\",\"28\":\"\",\"26\":\"\",\"22\":\"\",\"37\":\"\",\"77\":\"1\",\"76\":{\"date\":\"6\\/16\\/2017\",\"time\":\"2:00 AM\"},\"78\":\"\",\"72\":\"https:\\/\\/uber.com\",\"75\":{\"date\":\"6\\/4\\/2017\",\"time\":\"2:00 AM\"},\"74\":\"\",\"16\":\"medium\",\"4\":\"<p>With world-class museums, quirky festivals, theatre, live music, laid-back bars and delightful restaurants, there\'s never a shortage of things to do in Amsterdam!<\\/p>\",\"42\":\"\",\"19\":\"\",\"36\":[{\"col1\":\"\",\"col2\":\"\",\"col3\":\"\"}],\"7\":\"\"}}','2017-06-14 23:05:25','2017-06-14 23:05:25','1adcb6d5-e3b4-42fe-8282-c656e4bb2803'),
	(88,23,4,1,'en',9,'','{\"typeId\":\"4\",\"authorId\":\"1\",\"title\":\"Tokyo\",\"slug\":\"tokyo\",\"postDate\":1497466140,\"expiryDate\":null,\"enabled\":1,\"parentId\":null,\"fields\":{\"20\":\"\",\"73\":\"\",\"71\":\"\",\"62\":[\"36\"],\"38\":\"\",\"90\":\"Asia\",\"8\":\"\",\"6\":\"\",\"15\":\"medium\",\"14\":\"\",\"12\":\"\",\"11\":\"\",\"10\":\"\",\"18\":\"1\",\"17\":\"medium\",\"64\":\"0\",\"29\":\"\",\"30\":\"\",\"24\":\"\",\"25\":\"\",\"32\":\"\",\"31\":\"\",\"23\":\"\",\"21\":\"\",\"27\":\"\",\"33\":\"\",\"28\":\"\",\"26\":\"\",\"22\":\"\",\"37\":\"With world-class museums, quirky festivals, theatre, live music, laid-back bars and delightful restaurants, there\'s never a shortage of things to do in Amsterdam!\",\"77\":\"\",\"76\":{\"date\":\"\",\"time\":\"\"},\"78\":\"\",\"72\":\"\",\"75\":{\"date\":\"\",\"time\":\"\"},\"74\":\"\",\"16\":\"medium\",\"4\":\"<p>Lorem ipsum dolor sit amet...<\\/p>\",\"42\":\"\",\"19\":\"\",\"36\":[{\"col1\":\"\",\"col2\":\"\",\"col3\":\"\"}],\"7\":\"\"}}','2017-06-14 23:05:37','2017-06-14 23:05:37','2de18fc5-729d-451d-922b-a1b09eed2e63'),
	(89,43,4,1,'en',2,'','{\"typeId\":\"4\",\"authorId\":\"1\",\"title\":\"Phuket\",\"slug\":\"phuket\",\"postDate\":1497481440,\"expiryDate\":null,\"enabled\":1,\"parentId\":null,\"fields\":{\"20\":\"\",\"73\":[\"37\"],\"71\":\"Uber\",\"62\":[\"42\"],\"38\":\"\",\"90\":\"Asia\",\"8\":\"\",\"6\":\"\",\"15\":\"medium\",\"14\":\"\",\"12\":\"\",\"11\":\"\",\"10\":\"\",\"18\":\"1\",\"17\":\"medium\",\"64\":\"0\",\"29\":\"\",\"30\":\"\",\"24\":\"\",\"25\":\"\",\"32\":\"\",\"31\":\"\",\"23\":\"\",\"21\":\"\",\"27\":\"\",\"33\":\"\",\"28\":\"\",\"26\":\"\",\"22\":\"\",\"37\":\"Lorem ipsum dolor sit amet, consectetur adipiscing elit. Sed pharetra placerat justo, ac porttitor tortor rhoncus sit amet. Donec a ex ac odio consectetur laoreet.\",\"77\":\"1\",\"76\":{\"date\":\"\",\"time\":\"\"},\"78\":\"\",\"72\":\"\",\"75\":{\"date\":\"\",\"time\":\"\"},\"74\":\"\",\"16\":\"medium\",\"4\":\"<p>Lorem ipsum dolor sit amet, consectetur adipiscing elit. Sed pharetra placerat justo, ac porttitor tortor rhoncus sit amet. Donec a ex ac odio consectetur laoreet.<\\/p>\",\"42\":\"\",\"19\":\"\",\"36\":[{\"col1\":\"\",\"col2\":\"\",\"col3\":\"\"}],\"7\":\"\"}}','2017-06-14 23:05:55','2017-06-14 23:05:55','04ed0f63-2967-4d63-9e68-eb510b79e21a'),
	(90,2,1,1,'en',36,'','{\"typeId\":null,\"authorId\":null,\"title\":\"Home\",\"slug\":\"homepage\",\"postDate\":1496677590,\"expiryDate\":null,\"enabled\":1,\"parentId\":null,\"fields\":{\"59\":[\"23\",\"24\",\"4\"],\"35\":[\"9\"],\"65\":[\"43\"],\"66\":[\"13\"],\"60\":[\"13\"],\"12\":\"Wanderbrief City Guides help you plan the perfect remote working trip with information on the best coffee, internet speed, co-working spaces, local adventures and meetups with like-minded nomads across the city.\",\"11\":\"Wanderbrief CityGuides \\u2014 Curated by local nomads.\",\"39\":\"\",\"82\":[\"7\",\"28\",\"30\"],\"89\":\"<p><strong>Living<\\/strong> & <strong>working<\\/strong> abroad like a local.<\\/p>\"}}','2017-06-14 23:06:23','2017-06-14 23:06:23','5e9575bc-cdad-491c-9244-9d87d2110e68'),
	(91,2,1,1,'en',37,'','{\"typeId\":null,\"authorId\":null,\"title\":\"Home\",\"slug\":\"homepage\",\"postDate\":1496677590,\"expiryDate\":null,\"enabled\":1,\"parentId\":null,\"fields\":{\"59\":[\"23\",\"24\",\"4\"],\"35\":[\"17\"],\"65\":[\"43\"],\"66\":[\"13\"],\"60\":[\"13\"],\"12\":\"Wanderbrief City Guides help you plan the perfect remote working trip with information on the best coffee, internet speed, co-working spaces, local adventures and meetups with like-minded nomads across the city.\",\"11\":\"Wanderbrief CityGuides \\u2014 Curated by local nomads.\",\"39\":\"\",\"82\":[\"7\",\"28\",\"30\"],\"89\":\"<p><strong>Living<\\/strong> & <strong>working<\\/strong> abroad like a local.<\\/p>\"}}','2017-06-14 23:06:40','2017-06-14 23:06:40','daa97956-1519-4007-a818-99dec8fb82c4'),
	(92,45,3,1,'en',1,'','{\"typeId\":null,\"authorId\":\"1\",\"title\":\"OnePlus 5\",\"slug\":\"oneplus-5\",\"postDate\":1497536933,\"expiryDate\":null,\"enabled\":1,\"parentId\":null,\"fields\":{\"73\":\"\",\"71\":\"\",\"1\":\"<p>Lorem ipsum dolor sit amet...<\\/p>\",\"46\":\"\",\"63\":[\"44\"],\"64\":\"0\",\"77\":\"\",\"76\":{\"date\":\"\",\"time\":\"\"},\"78\":\"\",\"72\":\"\",\"75\":{\"date\":\"\",\"time\":\"\"},\"74\":\"\",\"45\":\"https:\\/\\/oneplus.net\",\"4\":\"<p>Lorem ipsum dolor sit amet...<\\/p>\",\"44\":[{\"col1\":\"\"}]}}','2017-06-15 14:28:53','2017-06-15 14:28:53','e0056a80-8cd8-422f-84e3-bd64d47b5221'),
	(93,2,1,1,'en',38,'','{\"typeId\":null,\"authorId\":null,\"title\":\"Home\",\"slug\":\"homepage\",\"postDate\":1496677590,\"expiryDate\":null,\"enabled\":1,\"parentId\":null,\"fields\":{\"59\":[\"23\",\"24\",\"4\"],\"35\":[\"17\"],\"65\":[\"43\"],\"66\":[\"13\"],\"60\":[\"13\",\"45\"],\"12\":\"Wanderbrief City Guides help you plan the perfect remote working trip with information on the best coffee, internet speed, co-working spaces, local adventures and meetups with like-minded nomads across the city.\",\"11\":\"Wanderbrief CityGuides \\u2014 Curated by local nomads.\",\"39\":\"\",\"82\":[\"7\",\"28\",\"30\"],\"89\":\"<p><strong>Living<\\/strong> & <strong>working<\\/strong> abroad like a local.<\\/p>\"}}','2017-06-15 14:29:15','2017-06-15 14:29:15','e92c05ce-d561-4271-a05d-148f0d7ca7e7'),
	(94,45,3,1,'en',2,'','{\"typeId\":\"3\",\"authorId\":\"1\",\"title\":\"OnePlus 5\",\"slug\":\"oneplus-5\",\"postDate\":1497536880,\"expiryDate\":null,\"enabled\":1,\"parentId\":null,\"fields\":{\"73\":[\"37\"],\"71\":\"Uber\",\"1\":\"<p>Lorem ipsum dolor sit amet...<\\/p>\",\"46\":\"\",\"63\":[\"44\"],\"64\":\"0\",\"77\":\"1\",\"76\":{\"date\":\"\",\"time\":\"\"},\"78\":\"\",\"72\":\"\",\"75\":{\"date\":\"\",\"time\":\"\"},\"74\":\"\",\"45\":\"https:\\/\\/oneplus.net\",\"4\":\"<p>Lorem ipsum dolor sit amet...<\\/p>\",\"44\":[{\"col1\":\"\"}]}}','2017-06-15 15:03:37','2017-06-15 15:03:37','7637bdea-96fd-4e10-b7bc-0a0bb889f5bf'),
	(95,13,3,1,'en',4,'','{\"typeId\":\"3\",\"authorId\":\"1\",\"title\":\"GoPro Hero 5+\",\"slug\":\"gopro-hero-5\",\"postDate\":1497390660,\"expiryDate\":null,\"enabled\":1,\"parentId\":null,\"fields\":{\"73\":\"\",\"71\":\"\",\"1\":\"<p>Lorem ipsum dolor sit amet, consectetur adipiscing elit. Nam sit amet fermentum nisi. In sollicitudin pulvinar turpis sed fermentum. Ut vehicula odio nec semper tincidunt. Sed gravida tempus dignissim. Aenean varius sapien ut congue consectetur. Aliquam pellentesque accumsan purus, dapibus accumsan nibh porttitor eget. Etiam commodo vehicula ipsum sit amet gravida. Nullam iaculis sapien nulla, quis vulputate felis consectetur ac. Quisque elementum tortor eget odio condimentum, ut efficitur libero convallis. Ut luctus lacus nec pharetra rhoncus. Pellentesque vel purus tristique, sollicitudin purus sed, vehicula odio. Aenean hendrerit enim nec posuere tincidunt. Pellentesque luctus justo nisi. Mauris at placerat nisl. Quisque varius ligula non mi dapibus bibendum.<\\/p>\\r\\n<p>Maecenas nec congue purus. Nullam lacinia nisi et nunc laoreet, nec fermentum sapien volutpat. Pellentesque non luctus risus. Phasellus sed scelerisque erat. Nam facilisis euismod ornare. Donec rhoncus tempor eros vitae mattis. Duis elementum, dolor eu vestibulum tristique, enim ipsum aliquet tortor, id pharetra massa nisl sed nunc. Duis gravida ipsum turpis, non varius elit suscipit et. Nunc in vestibulum orci. Ut viverra neque nec risus mollis, sit amet pharetra tellus suscipit. Curabitur gravida nisi at nisl auctor eleifend. Aenean viverra suscipit egestas. Cras rutrum odio condimentum erat malesuada, quis ultrices quam ornare. Nullam at ornare augue.<\\/p>\",\"46\":[\"46\"],\"63\":[\"14\"],\"64\":\"0\",\"77\":\"\",\"76\":{\"date\":\"\",\"time\":\"\"},\"78\":\"\",\"72\":\"\",\"75\":{\"date\":\"\",\"time\":\"\"},\"74\":\"\",\"45\":\"https:\\/\\/amazon.com\",\"4\":\"<p>Lorem ipsum dolor sit amet...<\\/p>\",\"44\":[{\"col1\":\"Specification #1\"},{\"col1\":\"Specification #2\"},{\"col1\":\"Specification #3\"}]}}','2017-06-15 15:07:16','2017-06-15 15:07:16','1de4e344-671a-48e5-aeb4-00950a2be29e'),
	(96,45,3,1,'en',3,'','{\"typeId\":\"3\",\"authorId\":\"1\",\"title\":\"OnePlus 5\",\"slug\":\"oneplus-5\",\"postDate\":1497536880,\"expiryDate\":null,\"enabled\":1,\"parentId\":null,\"fields\":{\"73\":[\"37\"],\"71\":\"Uber\",\"1\":\"<p>Lorem ipsum dolor sit amet...<\\/p>\",\"46\":[\"47\"],\"63\":[\"44\"],\"64\":\"0\",\"77\":\"1\",\"76\":{\"date\":\"\",\"time\":\"\"},\"78\":\"\",\"72\":\"\",\"75\":{\"date\":\"\",\"time\":\"\"},\"74\":\"\",\"45\":\"https:\\/\\/oneplus.net\",\"4\":\"<p>Lorem ipsum dolor sit amet...<\\/p>\",\"44\":[{\"col1\":\"\"}]}}','2017-06-15 15:07:52','2017-06-15 15:07:52','af09af80-5f8b-45b5-b835-effcc3896cd3'),
	(97,2,1,1,'en',39,'','{\"typeId\":null,\"authorId\":null,\"title\":\"Home\",\"slug\":\"homepage\",\"postDate\":1496677590,\"expiryDate\":null,\"enabled\":1,\"parentId\":null,\"fields\":{\"59\":[\"23\",\"24\",\"4\"],\"35\":[\"17\"],\"65\":[\"43\"],\"66\":[\"45\"],\"60\":[\"13\",\"45\"],\"12\":\"Wanderbrief City Guides help you plan the perfect remote working trip with information on the best coffee, internet speed, co-working spaces, local adventures and meetups with like-minded nomads across the city.\",\"11\":\"Wanderbrief CityGuides \\u2014 Curated by local nomads.\",\"39\":\"\",\"82\":[\"7\",\"28\",\"30\"],\"89\":\"<p><strong>Living<\\/strong> & <strong>working<\\/strong> abroad like a local.<\\/p>\"}}','2017-06-15 15:10:33','2017-06-15 15:10:33','04e70e22-aa09-4da1-9ca7-c7d1d186f6db'),
	(98,49,11,1,'en',1,'','{\"typeId\":null,\"authorId\":\"1\",\"title\":\"Graphic Designer\",\"slug\":\"graphic-designer\",\"postDate\":1497545570,\"expiryDate\":null,\"enabled\":1,\"parentId\":null,\"fields\":{\"73\":\"\",\"71\":\"\",\"96\":[\"48\"],\"91\":\"Vodafone Iceland\",\"92\":{\"date\":\"7\\/31\\/2017\"},\"93\":\"20\",\"95\":\"Reykjav\\u00edk, Iceland\",\"77\":\"\",\"76\":{\"date\":\"\",\"time\":\"\"},\"78\":\"\",\"72\":\"\",\"75\":{\"date\":\"\",\"time\":\"\"},\"74\":\"\",\"80\":\"https:\\/\\/wanderbrief.com\\/briefs\\/2qIFuF\"}}','2017-06-15 16:52:50','2017-06-15 16:52:50','1c7ee64e-220d-428a-904c-b3b432f0f4a7'),
	(99,2,1,1,'en',40,'','{\"typeId\":null,\"authorId\":null,\"title\":\"Home\",\"slug\":\"homepage\",\"postDate\":1496677590,\"expiryDate\":null,\"enabled\":1,\"parentId\":null,\"fields\":{\"97\":[\"49\"],\"59\":[\"23\",\"24\",\"4\"],\"35\":[\"17\"],\"65\":[\"43\"],\"66\":[\"45\"],\"60\":[\"13\",\"45\"],\"12\":\"Wanderbrief City Guides help you plan the perfect remote working trip with information on the best coffee, internet speed, co-working spaces, local adventures and meetups with like-minded nomads across the city.\",\"11\":\"Wanderbrief CityGuides \\u2014 Curated by local nomads.\",\"39\":\"\",\"82\":[\"7\",\"28\",\"30\"],\"89\":\"<p><strong>Living<\\/strong> & <strong>working<\\/strong> abroad like a local.<\\/p>\"}}','2017-06-15 16:53:13','2017-06-15 16:53:13','bb6e38d7-9775-45a9-8fc6-919a7e854942'),
	(100,51,11,1,'en',1,'','{\"typeId\":null,\"authorId\":\"1\",\"title\":\"Motion Graphic Designer\",\"slug\":\"motion-graphic-designer\",\"postDate\":1497545902,\"expiryDate\":null,\"enabled\":1,\"parentId\":null,\"fields\":{\"73\":\"\",\"71\":\"\",\"96\":[\"50\"],\"91\":\"Porsche HQ\",\"92\":{\"date\":\"7\\/2\\/2017\"},\"93\":\"11\",\"95\":\"Stuttgart, Germany\",\"77\":\"\",\"76\":{\"date\":\"\",\"time\":\"\"},\"78\":\"\",\"72\":\"\",\"75\":{\"date\":\"\",\"time\":\"\"},\"74\":\"\",\"80\":\"https:\\/\\/wanderbrief.com\\/briefs\\/1tzpGr\"}}','2017-06-15 16:58:22','2017-06-15 16:58:22','225c1eb4-dd86-4905-9307-594652a99c42'),
	(101,53,11,1,'en',1,'','{\"typeId\":null,\"authorId\":\"1\",\"title\":\"Video Producer\",\"slug\":\"video-producer\",\"postDate\":1497545979,\"expiryDate\":null,\"enabled\":1,\"parentId\":null,\"fields\":{\"73\":\"\",\"71\":\"\",\"96\":[\"52\"],\"91\":\"HI USA\",\"92\":{\"date\":\"9\\/13\\/2017\"},\"93\":\"14\",\"95\":\"Chicago, United States\",\"77\":\"\",\"76\":{\"date\":\"\",\"time\":\"\"},\"78\":\"\",\"72\":\"\",\"75\":{\"date\":\"\",\"time\":\"\"},\"74\":\"\",\"80\":\"https:\\/\\/wanderbrief.com\\/briefs\\/Z2q31u2\"}}','2017-06-15 16:59:39','2017-06-15 16:59:39','6a35f84a-b2e0-494c-9d78-fb7be129d83e'),
	(102,2,1,1,'en',41,'','{\"typeId\":null,\"authorId\":null,\"title\":\"Home\",\"slug\":\"homepage\",\"postDate\":1496677590,\"expiryDate\":null,\"enabled\":1,\"parentId\":null,\"fields\":{\"97\":[\"49\",\"51\",\"53\"],\"59\":[\"23\",\"24\",\"4\"],\"35\":[\"17\"],\"65\":[\"43\"],\"66\":[\"45\"],\"60\":[\"13\",\"45\"],\"12\":\"Wanderbrief City Guides help you plan the perfect remote working trip with information on the best coffee, internet speed, co-working spaces, local adventures and meetups with like-minded nomads across the city.\",\"11\":\"Wanderbrief CityGuides \\u2014 Curated by local nomads.\",\"39\":\"\",\"82\":[\"7\",\"28\",\"30\"],\"89\":\"<p><strong>Living<\\/strong> & <strong>working<\\/strong> abroad like a local.<\\/p>\"}}','2017-06-15 17:00:03','2017-06-15 17:00:03','96d7ba1e-4047-4a1f-a7fd-b7c2fbfe3e9a'),
	(103,51,11,1,'en',2,'','{\"typeId\":\"11\",\"authorId\":\"1\",\"title\":\"Motion Designer\",\"slug\":\"motion-graphic-designer\",\"postDate\":1497545880,\"expiryDate\":null,\"enabled\":1,\"parentId\":null,\"fields\":{\"73\":\"\",\"71\":\"\",\"96\":[\"50\"],\"91\":\"Porsche HQ\",\"92\":{\"date\":\"7\\/2\\/2017\"},\"93\":\"11\",\"95\":\"Stuttgart, Germany\",\"77\":\"\",\"76\":{\"date\":\"\",\"time\":\"\"},\"78\":\"\",\"72\":\"\",\"75\":{\"date\":\"\",\"time\":\"\"},\"74\":\"\",\"80\":\"https:\\/\\/wanderbrief.com\\/briefs\\/1tzpGr\"}}','2017-06-15 17:01:21','2017-06-15 17:01:21','a5351347-fcea-4dad-89a2-16b11e4ee139'),
	(104,49,11,1,'en',2,'','{\"typeId\":\"11\",\"authorId\":\"1\",\"title\":\"Graphic Designer\",\"slug\":\"graphic-designer\",\"postDate\":1497545520,\"expiryDate\":null,\"enabled\":1,\"parentId\":null,\"fields\":{\"73\":\"\",\"71\":\"\",\"96\":[\"48\"],\"91\":\"Vodafone\",\"92\":{\"date\":\"7\\/31\\/2017\"},\"93\":\"20\",\"95\":\"Reykjav\\u00edk, Iceland\",\"77\":\"\",\"76\":{\"date\":\"\",\"time\":\"\"},\"78\":\"\",\"72\":\"\",\"75\":{\"date\":\"\",\"time\":\"\"},\"74\":\"\",\"80\":\"https:\\/\\/wanderbrief.com\\/briefs\\/2qIFuF\"}}','2017-06-15 17:04:00','2017-06-15 17:04:00','5f9e5786-3e56-4053-9aa2-d5de4eb984a2'),
	(105,2,1,1,'en',42,'','{\"typeId\":null,\"authorId\":null,\"title\":\"Home\",\"slug\":\"homepage\",\"postDate\":1496677590,\"expiryDate\":null,\"enabled\":1,\"parentId\":null,\"fields\":{\"97\":[\"49\",\"51\",\"53\"],\"59\":[\"23\",\"24\",\"4\"],\"35\":[\"41\"],\"65\":[\"43\"],\"66\":[\"45\"],\"60\":[\"13\",\"45\"],\"12\":\"Wanderbrief City Guides help you plan the perfect remote working trip with information on the best coffee, internet speed, co-working spaces, local adventures and meetups with like-minded nomads across the city.\",\"11\":\"Wanderbrief CityGuides \\u2014 Curated by local nomads.\",\"39\":\"\",\"82\":[\"7\",\"28\",\"30\"],\"89\":\"<p><strong>Living<\\/strong> & <strong>working<\\/strong> abroad like a local.<\\/p>\"}}','2017-06-15 19:49:05','2017-06-15 19:49:05','7c5c8dcd-bc7f-4722-948a-74e95d151ae8'),
	(106,2,1,1,'en',43,'','{\"typeId\":null,\"authorId\":null,\"title\":\"Home\",\"slug\":\"homepage\",\"postDate\":1496677590,\"expiryDate\":null,\"enabled\":1,\"parentId\":null,\"fields\":{\"97\":[\"49\",\"51\",\"53\"],\"59\":[\"23\",\"24\",\"4\"],\"35\":[\"41\"],\"65\":[\"24\"],\"66\":[\"45\"],\"60\":[\"13\",\"45\"],\"12\":\"Wanderbrief City Guides help you plan the perfect remote working trip with information on the best coffee, internet speed, co-working spaces, local adventures and meetups with like-minded nomads across the city.\",\"11\":\"Wanderbrief CityGuides \\u2014 Curated by local nomads.\",\"39\":\"\",\"82\":[\"7\",\"28\",\"30\"],\"89\":\"<p><strong>Living<\\/strong> & <strong>working<\\/strong> abroad like a local.<\\/p>\"}}','2017-06-15 19:49:35','2017-06-15 19:49:35','24687fba-0476-4182-80b8-607cc39c5e28'),
	(107,2,1,1,'en',44,'','{\"typeId\":null,\"authorId\":null,\"title\":\"Home\",\"slug\":\"homepage\",\"postDate\":1496677590,\"expiryDate\":null,\"enabled\":1,\"parentId\":null,\"fields\":{\"97\":[\"49\",\"51\",\"53\"],\"59\":[\"23\",\"24\",\"4\"],\"35\":[\"41\"],\"65\":[\"4\"],\"66\":[\"45\"],\"60\":[\"13\",\"45\"],\"12\":\"Wanderbrief City Guides help you plan the perfect remote working trip with information on the best coffee, internet speed, co-working spaces, local adventures and meetups with like-minded nomads across the city.\",\"11\":\"Wanderbrief CityGuides \\u2014 Curated by local nomads.\",\"39\":\"\",\"82\":[\"7\",\"28\",\"30\"],\"89\":\"<p><strong>Living<\\/strong> & <strong>working<\\/strong> abroad like a local.<\\/p>\"}}','2017-06-15 19:49:57','2017-06-15 19:49:57','e450a83b-d7d0-4f28-857e-288badd0b686'),
	(108,4,4,1,'en',22,'','{\"typeId\":\"4\",\"authorId\":\"1\",\"title\":\"Amsterdam\",\"slug\":\"amsterdam\",\"postDate\":1496691060,\"expiryDate\":null,\"enabled\":1,\"parentId\":null,\"fields\":{\"20\":\"\",\"73\":[\"37\"],\"71\":\"Uber\",\"62\":[\"8\"],\"38\":\"\",\"90\":\"Europe\",\"8\":\"\",\"6\":\"\",\"15\":\"high\",\"14\":\"\",\"12\":\"\",\"11\":\"\",\"10\":[\"5\"],\"18\":\"1\",\"17\":\"low\",\"64\":\"0\",\"29\":\"\",\"30\":\"\",\"24\":\"\",\"25\":\"\",\"32\":\"\",\"31\":\"\",\"23\":\"\",\"21\":\"\",\"27\":\"\",\"33\":\"\",\"28\":\"\",\"26\":\"\",\"22\":\"\",\"37\":\"With world-class museums, quirky festivals, theatre, live music, laid-back bars and delightful restaurants, there\'s never a shortage of things to do in Amsterdam!\",\"77\":\"1\",\"76\":{\"date\":\"6\\/16\\/2017\",\"time\":\"2:00 AM\"},\"78\":\"\",\"72\":\"https:\\/\\/uber.com\",\"75\":{\"date\":\"6\\/4\\/2017\",\"time\":\"2:00 AM\"},\"74\":\"\",\"16\":\"medium\",\"4\":\"<p>With world-class museums, quirky festivals, theatre, live music, laid-back bars and delightful restaurants, there\'s never a shortage of things to do in Amsterdam!<\\/p>\",\"42\":\"\",\"19\":\"\",\"36\":[{\"col1\":\"\",\"col2\":\"\",\"col3\":\"\"}],\"7\":\"\"}}','2017-06-15 19:50:36','2017-06-15 19:50:36','26fd52c4-06f5-435b-be39-1598aa856ad2'),
	(109,2,1,1,'en',45,'','{\"typeId\":null,\"authorId\":null,\"title\":\"Home\",\"slug\":\"homepage\",\"postDate\":1496677590,\"expiryDate\":null,\"enabled\":1,\"parentId\":null,\"fields\":{\"97\":[\"49\",\"51\",\"53\"],\"59\":[\"23\",\"24\",\"4\"],\"35\":[\"40\"],\"65\":[\"4\"],\"66\":[\"45\"],\"60\":[\"13\",\"45\"],\"12\":\"Wanderbrief City Guides help you plan the perfect remote working trip with information on the best coffee, internet speed, co-working spaces, local adventures and meetups with like-minded nomads across the city.\",\"11\":\"Wanderbrief CityGuides \\u2014 Curated by local nomads.\",\"39\":\"\",\"82\":[\"7\",\"28\",\"30\"],\"89\":\"<p><strong>Living<\\/strong> & <strong>working<\\/strong> abroad like a local.<\\/p>\"}}','2017-06-15 19:51:37','2017-06-15 19:51:37','f7fac206-1e14-465a-84ad-3128b768e7a7'),
	(110,55,3,1,'en',1,'','{\"typeId\":null,\"authorId\":\"1\",\"title\":\"Monthly Gears Selection\",\"slug\":\"monthly-gears-selection\",\"postDate\":1497556401,\"expiryDate\":null,\"enabled\":1,\"parentId\":null,\"fields\":{\"73\":\"\",\"71\":\"\",\"1\":\"<p>Lorem ipsum...<\\/p>\",\"46\":\"\",\"63\":[\"54\"],\"64\":\"1\",\"77\":\"\",\"76\":{\"date\":\"\",\"time\":\"\"},\"78\":\"\",\"72\":\"\",\"75\":{\"date\":\"\",\"time\":\"\"},\"74\":\"\",\"45\":\"\",\"4\":\"<p>Lorem ipsum...<\\/p>\",\"44\":[{\"col1\":\"\"}]}}','2017-06-15 19:53:21','2017-06-15 19:53:21','b6f4b806-9a87-4f94-bb95-03edb9d37d91'),
	(111,55,3,1,'en',2,'','{\"typeId\":\"3\",\"authorId\":\"1\",\"title\":\"Monthly Gears Selection\",\"slug\":\"monthly-gears-selection\",\"postDate\":1497556380,\"expiryDate\":null,\"enabled\":1,\"parentId\":null,\"fields\":{\"73\":[\"37\"],\"71\":\"Uber\",\"1\":\"<p>Lorem ipsum...<\\/p>\",\"46\":\"\",\"63\":[\"54\"],\"64\":\"1\",\"77\":\"1\",\"76\":{\"date\":\"\",\"time\":\"\"},\"78\":\"\",\"72\":\"\",\"75\":{\"date\":\"\",\"time\":\"\"},\"74\":\"\",\"45\":\"\",\"4\":\"<p>Lorem ipsum...<\\/p>\",\"44\":[{\"col1\":\"\"}]}}','2017-06-15 19:53:36','2017-06-15 19:53:36','4b779732-3e3b-43e3-8bf1-e1def9444c31'),
	(112,2,1,1,'en',46,'','{\"typeId\":null,\"authorId\":null,\"title\":\"Home\",\"slug\":\"homepage\",\"postDate\":1496677590,\"expiryDate\":null,\"enabled\":1,\"parentId\":null,\"fields\":{\"97\":[\"49\",\"51\",\"53\"],\"59\":[\"23\",\"24\",\"4\"],\"35\":[\"40\"],\"65\":[\"4\"],\"66\":[\"55\"],\"60\":[\"13\",\"45\"],\"12\":\"Wanderbrief City Guides help you plan the perfect remote working trip with information on the best coffee, internet speed, co-working spaces, local adventures and meetups with like-minded nomads across the city.\",\"11\":\"Wanderbrief CityGuides \\u2014 Curated by local nomads.\",\"39\":\"\",\"82\":[\"7\",\"28\",\"30\"],\"89\":\"<p><strong>Living<\\/strong> & <strong>working<\\/strong> abroad like a local.<\\/p>\"}}','2017-06-15 19:53:49','2017-06-15 19:53:49','fd85c8dd-d0ff-4266-abab-3f60d6b4914b'),
	(113,55,3,1,'en',3,'','{\"typeId\":\"3\",\"authorId\":\"1\",\"title\":\"Monthly Gears Selection\",\"slug\":\"monthly-gears-selection\",\"postDate\":1497556380,\"expiryDate\":null,\"enabled\":1,\"parentId\":null,\"fields\":{\"73\":[\"37\"],\"71\":\"Uber\",\"1\":\"<p>Lorem ipsum...<\\/p>\",\"46\":\"\",\"63\":[\"56\"],\"64\":\"1\",\"77\":\"1\",\"76\":{\"date\":\"\",\"time\":\"\"},\"78\":\"\",\"72\":\"\",\"75\":{\"date\":\"\",\"time\":\"\"},\"74\":\"\",\"45\":\"\",\"4\":\"<p>Lorem ipsum...<\\/p>\",\"44\":[{\"col1\":\"\"}]}}','2017-06-15 19:55:20','2017-06-15 19:55:20','009ac16f-a08e-422c-ac93-68fd187cf15b'),
	(114,55,3,1,'en',4,'','{\"typeId\":\"3\",\"authorId\":\"1\",\"title\":\"Monthly Gears Selection\",\"slug\":\"monthly-gears-selection\",\"postDate\":1497556380,\"expiryDate\":null,\"enabled\":1,\"parentId\":null,\"fields\":{\"73\":[\"37\"],\"71\":\"Uber\",\"1\":\"<p>Lorem ipsum...<\\/p>\",\"46\":\"\",\"63\":[\"57\"],\"64\":\"1\",\"77\":\"1\",\"76\":{\"date\":\"\",\"time\":\"\"},\"78\":\"\",\"72\":\"\",\"75\":{\"date\":\"\",\"time\":\"\"},\"74\":\"\",\"45\":\"\",\"4\":\"<p>Lorem ipsum...<\\/p>\",\"44\":[{\"col1\":\"\"}]}}','2017-06-15 19:56:55','2017-06-15 19:56:55','ddf29a94-cebe-4119-9887-8e581b264047'),
	(115,2,1,1,'en',47,'','{\"typeId\":null,\"authorId\":null,\"title\":\"Home\",\"slug\":\"homepage\",\"postDate\":1496677590,\"expiryDate\":null,\"enabled\":1,\"parentId\":null,\"fields\":{\"97\":[\"49\",\"51\",\"53\"],\"59\":[\"23\",\"24\",\"4\"],\"35\":[\"17\"],\"65\":[\"4\"],\"66\":[\"55\"],\"60\":[\"13\",\"45\"],\"12\":\"Wanderbrief City Guides help you plan the perfect remote working trip with information on the best coffee, internet speed, co-working spaces, local adventures and meetups with like-minded nomads across the city.\",\"11\":\"Wanderbrief CityGuides \\u2014 Curated by local nomads.\",\"39\":\"\",\"82\":[\"7\",\"28\",\"30\"],\"89\":\"<p><strong>Living<\\/strong> & <strong>working<\\/strong> abroad like a local.<\\/p>\"}}','2017-06-16 13:41:00','2017-06-16 13:41:00','e7846915-1265-4cba-86d9-15abccffacea'),
	(116,58,12,1,'en',1,NULL,'{\"typeId\":\"12\",\"authorId\":null,\"title\":\"Cities\",\"slug\":\"cities\",\"postDate\":1497621018,\"expiryDate\":null,\"enabled\":1,\"parentId\":null,\"fields\":[]}','2017-06-16 13:50:19','2017-06-16 13:50:19','4227f3c1-1079-4055-a00c-1061ef3bf184'),
	(117,58,12,1,'en',2,'','{\"typeId\":null,\"authorId\":null,\"title\":\"Cities\",\"slug\":\"cities\",\"postDate\":1497621018,\"expiryDate\":null,\"enabled\":1,\"parentId\":null,\"fields\":{\"35\":[\"40\"],\"89\":\"<p>Top Cities<\\/p>\"}}','2017-06-16 13:52:20','2017-06-16 13:52:20','6ded6cc5-fa9e-4485-9264-288f672788c0'),
	(118,58,12,1,'en',3,'','{\"typeId\":null,\"authorId\":null,\"title\":\"Cities\",\"slug\":\"cities\",\"postDate\":1497621018,\"expiryDate\":null,\"enabled\":1,\"parentId\":null,\"fields\":{\"35\":[\"41\"],\"89\":\"<p>Top Cities<\\/p>\"}}','2017-06-16 13:53:11','2017-06-16 13:53:11','b8d7a293-6122-47d2-aa43-fc320057e3f6'),
	(119,58,12,1,'en',4,'','{\"typeId\":null,\"authorId\":null,\"title\":\"Cities\",\"slug\":\"cities\",\"postDate\":1497621018,\"expiryDate\":null,\"enabled\":1,\"parentId\":null,\"fields\":{\"35\":[\"59\"],\"89\":\"<p>Top Cities<\\/p>\"}}','2017-06-16 15:06:47','2017-06-16 15:06:47','48942f48-c23c-4abc-8ab9-4425f9f68ad2'),
	(120,58,12,1,'en',5,'','{\"typeId\":null,\"authorId\":null,\"title\":\"Cities\",\"slug\":\"cities\",\"postDate\":1497621018,\"expiryDate\":null,\"enabled\":1,\"parentId\":null,\"fields\":{\"35\":[\"60\"],\"89\":\"<p>Top Cities<\\/p>\"}}','2017-06-16 15:07:07','2017-06-16 15:07:07','d56a77ca-1dd7-4cc2-ad9b-77a8dc1b078d'),
	(121,58,12,1,'en',6,'','{\"typeId\":null,\"authorId\":null,\"title\":\"Cities\",\"slug\":\"cities\",\"postDate\":1497621018,\"expiryDate\":null,\"enabled\":1,\"parentId\":null,\"fields\":{\"35\":[\"62\"],\"89\":\"<p>Top Cities<\\/p>\"}}','2017-06-16 15:07:28','2017-06-16 15:07:28','56889801-cd59-4e0c-bf0c-6ccc5ec91c95'),
	(122,58,12,1,'en',7,'','{\"typeId\":null,\"authorId\":null,\"title\":\"Cities\",\"slug\":\"cities\",\"postDate\":1497621018,\"expiryDate\":null,\"enabled\":1,\"parentId\":null,\"fields\":{\"35\":[\"61\"],\"89\":\"<p>Top Cities<\\/p>\"}}','2017-06-16 15:07:43','2017-06-16 15:07:43','6f84f20c-a087-4ad6-8c41-06b5c94f1aaf'),
	(123,58,12,1,'en',8,'','{\"typeId\":null,\"authorId\":null,\"title\":\"Cities\",\"slug\":\"cities\",\"postDate\":1497621018,\"expiryDate\":null,\"enabled\":1,\"parentId\":null,\"fields\":{\"35\":[\"59\"],\"89\":\"<p>Top Cities<\\/p>\"}}','2017-06-16 15:07:59','2017-06-16 15:07:59','67d11ca6-e3f1-41ae-be9b-acd3ec71c7ca'),
	(124,63,4,1,'en',1,'','{\"typeId\":null,\"authorId\":\"1\",\"title\":\"New York\",\"slug\":\"new-york\",\"postDate\":1497627733,\"expiryDate\":null,\"enabled\":1,\"parentId\":null,\"fields\":{\"20\":\"\",\"73\":\"\",\"71\":\"\",\"62\":[\"10\"],\"38\":\"\",\"90\":\"North America\",\"8\":\"\",\"6\":\"\",\"15\":\"medium\",\"14\":\"\",\"12\":\"\",\"11\":\"\",\"10\":\"\",\"18\":\"1\",\"17\":\"medium\",\"64\":\"0\",\"29\":\"\",\"30\":\"\",\"24\":\"\",\"25\":\"\",\"32\":\"\",\"31\":\"\",\"23\":\"\",\"21\":\"\",\"27\":\"\",\"33\":\"\",\"28\":\"\",\"26\":\"\",\"22\":\"\",\"37\":\"\\u200bLorem ipsum dolor sit amet\",\"77\":\"\",\"76\":{\"date\":\"\",\"time\":\"\"},\"78\":\"\",\"72\":\"\",\"75\":{\"date\":\"\",\"time\":\"\"},\"74\":\"\",\"16\":\"medium\",\"4\":\"<p>Lorem ipsum dolor sit amet<\\/p>\",\"42\":\"\",\"19\":\"\",\"36\":[{\"col1\":\"\",\"col2\":\"\",\"col3\":\"\"}],\"7\":\"\"}}','2017-06-16 15:42:13','2017-06-16 15:42:13','7606d3f8-1451-4f42-a542-166f30363ab0'),
	(125,2,1,1,'en',48,'','{\"typeId\":null,\"authorId\":null,\"title\":\"Home\",\"slug\":\"homepage\",\"postDate\":1496677590,\"expiryDate\":null,\"enabled\":1,\"parentId\":null,\"fields\":{\"97\":[\"49\",\"51\",\"53\"],\"59\":[\"23\",\"24\",\"4\",\"63\",\"43\"],\"35\":[\"17\"],\"65\":[\"4\"],\"66\":[\"55\"],\"60\":[\"13\",\"45\"],\"12\":\"Wanderbrief City Guides help you plan the perfect remote working trip with information on the best coffee, internet speed, co-working spaces, local adventures and meetups with like-minded nomads across the city.\",\"11\":\"Wanderbrief CityGuides \\u2014 Curated by local nomads.\",\"39\":\"\",\"82\":[\"7\",\"28\",\"30\"],\"89\":\"<p><strong>Living<\\/strong> & <strong>working<\\/strong> abroad like a local.<\\/p>\"}}','2017-06-16 15:42:48','2017-06-16 15:42:48','69d7ed9a-b8ad-4144-b4aa-62b539cc35dc'),
	(126,65,4,1,'en',1,'','{\"typeId\":null,\"authorId\":\"1\",\"title\":\"Da Nang\",\"slug\":\"da-nang\",\"postDate\":1497628068,\"expiryDate\":null,\"enabled\":1,\"parentId\":null,\"fields\":{\"20\":\"\",\"73\":\"\",\"71\":\"\",\"62\":[\"64\"],\"38\":\"\",\"90\":\"Asia\",\"8\":\"\",\"6\":\"\",\"15\":\"medium\",\"14\":\"\",\"12\":\"\",\"11\":\"\",\"10\":\"\",\"18\":\"1\",\"17\":\"medium\",\"64\":\"0\",\"29\":\"\",\"30\":\"\",\"24\":\"\",\"25\":\"\",\"32\":\"\",\"31\":\"\",\"23\":\"\",\"21\":\"\",\"27\":\"\",\"33\":\"\",\"28\":\"\",\"26\":\"\",\"22\":\"\",\"37\":\"\\u200bLorem ipsum dolor sit amet.\",\"77\":\"\",\"76\":{\"date\":\"\",\"time\":\"\"},\"78\":\"\",\"72\":\"\",\"75\":{\"date\":\"\",\"time\":\"\"},\"74\":\"\",\"16\":\"medium\",\"4\":\"<p>Lorem ipsum dolor sit amet.<\\/p>\",\"42\":\"\",\"19\":\"\",\"36\":[{\"col1\":\"\",\"col2\":\"\",\"col3\":\"\"}],\"7\":\"\"}}','2017-06-16 15:47:48','2017-06-16 15:47:48','641d12cc-117d-430d-8018-9e28149454ce'),
	(127,2,1,1,'en',49,'','{\"typeId\":null,\"authorId\":null,\"title\":\"Home\",\"slug\":\"homepage\",\"postDate\":1496677590,\"expiryDate\":null,\"enabled\":1,\"parentId\":null,\"fields\":{\"97\":[\"49\",\"51\",\"53\"],\"59\":[\"23\",\"24\",\"4\",\"63\",\"43\",\"65\"],\"35\":[\"17\"],\"65\":[\"4\"],\"66\":[\"55\"],\"60\":[\"13\",\"45\"],\"12\":\"Wanderbrief City Guides help you plan the perfect remote working trip with information on the best coffee, internet speed, co-working spaces, local adventures and meetups with like-minded nomads across the city.\",\"11\":\"Wanderbrief CityGuides \\u2014 Curated by local nomads.\",\"39\":\"\",\"82\":[\"7\",\"28\",\"30\"],\"89\":\"<p><strong>Living<\\/strong> & <strong>working<\\/strong> abroad like a local.<\\/p>\"}}','2017-06-16 15:48:06','2017-06-16 15:48:06','0d58d504-cd70-4d7f-a14d-f33be9674b30'),
	(128,4,4,1,'en',23,'','{\"typeId\":\"4\",\"authorId\":\"1\",\"title\":\"Amsterdam\",\"slug\":\"amsterdam\",\"postDate\":1496691060,\"expiryDate\":null,\"enabled\":1,\"parentId\":null,\"fields\":{\"20\":\"\",\"73\":[\"37\"],\"71\":\"Uber\",\"62\":[\"8\"],\"38\":\"\",\"90\":\"Europe\",\"8\":\"\",\"6\":\"\",\"15\":\"high\",\"14\":\"\",\"12\":\"\",\"11\":\"\",\"10\":[\"5\"],\"18\":\"1\",\"17\":\"low\",\"64\":\"0\",\"29\":\"\",\"30\":\"\",\"24\":\"\",\"25\":\"\",\"32\":\"\",\"31\":\"\",\"23\":\"\",\"21\":\"\",\"27\":\"\",\"33\":\"\",\"28\":\"\",\"26\":\"\",\"22\":\"\",\"37\":\"Where else in the world can you enjoy the hipster city life and within a few minutes find yourself in a geothermal pool in the middle of a Game of Thrones set?\",\"77\":\"1\",\"76\":{\"date\":\"6\\/16\\/2017\",\"time\":\"2:00 AM\"},\"78\":\"\",\"72\":\"https:\\/\\/uber.com\",\"75\":{\"date\":\"6\\/4\\/2017\",\"time\":\"2:00 AM\"},\"74\":\"\",\"16\":\"medium\",\"4\":\"<p>Where else in the world can you enjoy the hipster city life and within a few minutes find yourself in a geothermal pool in the middle of a Game of Thrones set?<\\/p>\",\"42\":\"\",\"19\":\"\",\"36\":[{\"col1\":\"\",\"col2\":\"\",\"col3\":\"\"}],\"7\":\"\"}}','2017-06-20 19:38:23','2017-06-20 19:38:23','6e31be5e-cbf8-4ccf-a74b-c8be5ad99509'),
	(129,2,1,1,'en',50,'','{\"typeId\":null,\"authorId\":null,\"title\":\"Home\",\"slug\":\"homepage\",\"postDate\":1496677590,\"expiryDate\":null,\"enabled\":1,\"parentId\":null,\"fields\":{\"97\":[\"49\",\"51\",\"53\"],\"59\":[\"23\",\"24\",\"4\",\"63\",\"43\",\"65\"],\"35\":[\"17\"],\"65\":[\"4\"],\"66\":[\"55\"],\"60\":[\"13\",\"45\"],\"12\":\"Wanderbrief City Guides help you plan the perfect remote working trip with information on the best coffee, internet speed, co-working spaces, local adventures and meetups with like-minded nomads across the city.\",\"11\":\"Wanderbrief CityGuides \\u2014 Curated by local nomads.\",\"39\":\"\",\"82\":[\"7\",\"28\",\"30\"],\"89\":\"<p><strong>Live<\\/strong>&nbsp;& <strong>work<\\/strong>&nbsp;abroad like a local.<\\/p>\"}}','2017-06-20 19:39:54','2017-06-20 19:39:54','7202d782-3f07-46a3-a0d9-35c8f7b5c4ea'),
	(130,2,1,1,'en',51,'','{\"typeId\":null,\"authorId\":null,\"title\":\"Home\",\"slug\":\"homepage\",\"postDate\":1496677590,\"expiryDate\":null,\"enabled\":1,\"parentId\":null,\"fields\":{\"97\":[\"49\",\"51\",\"53\"],\"59\":[\"23\",\"24\",\"4\",\"63\",\"43\",\"65\"],\"35\":[\"17\"],\"65\":[\"4\"],\"66\":[\"55\"],\"60\":[\"13\",\"45\"],\"12\":\"Wanderbrief City Guides help you plan the perfect remote working trip with information on the best coffee, internet speed, co-working spaces, local adventures and meetups with like-minded nomads across the city.\",\"11\":\"Wanderbrief CityGuides \\u2014 Curated by local nomads.\",\"39\":\"\",\"82\":[\"7\",\"28\",\"30\"],\"89\":\"<p><strong>Live<\\/strong>&nbsp;& <strong>work&nbsp;<\\/strong><\\/p><p>abroad like a local.<\\/p>\"}}','2017-06-20 19:40:15','2017-06-20 19:40:15','d7e18f76-4ba0-4fe6-9b48-398459d4fd3a'),
	(131,23,4,1,'en',10,'','{\"typeId\":\"4\",\"authorId\":\"1\",\"title\":\"Tokyo\",\"slug\":\"tokyo\",\"postDate\":1497466140,\"expiryDate\":null,\"enabled\":1,\"parentId\":null,\"fields\":{\"20\":\"\",\"73\":\"\",\"71\":\"\",\"62\":[\"36\"],\"38\":\"\",\"90\":\"Asia\",\"8\":[\"28\"],\"6\":[\"7\"],\"15\":\"medium\",\"14\":\"\",\"12\":\"\",\"11\":\"\",\"10\":\"\",\"18\":\"1\",\"17\":\"medium\",\"64\":\"0\",\"29\":\"\",\"30\":\"\",\"24\":\"\",\"25\":\"\",\"32\":\"\",\"31\":\"\",\"23\":\"\",\"21\":\"\",\"27\":\"\",\"33\":\"\",\"28\":\"\",\"26\":\"\",\"22\":\"\",\"37\":\"With world-class museums, quirky festivals, theatre, live music, laid-back bars and delightful restaurants, there\'s never a shortage of things to do in Amsterdam!\",\"77\":\"\",\"76\":{\"date\":\"\",\"time\":\"\"},\"78\":\"\",\"72\":\"\",\"75\":{\"date\":\"\",\"time\":\"\"},\"74\":\"\",\"16\":\"medium\",\"4\":\"<p>Lorem ipsum dolor sit amet...<\\/p>\",\"42\":\"\",\"19\":\"\",\"36\":[{\"col1\":\"\",\"col2\":\"\",\"col3\":\"\"}],\"7\":[\"30\"]}}','2017-06-21 08:25:57','2017-06-21 08:25:57','d8f2bc03-6b11-422e-9228-e4760676a9d7'),
	(132,4,4,1,'en',24,'','{\"typeId\":\"4\",\"authorId\":\"1\",\"title\":\"Amsterdam\",\"slug\":\"amsterdam\",\"postDate\":1496691060,\"expiryDate\":null,\"enabled\":1,\"parentId\":null,\"fields\":{\"20\":\"\",\"73\":[\"37\"],\"71\":\"Uber\",\"62\":[\"8\"],\"38\":\"\",\"90\":\"Europe\",\"8\":[\"28\"],\"6\":[\"7\"],\"15\":\"high\",\"14\":\"\",\"12\":\"\",\"11\":\"\",\"10\":[\"5\"],\"18\":\"1\",\"17\":\"low\",\"64\":\"0\",\"29\":\"\",\"30\":\"\",\"24\":\"\",\"25\":\"\",\"32\":\"\",\"31\":\"\",\"23\":\"\",\"21\":\"\",\"27\":\"\",\"33\":\"\",\"28\":\"\",\"26\":\"\",\"22\":\"\",\"37\":\"Where else in the world can you enjoy the hipster city life and within a few minutes find yourself in a geothermal pool in the middle of a Game of Thrones set?\",\"77\":\"1\",\"76\":{\"date\":\"6\\/16\\/2017\",\"time\":\"2:00 AM\"},\"78\":\"\",\"72\":\"https:\\/\\/uber.com\",\"75\":{\"date\":\"6\\/4\\/2017\",\"time\":\"2:00 AM\"},\"74\":\"\",\"16\":\"medium\",\"4\":\"<p>Where else in the world can you enjoy the hipster city life and within a few minutes find yourself in a geothermal pool in the middle of a Game of Thrones set?<\\/p>\",\"42\":\"\",\"19\":\"\",\"36\":[{\"col1\":\"\",\"col2\":\"\",\"col3\":\"\"}],\"7\":[\"30\"]}}','2017-06-21 08:36:19','2017-06-21 08:36:19','49f3a110-42e5-4597-8ede-bcbc33560bdd'),
	(133,4,4,1,'en',25,'','{\"typeId\":\"4\",\"authorId\":\"1\",\"title\":\"Amsterdam\",\"slug\":\"amsterdam\",\"postDate\":1496691060,\"expiryDate\":null,\"enabled\":1,\"parentId\":null,\"fields\":{\"20\":\"\",\"73\":[\"37\"],\"71\":\"Uber\",\"62\":[\"8\"],\"38\":\"\",\"90\":\"Europe\",\"8\":[\"28\"],\"6\":[\"7\"],\"15\":\"high\",\"14\":\"\",\"12\":\"\",\"11\":\"\",\"10\":[\"5\"],\"18\":\"1\",\"17\":\"low\",\"64\":\"0\",\"29\":\"\",\"30\":\"\",\"24\":\"\",\"25\":\"\",\"32\":\"\",\"31\":\"\",\"23\":\"\",\"21\":\"\",\"27\":\"\",\"33\":\"\",\"28\":\"\",\"26\":\"\",\"22\":\"\",\"37\":\"Where else in the world can you enjoy the hipster city life and within a few minutes find yourself in a geothermal pool in the middle of a Game of Thrones set?\",\"77\":\"1\",\"76\":{\"date\":\"6\\/27\\/2017\",\"time\":\"2:00 AM\"},\"78\":\"\",\"72\":\"https:\\/\\/uber.com\",\"75\":{\"date\":\"6\\/4\\/2017\",\"time\":\"2:00 AM\"},\"74\":\"\",\"16\":\"medium\",\"4\":\"<p>Where else in the world can you enjoy the hipster city life and within a few minutes find yourself in a geothermal pool in the middle of a Game of Thrones set?<\\/p>\",\"42\":\"\",\"19\":\"\",\"36\":[{\"col1\":\"\",\"col2\":\"\",\"col3\":\"\"}],\"7\":[\"30\"]}}','2017-06-21 09:36:36','2017-06-21 09:36:36','a330695d-3746-4747-88cd-337148189cb8'),
	(134,43,4,1,'en',3,'','{\"typeId\":\"4\",\"authorId\":\"1\",\"title\":\"Phuket\",\"slug\":\"phuket\",\"postDate\":1497481440,\"expiryDate\":null,\"enabled\":1,\"parentId\":null,\"fields\":{\"20\":\"\",\"73\":[\"37\"],\"71\":\"Uber\",\"62\":[\"42\"],\"38\":\"\",\"90\":\"Asia\",\"8\":[\"28\"],\"6\":[\"7\"],\"15\":\"medium\",\"14\":\"\",\"12\":\"\",\"11\":\"\",\"10\":\"\",\"18\":\"1\",\"17\":\"medium\",\"64\":\"0\",\"29\":\"\",\"30\":\"\",\"24\":\"\",\"25\":\"\",\"32\":\"\",\"31\":\"\",\"23\":\"\",\"21\":\"\",\"27\":\"\",\"33\":\"\",\"28\":\"\",\"26\":\"\",\"22\":\"\",\"37\":\"Lorem ipsum dolor sit amet, consectetur adipiscing elit. Sed pharetra placerat justo, ac porttitor tortor rhoncus sit amet. Donec a ex ac odio consectetur laoreet.\",\"77\":\"1\",\"76\":{\"date\":\"\",\"time\":\"\"},\"78\":\"\",\"72\":\"\",\"75\":{\"date\":\"\",\"time\":\"\"},\"74\":\"\",\"16\":\"medium\",\"4\":\"<p>Lorem ipsum dolor sit amet, consectetur adipiscing elit. Sed pharetra placerat justo, ac porttitor tortor rhoncus sit amet. Donec a ex ac odio consectetur laoreet.<\\/p>\",\"42\":\"\",\"19\":\"\",\"36\":[{\"col1\":\"\",\"col2\":\"\",\"col3\":\"\"}],\"7\":[\"30\"]}}','2017-06-21 09:37:53','2017-06-21 09:37:53','725aa33a-5eb8-490d-b52d-5bcf9b86e49b'),
	(135,5,5,1,'en',2,'','{\"typeId\":\"5\",\"authorId\":\"1\",\"title\":\"Noord\",\"slug\":\"noord\",\"postDate\":1496691600,\"expiryDate\":null,\"enabled\":1,\"parentId\":null,\"fields\":{\"73\":\"\",\"71\":\"\",\"40\":[\"4\"],\"35\":[\"9\"],\"8\":\"\",\"6\":\"\",\"12\":\"\",\"11\":\"\",\"39\":\"\",\"77\":\"\",\"76\":{\"date\":\"\",\"time\":\"\"},\"78\":\"\",\"72\":\"\",\"75\":{\"date\":\"\",\"time\":\"\"},\"74\":\"\",\"4\":\"<p>Lorem ipsum dolot sit amet.<\\/p>\",\"41\":\"\",\"36\":[{\"col1\":\"\",\"col2\":\"\",\"col3\":\"\"}],\"7\":\"\"}}','2017-06-21 09:51:53','2017-06-21 09:51:53','5cbe0c2b-b8d9-42f1-ac11-ee43647af6d8'),
	(136,5,5,1,'en',3,'','{\"typeId\":\"5\",\"authorId\":\"1\",\"title\":\"Noord\",\"slug\":\"noord\",\"postDate\":1496691600,\"expiryDate\":null,\"enabled\":1,\"parentId\":null,\"fields\":{\"73\":\"\",\"71\":\"\",\"40\":[\"4\"],\"35\":[\"9\"],\"8\":\"\",\"6\":\"\",\"12\":\"\",\"11\":\"\",\"39\":\"\",\"77\":\"\",\"76\":{\"date\":\"\",\"time\":\"\"},\"78\":\"\",\"72\":\"\",\"75\":{\"date\":\"\",\"time\":\"\"},\"74\":\"\",\"4\":\"<p>Lorem ipsum dolot sit amet.<\\/p>\",\"41\":[\"66\",\"67\",\"68\"],\"36\":[{\"col1\":\"\",\"col2\":\"\",\"col3\":\"\"}],\"7\":\"\"}}','2017-06-21 09:56:54','2017-06-21 09:56:54','aa74b276-cead-416a-ad37-cba00a9a424b'),
	(137,5,5,1,'en',4,'','{\"typeId\":\"5\",\"authorId\":\"1\",\"title\":\"Noord\",\"slug\":\"noord\",\"postDate\":1496691600,\"expiryDate\":null,\"enabled\":1,\"parentId\":null,\"fields\":{\"73\":[\"37\"],\"71\":\"Uber\",\"40\":[\"4\"],\"35\":[\"9\"],\"8\":\"\",\"6\":\"\",\"12\":\"\",\"11\":\"\",\"39\":\"\",\"77\":\"1\",\"76\":{\"date\":\"\",\"time\":\"\"},\"78\":\"\",\"72\":\"\",\"75\":{\"date\":\"\",\"time\":\"\"},\"74\":\"<p>Bla bla bla<\\/p>\",\"4\":\"<p>Lorem ipsum dolot sit amet.<\\/p>\",\"41\":[\"66\",\"67\",\"68\"],\"36\":[{\"col1\":\"\",\"col2\":\"\",\"col3\":\"\"}],\"7\":\"\"}}','2017-06-21 10:08:17','2017-06-21 10:08:17','ec0bd1ae-98f3-4f71-97e6-a45b806b505a'),
	(138,5,5,1,'en',5,'','{\"typeId\":\"5\",\"authorId\":\"1\",\"title\":\"Noord\",\"slug\":\"noord\",\"postDate\":1496691600,\"expiryDate\":null,\"enabled\":1,\"parentId\":null,\"fields\":{\"73\":[\"37\"],\"71\":\"Uber\",\"40\":[\"4\"],\"35\":[\"62\"],\"8\":\"\",\"6\":\"\",\"12\":\"\",\"11\":\"\",\"39\":\"\",\"77\":\"1\",\"76\":{\"date\":\"\",\"time\":\"\"},\"78\":\"\",\"72\":\"\",\"75\":{\"date\":\"\",\"time\":\"\"},\"74\":\"<p>Bla bla bla<\\/p>\",\"4\":\"<p>Lorem ipsum dolot sit amet.<\\/p>\",\"41\":[\"66\",\"67\",\"68\"],\"36\":[{\"col1\":\"\",\"col2\":\"\",\"col3\":\"\"}],\"7\":\"\"}}','2017-06-21 10:08:58','2017-06-21 10:08:58','4ca85348-01d3-4c6a-b6f7-b6269e2d9d25'),
	(139,5,5,1,'en',6,'','{\"typeId\":\"5\",\"authorId\":\"1\",\"title\":\"Noord\",\"slug\":\"noord\",\"postDate\":1496691600,\"expiryDate\":null,\"enabled\":1,\"parentId\":null,\"fields\":{\"73\":[\"37\"],\"71\":\"Uber\",\"40\":[\"4\"],\"35\":[\"62\"],\"8\":[\"28\"],\"6\":[\"7\"],\"12\":\"\",\"11\":\"\",\"39\":\"\",\"77\":\"1\",\"76\":{\"date\":\"\",\"time\":\"\"},\"78\":\"\",\"72\":\"\",\"75\":{\"date\":\"\",\"time\":\"\"},\"74\":\"<p>Bla bla bla<\\/p>\",\"4\":\"<p>Lorem ipsum dolot sit amet.<\\/p>\",\"41\":[\"66\",\"67\",\"68\"],\"36\":[{\"col1\":\"\",\"col2\":\"\",\"col3\":\"\"}],\"7\":\"\"}}','2017-06-21 10:16:44','2017-06-21 10:16:44','13255f7b-3ccc-4f81-a638-0adaaaed51e3'),
	(140,23,4,1,'en',11,'','{\"typeId\":\"4\",\"authorId\":\"1\",\"title\":\"Tokyo\",\"slug\":\"tokyo\",\"postDate\":1497466140,\"expiryDate\":null,\"enabled\":1,\"parentId\":null,\"fields\":{\"20\":\"\",\"73\":\"\",\"71\":\"\",\"62\":[\"70\"],\"38\":\"\",\"90\":\"Asia\",\"8\":[\"28\"],\"6\":[\"7\"],\"15\":\"medium\",\"14\":\"\",\"12\":\"\",\"11\":\"\",\"10\":\"\",\"18\":\"1\",\"17\":\"medium\",\"64\":\"0\",\"29\":\"\",\"30\":\"\",\"24\":\"\",\"25\":\"\",\"32\":\"\",\"31\":\"\",\"23\":\"\",\"21\":\"\",\"27\":\"\",\"33\":\"\",\"28\":\"\",\"26\":\"\",\"22\":\"\",\"37\":\"With world-class museums, quirky festivals, theatre, live music, laid-back bars and delightful restaurants, there\'s never a shortage of things to do in Amsterdam!\",\"77\":\"\",\"76\":{\"date\":\"\",\"time\":\"\"},\"78\":\"\",\"72\":\"\",\"75\":{\"date\":\"\",\"time\":\"\"},\"74\":\"\",\"16\":\"medium\",\"4\":\"<p>Lorem ipsum dolor sit amet...<\\/p>\",\"42\":\"\",\"19\":\"\",\"36\":[{\"col1\":\"\",\"col2\":\"\",\"col3\":\"\"}],\"7\":[\"30\"]}}','2017-06-21 14:02:54','2017-06-21 14:02:54','5c6ca819-73bb-4fc9-b04b-6091a5dd9852'),
	(141,72,5,1,'en',1,'','{\"typeId\":null,\"authorId\":\"1\",\"title\":\"West\",\"slug\":\"west\",\"postDate\":1498054205,\"expiryDate\":null,\"enabled\":1,\"parentId\":null,\"fields\":{\"73\":\"\",\"71\":\"\",\"40\":[\"4\"],\"35\":[\"60\"],\"8\":[\"28\"],\"6\":[\"7\"],\"12\":\"\",\"11\":\"\",\"39\":\"\",\"77\":\"\",\"76\":{\"date\":\"\",\"time\":\"\"},\"78\":\"\",\"72\":\"\",\"75\":{\"date\":\"\",\"time\":\"\"},\"74\":\"\",\"4\":\"<p>Lorem ipsum dolor sit amet...<\\/p>\",\"41\":[\"71\"],\"36\":[{\"col1\":\"\",\"col2\":\"\",\"col3\":\"\"}],\"7\":\"\"}}','2017-06-21 14:10:06','2017-06-21 14:10:06','4853f445-d41f-4222-82c6-f04cfd7126b0'),
	(142,4,4,1,'en',26,'','{\"typeId\":\"4\",\"authorId\":\"1\",\"title\":\"Amsterdam\",\"slug\":\"amsterdam\",\"postDate\":1496691060,\"expiryDate\":null,\"enabled\":1,\"parentId\":null,\"fields\":{\"20\":\"\",\"73\":[\"37\"],\"71\":\"Uber\",\"62\":[\"8\"],\"38\":\"\",\"90\":\"Europe\",\"8\":[\"28\"],\"6\":[\"7\"],\"15\":\"high\",\"14\":\"\",\"12\":\"\",\"11\":\"\",\"10\":[\"5\",\"72\"],\"18\":\"1\",\"17\":\"low\",\"64\":\"0\",\"29\":\"\",\"30\":\"\",\"24\":\"\",\"25\":\"\",\"32\":\"\",\"31\":\"\",\"23\":\"\",\"21\":\"\",\"27\":\"\",\"33\":\"\",\"28\":\"\",\"26\":\"\",\"22\":\"\",\"37\":\"Where else in the world can you enjoy the hipster city life and within a few minutes find yourself in a geothermal pool in the middle of a Game of Thrones set?\",\"77\":\"1\",\"76\":{\"date\":\"6\\/27\\/2017\",\"time\":\"2:00 AM\"},\"78\":\"\",\"72\":\"https:\\/\\/uber.com\",\"75\":{\"date\":\"6\\/4\\/2017\",\"time\":\"2:00 AM\"},\"74\":\"\",\"16\":\"medium\",\"4\":\"<p>Where else in the world can you enjoy the hipster city life and within a few minutes find yourself in a geothermal pool in the middle of a Game of Thrones set?<\\/p>\",\"42\":\"\",\"19\":\"\",\"36\":[{\"col1\":\"\",\"col2\":\"\",\"col3\":\"\"}],\"7\":[\"30\"]}}','2017-06-21 14:10:17','2017-06-21 14:10:17','df1d14ad-414a-43f2-bdb6-c67010e958f5'),
	(143,5,5,1,'en',7,'','{\"typeId\":\"5\",\"authorId\":\"1\",\"title\":\"Noord\",\"slug\":\"noord\",\"postDate\":1496691600,\"expiryDate\":null,\"enabled\":1,\"parentId\":null,\"fields\":{\"73\":[\"37\"],\"71\":\"Uber\",\"40\":[\"4\"],\"35\":[\"62\"],\"8\":[\"28\"],\"6\":[\"7\"],\"12\":\"\",\"11\":\"\",\"39\":\"\",\"77\":\"1\",\"76\":{\"date\":\"\",\"time\":\"\"},\"78\":\"\",\"72\":\"\",\"75\":{\"date\":\"\",\"time\":\"\"},\"74\":\"<p>Bla bla bla<\\/p>\",\"4\":\"<p>Lorem ipsum dolot sit amet.<\\/p>\",\"41\":[\"66\",\"67\",\"68\"],\"36\":[{\"col1\":\"\",\"col2\":\"\",\"col3\":\"\"}],\"7\":[\"30\"]}}','2017-06-21 14:12:30','2017-06-21 14:12:30','54bdb863-42ff-449b-8ee0-6b128d7fdad8'),
	(150,4,4,1,'en',27,'','{\"typeId\":\"4\",\"authorId\":\"1\",\"title\":\"Amsterdam\",\"slug\":\"amsterdam\",\"postDate\":1496691060,\"expiryDate\":null,\"enabled\":1,\"parentId\":null,\"fields\":{\"20\":\"\",\"73\":[\"37\"],\"71\":\"Uber\",\"62\":[\"8\"],\"38\":\"\",\"90\":\"Europe\",\"8\":[\"28\"],\"6\":[\"7\"],\"15\":\"high\",\"14\":\"\",\"12\":\"\",\"11\":\"\",\"10\":[\"5\",\"72\"],\"18\":\"1\",\"17\":\"low\",\"64\":\"0\",\"29\":\"\",\"30\":\"\",\"24\":\"\",\"25\":\"\",\"32\":\"\",\"31\":\"\",\"23\":\"\",\"21\":\"\",\"27\":\"\",\"33\":\"\",\"28\":\"\",\"26\":\"\",\"22\":\"\",\"37\":\"Where else in the world can you enjoy the hipster city life and within a few minutes find yourself in a geothermal pool in the middle of a Game of Thrones set?\",\"77\":\"1\",\"76\":{\"date\":\"6\\/27\\/2017\",\"time\":\"2:00 AM\"},\"78\":\"\",\"72\":\"https:\\/\\/uber.com\",\"75\":{\"date\":\"6\\/4\\/2017\",\"time\":\"2:00 AM\"},\"74\":\"\",\"16\":\"medium\",\"4\":\"<p>Where else in the world can you enjoy the hipster city life and within a few minutes find yourself in a geothermal pool in the middle of a Game of Thrones set?<\\/p>\",\"42\":[\"75\",\"76\",\"77\",\"78\"],\"19\":\"\",\"36\":[{\"col1\":\"\",\"col2\":\"\",\"col3\":\"\"}],\"7\":[\"30\"]}}','2017-06-21 15:23:53','2017-06-21 15:23:53','056c91f4-f6f3-438e-b116-ba2c095868a6'),
	(151,4,4,1,'en',28,'','{\"typeId\":\"4\",\"authorId\":\"1\",\"title\":\"Amsterdam\",\"slug\":\"amsterdam\",\"postDate\":1496691060,\"expiryDate\":null,\"enabled\":1,\"parentId\":null,\"fields\":{\"20\":\"\",\"73\":[\"37\"],\"71\":\"Uber\",\"62\":[\"8\"],\"38\":\"\",\"90\":\"Europe\",\"8\":[\"28\"],\"6\":[\"7\"],\"15\":\"high\",\"14\":\"\",\"12\":\"\",\"11\":\"\",\"10\":[\"5\",\"72\"],\"18\":\"1\",\"17\":\"low\",\"64\":\"0\",\"29\":\"\",\"30\":\"\",\"24\":\"\",\"25\":\"\",\"32\":\"\",\"31\":\"\",\"23\":\"\",\"21\":\"\",\"27\":\"\",\"33\":\"\",\"28\":\"\",\"26\":\"\",\"22\":\"\",\"37\":\"Where else in the world can you enjoy the hipster city life and within a few minutes find yourself in a geothermal pool in the middle of a Game of Thrones set?\",\"77\":\"1\",\"76\":{\"date\":\"6\\/27\\/2017\",\"time\":\"2:00 AM\"},\"78\":\"\",\"72\":\"https:\\/\\/uber.com\",\"75\":{\"date\":\"6\\/4\\/2017\",\"time\":\"2:00 AM\"},\"74\":\"\",\"16\":\"medium\",\"4\":\"<p>Where else in the world can you enjoy the hipster city life and within a few minutes find yourself in a geothermal pool in the middle of a Game of Thrones set?<\\/p>\",\"42\":[\"75\",\"76\",\"77\",\"78\",\"79\"],\"19\":\"\",\"36\":[{\"col1\":\"\",\"col2\":\"\",\"col3\":\"\"}],\"7\":[\"30\"]}}','2017-06-21 15:24:32','2017-06-21 15:24:32','d9555004-967f-4a5c-b45e-98302a6e5504'),
	(152,4,4,1,'en',29,'','{\"typeId\":\"4\",\"authorId\":\"1\",\"title\":\"Amsterdam\",\"slug\":\"amsterdam\",\"postDate\":1496691060,\"expiryDate\":null,\"enabled\":1,\"parentId\":null,\"fields\":{\"20\":\"\",\"73\":[\"37\"],\"71\":\"Uber\",\"62\":[\"8\"],\"38\":\"\",\"90\":\"Europe\",\"8\":[\"28\"],\"6\":[\"7\"],\"15\":\"high\",\"14\":\"\",\"12\":\"\",\"11\":\"\",\"10\":[\"5\",\"72\"],\"18\":\"1\",\"17\":\"low\",\"64\":\"0\",\"29\":\"\",\"30\":\"\",\"24\":\"\",\"25\":\"\",\"32\":\"\",\"31\":\"\",\"23\":\"\",\"21\":\"\",\"27\":\"\",\"33\":\"\",\"28\":\"\",\"26\":\"\",\"22\":\"\",\"37\":\"Where else in the world can you enjoy the hipster city life and within a few minutes find yourself in a geothermal pool in the middle of a Game of Thrones set?\",\"77\":\"1\",\"76\":{\"date\":\"6\\/27\\/2017\",\"time\":\"2:00 AM\"},\"78\":\"\",\"72\":\"https:\\/\\/uber.com\",\"75\":{\"date\":\"6\\/4\\/2017\",\"time\":\"2:00 AM\"},\"74\":\"\",\"16\":\"medium\",\"4\":\"<p>Where else in the world can you enjoy the hipster city life and within a few minutes find yourself in a geothermal pool in the middle of a Game of Thrones set?<\\/p>\",\"42\":[\"75\",\"76\",\"77\",\"78\",\"79\",\"80\",\"81\",\"82\",\"83\"],\"19\":\"\",\"36\":[{\"col1\":\"\",\"col2\":\"\",\"col3\":\"\"}],\"7\":[\"30\"]}}','2017-06-21 16:13:05','2017-06-21 16:13:05','61d8dce7-9ae9-4606-abd3-92c706bdc4ee'),
	(153,72,5,1,'en',2,'','{\"typeId\":\"5\",\"authorId\":\"1\",\"title\":\"West\",\"slug\":\"west\",\"postDate\":1498054200,\"expiryDate\":null,\"enabled\":1,\"parentId\":null,\"fields\":{\"73\":\"\",\"71\":\"\",\"40\":[\"4\"],\"35\":[\"60\"],\"8\":[\"28\"],\"6\":[\"7\"],\"12\":\"\",\"11\":\"\",\"39\":\"\",\"77\":\"\",\"76\":{\"date\":\"\",\"time\":\"\"},\"78\":\"\",\"72\":\"\",\"75\":{\"date\":\"\",\"time\":\"\"},\"74\":\"\",\"4\":\"<p>Lorem ipsum dolor sit amet...<\\/p>\",\"41\":[\"71\",\"84\",\"85\"],\"36\":[{\"col1\":\"\",\"col2\":\"\",\"col3\":\"\"}],\"7\":\"\"}}','2017-06-21 16:31:28','2017-06-21 16:31:28','199f125c-9090-47e3-ac58-ce19be1dc1f1'),
	(154,2,1,1,'en',52,'','{\"typeId\":null,\"authorId\":null,\"title\":\"Home\",\"slug\":\"homepage\",\"postDate\":1496677590,\"expiryDate\":null,\"enabled\":1,\"parentId\":null,\"fields\":{\"97\":[\"49\",\"51\",\"53\"],\"59\":[\"23\",\"24\",\"4\",\"63\",\"43\",\"65\"],\"35\":[\"17\"],\"65\":[\"4\"],\"66\":[\"55\"],\"60\":[\"13\",\"45\"],\"12\":\"Wanderbrief City Guides help you plan the perfect remote working trip with information on the best coffee, internet speed, co-working spaces, local adventures and meetups with like-minded nomads across the city.\",\"11\":\"Wanderbrief CityGuides \\u2014 Curated by local nomads.\",\"39\":\"\",\"82\":[\"7\",\"28\",\"30\"],\"89\":\"<p><b>Work<\\/b> & <strong>live<\\/strong><strong>&nbsp;<\\/strong><\\/p>\\r\\n<p>abroad like a local.<\\/p>\"}}','2017-06-21 16:55:21','2017-06-21 16:55:21','a2d194cb-ea63-48e2-83ad-ab35339354c4'),
	(155,2,1,1,'en',53,'','{\"typeId\":null,\"authorId\":null,\"title\":\"Home\",\"slug\":\"homepage\",\"postDate\":1496677590,\"expiryDate\":null,\"enabled\":1,\"parentId\":null,\"fields\":{\"97\":[\"49\",\"51\",\"53\"],\"59\":[\"23\",\"24\",\"4\",\"63\",\"43\",\"65\"],\"35\":[\"17\"],\"65\":[\"4\"],\"66\":[\"55\"],\"60\":[\"13\",\"45\"],\"12\":\"Wanderbrief City Guides help you plan the perfect remote working trip with information on the best coffee, internet speed, co-working spaces, local adventures and meetups with like-minded nomads across the city.\",\"11\":\"Wanderbrief CityGuides \\u2014 Curated by local nomads.\",\"39\":\"\",\"82\":[\"7\",\"28\",\"30\"],\"89\":\"<p><strong>Work<\\/strong> & <strong>live<\\/strong><strong>&nbsp;<\\/strong><\\/p>\\r\\n<p>abroad like a local.<\\/p>\"}}','2017-06-21 16:55:40','2017-06-21 16:55:40','ab14d1c9-275f-4203-b0ea-bcef2df041d4'),
	(156,2,1,1,'en',54,'','{\"typeId\":null,\"authorId\":null,\"title\":\"Home\",\"slug\":\"homepage\",\"postDate\":1496677590,\"expiryDate\":null,\"enabled\":1,\"parentId\":null,\"fields\":{\"97\":[\"49\",\"51\",\"53\"],\"59\":[\"23\",\"24\",\"4\",\"63\",\"43\",\"65\"],\"35\":[\"17\"],\"65\":[\"4\"],\"66\":[\"55\"],\"60\":[\"13\",\"45\"],\"12\":\"Wanderbrief City Guides help you plan the perfect remote working trip with information on the best coffee, internet speed, co-working spaces, local adventures and meetups with like-minded nomads across the city.\",\"11\":\"Wanderbrief CityGuides \\u2014 Curated by local nomads.\",\"39\":\"\",\"82\":[\"7\",\"28\",\"30\"],\"89\":\"<p><strong>Work <\\/strong>remotely & <strong>live<\\/strong><strong>&nbsp;<\\/strong><\\/p>\\r\\n<p>abroad like a local.<\\/p>\"}}','2017-06-21 16:59:28','2017-06-21 16:59:28','5f7eef45-988c-4053-bec4-3dd3a61ba293'),
	(157,2,1,1,'en',55,'','{\"typeId\":null,\"authorId\":null,\"title\":\"Home\",\"slug\":\"homepage\",\"postDate\":1496677590,\"expiryDate\":null,\"enabled\":1,\"parentId\":null,\"fields\":{\"97\":[\"49\",\"51\",\"53\"],\"59\":[\"23\",\"24\",\"4\",\"63\",\"43\",\"65\"],\"35\":[\"17\"],\"65\":[\"4\"],\"66\":[\"55\"],\"60\":[\"13\",\"45\"],\"12\":\"Wanderbrief City Guides help you plan the perfect remote working trip with information on the best coffee, internet speed, co-working spaces, local adventures and meetups with like-minded nomads across the city.\",\"11\":\"Wanderbrief CityGuides \\u2014 Curated by local nomads.\",\"39\":\"\",\"82\":[\"7\",\"28\",\"30\"],\"89\":\"<p><strong>Work <\\/strong>remotely & <strong>live<\\/strong><strong>&nbsp;<\\/strong>abroad like a local.<\\/p>\"}}','2017-06-21 16:59:41','2017-06-21 16:59:41','78b1418e-5c78-4ad8-ad0f-57b2718c9e22'),
	(158,2,1,1,'en',56,'','{\"typeId\":null,\"authorId\":null,\"title\":\"Home\",\"slug\":\"homepage\",\"postDate\":1496677590,\"expiryDate\":null,\"enabled\":1,\"parentId\":null,\"fields\":{\"97\":[\"49\",\"51\",\"53\"],\"59\":[\"23\",\"24\",\"4\",\"63\",\"43\",\"65\"],\"35\":[\"17\"],\"65\":[\"4\"],\"66\":[\"55\"],\"60\":[\"13\",\"45\"],\"12\":\"Wanderbrief City Guides help you plan the perfect remote working trip with information on the best coffee, internet speed, co-working spaces, local adventures and meetups with like-minded nomads across the city.\",\"11\":\"Wanderbrief CityGuides \\u2014 Curated by local nomads.\",\"39\":\"\",\"82\":[\"7\",\"28\",\"30\"],\"89\":\"<p><strong>Work <\\/strong>remote & <strong>live<\\/strong><strong>&nbsp;<\\/strong>abroad like a local.<\\/p>\"}}','2017-06-21 17:00:03','2017-06-21 17:00:03','83fb47ce-9dce-4273-92af-c94d3b97d3f5'),
	(159,2,1,1,'en',57,'','{\"typeId\":null,\"authorId\":null,\"title\":\"Home\",\"slug\":\"homepage\",\"postDate\":1496677590,\"expiryDate\":null,\"enabled\":1,\"parentId\":null,\"fields\":{\"97\":[\"49\",\"51\",\"53\"],\"59\":[\"23\",\"24\",\"4\",\"63\",\"43\",\"65\"],\"35\":[\"17\"],\"65\":[\"4\"],\"66\":[\"55\"],\"60\":[\"13\",\"45\"],\"12\":\"Wanderbrief City Guides help you plan the perfect remote working trip with information on the best coffee, internet speed, co-working spaces, local adventures and meetups with like-minded nomads across the city.\",\"11\":\"Wanderbrief CityGuides \\u2014 Curated by local nomads.\",\"39\":\"\",\"82\":[\"7\",\"28\",\"30\"],\"89\":\"<p><strong>Work<\\/strong>&nbsp;& <strong>live<\\/strong><strong>&nbsp;<\\/strong>abroad like a local.<\\/p>\"}}','2017-06-21 17:01:34','2017-06-21 17:01:34','781727db-88cc-4d5c-80ea-04eb659be295'),
	(160,86,5,1,'en',1,'','{\"typeId\":null,\"authorId\":\"1\",\"title\":\"Centrum\",\"slug\":\"centrum\",\"postDate\":1498118986,\"expiryDate\":null,\"enabled\":1,\"parentId\":null,\"fields\":{\"73\":\"\",\"71\":\"\",\"40\":[\"4\"],\"35\":[\"40\"],\"8\":\"\",\"6\":[\"7\"],\"12\":\"\",\"11\":\"\",\"39\":\"\",\"77\":\"\",\"76\":{\"date\":\"\",\"time\":\"\"},\"78\":\"\",\"72\":\"\",\"75\":{\"date\":\"\",\"time\":\"\"},\"74\":\"\",\"4\":\"<p>Lorem ipsum dolor sit amet.<\\/p>\",\"41\":\"\",\"36\":[{\"col1\":\"\",\"col2\":\"\",\"col3\":\"\"}],\"7\":\"\"}}','2017-06-22 08:09:46','2017-06-22 08:09:46','042bc2cb-d8a0-44ce-9fdc-c7cd725ba465'),
	(161,86,5,1,'en',2,'','{\"typeId\":\"5\",\"authorId\":\"1\",\"title\":\"Centrum\",\"slug\":\"centrum\",\"postDate\":1498118940,\"expiryDate\":null,\"enabled\":1,\"parentId\":null,\"fields\":{\"73\":\"\",\"71\":\"\",\"40\":[\"4\"],\"35\":[\"40\"],\"8\":[\"28\"],\"6\":\"\",\"12\":\"\",\"11\":\"\",\"39\":\"\",\"77\":\"\",\"76\":{\"date\":\"\",\"time\":\"\"},\"78\":\"\",\"72\":\"\",\"75\":{\"date\":\"\",\"time\":\"\"},\"74\":\"\",\"4\":\"<p>Lorem ipsum dolor sit amet.<\\/p>\",\"41\":\"\",\"36\":[{\"col1\":\"\",\"col2\":\"\",\"col3\":\"\"}],\"7\":\"\"}}','2017-06-22 08:10:01','2017-06-22 08:10:01','c536875a-8374-4d42-80dc-ece4658d6493'),
	(162,4,4,1,'en',30,'','{\"typeId\":\"4\",\"authorId\":\"1\",\"title\":\"Amsterdam\",\"slug\":\"amsterdam\",\"postDate\":1496691060,\"expiryDate\":null,\"enabled\":1,\"parentId\":null,\"fields\":{\"20\":\"\",\"73\":[\"37\"],\"71\":\"Uber\",\"62\":[\"8\"],\"38\":\"\",\"90\":\"Europe\",\"8\":[\"28\"],\"6\":[\"7\"],\"15\":\"high\",\"14\":\"\",\"12\":\"\",\"11\":\"\",\"10\":[\"5\",\"72\",\"86\"],\"18\":\"1\",\"17\":\"low\",\"64\":\"0\",\"29\":\"\",\"30\":\"\",\"24\":\"\",\"25\":\"\",\"32\":\"\",\"31\":\"\",\"23\":\"\",\"21\":\"\",\"27\":\"\",\"33\":\"\",\"28\":\"\",\"26\":\"\",\"22\":\"\",\"37\":\"Where else in the world can you enjoy the hipster city life and within a few minutes find yourself in a geothermal pool in the middle of a Game of Thrones set?\",\"77\":\"1\",\"76\":{\"date\":\"6\\/27\\/2017\",\"time\":\"2:00 AM\"},\"78\":\"\",\"72\":\"https:\\/\\/uber.com\",\"75\":{\"date\":\"6\\/4\\/2017\",\"time\":\"2:00 AM\"},\"74\":\"\",\"16\":\"medium\",\"4\":\"<p>Where else in the world can you enjoy the hipster city life and within a few minutes find yourself in a geothermal pool in the middle of a Game of Thrones set?<\\/p>\",\"42\":[\"75\",\"76\",\"77\",\"78\",\"79\",\"80\",\"81\",\"82\",\"83\"],\"19\":\"\",\"36\":[{\"col1\":\"\",\"col2\":\"\",\"col3\":\"\"}],\"7\":[\"30\"]}}','2017-06-22 08:10:12','2017-06-22 08:10:12','60c3ce71-d4fe-481e-a63e-5623780f14a7'),
	(163,87,15,1,'en',1,NULL,'{\"typeId\":\"15\",\"authorId\":null,\"title\":\"Neighborhoods\",\"slug\":\"neighborhoods\",\"postDate\":1498119894,\"expiryDate\":null,\"enabled\":1,\"parentId\":null,\"fields\":[]}','2017-06-22 08:24:54','2017-06-22 08:24:54','9ff6c31a-8400-4bb2-b276-261c46ba6f30'),
	(164,88,16,1,'en',1,NULL,'{\"typeId\":\"16\",\"authorId\":null,\"title\":\"Places\",\"slug\":\"places\",\"postDate\":1498119927,\"expiryDate\":null,\"enabled\":1,\"parentId\":null,\"fields\":[]}','2017-06-22 08:25:27','2017-06-22 08:25:27','61c0a2c4-be1d-4f34-a3e4-5e79d94d26c0'),
	(165,4,4,1,'en',31,'','{\"typeId\":\"4\",\"authorId\":\"1\",\"title\":\"Amsterdam\",\"slug\":\"amsterdam\",\"postDate\":1496691060,\"expiryDate\":null,\"enabled\":1,\"parentId\":null,\"fields\":{\"20\":\"\",\"73\":[\"37\"],\"71\":\"Uber\",\"62\":[\"89\"],\"38\":\"\",\"90\":\"Europe\",\"8\":[\"28\"],\"6\":[\"7\"],\"15\":\"high\",\"14\":\"\",\"12\":\"\",\"11\":\"\",\"10\":[\"5\",\"72\",\"86\"],\"18\":\"1\",\"17\":\"low\",\"64\":\"0\",\"29\":\"\",\"30\":\"\",\"24\":\"\",\"25\":\"\",\"32\":\"\",\"31\":\"\",\"23\":\"\",\"21\":\"\",\"27\":\"\",\"33\":\"\",\"28\":\"\",\"26\":\"\",\"22\":\"\",\"37\":\"Where else in the world can you enjoy the hipster city life and within a few minutes find yourself in a geothermal pool in the middle of a Game of Thrones set?\",\"77\":\"1\",\"76\":{\"date\":\"6\\/27\\/2017\",\"time\":\"2:00 AM\"},\"78\":\"\",\"72\":\"https:\\/\\/uber.com\",\"75\":{\"date\":\"6\\/4\\/2017\",\"time\":\"2:00 AM\"},\"74\":\"\",\"16\":\"medium\",\"4\":\"<p>Where else in the world can you enjoy the hipster city life and within a few minutes find yourself in a geothermal pool in the middle of a Game of Thrones set?<\\/p>\",\"42\":[\"75\",\"76\",\"77\",\"78\",\"79\",\"80\",\"81\",\"82\",\"83\"],\"19\":\"\",\"36\":[{\"col1\":\"\",\"col2\":\"\",\"col3\":\"\"}],\"7\":[\"30\"]}}','2017-06-22 10:48:55','2017-06-22 10:48:55','94b3388f-120e-4a51-a227-7f6aad059365'),
	(166,86,5,1,'en',3,'','{\"typeId\":\"5\",\"authorId\":\"1\",\"title\":\"Centrum\",\"slug\":\"centrum\",\"postDate\":1498118940,\"expiryDate\":null,\"enabled\":1,\"parentId\":null,\"fields\":{\"73\":\"\",\"71\":\"\",\"40\":[\"4\"],\"35\":[\"9\"],\"8\":[\"28\"],\"6\":\"\",\"12\":\"\",\"11\":\"\",\"39\":\"\",\"77\":\"\",\"76\":{\"date\":\"\",\"time\":\"\"},\"78\":\"\",\"72\":\"\",\"75\":{\"date\":\"\",\"time\":\"\"},\"74\":\"\",\"4\":\"<p>Lorem ipsum dolor sit amet.<\\/p>\",\"41\":\"\",\"36\":[{\"col1\":\"\",\"col2\":\"\",\"col3\":\"\"}],\"7\":\"\"}}','2017-06-22 10:49:57','2017-06-22 10:49:57','924ea40f-b96a-4ace-be0b-37617f14fba9'),
	(167,58,12,1,'en',9,'','{\"typeId\":null,\"authorId\":null,\"title\":\"Cities\",\"slug\":\"cities\",\"postDate\":1497621018,\"expiryDate\":null,\"enabled\":1,\"parentId\":null,\"fields\":{\"35\":[\"59\"],\"89\":\"<p>Top Cities<\\/p>\",\"42\":[\"81\",\"79\",\"78\",\"83\",\"76\",\"80\",\"82\",\"77\"]}}','2017-06-22 14:16:06','2017-06-22 14:16:06','0f9e8f5c-bbfc-4a4a-aeaf-05c5eef2d386'),
	(168,43,4,1,'en',4,'','{\"typeId\":\"4\",\"authorId\":\"1\",\"title\":\"Phuket\",\"slug\":\"phuket\",\"postDate\":1497481440,\"expiryDate\":null,\"enabled\":1,\"parentId\":null,\"fields\":{\"20\":\"\",\"73\":[\"37\"],\"71\":\"Uber\",\"62\":[\"42\"],\"38\":\"\",\"90\":\"Asia\",\"8\":[\"28\"],\"6\":[\"7\"],\"15\":\"medium\",\"14\":\"\",\"12\":\"\",\"11\":\"\",\"10\":\"\",\"18\":\"1\",\"17\":\"medium\",\"64\":\"0\",\"29\":\"\",\"30\":\"\",\"24\":\"\",\"25\":\"\",\"32\":\"\",\"31\":\"\",\"23\":\"\",\"21\":\"\",\"27\":\"\",\"33\":\"\",\"28\":\"\",\"26\":\"\",\"22\":\"\",\"37\":\"Lorem ipsum dolor sit amet, consectetur adipiscing elit. Sed pharetra placerat justo, ac porttitor tortor rhoncus sit amet. Donec a ex ac odio consectetur laoreet.\",\"77\":\"1\",\"76\":{\"date\":\"\",\"time\":\"\"},\"78\":\"\",\"72\":\"\",\"75\":{\"date\":\"\",\"time\":\"\"},\"74\":\"\",\"16\":\"medium\",\"4\":\"<p>Lorem ipsum dolor sit amet, consectetur adipiscing elit. Sed pharetra placerat justo, ac porttitor tortor rhoncus sit amet. Donec a ex ac odio consectetur laoreet.<\\/p>\",\"42\":[\"80\"],\"19\":\"\",\"36\":[{\"col1\":\"\",\"col2\":\"\",\"col3\":\"\"}],\"7\":[\"30\"]}}','2017-06-22 14:24:43','2017-06-22 14:24:43','70217948-8533-4ee5-849f-31edef84e189'),
	(169,55,3,1,'en',5,'','{\"typeId\":\"3\",\"authorId\":\"1\",\"title\":\"Monthly Essentials Selection\",\"slug\":\"monthly-gears-selection\",\"postDate\":1497556380,\"expiryDate\":null,\"enabled\":1,\"parentId\":null,\"fields\":{\"73\":[\"37\"],\"71\":\"Uber\",\"1\":\"<p>Lorem ipsum...<\\/p>\",\"46\":\"\",\"63\":[\"57\"],\"64\":\"1\",\"77\":\"1\",\"76\":{\"date\":\"\",\"time\":\"\"},\"78\":\"\",\"72\":\"\",\"75\":{\"date\":\"\",\"time\":\"\"},\"74\":\"\",\"45\":\"\",\"4\":\"<p>Lorem ipsum...<\\/p>\",\"44\":[{\"col1\":\"\"}]}}','2017-06-22 14:30:21','2017-06-22 14:30:21','706c01b1-cc76-4129-b1b6-b96867742a80'),
	(170,90,17,1,'en',1,NULL,'{\"typeId\":\"17\",\"authorId\":null,\"title\":\"Essentials\",\"slug\":\"essentials\",\"postDate\":1498141936,\"expiryDate\":null,\"enabled\":1,\"parentId\":null,\"fields\":[]}','2017-06-22 14:32:16','2017-06-22 14:32:16','3173a85f-2820-46c5-bda7-53c81d73d973'),
	(171,58,12,1,'en',10,'','{\"typeId\":null,\"authorId\":null,\"title\":\"Cities\",\"slug\":\"cities\",\"postDate\":1497621018,\"expiryDate\":null,\"enabled\":1,\"parentId\":null,\"fields\":{\"35\":[\"59\"],\"89\":\"<p>Top Cities<\\/p>\",\"42\":[\"81\",\"79\",\"78\",\"83\",\"76\",\"80\",\"82\",\"77\",\"75\"]}}','2017-06-22 14:35:18','2017-06-22 14:35:18','b0ce4519-62f3-427e-b908-9cf7a812c781'),
	(172,58,12,1,'en',11,'','{\"typeId\":null,\"authorId\":null,\"title\":\"Cities\",\"slug\":\"cities\",\"postDate\":1497621018,\"expiryDate\":null,\"enabled\":1,\"parentId\":null,\"fields\":{\"35\":[\"59\"],\"89\":\"<p>Top Cities<\\/p>\",\"42\":[\"81\",\"79\",\"78\",\"83\",\"76\",\"80\",\"82\",\"77\",\"75\",\"91\",\"92\",\"93\"]}}','2017-06-22 14:39:36','2017-06-22 14:39:36','22da6e06-96e1-4888-bf30-59d31b047b73'),
	(173,4,4,1,'en',32,'','{\"typeId\":\"4\",\"authorId\":\"1\",\"title\":\"Amsterdam\",\"slug\":\"amsterdam\",\"postDate\":1496691060,\"expiryDate\":null,\"enabled\":1,\"parentId\":null,\"fields\":{\"20\":\"\",\"73\":[\"37\"],\"71\":\"Uber\",\"62\":[\"89\"],\"38\":\"\",\"90\":\"Europe\",\"8\":[\"28\"],\"6\":[\"7\"],\"15\":\"high\",\"14\":\"\",\"12\":\"\",\"11\":\"\",\"10\":[\"5\",\"72\",\"86\"],\"18\":\"1\",\"17\":\"low\",\"64\":\"0\",\"29\":\"\",\"30\":\"\",\"24\":\"\",\"25\":\"\",\"32\":\"\",\"31\":\"\",\"23\":\"\",\"21\":\"\",\"27\":\"\",\"33\":\"\",\"28\":\"\",\"26\":\"\",\"22\":\"\",\"37\":\"Where else in the world can you enjoy the hipster city life and within a few minutes find yourself in a geothermal pool in the middle of a Game of Thrones set?\",\"77\":\"1\",\"76\":{\"date\":\"6\\/27\\/2017\",\"time\":\"2:00 AM\"},\"78\":\"\",\"72\":\"https:\\/\\/uber.com\",\"75\":{\"date\":\"6\\/4\\/2017\",\"time\":\"2:00 AM\"},\"74\":\"\",\"16\":\"medium\",\"4\":\"<p>Where else in the world can you enjoy the hipster city life and within a few minutes find yourself in a geothermal pool in the middle of a Game of Thrones set?<\\/p>\",\"42\":[\"75\",\"76\",\"78\",\"79\",\"82\"],\"19\":\"\",\"36\":[{\"col1\":\"\",\"col2\":\"\",\"col3\":\"\"}],\"7\":[\"30\"]}}','2017-06-22 14:42:05','2017-06-22 14:42:05','5cd81157-6c32-40b5-a6c6-63901c79312f'),
	(174,43,4,1,'en',5,'','{\"typeId\":\"4\",\"authorId\":\"1\",\"title\":\"Phuket\",\"slug\":\"phuket\",\"postDate\":1497481440,\"expiryDate\":null,\"enabled\":1,\"parentId\":null,\"fields\":{\"20\":\"\",\"73\":[\"37\"],\"71\":\"Uber\",\"62\":[\"42\"],\"38\":\"\",\"90\":\"Asia\",\"8\":[\"28\"],\"6\":[\"7\"],\"15\":\"medium\",\"14\":\"\",\"12\":\"\",\"11\":\"\",\"10\":\"\",\"18\":\"1\",\"17\":\"medium\",\"64\":\"0\",\"29\":\"\",\"30\":\"\",\"24\":\"\",\"25\":\"\",\"32\":\"\",\"31\":\"\",\"23\":\"\",\"21\":\"\",\"27\":\"\",\"33\":\"\",\"28\":\"\",\"26\":\"\",\"22\":\"\",\"37\":\"Lorem ipsum dolor sit amet, consectetur adipiscing elit. Sed pharetra placerat justo, ac porttitor tortor rhoncus sit amet. Donec a ex ac odio consectetur laoreet.\",\"77\":\"1\",\"76\":{\"date\":\"\",\"time\":\"\"},\"78\":\"\",\"72\":\"\",\"75\":{\"date\":\"\",\"time\":\"\"},\"74\":\"\",\"16\":\"medium\",\"4\":\"<p>Lorem ipsum dolor sit amet, consectetur adipiscing elit. Sed pharetra placerat justo, ac porttitor tortor rhoncus sit amet. Donec a ex ac odio consectetur laoreet.<\\/p>\",\"42\":[\"80\",\"77\",\"91\"],\"19\":\"\",\"36\":[{\"col1\":\"\",\"col2\":\"\",\"col3\":\"\"}],\"7\":[\"30\"]}}','2017-06-22 14:42:20','2017-06-22 14:42:20','01702481-caa9-44f5-b009-1f4dd5fac4cc'),
	(175,63,4,1,'en',2,'','{\"typeId\":\"4\",\"authorId\":\"1\",\"title\":\"New York\",\"slug\":\"new-york\",\"postDate\":1497627720,\"expiryDate\":null,\"enabled\":1,\"parentId\":null,\"fields\":{\"20\":\"\",\"73\":\"\",\"71\":\"\",\"62\":[\"10\"],\"38\":\"\",\"90\":\"North America\",\"8\":\"\",\"6\":\"\",\"15\":\"medium\",\"14\":\"\",\"12\":\"\",\"11\":\"\",\"10\":\"\",\"18\":\"1\",\"17\":\"medium\",\"64\":\"0\",\"29\":\"\",\"30\":\"\",\"24\":\"\",\"25\":\"\",\"32\":\"\",\"31\":\"\",\"23\":\"\",\"21\":\"\",\"27\":\"\",\"33\":\"\",\"28\":\"\",\"26\":\"\",\"22\":\"\",\"37\":\"\\u200bLorem ipsum dolor sit amet\",\"77\":\"\",\"76\":{\"date\":\"\",\"time\":\"\"},\"78\":\"\",\"72\":\"\",\"75\":{\"date\":\"\",\"time\":\"\"},\"74\":\"\",\"16\":\"medium\",\"4\":\"<p>Lorem ipsum dolor sit amet<\\/p>\",\"42\":[\"79\",\"81\",\"76\"],\"19\":\"\",\"36\":[{\"col1\":\"\",\"col2\":\"\",\"col3\":\"\"}],\"7\":\"\"}}','2017-06-22 14:42:48','2017-06-22 14:42:48','8d17154e-5626-413c-9d64-c357a11d9a92'),
	(176,65,4,1,'en',2,'','{\"typeId\":\"4\",\"authorId\":\"1\",\"title\":\"Da Nang\",\"slug\":\"da-nang\",\"postDate\":1497628020,\"expiryDate\":null,\"enabled\":1,\"parentId\":null,\"fields\":{\"20\":\"\",\"73\":\"\",\"71\":\"\",\"62\":[\"64\"],\"38\":\"\",\"90\":\"Asia\",\"8\":\"\",\"6\":\"\",\"15\":\"medium\",\"14\":\"\",\"12\":\"\",\"11\":\"\",\"10\":\"\",\"18\":\"1\",\"17\":\"medium\",\"64\":\"0\",\"29\":\"\",\"30\":\"\",\"24\":\"\",\"25\":\"\",\"32\":\"\",\"31\":\"\",\"23\":\"\",\"21\":\"\",\"27\":\"\",\"33\":\"\",\"28\":\"\",\"26\":\"\",\"22\":\"\",\"37\":\"\\u200bLorem ipsum dolor sit amet.\",\"77\":\"\",\"76\":{\"date\":\"\",\"time\":\"\"},\"78\":\"\",\"72\":\"\",\"75\":{\"date\":\"\",\"time\":\"\"},\"74\":\"\",\"16\":\"medium\",\"4\":\"<p>Lorem ipsum dolor sit amet.<\\/p>\",\"42\":[\"91\",\"77\",\"75\"],\"19\":\"\",\"36\":[{\"col1\":\"\",\"col2\":\"\",\"col3\":\"\"}],\"7\":\"\"}}','2017-06-22 14:43:08','2017-06-22 14:43:08','7cf3e497-5808-4be6-b6f9-04da2c8a30ed'),
	(177,24,4,1,'en',6,'','{\"typeId\":\"4\",\"authorId\":\"1\",\"title\":\"Sydney\",\"slug\":\"sydney\",\"postDate\":1497466200,\"expiryDate\":null,\"enabled\":1,\"parentId\":null,\"fields\":{\"20\":\"\",\"73\":\"\",\"71\":\"\",\"62\":[\"39\"],\"38\":\"\",\"90\":\"Australia\",\"8\":\"\",\"6\":\"\",\"15\":\"medium\",\"14\":\"\",\"12\":\"\",\"11\":\"\",\"10\":\"\",\"18\":\"1\",\"17\":\"medium\",\"64\":\"0\",\"29\":\"\",\"30\":\"\",\"24\":\"\",\"25\":\"\",\"32\":\"\",\"31\":\"\",\"23\":\"\",\"21\":\"\",\"27\":\"\",\"33\":\"\",\"28\":\"\",\"26\":\"\",\"22\":\"\",\"37\":\"With world-class museums, quirky festivals, theatre, live music, laid-back bars and delightful restaurants, there\'s never a shortage of things to do in Amsterdam!\",\"77\":\"\",\"76\":{\"date\":\"\",\"time\":\"\"},\"78\":\"\",\"72\":\"\",\"75\":{\"date\":\"\",\"time\":\"\"},\"74\":\"\",\"16\":\"medium\",\"4\":\"<p>Lorem ipsum dolor sit amet...<\\/p>\",\"42\":[\"91\",\"82\"],\"19\":\"\",\"36\":[{\"col1\":\"\",\"col2\":\"\",\"col3\":\"\"}],\"7\":\"\"}}','2017-06-22 14:43:24','2017-06-22 14:43:24','b7f9db52-1c11-4041-a084-585d68e6672c'),
	(178,23,4,1,'en',12,'','{\"typeId\":\"4\",\"authorId\":\"1\",\"title\":\"Tokyo\",\"slug\":\"tokyo\",\"postDate\":1497466140,\"expiryDate\":null,\"enabled\":1,\"parentId\":null,\"fields\":{\"20\":\"\",\"73\":\"\",\"71\":\"\",\"62\":[\"70\"],\"38\":\"\",\"90\":\"Asia\",\"8\":[\"28\"],\"6\":[\"7\"],\"15\":\"medium\",\"14\":\"\",\"12\":\"\",\"11\":\"\",\"10\":\"\",\"18\":\"1\",\"17\":\"medium\",\"64\":\"0\",\"29\":\"\",\"30\":\"\",\"24\":\"\",\"25\":\"\",\"32\":\"\",\"31\":\"\",\"23\":\"\",\"21\":\"\",\"27\":\"\",\"33\":\"\",\"28\":\"\",\"26\":\"\",\"22\":\"\",\"37\":\"With world-class museums, quirky festivals, theatre, live music, laid-back bars and delightful restaurants, there\'s never a shortage of things to do in Amsterdam!\",\"77\":\"\",\"76\":{\"date\":\"\",\"time\":\"\"},\"78\":\"\",\"72\":\"\",\"75\":{\"date\":\"\",\"time\":\"\"},\"74\":\"\",\"16\":\"medium\",\"4\":\"<p>Lorem ipsum dolor sit amet...<\\/p>\",\"42\":[\"82\",\"77\",\"76\",\"81\",\"83\"],\"19\":\"\",\"36\":[{\"col1\":\"\",\"col2\":\"\",\"col3\":\"\"}],\"7\":[\"30\"]}}','2017-06-22 14:43:55','2017-06-22 14:43:55','afee3c35-4ce2-4e13-bbc5-c91dd8a9cabc'),
	(179,65,4,1,'en',3,'','{\"typeId\":\"4\",\"authorId\":\"1\",\"title\":\"Da Nang\",\"slug\":\"da-nang\",\"postDate\":1497628020,\"expiryDate\":null,\"enabled\":1,\"parentId\":null,\"fields\":{\"20\":\"\",\"73\":\"\",\"71\":\"\",\"62\":[\"64\"],\"38\":\"\",\"90\":\"Asia\",\"8\":\"\",\"6\":\"\",\"15\":\"medium\",\"14\":\"\",\"12\":\"\",\"11\":\"\",\"10\":\"\",\"18\":\"1\",\"17\":\"medium\",\"64\":\"0\",\"29\":\"\",\"30\":\"\",\"24\":\"\",\"25\":\"\",\"32\":\"\",\"31\":\"\",\"23\":\"\",\"21\":\"\",\"27\":\"\",\"33\":\"\",\"28\":\"\",\"26\":\"\",\"22\":\"\",\"37\":\"\\u200bLorem ipsum dolor sit amet.\",\"77\":\"\",\"76\":{\"date\":\"\",\"time\":\"\"},\"78\":\"\",\"72\":\"\",\"75\":{\"date\":\"\",\"time\":\"\"},\"74\":\"\",\"16\":\"medium\",\"4\":\"<p>Lorem ipsum dolor sit amet.<\\/p>\",\"42\":[\"91\",\"77\",\"75\",\"80\"],\"19\":\"\",\"36\":[{\"col1\":\"\",\"col2\":\"\",\"col3\":\"\"}],\"7\":\"\"}}','2017-06-22 14:44:43','2017-06-22 14:44:43','3cf12d9f-9846-4f40-8dc5-f5277d092b15');



# Affichage de la table guide_fieldgroups
# ------------------------------------------------------------


CREATE TABLE `guide_fieldgroups` (
  `id` int(11) NOT NULL AUTO_INCREMENT,
  `name` varchar(255) COLLATE utf8_unicode_ci NOT NULL,
  `dateCreated` datetime NOT NULL,
  `dateUpdated` datetime NOT NULL,
  `uid` char(36) COLLATE utf8_unicode_ci NOT NULL DEFAULT '0',
  PRIMARY KEY (`id`),
  UNIQUE KEY `guide_fieldgroups_name_unq_idx` (`name`)
) ENGINE=InnoDB DEFAULT CHARSET=utf8 COLLATE=utf8_unicode_ci;


INSERT INTO `guide_fieldgroups` (`id`, `name`, `dateCreated`, `dateUpdated`, `uid`)
VALUES
	(1,'Default','2017-06-05 15:46:30','2017-06-05 15:46:30','6ab17dd5-ff1a-4115-921e-c603db8acd04'),
	(2,'Places','2017-06-05 16:51:39','2017-06-05 16:51:39','6f3e4a68-c977-4eee-ba2c-556a570ac365'),
	(3,'Gears','2017-06-05 16:51:43','2017-06-05 16:51:43','832e52c3-9c53-4926-ae34-019e3c120240'),
	(4,'Cities','2017-06-05 16:51:47','2017-06-05 16:51:47','f1085199-0e72-4447-ac35-c6b73bd7e6b8'),
	(5,'SEO','2017-06-05 16:51:53','2017-06-05 16:51:53','bf00813e-cd01-4d9b-83e1-84cfba787e68'),
	(6,'Neighborhoods','2017-06-05 18:46:18','2017-06-05 18:46:18','64c139e5-68b2-4ceb-88a5-a9581007e94a'),
	(7,'Promoting','2017-06-06 16:55:04','2017-06-06 16:55:04','07135597-b728-406a-a399-eba35feb1a3c'),
	(8,'Author','2017-06-13 20:55:53','2017-06-13 20:55:53','54be586e-8d62-4270-9385-4d663b3b8b7e'),
	(9,'Socials','2017-06-13 22:08:56','2017-06-13 22:08:56','575f1f2e-af58-46d1-9afd-1a5a406c7b0a'),
	(10,'Briefs','2017-06-15 16:41:50','2017-06-15 16:41:50','3d6996d1-e9c0-49fa-83e5-dc15bafb7d52');



# Affichage de la table guide_fieldlayoutfields
# ------------------------------------------------------------


CREATE TABLE `guide_fieldlayoutfields` (
  `id` int(11) NOT NULL AUTO_INCREMENT,
  `layoutId` int(11) NOT NULL,
  `tabId` int(11) NOT NULL,
  `fieldId` int(11) NOT NULL,
  `required` tinyint(1) unsigned NOT NULL DEFAULT '0',
  `sortOrder` smallint(6) unsigned DEFAULT NULL,
  `dateCreated` datetime NOT NULL,
  `dateUpdated` datetime NOT NULL,
  `uid` char(36) COLLATE utf8_unicode_ci NOT NULL DEFAULT '0',
  PRIMARY KEY (`id`),
  UNIQUE KEY `guide_fieldlayoutfields_layoutId_fieldId_unq_idx` (`layoutId`,`fieldId`),
  KEY `guide_fieldlayoutfields_sortOrder_idx` (`sortOrder`),
  KEY `guide_fieldlayoutfields_tabId_fk` (`tabId`),
  KEY `guide_fieldlayoutfields_fieldId_fk` (`fieldId`),
  CONSTRAINT `guide_fieldlayoutfields_fieldId_fk` FOREIGN KEY (`fieldId`) REFERENCES `guide_fields` (`id`) ON DELETE CASCADE,
  CONSTRAINT `guide_fieldlayoutfields_layoutId_fk` FOREIGN KEY (`layoutId`) REFERENCES `guide_fieldlayouts` (`id`) ON DELETE CASCADE,
  CONSTRAINT `guide_fieldlayoutfields_tabId_fk` FOREIGN KEY (`tabId`) REFERENCES `guide_fieldlayouttabs` (`id`) ON DELETE CASCADE
) ENGINE=InnoDB DEFAULT CHARSET=utf8 COLLATE=utf8_unicode_ci;


INSERT INTO `guide_fieldlayoutfields` (`id`, `layoutId`, `tabId`, `fieldId`, `required`, `sortOrder`, `dateCreated`, `dateUpdated`, `uid`)
VALUES
	(241,34,62,1,0,1,'2017-06-05 18:51:04','2017-06-05 18:51:04','b4755bf4-7201-4dd3-a1ce-0c87a4d5b8ae'),
	(242,34,62,34,0,2,'2017-06-05 18:51:04','2017-06-05 18:51:04','0a881afe-919a-456e-9ce7-55e8c7fdeba4'),
	(243,34,62,43,0,3,'2017-06-05 18:51:04','2017-06-05 18:51:04','177aa7e6-6b5a-44e9-8a87-a525a511ef6c'),
	(1373,93,385,4,0,1,'2017-06-06 18:13:27','2017-06-06 18:13:27','55215d03-2b5d-4b23-88b2-cbc3a7cd6e8e'),
	(1374,93,385,49,0,2,'2017-06-06 18:13:27','2017-06-06 18:13:27','958ca819-c3a2-43b2-94ff-3b51023ba3a7'),
	(1375,93,385,61,0,3,'2017-06-06 18:13:27','2017-06-06 18:13:27','29b32f4e-d584-4c8f-9d85-7ff54dca4d20'),
	(1376,93,385,57,0,4,'2017-06-06 18:13:27','2017-06-06 18:13:27','b6c4953b-831e-418c-b10a-fff2c88ce80f'),
	(1377,93,385,34,0,5,'2017-06-06 18:13:27','2017-06-06 18:13:27','883b072e-dc7f-43f0-8c6f-65597ea661ea'),
	(1378,93,386,50,0,1,'2017-06-06 18:13:27','2017-06-06 18:13:27','633c636f-6dab-4b3a-962c-d4cfdce3b242'),
	(1379,93,386,47,0,2,'2017-06-06 18:13:27','2017-06-06 18:13:27','67be4b39-b0e9-4956-88e8-645c9a7378f4'),
	(1380,93,386,48,0,3,'2017-06-06 18:13:27','2017-06-06 18:13:27','da4f78a3-4320-4071-8818-9bcb89bd7841'),
	(1381,93,387,56,0,1,'2017-06-06 18:13:27','2017-06-06 18:13:27','02eb132b-2d2e-42a7-9c7a-e8d8f2fc1330'),
	(1382,93,387,52,0,2,'2017-06-06 18:13:27','2017-06-06 18:13:27','09f7d97f-9292-4651-8a10-10e0e708a43e'),
	(1383,93,387,53,0,3,'2017-06-06 18:13:27','2017-06-06 18:13:27','5c7410cf-4619-402f-8a74-a9a059d90c38'),
	(1384,93,387,54,0,4,'2017-06-06 18:13:27','2017-06-06 18:13:27','c7beae78-6ea1-404d-a2aa-e3edf8583a0b'),
	(1385,93,387,55,0,5,'2017-06-06 18:13:27','2017-06-06 18:13:27','827e1b57-27b9-4ab0-8c3b-bcb897f9ce74'),
	(1386,93,388,58,0,1,'2017-06-06 18:13:27','2017-06-06 18:13:27','70d1edb0-d66f-4b09-9f32-17c254db7415'),
	(1387,93,389,77,0,1,'2017-06-06 18:13:27','2017-06-06 18:13:27','4bf03993-3f39-4e89-a6fe-87f616bcd2a3'),
	(1388,93,389,71,0,2,'2017-06-06 18:13:27','2017-06-06 18:13:27','984746d7-9807-4fc9-b825-661e379e1c1d'),
	(1389,93,389,73,0,3,'2017-06-06 18:13:27','2017-06-06 18:13:27','c8f6e37e-e43a-44de-874a-c6ae83023320'),
	(1390,93,389,78,0,4,'2017-06-06 18:13:27','2017-06-06 18:13:27','7acb6075-2957-4156-b191-11e8a044a209'),
	(1391,93,389,74,0,5,'2017-06-06 18:13:27','2017-06-06 18:13:27','eb5d4837-2e35-47e4-83b4-99a790cdf096'),
	(1392,93,389,72,0,6,'2017-06-06 18:13:27','2017-06-06 18:13:27','716a59cf-dc60-4157-a72d-665ec13c5b2d'),
	(1393,93,389,75,0,7,'2017-06-06 18:13:27','2017-06-06 18:13:27','a6305861-0836-41a1-b317-67f192511c97'),
	(1394,93,389,76,0,8,'2017-06-06 18:13:27','2017-06-06 18:13:27','a6a2b52f-5bc7-4547-b768-cfbd221e01e0'),
	(1395,93,390,36,0,1,'2017-06-06 18:13:27','2017-06-06 18:13:27','9551b782-9432-444e-9c18-3fd704640b1a'),
	(1396,93,391,11,0,1,'2017-06-06 18:13:27','2017-06-06 18:13:27','5fa601e2-27ab-4ec8-95c3-e9a6d82e8afe'),
	(1397,93,391,12,0,2,'2017-06-06 18:13:27','2017-06-06 18:13:27','8adbefdd-6456-4906-8902-d5c4af08ad73'),
	(1398,93,391,39,0,3,'2017-06-06 18:13:27','2017-06-06 18:13:27','693a2d62-5e13-438f-b542-9aa45b6ffbbd'),
	(1399,94,392,4,0,1,'2017-06-06 18:13:49','2017-06-06 18:13:49','bc157b9d-a077-4095-8f05-911aa89eedae'),
	(1400,94,392,49,0,2,'2017-06-06 18:13:49','2017-06-06 18:13:49','54fc31c8-70bf-4925-892e-c49abafe6dbf'),
	(1401,94,392,61,0,3,'2017-06-06 18:13:49','2017-06-06 18:13:49','d6016f93-ee25-4dab-a8bb-57187c75d232'),
	(1402,94,392,57,0,4,'2017-06-06 18:13:49','2017-06-06 18:13:49','c3467584-45f0-43be-8fdf-4e55a92e7e9b'),
	(1403,94,392,34,0,5,'2017-06-06 18:13:49','2017-06-06 18:13:49','7c5e9684-d369-42b4-b888-ee8b5f390a60'),
	(1404,94,393,50,0,1,'2017-06-06 18:13:49','2017-06-06 18:13:49','5640c21a-be91-4443-8ae3-45efff29d8c9'),
	(1405,94,393,48,0,2,'2017-06-06 18:13:49','2017-06-06 18:13:49','049a0a9e-5f77-4e3e-b6be-c8ec26c41f15'),
	(1406,94,393,47,0,3,'2017-06-06 18:13:49','2017-06-06 18:13:49','4d3305a0-92aa-4bf6-97e5-a134d888cef5'),
	(1407,94,393,51,0,4,'2017-06-06 18:13:49','2017-06-06 18:13:49','4df8f05e-e629-4e1e-a3e0-083be0cf5c7e'),
	(1408,94,394,56,0,1,'2017-06-06 18:13:49','2017-06-06 18:13:49','347879c5-2a4f-4ed1-b1a1-03018b9aa2c9'),
	(1409,94,394,52,0,2,'2017-06-06 18:13:49','2017-06-06 18:13:49','43d9be7c-9fab-4aa0-8b07-adaf0b8fd448'),
	(1410,94,394,53,0,3,'2017-06-06 18:13:49','2017-06-06 18:13:49','81a7e7e9-4d08-40a2-ba54-ee06e7952cde'),
	(1411,94,394,54,0,4,'2017-06-06 18:13:49','2017-06-06 18:13:49','0387b3c6-f995-4764-8fc8-ec4c853bbf61'),
	(1412,94,394,55,0,5,'2017-06-06 18:13:49','2017-06-06 18:13:49','ab4333eb-762b-4d8e-8d45-4585edda987b'),
	(1413,94,395,58,0,1,'2017-06-06 18:13:49','2017-06-06 18:13:49','7e06e4a2-1642-4f00-9697-83a2d22b775e'),
	(1414,94,396,77,0,1,'2017-06-06 18:13:49','2017-06-06 18:13:49','17440209-34ec-4013-9fe3-b4f5899fb5a5'),
	(1415,94,396,71,0,2,'2017-06-06 18:13:49','2017-06-06 18:13:49','8603cebb-7056-42d9-9902-258dace3fd3a'),
	(1416,94,396,73,0,3,'2017-06-06 18:13:49','2017-06-06 18:13:49','d0f04033-9a24-4129-8e97-80d6c184aed1'),
	(1417,94,396,78,0,4,'2017-06-06 18:13:49','2017-06-06 18:13:49','666888ac-baa2-4c49-aaa8-42471fa1954a'),
	(1418,94,396,74,0,5,'2017-06-06 18:13:49','2017-06-06 18:13:49','7669a8ab-e225-4128-be71-04a413de8e8d'),
	(1419,94,396,72,0,6,'2017-06-06 18:13:49','2017-06-06 18:13:49','37844843-40ab-4fb3-8619-6775c4890a6c'),
	(1420,94,396,75,0,7,'2017-06-06 18:13:49','2017-06-06 18:13:49','75ad11a0-e2f5-4101-b9f3-4037923668ef'),
	(1421,94,396,76,0,8,'2017-06-06 18:13:49','2017-06-06 18:13:49','04aab53f-e107-4db4-8105-714daa374035'),
	(1422,94,397,36,0,1,'2017-06-06 18:13:49','2017-06-06 18:13:49','5255dfb3-a1bb-4f69-996b-9bf8ef916ba1'),
	(1423,94,398,11,0,1,'2017-06-06 18:13:49','2017-06-06 18:13:49','712c2808-39d6-40f3-bcdc-6ee3db6e1f82'),
	(1424,94,398,12,0,2,'2017-06-06 18:13:49','2017-06-06 18:13:49','eccea09b-b38e-4bc5-b976-82b385198384'),
	(1425,94,398,39,0,3,'2017-06-06 18:13:49','2017-06-06 18:13:49','b630ae4f-6e12-44e4-afb2-94ed7d60633e'),
	(1440,96,401,4,0,1,'2017-06-06 18:14:42','2017-06-06 18:14:42','b002086c-b8ff-4dde-a77d-3d1fa0d37de6'),
	(1441,96,401,49,0,2,'2017-06-06 18:14:42','2017-06-06 18:14:42','1173afa3-b093-4621-97fa-db6cf4b1a8b0'),
	(1442,96,401,61,0,3,'2017-06-06 18:14:42','2017-06-06 18:14:42','1cf0eaa6-2578-45d5-8ee0-957ed97ab2d1'),
	(1443,96,401,57,0,4,'2017-06-06 18:14:42','2017-06-06 18:14:42','143f3a19-e791-44d4-aa2f-b796d822548e'),
	(1444,96,401,34,0,5,'2017-06-06 18:14:42','2017-06-06 18:14:42','4027ec1f-5d4d-4f71-b449-f3a0dba1f5da'),
	(1445,96,402,50,0,1,'2017-06-06 18:14:42','2017-06-06 18:14:42','dcf50a82-201c-4cfd-bb59-379754467930'),
	(1446,96,402,47,0,2,'2017-06-06 18:14:42','2017-06-06 18:14:42','83f87bbd-0236-4d5c-ba47-051f451af3b2'),
	(1447,96,402,48,0,3,'2017-06-06 18:14:42','2017-06-06 18:14:42','9c037cd3-99c2-40a7-8ab7-ce419c50c2e3'),
	(1448,96,402,14,0,4,'2017-06-06 18:14:42','2017-06-06 18:14:42','f3acfc32-7223-4d21-9d6f-b2d415f9975b'),
	(1449,96,403,56,0,1,'2017-06-06 18:14:42','2017-06-06 18:14:42','65cdf7c8-b34f-43ad-9f6e-95627bf2bed2'),
	(1450,96,403,52,0,2,'2017-06-06 18:14:42','2017-06-06 18:14:42','62682226-d8fe-4047-9474-79fd4e0a7437'),
	(1451,96,403,53,0,3,'2017-06-06 18:14:42','2017-06-06 18:14:42','e7b4c358-d234-4151-ae74-e16b70b92bc2'),
	(1452,96,403,54,0,4,'2017-06-06 18:14:42','2017-06-06 18:14:42','9ec55b98-cd97-4fc3-ac42-1c43ec9599f0'),
	(1453,96,403,55,0,5,'2017-06-06 18:14:42','2017-06-06 18:14:42','97805ad6-74d4-469f-8648-d16688032645'),
	(1454,96,404,58,0,1,'2017-06-06 18:14:42','2017-06-06 18:14:42','9dbf0abe-666b-4904-bedc-08bdf31ddf41'),
	(1455,96,405,77,0,1,'2017-06-06 18:14:42','2017-06-06 18:14:42','37d63f29-7656-4585-a40d-60f9291fc2c8'),
	(1456,96,405,71,0,2,'2017-06-06 18:14:42','2017-06-06 18:14:42','1a4559ef-c975-4e39-9f4a-b19931965841'),
	(1457,96,405,73,0,3,'2017-06-06 18:14:42','2017-06-06 18:14:42','7f73e0a7-5627-4344-9cda-d60561cdbac9'),
	(1458,96,405,78,0,4,'2017-06-06 18:14:42','2017-06-06 18:14:42','f1653463-adf6-46cf-8f19-d80fcb33b5d7'),
	(1459,96,405,74,0,5,'2017-06-06 18:14:42','2017-06-06 18:14:42','92fe6405-ec64-4dd6-90d4-a0a7e8a67c03'),
	(1460,96,405,72,0,6,'2017-06-06 18:14:42','2017-06-06 18:14:42','0abe3266-e373-42e6-a1af-3185039fa589'),
	(1461,96,405,75,0,7,'2017-06-06 18:14:42','2017-06-06 18:14:42','3bee65c4-7fb8-4763-aac2-b3b892d8b922'),
	(1462,96,405,76,0,8,'2017-06-06 18:14:42','2017-06-06 18:14:42','8d06b37b-2197-4e95-9104-a43a9aee3c36'),
	(1463,96,406,36,0,1,'2017-06-06 18:14:42','2017-06-06 18:14:42','7149af75-6682-406b-bbd1-ef1d057cabd0'),
	(1464,96,407,11,0,1,'2017-06-06 18:14:42','2017-06-06 18:14:42','ee154698-0823-43c9-aae2-09cfaf13e579'),
	(1465,96,407,12,0,2,'2017-06-06 18:14:42','2017-06-06 18:14:42','19ce8976-eb66-4e49-8147-e8e584d222f8'),
	(1466,96,407,39,0,3,'2017-06-06 18:14:42','2017-06-06 18:14:42','c4ff2d07-4707-45d7-bd60-9c74f45694c0'),
	(1467,97,408,35,0,1,'2017-06-06 18:15:02','2017-06-06 18:15:02','332635d6-d69f-46b6-931e-36f0342bc50d'),
	(1468,97,408,4,0,2,'2017-06-06 18:15:02','2017-06-06 18:15:02','7788ed75-2d3c-4344-9e6c-8296d5b98ad0'),
	(1469,97,408,40,1,3,'2017-06-06 18:15:02','2017-06-06 18:15:02','d2107ce7-00d0-4303-97f5-548cacb01dd5'),
	(1470,97,409,6,0,1,'2017-06-06 18:15:02','2017-06-06 18:15:02','609fca30-9a42-49c5-82bb-30206785da70'),
	(1471,97,409,8,0,2,'2017-06-06 18:15:02','2017-06-06 18:15:02','7d5713cb-c5ac-4dec-9be6-8882a20d52a7'),
	(1472,97,409,7,0,3,'2017-06-06 18:15:02','2017-06-06 18:15:02','3442758b-e0f5-4535-a646-8128d5223997'),
	(1473,97,410,41,0,1,'2017-06-06 18:15:02','2017-06-06 18:15:02','bb6eba5e-b101-4eb8-9c47-8fd866ad390c'),
	(1474,97,411,77,0,1,'2017-06-06 18:15:02','2017-06-06 18:15:02','b793574f-c20a-4b17-af60-09edda953fa7'),
	(1475,97,411,71,0,2,'2017-06-06 18:15:02','2017-06-06 18:15:02','eb0cc64b-8a0f-447a-aa4e-e6ca853a033e'),
	(1476,97,411,73,0,3,'2017-06-06 18:15:02','2017-06-06 18:15:02','cffe0419-5803-44b9-a6ff-cfe86894dbf5'),
	(1477,97,411,78,0,4,'2017-06-06 18:15:02','2017-06-06 18:15:02','aee3aa4d-417d-424e-ba0b-f1b83d0098aa'),
	(1478,97,411,74,0,5,'2017-06-06 18:15:02','2017-06-06 18:15:02','51589616-5690-4793-8fb3-979a4a79a462'),
	(1479,97,411,72,0,6,'2017-06-06 18:15:02','2017-06-06 18:15:02','dd9b8077-20ec-4062-9172-e82057594e86'),
	(1480,97,411,75,0,7,'2017-06-06 18:15:02','2017-06-06 18:15:02','c33e0c1b-dcad-4127-88e0-c91fc30bfc7c'),
	(1481,97,411,76,0,8,'2017-06-06 18:15:02','2017-06-06 18:15:02','92a76e6b-0a23-48c3-b67e-9806e54bd49b'),
	(1482,97,412,36,0,1,'2017-06-06 18:15:02','2017-06-06 18:15:02','77c20e53-2782-4a21-a682-ed2a08d42d1d'),
	(1483,97,413,11,0,1,'2017-06-06 18:15:02','2017-06-06 18:15:02','f16db7a4-89f6-4696-912e-bfc636ee815b'),
	(1484,97,413,12,0,2,'2017-06-06 18:15:02','2017-06-06 18:15:02','6abf5f64-69bd-4a2a-b649-0a62b66968b6'),
	(1485,97,413,39,0,3,'2017-06-06 18:15:02','2017-06-06 18:15:02','c67eca29-4c86-443a-aa73-a0aa312885a1'),
	(1486,98,414,4,0,1,'2017-06-06 18:15:19','2017-06-06 18:15:19','241964e1-0a39-43d4-9aa2-f54b3144ec40'),
	(1487,98,414,49,0,2,'2017-06-06 18:15:19','2017-06-06 18:15:19','6cf1247b-b63b-4fc6-8fc7-f45497844e76'),
	(1488,98,414,61,0,3,'2017-06-06 18:15:19','2017-06-06 18:15:19','9364ff53-81f0-4a98-b5fc-6b5a69ce40e9'),
	(1489,98,414,57,0,4,'2017-06-06 18:15:19','2017-06-06 18:15:19','d9aed854-89c6-4943-9f5d-d90d70059a0c'),
	(1490,98,414,34,0,5,'2017-06-06 18:15:19','2017-06-06 18:15:19','971f0478-b85d-42e3-8fbf-a04297cd200b'),
	(1491,98,415,50,0,1,'2017-06-06 18:15:19','2017-06-06 18:15:19','919a7804-dd61-449e-a7c7-bfcd9a4ba1fc'),
	(1492,98,415,47,0,2,'2017-06-06 18:15:19','2017-06-06 18:15:19','caba0be1-d3a3-428d-824c-c40734a3eac6'),
	(1493,98,415,48,0,3,'2017-06-06 18:15:19','2017-06-06 18:15:19','be675109-ca14-4205-9c20-744bf9facf46'),
	(1494,98,415,14,0,4,'2017-06-06 18:15:19','2017-06-06 18:15:19','e248f1e2-2873-4c63-be77-a20fc0415014'),
	(1495,98,416,56,0,1,'2017-06-06 18:15:19','2017-06-06 18:15:19','84016b38-2b61-44b4-aa72-1e5e6ee746a9'),
	(1496,98,416,52,0,2,'2017-06-06 18:15:19','2017-06-06 18:15:19','bfc8b02b-2447-4836-9c09-c0a4f59534f9'),
	(1497,98,416,53,0,3,'2017-06-06 18:15:19','2017-06-06 18:15:19','e0da42a1-a121-4dca-b9c0-24511219583d'),
	(1498,98,416,54,0,4,'2017-06-06 18:15:19','2017-06-06 18:15:19','3cb77843-0d19-4b52-8201-9ce9aebd6b20'),
	(1499,98,416,55,0,5,'2017-06-06 18:15:19','2017-06-06 18:15:19','040426c2-8617-4903-a5a6-cfbc0f0cb217'),
	(1500,98,417,58,0,1,'2017-06-06 18:15:19','2017-06-06 18:15:19','06cdf9b3-f864-4bc1-8018-e37a10cecf47'),
	(1501,98,418,77,0,1,'2017-06-06 18:15:19','2017-06-06 18:15:19','f73f474e-1e36-4f8c-aa61-a0299f460736'),
	(1502,98,418,71,0,2,'2017-06-06 18:15:19','2017-06-06 18:15:19','68ee0a25-a32b-46fa-9e9a-709d5df354f8'),
	(1503,98,418,73,0,3,'2017-06-06 18:15:19','2017-06-06 18:15:19','322452f8-bdec-4558-b144-b5ae1ec54f65'),
	(1504,98,418,78,0,4,'2017-06-06 18:15:19','2017-06-06 18:15:19','c293472f-ed98-4e91-8e63-3841463b4112'),
	(1505,98,418,74,0,5,'2017-06-06 18:15:19','2017-06-06 18:15:19','1e85e26c-7f25-485d-9a2c-1be9db3dae7f'),
	(1506,98,418,72,0,6,'2017-06-06 18:15:19','2017-06-06 18:15:19','199e4a66-097e-46a4-9374-1333b6ea1c56'),
	(1507,98,418,75,0,7,'2017-06-06 18:15:19','2017-06-06 18:15:19','33dc3f9e-3a58-4bb4-9ba6-3a69d1317772'),
	(1508,98,418,76,0,8,'2017-06-06 18:15:19','2017-06-06 18:15:19','6f212a67-72bc-4b6a-a3bc-59d36c23db58'),
	(1509,98,419,36,0,1,'2017-06-06 18:15:19','2017-06-06 18:15:19','b1659cbc-21ec-4861-8d41-b7db83398580'),
	(1510,98,420,11,0,1,'2017-06-06 18:15:19','2017-06-06 18:15:19','a28e9b97-c8af-4f56-9cbc-4c76fa24b86c'),
	(1511,98,420,12,0,2,'2017-06-06 18:15:19','2017-06-06 18:15:19','3122825c-892e-486b-8948-89b832256de7'),
	(1512,98,420,39,0,3,'2017-06-06 18:15:19','2017-06-06 18:15:19','d9b73384-333b-4c64-ab73-db5d824c6eda'),
	(1516,102,422,1,1,1,'2017-06-13 21:03:01','2017-06-13 21:03:01','289a0425-9a1c-40bf-bc16-a3688822cdf5'),
	(1517,102,422,34,0,2,'2017-06-13 21:03:01','2017-06-13 21:03:01','fa42d54d-8f44-4f41-ae5a-492408db9680'),
	(1518,102,422,43,0,3,'2017-06-13 21:03:01','2017-06-13 21:03:01','bc6eb638-d22c-4514-b8bf-453bb99a5add'),
	(1519,103,423,1,1,1,'2017-06-13 21:03:11','2017-06-13 21:03:11','72fb00bc-0d99-484d-a47d-04b451244427'),
	(1520,103,423,34,0,2,'2017-06-13 21:03:11','2017-06-13 21:03:11','0aed7ceb-16b4-4275-886f-4c59d5e1ab67'),
	(1521,103,423,43,0,3,'2017-06-13 21:03:11','2017-06-13 21:03:11','d98c5063-c6d3-45a1-8b73-1d83f8aaaeb4'),
	(1522,104,424,1,1,1,'2017-06-13 21:03:16','2017-06-13 21:03:16','46c46523-4209-42d7-b4df-2fb484aa7990'),
	(1523,104,424,34,0,2,'2017-06-13 21:03:16','2017-06-13 21:03:16','d1ad02dd-d34d-4f99-879d-03440c2cf183'),
	(1524,104,424,43,0,3,'2017-06-13 21:03:16','2017-06-13 21:03:16','a15135df-47e4-472b-a1e0-983a8c267628'),
	(1558,109,443,4,0,1,'2017-06-13 21:46:53','2017-06-13 21:46:53','45e1cb60-d381-4796-a487-88d7114faabc'),
	(1559,109,443,1,0,2,'2017-06-13 21:46:53','2017-06-13 21:46:53','6228ac24-dfb0-43a8-8a3c-4564625e87dc'),
	(1560,109,443,46,0,3,'2017-06-13 21:46:53','2017-06-13 21:46:53','1118c5a1-7f54-4560-91a8-767d8e310afb'),
	(1561,109,443,45,0,4,'2017-06-13 21:46:53','2017-06-13 21:46:53','ede3cd21-4670-4f7d-a5a8-fb71a4ce51cc'),
	(1562,109,443,44,0,5,'2017-06-13 21:46:53','2017-06-13 21:46:53','813d1d94-10c3-4185-a1d3-05e4caa452fe'),
	(1563,109,443,63,0,6,'2017-06-13 21:46:53','2017-06-13 21:46:53','b047701b-3956-4b91-a7fe-0275fd061cd4'),
	(1564,109,443,64,0,7,'2017-06-13 21:46:53','2017-06-13 21:46:53','536ef9f6-42e6-4678-a840-6851bc3fa9aa'),
	(1565,109,444,77,0,1,'2017-06-13 21:46:53','2017-06-13 21:46:53','dd36f506-22da-421a-9c8b-6f0e4a3f175f'),
	(1566,109,444,71,0,2,'2017-06-13 21:46:53','2017-06-13 21:46:53','62f8783c-e546-4f18-9a94-11d056ffcb96'),
	(1567,109,444,73,0,3,'2017-06-13 21:46:53','2017-06-13 21:46:53','a6c3cbdf-fac4-42e2-b58f-9926e69fd8b5'),
	(1568,109,444,78,0,4,'2017-06-13 21:46:53','2017-06-13 21:46:53','a76f182b-eb4a-4831-a1e1-08f9584e7f2a'),
	(1569,109,444,74,0,5,'2017-06-13 21:46:53','2017-06-13 21:46:53','fc717fb4-bf39-478b-808e-a58767e7a722'),
	(1570,109,444,72,0,6,'2017-06-13 21:46:53','2017-06-13 21:46:53','f719503c-9fce-435b-9399-9191261b8f0a'),
	(1571,109,444,75,0,7,'2017-06-13 21:46:53','2017-06-13 21:46:53','65e8790b-9220-4ed3-ba3d-0f406f07366a'),
	(1572,109,444,76,0,8,'2017-06-13 21:46:53','2017-06-13 21:46:53','d05c3637-32aa-44ad-bbe1-6e075b498b1b'),
	(1573,110,445,4,0,1,'2017-06-13 22:01:22','2017-06-13 22:01:22','9b56d79c-8727-40cb-bd14-9faec10e97a5'),
	(1574,110,445,80,0,2,'2017-06-13 22:01:22','2017-06-13 22:01:22','f39ad42e-5bc1-43a2-a4b6-d014a810879c'),
	(1575,110,445,81,0,3,'2017-06-13 22:01:22','2017-06-13 22:01:22','096e53c6-7fdc-4ba6-9694-9bc7e1ec5916'),
	(1576,111,446,87,1,1,'2017-06-13 22:11:06','2017-06-13 22:11:06','b658b813-3d13-488c-825f-f0c734b95030'),
	(1577,111,446,88,1,2,'2017-06-13 22:11:06','2017-06-13 22:11:06','ecb4392b-c62e-4632-b649-91314bd880e3'),
	(1578,111,446,83,1,3,'2017-06-13 22:11:06','2017-06-13 22:11:06','24889c27-9802-49f0-9a24-abc46802ecae'),
	(1579,111,446,84,1,4,'2017-06-13 22:11:06','2017-06-13 22:11:06','88ea37ca-356f-4257-a84d-dd461ee62eed'),
	(1580,111,446,85,1,5,'2017-06-13 22:11:06','2017-06-13 22:11:06','6da36384-3263-4a59-a4ed-cb0d25156fdd'),
	(1581,111,446,86,0,6,'2017-06-13 22:11:06','2017-06-13 22:11:06','d6f3efac-3784-4e8c-8407-1f67887cbb3a'),
	(1582,112,447,11,1,1,'2017-06-13 22:11:32','2017-06-13 22:11:32','61a444e5-825b-4024-9762-634381e18837'),
	(1583,112,447,12,1,2,'2017-06-13 22:11:32','2017-06-13 22:11:32','a2c224c7-3bbd-4cc3-9d32-ef99ee00f23c'),
	(1584,112,447,39,1,3,'2017-06-13 22:11:32','2017-06-13 22:11:32','ed9cfb66-368a-4a57-889d-f90bf8e4d5ca'),
	(1637,115,461,90,1,1,'2017-06-14 19:00:10','2017-06-14 19:00:10','5f9cf64e-21ea-448f-86ba-bfe7e247ba35'),
	(1638,115,461,62,0,2,'2017-06-14 19:00:10','2017-06-14 19:00:10','fc993442-84b7-4627-a52a-b2638f75363b'),
	(1639,115,461,4,1,3,'2017-06-14 19:00:10','2017-06-14 19:00:10','f0fd318a-2d8d-4212-b46b-28409645241e'),
	(1640,115,461,37,0,4,'2017-06-14 19:00:10','2017-06-14 19:00:10','aeef8ae6-983f-4424-a379-4370f5c2fcf2'),
	(1641,115,461,38,0,5,'2017-06-14 19:00:10','2017-06-14 19:00:10','dfdd917e-af2a-4891-ba6b-35b110dc0e8e'),
	(1642,115,461,10,0,6,'2017-06-14 19:00:10','2017-06-14 19:00:10','a65458c7-766e-4858-86fa-e9b7a06ac764'),
	(1643,115,461,64,0,7,'2017-06-14 19:00:10','2017-06-14 19:00:10','ad6f9eee-85cb-4a20-aca6-6f2b7f198fdb'),
	(1644,115,462,14,0,1,'2017-06-14 19:00:10','2017-06-14 19:00:10','3ade95d1-64a2-424d-9a92-abe43efee5f6'),
	(1645,115,462,18,0,2,'2017-06-14 19:00:10','2017-06-14 19:00:10','b0df9d32-e672-49d8-82b6-50eb1aa263ff'),
	(1646,115,462,15,0,3,'2017-06-14 19:00:10','2017-06-14 19:00:10','26e7f879-dc52-4d32-948d-36b4222f4ba2'),
	(1647,115,462,16,0,4,'2017-06-14 19:00:10','2017-06-14 19:00:10','806dcec1-1713-4025-9a7f-43494f259529'),
	(1648,115,462,17,0,5,'2017-06-14 19:00:10','2017-06-14 19:00:10','62ad3f57-f4ca-4f8d-a8b8-02150f368e9e'),
	(1649,115,463,22,0,1,'2017-06-14 19:00:10','2017-06-14 19:00:10','dfd0344e-93f3-4b65-80da-1cb60dc45dbc'),
	(1650,115,463,21,0,2,'2017-06-14 19:00:10','2017-06-14 19:00:10','e2933b52-4c3f-4050-a65d-6bac9050f73d'),
	(1651,115,463,23,0,3,'2017-06-14 19:00:10','2017-06-14 19:00:10','fb779f05-10f0-46ba-996f-4794dc01ad6c'),
	(1652,115,463,24,0,4,'2017-06-14 19:00:10','2017-06-14 19:00:10','1349a3f6-06a5-4e45-b84d-110267912241'),
	(1653,115,463,25,0,5,'2017-06-14 19:00:10','2017-06-14 19:00:10','1cb32529-060c-4eb9-8fcc-e93c79230e95'),
	(1654,115,463,26,0,6,'2017-06-14 19:00:10','2017-06-14 19:00:10','1576a8e9-7785-4541-affe-cbde0441b959'),
	(1655,115,463,27,0,7,'2017-06-14 19:00:10','2017-06-14 19:00:10','57354a6a-3209-4bb2-b849-1768e31ad085'),
	(1656,115,463,28,0,8,'2017-06-14 19:00:10','2017-06-14 19:00:10','ec8e8a32-4f96-4ef0-8673-81d4072b84b1'),
	(1657,115,463,19,0,9,'2017-06-14 19:00:10','2017-06-14 19:00:10','11608cf7-10e5-4fbd-9ffa-63d7d896cb5b'),
	(1658,115,463,29,0,10,'2017-06-14 19:00:10','2017-06-14 19:00:10','333efaa3-9802-48d4-9d03-ae0d5830fe2d'),
	(1659,115,463,30,0,11,'2017-06-14 19:00:10','2017-06-14 19:00:10','d5560a4e-c4f7-45b8-9223-a93691e954ed'),
	(1660,115,463,20,0,12,'2017-06-14 19:00:10','2017-06-14 19:00:10','2d0373fa-18a8-4244-90dc-aa4e327a9d02'),
	(1661,115,463,32,0,13,'2017-06-14 19:00:10','2017-06-14 19:00:10','963ecff9-0e1a-4e75-ab90-889adba3c5b2'),
	(1662,115,463,31,0,14,'2017-06-14 19:00:10','2017-06-14 19:00:10','94ea30b2-ac09-4c9b-a4b3-5a81bafddd9c'),
	(1663,115,463,33,0,15,'2017-06-14 19:00:10','2017-06-14 19:00:10','e0826408-e575-4928-89d2-584496ceac96'),
	(1664,115,464,6,0,1,'2017-06-14 19:00:10','2017-06-14 19:00:10','5bf67abd-381a-4577-8d87-d5c54ab83276'),
	(1665,115,464,8,0,2,'2017-06-14 19:00:10','2017-06-14 19:00:10','18d3d954-7632-4e7d-a3b7-23cc68464088'),
	(1666,115,464,7,0,3,'2017-06-14 19:00:10','2017-06-14 19:00:10','b62b26e6-6fea-4a14-bf1f-bc76ffc7a9c0'),
	(1667,115,465,42,0,1,'2017-06-14 19:00:10','2017-06-14 19:00:10','3fd809b0-4ae4-454c-91c2-f9c8f076ae1a'),
	(1668,115,466,77,0,1,'2017-06-14 19:00:10','2017-06-14 19:00:10','c4fdbb06-e448-4509-b35f-1746c6565c1f'),
	(1669,115,466,71,0,2,'2017-06-14 19:00:10','2017-06-14 19:00:10','35935b56-97ee-4461-aee6-e51ced44d45b'),
	(1670,115,466,73,0,3,'2017-06-14 19:00:10','2017-06-14 19:00:10','6b6645ac-f9b5-447b-8833-9a6b57a5602a'),
	(1671,115,466,78,0,4,'2017-06-14 19:00:10','2017-06-14 19:00:10','bedfcca1-ebbc-46ef-9aaa-2d3bd4bbb64c'),
	(1672,115,466,74,0,5,'2017-06-14 19:00:10','2017-06-14 19:00:10','b7fdf15a-de4d-413f-84e0-c8c4062ca661'),
	(1673,115,466,72,0,6,'2017-06-14 19:00:10','2017-06-14 19:00:10','eeb4b117-84a2-4b98-9b4d-3786b2a0b74a'),
	(1674,115,466,75,0,7,'2017-06-14 19:00:10','2017-06-14 19:00:10','3af59bcd-399a-479e-bc8e-1ef3ec0dc589'),
	(1675,115,466,76,0,8,'2017-06-14 19:00:10','2017-06-14 19:00:10','230cfa79-965b-4199-a1d4-5254b3598316'),
	(1676,115,467,36,0,1,'2017-06-14 19:00:10','2017-06-14 19:00:10','132b3711-6f60-40e2-a99c-f88b97fdc9bb'),
	(1677,115,468,11,0,1,'2017-06-14 19:00:10','2017-06-14 19:00:10','5b9e3f5b-396c-4bbe-97ca-9c56f1f1bfa6'),
	(1678,115,468,12,0,2,'2017-06-14 19:00:10','2017-06-14 19:00:10','b0c7b7c8-16d8-4e8f-a238-1f5cfa4c73b6'),
	(1679,116,469,71,1,1,'2017-06-14 19:25:08','2017-06-14 19:25:08','82ad6a0f-6e8a-458f-8eec-3ae23ab93ce3'),
	(1693,121,472,35,1,1,'2017-06-15 16:47:43','2017-06-15 16:47:43','bd8d8257-cbda-4fae-88da-70165fe8a9f0'),
	(1694,121,472,89,1,2,'2017-06-15 16:47:43','2017-06-15 16:47:43','48875386-75c8-4318-800b-9438d7134cbb'),
	(1695,121,473,65,0,1,'2017-06-15 16:47:43','2017-06-15 16:47:43','2f9a341a-a73f-48dd-8f14-0d396a84764f'),
	(1696,121,473,59,0,2,'2017-06-15 16:47:43','2017-06-15 16:47:43','b490a112-e5f6-425e-a5f2-4e48602fcb7b'),
	(1697,121,474,82,0,1,'2017-06-15 16:47:43','2017-06-15 16:47:43','679a2104-7dfe-463f-a7fe-41c1eee3fee1'),
	(1698,121,475,97,0,1,'2017-06-15 16:47:43','2017-06-15 16:47:43','9f4d6ff5-bb3e-45b1-9379-736fbf717e82'),
	(1699,121,476,66,0,1,'2017-06-15 16:47:43','2017-06-15 16:47:43','cb1302c7-1255-4a4c-a806-75c060d95e21'),
	(1700,121,476,60,0,2,'2017-06-15 16:47:43','2017-06-15 16:47:43','b845e735-5093-4465-88bd-3d791ebfc224'),
	(1701,121,477,11,0,1,'2017-06-15 16:47:43','2017-06-15 16:47:43','efc42e9e-e457-474f-869d-8c02a63fd9b6'),
	(1702,121,477,12,0,2,'2017-06-15 16:47:43','2017-06-15 16:47:43','fffe42ec-a4ca-4ff3-a7d8-519ca64c3a4c'),
	(1703,121,477,39,0,3,'2017-06-15 16:47:43','2017-06-15 16:47:43','76e248ad-42c7-4de8-9755-450311960745'),
	(1719,123,480,91,0,1,'2017-06-15 16:49:48','2017-06-15 16:49:48','9d98bd4e-e1bc-4303-805b-43b6e0d815ff'),
	(1721,123,480,95,0,3,'2017-06-15 16:49:48','2017-06-15 16:49:48','1fdb1a4b-d0f6-43ee-b1c2-447b0f61c699'),
	(1722,123,480,92,0,4,'2017-06-15 16:49:48','2017-06-15 16:49:48','f9927678-9b40-40b9-8d8d-3d0321d9b7d4'),
	(1723,123,480,93,0,5,'2017-06-15 16:49:48','2017-06-15 16:49:48','d506a388-0ee9-4b16-8080-b06518ff05ed'),
	(1724,123,480,80,0,6,'2017-06-15 16:49:48','2017-06-15 16:49:48','e280ef63-d924-4a72-9e3b-004994db62e9'),
	(1725,123,480,96,0,7,'2017-06-15 16:49:48','2017-06-15 16:49:48','d7965d73-1804-4904-b5c6-9b2aca169ec9'),
	(1726,123,481,77,0,1,'2017-06-15 16:49:48','2017-06-15 16:49:48','c55d40e4-dc74-4f51-aa60-ce9ff2902e4d'),
	(1727,123,481,71,0,2,'2017-06-15 16:49:48','2017-06-15 16:49:48','8ac520cb-5b6e-4fd8-9d00-d86993c6369e'),
	(1728,123,481,73,0,3,'2017-06-15 16:49:48','2017-06-15 16:49:48','0ae7729d-f96e-435a-85e8-af0bde234b08'),
	(1729,123,481,78,0,4,'2017-06-15 16:49:48','2017-06-15 16:49:48','d59cceca-25a0-436e-9e4b-d990b17e96cd'),
	(1730,123,481,72,0,5,'2017-06-15 16:49:48','2017-06-15 16:49:48','9d8e065e-24dd-4d73-adfa-ac4ec17341a3'),
	(1731,123,481,74,0,6,'2017-06-15 16:49:48','2017-06-15 16:49:48','eef46d26-ffd9-4e3c-bc94-73da11092235'),
	(1732,123,481,75,0,7,'2017-06-15 16:49:48','2017-06-15 16:49:48','717117e4-4bde-4a49-b39c-98a680e6b75c'),
	(1733,123,481,76,0,8,'2017-06-15 16:49:48','2017-06-15 16:49:48','ece051bf-c46d-4d19-955c-4842f9a5d9f2'),
	(1739,130,486,98,1,1,'2017-06-21 13:41:11','2017-06-21 13:41:11','53995853-bb38-4ba7-8bc3-31f33f2132fe'),
	(1744,137,489,35,1,1,'2017-06-22 14:15:01','2017-06-22 14:15:01','12617422-e926-47b3-a875-c6e639ebcc7c'),
	(1745,137,489,89,1,2,'2017-06-22 14:15:01','2017-06-22 14:15:01','aa87cee1-1442-41c7-8bac-6c8ac1c8fb6d'),
	(1746,137,489,42,1,3,'2017-06-22 14:15:01','2017-06-22 14:15:01','e6b48e3c-47af-43e6-bf5f-fd7092a1f289');



# Affichage de la table guide_fieldlayouts
# ------------------------------------------------------------


CREATE TABLE `guide_fieldlayouts` (
  `id` int(11) NOT NULL AUTO_INCREMENT,
  `type` varchar(150) COLLATE utf8_unicode_ci NOT NULL,
  `dateCreated` datetime NOT NULL,
  `dateUpdated` datetime NOT NULL,
  `uid` char(36) COLLATE utf8_unicode_ci NOT NULL DEFAULT '0',
  PRIMARY KEY (`id`),
  KEY `guide_fieldlayouts_type_idx` (`type`)
) ENGINE=InnoDB DEFAULT CHARSET=utf8 COLLATE=utf8_unicode_ci;


INSERT INTO `guide_fieldlayouts` (`id`, `type`, `dateCreated`, `dateUpdated`, `uid`)
VALUES
	(1,'Tag','2017-06-05 15:46:30','2017-06-05 15:46:30','79710fd3-3c3c-47f3-81ad-872088889657'),
	(28,'Tag','2017-06-05 18:47:55','2017-06-05 18:47:55','25a8ab44-5689-4e07-9b61-b24b3c592ae9'),
	(29,'Tag','2017-06-05 18:48:02','2017-06-05 18:48:02','b86652f1-3b2b-495a-b58a-08268cd9d2cd'),
	(30,'Tag','2017-06-05 18:49:48','2017-06-05 18:49:48','5f259e06-78a2-4bff-99d8-e3b8bf984b06'),
	(34,'Asset','2017-06-05 18:51:04','2017-06-05 18:51:04','9ef7ed94-7a0e-4e60-806a-8c840073db9f'),
	(37,'Category','2017-06-05 18:56:37','2017-06-05 18:56:37','080a2780-a0c4-47ed-8432-f2d1c6ea743d'),
	(40,'Tag','2017-06-05 19:11:01','2017-06-05 19:11:01','dc5623ce-da57-49d4-83a5-d24263ee0ad8'),
	(64,'Asset','2017-06-06 16:58:12','2017-06-06 16:58:12','0b330daa-60ea-4da5-9f88-0871713e2444'),
	(93,'Entry','2017-06-06 18:13:27','2017-06-06 18:13:27','0b2bdd56-5b04-4623-b125-ca4e47703dbc'),
	(94,'Entry','2017-06-06 18:13:49','2017-06-06 18:13:49','ba82ad40-1f7a-46af-9991-46a748077dff'),
	(96,'Entry','2017-06-06 18:14:42','2017-06-06 18:14:42','9a77778c-0ac3-4af8-8f46-9e290cf48916'),
	(97,'Entry','2017-06-06 18:15:02','2017-06-06 18:15:02','f0963655-c1aa-4a52-8374-44bd6f1c287a'),
	(98,'Entry','2017-06-06 18:15:19','2017-06-06 18:15:19','4ccd6274-f319-4811-8b89-a3f452915b01'),
	(100,'Asset','2017-06-13 20:58:33','2017-06-13 20:58:33','a39ce2ee-3fec-4fb7-9831-98651193e9da'),
	(102,'Asset','2017-06-13 21:03:01','2017-06-13 21:03:01','afde2aac-d51d-40f5-8d07-7c7f5b51496c'),
	(103,'Asset','2017-06-13 21:03:11','2017-06-13 21:03:11','113e0627-ab27-4dc1-a91a-a7df81dd160c'),
	(104,'Asset','2017-06-13 21:03:16','2017-06-13 21:03:16','c912b0da-ca8d-4193-99f7-507be16acc9c'),
	(109,'Entry','2017-06-13 21:46:53','2017-06-13 21:46:53','5bc3b012-ec39-4c50-a69e-a7e168ff3209'),
	(110,'Entry','2017-06-13 22:01:22','2017-06-13 22:01:22','00798905-3162-49ca-9204-11d053b41d17'),
	(111,'GlobalSet','2017-06-13 22:11:06','2017-06-13 22:11:06','ee74f571-aa62-4f22-bed6-a8f54708d544'),
	(112,'GlobalSet','2017-06-13 22:11:32','2017-06-13 22:11:32','ac259b00-7297-4441-b6a1-e49915b22585'),
	(115,'Entry','2017-06-14 19:00:10','2017-06-14 19:00:10','6c9ade6f-12a9-418d-8055-6e8fe7a11e33'),
	(116,'Asset','2017-06-14 19:25:08','2017-06-14 19:25:08','28426687-0839-4f5b-96f9-da11182e56e3'),
	(119,'Asset','2017-06-15 16:45:38','2017-06-15 16:45:38','41baecb1-31d3-45bf-9974-995e0242f5b3'),
	(121,'Entry','2017-06-15 16:47:43','2017-06-15 16:47:43','feab1ae7-afcf-4fa5-9763-1e53f78556fe'),
	(123,'Entry','2017-06-15 16:49:48','2017-06-15 16:49:48','c54bd58f-21bc-4049-a652-7a4e8eba534d'),
	(130,'GlobalSet','2017-06-21 13:41:10','2017-06-21 13:41:10','a4bf726c-0f5c-4b65-afdc-300cf1ddc7e8'),
	(135,'Entry','2017-06-22 08:24:54','2017-06-22 08:24:54','6819ecc3-3089-4322-a331-66fd996cc7bb'),
	(136,'Entry','2017-06-22 08:25:27','2017-06-22 08:25:27','4711b94b-6210-4ae9-b0bb-a4095f2b44c2'),
	(137,'Entry','2017-06-22 14:15:01','2017-06-22 14:15:01','238a2b98-fd99-426d-a7ce-742e4e34ac8f'),
	(138,'Entry','2017-06-22 14:32:16','2017-06-22 14:32:16','48a48fe9-258f-4f43-89b4-e4878cdc08f3');



# Affichage de la table guide_fieldlayouttabs
# ------------------------------------------------------------


CREATE TABLE `guide_fieldlayouttabs` (
  `id` int(11) NOT NULL AUTO_INCREMENT,
  `layoutId` int(11) NOT NULL,
  `name` varchar(255) COLLATE utf8_unicode_ci NOT NULL,
  `sortOrder` smallint(6) unsigned DEFAULT NULL,
  `dateCreated` datetime NOT NULL,
  `dateUpdated` datetime NOT NULL,
  `uid` char(36) COLLATE utf8_unicode_ci NOT NULL DEFAULT '0',
  PRIMARY KEY (`id`),
  KEY `guide_fieldlayouttabs_sortOrder_idx` (`sortOrder`),
  KEY `guide_fieldlayouttabs_layoutId_fk` (`layoutId`),
  CONSTRAINT `guide_fieldlayouttabs_layoutId_fk` FOREIGN KEY (`layoutId`) REFERENCES `guide_fieldlayouts` (`id`) ON DELETE CASCADE
) ENGINE=InnoDB DEFAULT CHARSET=utf8 COLLATE=utf8_unicode_ci;


INSERT INTO `guide_fieldlayouttabs` (`id`, `layoutId`, `name`, `sortOrder`, `dateCreated`, `dateUpdated`, `uid`)
VALUES
	(62,34,'Content',1,'2017-06-05 18:51:04','2017-06-05 18:51:04','7fe5a4b0-8e9a-4bd5-a6a2-6160ba67549a'),
	(385,93,'General',1,'2017-06-06 18:13:27','2017-06-06 18:13:27','13cf2aa5-328c-409c-a9b9-72cd3c408843'),
	(386,93,'Details',2,'2017-06-06 18:13:27','2017-06-06 18:13:27','7d4cfff7-7d13-47f3-a634-0d837565548c'),
	(387,93,'Contact',3,'2017-06-06 18:13:27','2017-06-06 18:13:27','6c56e65a-19ee-4dbf-9093-b74bce6b0385'),
	(388,93,'Search',4,'2017-06-06 18:13:27','2017-06-06 18:13:27','a3dae374-4f4e-42b0-8ff6-73c3fd77f5b4'),
	(389,93,'Promoting',5,'2017-06-06 18:13:27','2017-06-06 18:13:27','323ca472-539b-4150-9d76-06cf601c7f04'),
	(390,93,'Log',6,'2017-06-06 18:13:27','2017-06-06 18:13:27','b918b056-638b-442d-8bc5-c7a62258cf95'),
	(391,93,'SEO',7,'2017-06-06 18:13:27','2017-06-06 18:13:27','d138117c-94dc-4660-a9f9-491241e5fd4f'),
	(392,94,'General',1,'2017-06-06 18:13:49','2017-06-06 18:13:49','2c867366-ea10-4fb6-9351-b7c29024b23a'),
	(393,94,'Details',2,'2017-06-06 18:13:49','2017-06-06 18:13:49','1fc2bd31-bf1f-4f24-ab36-664b4d2f29a6'),
	(394,94,'Contact',3,'2017-06-06 18:13:49','2017-06-06 18:13:49','5b316304-79e1-47eb-8a5b-5d0fed910a0c'),
	(395,94,'Search',4,'2017-06-06 18:13:49','2017-06-06 18:13:49','7cf3dc46-945a-451e-92cd-5a919d30ebdd'),
	(396,94,'Promoting',5,'2017-06-06 18:13:49','2017-06-06 18:13:49','3c34e30f-d9a8-4342-8d95-b52f1778a989'),
	(397,94,'Log',6,'2017-06-06 18:13:49','2017-06-06 18:13:49','5cce2e88-b60c-466c-9bc8-a3f39958da17'),
	(398,94,'SEO',7,'2017-06-06 18:13:49','2017-06-06 18:13:49','e5531d2c-5947-49da-9451-dbe3b42c8ef7'),
	(401,96,'General',1,'2017-06-06 18:14:42','2017-06-06 18:14:42','42013e85-b645-43fe-89d3-c65bea1a6d17'),
	(402,96,'Details',2,'2017-06-06 18:14:42','2017-06-06 18:14:42','6dcd1dbd-9b54-49bb-9047-388f0f408776'),
	(403,96,'Contact',3,'2017-06-06 18:14:42','2017-06-06 18:14:42','1489d695-1654-4621-9537-c68bf82019bd'),
	(404,96,'Search',4,'2017-06-06 18:14:42','2017-06-06 18:14:42','5e2cdbd6-0c48-411f-8061-b7f457e2c9e3'),
	(405,96,'Promoting',5,'2017-06-06 18:14:42','2017-06-06 18:14:42','eb2f9455-82ef-42e0-91f8-89d8ffc21fd9'),
	(406,96,'Log',6,'2017-06-06 18:14:42','2017-06-06 18:14:42','369562dd-5c43-4217-98cd-8feda02dcb5b'),
	(407,96,'SEO',7,'2017-06-06 18:14:42','2017-06-06 18:14:42','b25ab3b2-f633-4231-95a7-c2581ee4e8fa'),
	(408,97,'General',1,'2017-06-06 18:15:02','2017-06-06 18:15:02','032560f8-8016-46d4-a102-e4632f1a4402'),
	(409,97,'Places',2,'2017-06-06 18:15:02','2017-06-06 18:15:02','7134b102-5721-4760-afeb-2e0578c91813'),
	(410,97,'Search',3,'2017-06-06 18:15:02','2017-06-06 18:15:02','8661ad71-8930-48a7-a20a-740a9a38d157'),
	(411,97,'Promoting',4,'2017-06-06 18:15:02','2017-06-06 18:15:02','01906ba5-4196-404e-a0a0-a583fde820a4'),
	(412,97,'Log',5,'2017-06-06 18:15:02','2017-06-06 18:15:02','6441c0ae-68a2-4ecb-942c-eba6990c4d36'),
	(413,97,'SEO',6,'2017-06-06 18:15:02','2017-06-06 18:15:02','4eba9423-b4d6-4eb6-a4e8-d38fb958546c'),
	(414,98,'General',1,'2017-06-06 18:15:19','2017-06-06 18:15:19','abd63082-8ca9-4d1f-bb8b-ea45870d1f68'),
	(415,98,'Details',2,'2017-06-06 18:15:19','2017-06-06 18:15:19','71c5f887-62cb-43f9-b2a2-62c420746db8'),
	(416,98,'Contact',3,'2017-06-06 18:15:19','2017-06-06 18:15:19','46938466-398e-4401-881d-f0226c9843ee'),
	(417,98,'Search',4,'2017-06-06 18:15:19','2017-06-06 18:15:19','ab71ce67-ebca-4069-ad5e-90983126be1e'),
	(418,98,'Promoting',5,'2017-06-06 18:15:19','2017-06-06 18:15:19','2bee7e5e-3e30-4499-a187-63efd0b53937'),
	(419,98,'Log',6,'2017-06-06 18:15:19','2017-06-06 18:15:19','786334ff-9b77-4c73-b1b9-81f68e7c8527'),
	(420,98,'SEO',7,'2017-06-06 18:15:19','2017-06-06 18:15:19','b24fe047-6ea7-467e-a114-2a617e4c2f86'),
	(422,102,'Content',1,'2017-06-13 21:03:01','2017-06-13 21:03:01','53bea010-c8df-4298-96a1-9e65f09ddbfb'),
	(423,103,'Content',1,'2017-06-13 21:03:11','2017-06-13 21:03:11','195adf21-583a-476e-86fb-0c8427b12976'),
	(424,104,'Content',1,'2017-06-13 21:03:16','2017-06-13 21:03:16','0db68087-5dbb-4510-bfc5-9e83e7ab6e07'),
	(443,109,'General',1,'2017-06-13 21:46:53','2017-06-13 21:46:53','bfeb731f-143d-412e-ae43-dd1c14541d0e'),
	(444,109,'Promoting',2,'2017-06-13 21:46:53','2017-06-13 21:46:53','e159487f-2f71-4040-bf7f-0fd9cea36432'),
	(445,110,'General',1,'2017-06-13 22:01:22','2017-06-13 22:01:22','b9918df0-a43b-4584-be23-3da82111a0ab'),
	(446,111,'Content',1,'2017-06-13 22:11:06','2017-06-13 22:11:06','2a627d34-2b38-40d9-b023-ab91e9441c1e'),
	(447,112,'Content',1,'2017-06-13 22:11:32','2017-06-13 22:11:32','3bc5a453-5bb8-43cb-a925-50a7d5839fa5'),
	(461,115,'General',1,'2017-06-14 19:00:10','2017-06-14 19:00:10','818db981-a0dc-4117-aeea-6c1c9f005ee6'),
	(462,115,'Informations',2,'2017-06-14 19:00:10','2017-06-14 19:00:10','7daefb3f-c2f7-4497-bb6e-36819555f1a7'),
	(463,115,'Pricing',3,'2017-06-14 19:00:10','2017-06-14 19:00:10','49870394-d50e-4a27-9360-cb8b397a7fba'),
	(464,115,'Places',4,'2017-06-14 19:00:10','2017-06-14 19:00:10','4e6f3625-728c-48ed-be72-b3c0a253c1eb'),
	(465,115,'Search',5,'2017-06-14 19:00:10','2017-06-14 19:00:10','e7336829-b513-4a54-ae4d-2c30c50167ce'),
	(466,115,'Promoting',6,'2017-06-14 19:00:10','2017-06-14 19:00:10','76e09956-9c59-4e6f-9dd5-2c2068941fc3'),
	(467,115,'Log',7,'2017-06-14 19:00:10','2017-06-14 19:00:10','de56a1af-6a4f-4c83-bdc6-8d220cac49f6'),
	(468,115,'SEO',8,'2017-06-14 19:00:10','2017-06-14 19:00:10','7e94deef-1c1a-417b-8525-966d3d0d14ac'),
	(469,116,'Content',1,'2017-06-14 19:25:08','2017-06-14 19:25:08','f68db7a3-a66d-4685-9fc3-30f032c81eae'),
	(472,121,'General',1,'2017-06-15 16:47:43','2017-06-15 16:47:43','5f1a4b0d-0c27-4ce8-9238-e92177e3abd0'),
	(473,121,'Cities',2,'2017-06-15 16:47:43','2017-06-15 16:47:43','c2a9f019-4f38-4cb5-b940-2fa9ca367e4a'),
	(474,121,'Places',3,'2017-06-15 16:47:43','2017-06-15 16:47:43','8685d701-e9e0-41b5-8037-e681088cd36c'),
	(475,121,'Briefs',4,'2017-06-15 16:47:43','2017-06-15 16:47:43','a1521be6-6709-425e-b84f-8cbfbd3e159f'),
	(476,121,'Gears',5,'2017-06-15 16:47:43','2017-06-15 16:47:43','69ebe94b-35f1-4ebf-b6c2-8a9866a7279e'),
	(477,121,'SEO',6,'2017-06-15 16:47:43','2017-06-15 16:47:43','e03853c3-1408-4e51-b417-ace00e6a52a7'),
	(480,123,'General',1,'2017-06-15 16:49:48','2017-06-15 16:49:48','3531516e-1878-4735-a5ba-ba5eca22970b'),
	(481,123,'Promoting',2,'2017-06-15 16:49:48','2017-06-15 16:49:48','54e804c1-2a36-4e81-911e-f2fe969a36c0'),
	(486,130,'Content',1,'2017-06-21 13:41:11','2017-06-21 13:41:11','d6f0ab45-10b4-4f63-ac44-488c3545e310'),
	(489,137,'General',1,'2017-06-22 14:15:01','2017-06-22 14:15:01','80221a4c-10ac-4013-9f44-81c4551f9ec3');



# Affichage de la table guide_fields
# ------------------------------------------------------------


CREATE TABLE `guide_fields` (
  `id` int(11) NOT NULL AUTO_INCREMENT,
  `groupId` int(11) DEFAULT NULL,
  `name` varchar(255) COLLATE utf8_unicode_ci NOT NULL,
  `handle` varchar(58) COLLATE utf8_unicode_ci NOT NULL,
  `context` varchar(255) COLLATE utf8_unicode_ci NOT NULL DEFAULT 'global',
  `instructions` text COLLATE utf8_unicode_ci,
  `translatable` tinyint(1) unsigned NOT NULL DEFAULT '0',
  `type` varchar(150) COLLATE utf8_unicode_ci NOT NULL,
  `settings` text COLLATE utf8_unicode_ci,
  `dateCreated` datetime NOT NULL,
  `dateUpdated` datetime NOT NULL,
  `uid` char(36) COLLATE utf8_unicode_ci NOT NULL DEFAULT '0',
  PRIMARY KEY (`id`),
  UNIQUE KEY `guide_fields_handle_context_unq_idx` (`handle`,`context`),
  KEY `guide_fields_context_idx` (`context`),
  KEY `guide_fields_groupId_fk` (`groupId`),
  CONSTRAINT `guide_fields_groupId_fk` FOREIGN KEY (`groupId`) REFERENCES `guide_fieldgroups` (`id`) ON DELETE CASCADE
) ENGINE=InnoDB DEFAULT CHARSET=utf8 COLLATE=utf8_unicode_ci;


INSERT INTO `guide_fields` (`id`, `groupId`, `name`, `handle`, `context`, `instructions`, `translatable`, `type`, `settings`, `dateCreated`, `dateUpdated`, `uid`)
VALUES
	(1,1,'Body','body','global',NULL,1,'RichText','{\"configFile\":\"Standard.json\",\"columnType\":\"text\"}','2017-06-05 15:46:30','2017-06-05 15:46:30','953f54ad-7757-43c7-bf0a-18e8d4ba2640'),
	(2,1,'Tags','tags','global',NULL,0,'Tags','{\"source\":\"taggroup:1\"}','2017-06-05 15:46:30','2017-06-05 15:46:30','5e109da0-bfca-4067-98c9-f238bfa73abf'),
	(4,1,'Short Description','shortDescription','global','',0,'RichText','{\"configFile\":\"Simple.json\",\"availableAssetSources\":\"*\",\"availableTransforms\":\"*\",\"cleanupHtml\":\"1\",\"purifyHtml\":\"1\",\"purifierConfig\":\"\",\"columnType\":\"text\"}','2017-06-05 16:55:14','2017-06-05 18:57:37','691eec00-fe82-4218-8900-02bf9a1c4e71'),
	(6,4,'Food places','foodPlaces','global','',0,'Entries','{\"sources\":[\"section:6\"],\"limit\":\"30\",\"selectionLabel\":\"\"}','2017-06-05 16:58:55','2017-06-05 17:14:41','33b5fa03-8e72-4fc2-ba42-b5f299de20b8'),
	(7,4,'Working/Living places','workingLivingPlaces','global','',0,'Entries','{\"sources\":[\"section:9\",\"section:8\"],\"limit\":\"30\",\"selectionLabel\":\"\"}','2017-06-05 16:59:47','2017-06-05 17:14:31','63b2f94b-879b-49f3-8a6b-ab47bd0de84c'),
	(8,4,'Drink places','drinkPlaces','global','',0,'Entries','{\"sources\":[\"section:7\"],\"limit\":\"30\",\"selectionLabel\":\"\"}','2017-06-05 17:00:34','2017-06-05 17:14:20','3f92f93d-fe3f-4e3e-a5d9-2d74ca054eab'),
	(10,4,'Neighborhoods','neighborhoods','global','',0,'Entries','{\"sources\":[\"section:5\"],\"limit\":\"30\",\"selectionLabel\":\"\"}','2017-06-05 17:07:18','2017-06-05 17:15:24','225be49b-a160-4f85-bcbb-de5a0b00679f'),
	(11,5,'Meta Title','metaTitle','global','',0,'PlainText','{\"placeholder\":\"Maximum of 60 caracters (SEO best practice)\",\"maxLength\":\"70\",\"multiline\":\"\",\"initialRows\":\"4\"}','2017-06-05 17:19:44','2017-06-06 14:38:30','13f459bf-0567-4dea-ac19-434ee782fa6b'),
	(12,5,'Meta Description','metaDescription','global','',0,'PlainText','{\"placeholder\":\"Maximum of 160 caracters (SEO best practice)\",\"maxLength\":\"220\",\"multiline\":\"\",\"initialRows\":\"4\"}','2017-06-05 17:22:05','2017-06-06 14:38:17','95c72f77-5a3e-4b39-bb0a-15fdd972b4a6'),
	(14,4,'Internet Speed','internetSpeed','global','',0,'PlainText','{\"placeholder\":\"\",\"maxLength\":\"30\",\"multiline\":\"\",\"initialRows\":\"4\"}','2017-06-05 17:33:58','2017-06-05 17:50:02','ed7221ef-675c-4ae6-9fed-cb42645d37a5'),
	(15,4,'Fun Factor','funFactor','global','',0,'Dropdown','{\"options\":[{\"label\":\"Low\",\"value\":\"low\",\"default\":\"\"},{\"label\":\"Medium\",\"value\":\"medium\",\"default\":\"1\"},{\"label\":\"High\",\"value\":\"high\",\"default\":\"\"}]}','2017-06-05 17:35:44','2017-06-06 17:39:47','a4a5776f-d686-41a5-bbe9-add8bb15c22e'),
	(16,4,'Safety Factor','safetyFactor','global','',0,'Dropdown','{\"options\":[{\"label\":\"Low\",\"value\":\"low\",\"default\":\"\"},{\"label\":\"Medium\",\"value\":\"medium\",\"default\":\"1\"},{\"label\":\"High\",\"value\":\"high\",\"default\":\"\"}]}','2017-06-05 17:36:15','2017-06-06 17:39:56','94f6385e-b590-4b53-ad97-25061da4ae7b'),
	(17,4,'Polution Factor','polutionFactor','global','',0,'Dropdown','{\"options\":[{\"label\":\"Low\",\"value\":\"low\",\"default\":\"\"},{\"label\":\"Medium\",\"value\":\"medium\",\"default\":\"1\"},{\"label\":\"High\",\"value\":\"high\",\"default\":\"\"}]}','2017-06-05 17:36:44','2017-06-06 17:40:08','9295e7a0-72c0-4296-9841-d0e90f43fe84'),
	(18,4,'Nomad Friendly','nomadFriendly','global','',0,'Lightswitch','{\"default\":\"1\"}','2017-06-05 17:37:10','2017-06-05 17:37:10','0c0a1042-ce79-4a9b-9b55-aff495a09c68'),
	(19,4,'Uber Available','uberAvailable','global','',0,'PlainText','{\"placeholder\":\"Paste our referal link here.\",\"maxLength\":\"300\",\"multiline\":\"\",\"initialRows\":\"4\"}','2017-06-05 17:38:00','2017-06-05 17:38:00','31f55733-9c75-41c9-a33e-bc18bea7d2f7'),
	(20,4,'Airbnb Available','airbnbAvailable','global','',0,'PlainText','{\"placeholder\":\"Paste our referal link here.\",\"maxLength\":\"300\",\"multiline\":\"\",\"initialRows\":\"4\"}','2017-06-05 17:38:28','2017-06-05 17:38:28','9ebbf316-c612-49bd-9637-05377aa0b901'),
	(21,4,'Pricing: Monthly Budget','pricingMonthlyBudget','global','',0,'PlainText','{\"placeholder\":\"\",\"maxLength\":\"30\",\"multiline\":\"\",\"initialRows\":\"4\"}','2017-06-05 17:41:56','2017-06-05 17:42:14','cd62034f-ac34-4de1-9652-e2fb7c599e38'),
	(22,4,'Pricing: Weekly Budget','pricingWeeklyBudget','global','',0,'PlainText','{\"placeholder\":\"\",\"maxLength\":\"30\",\"multiline\":\"\",\"initialRows\":\"4\"}','2017-06-05 17:42:32','2017-06-05 17:42:32','7be140d1-3cc6-43f9-8602-ae6cd257fd52'),
	(23,4,'Pricing: Meal','pricingMeal','global','',0,'PlainText','{\"placeholder\":\"\",\"maxLength\":\"30\",\"multiline\":\"\",\"initialRows\":\"4\"}','2017-06-05 17:42:47','2017-06-05 17:42:47','e76a041b-74ca-47df-a788-3f45a67b82e0'),
	(24,4,'Pricing: Beer','pricingBeer','global','',0,'PlainText','{\"placeholder\":\"\",\"maxLength\":\"30\",\"multiline\":\"\",\"initialRows\":\"4\"}','2017-06-05 17:42:57','2017-06-05 17:42:57','4b245133-ec28-40ca-8c8e-e916a63eda77'),
	(25,4,'Pricing: Coffee','pricingCoffee','global','',0,'PlainText','{\"placeholder\":\"\",\"maxLength\":\"30\",\"multiline\":\"\",\"initialRows\":\"4\"}','2017-06-05 17:44:45','2017-06-05 17:44:45','355f7a0b-13cd-405d-98ac-526cab5b0267'),
	(26,4,'Pricing: Unit Local Transport','pricingUnitLocalTransport','global','',0,'PlainText','{\"placeholder\":\"\",\"maxLength\":\"30\",\"multiline\":\"\",\"initialRows\":\"4\"}','2017-06-05 17:45:18','2017-06-05 17:45:18','6dd2a763-38d1-42dd-a1dd-7a320c73bcd4'),
	(27,4,'Pricing: Monthly Local Transport','pricingMonthlyLocalTransport','global','',0,'PlainText','{\"placeholder\":\"\",\"maxLength\":\"30\",\"multiline\":\"\",\"initialRows\":\"4\"}','2017-06-05 17:45:33','2017-06-05 17:45:33','239289c2-001f-430b-bca5-f858e1e27ce8'),
	(28,4,'Pricing: Taxi','pricingTaxi','global','1km normal tarif.',0,'PlainText','{\"placeholder\":\"\",\"maxLength\":\"30\",\"multiline\":\"\",\"initialRows\":\"4\"}','2017-06-05 17:46:12','2017-06-05 17:46:20','40849348-f29b-4a52-9dd0-394364f24797'),
	(29,4,'Pricing: Accomodation 1 bedroom','pricingAccomodation1Bedroom','global','City center area, one bedroom appartment.',0,'PlainText','{\"placeholder\":\"\",\"maxLength\":\"30\",\"multiline\":\"\",\"initialRows\":\"4\"}','2017-06-05 17:47:22','2017-06-05 17:47:22','e93d8eab-9ccd-4b6e-8684-bfa2f14a7f88'),
	(30,4,'Pricing: Accomodation 3 bedroom','pricingAccomodation3Bedroom','global','City center 3 bedrooms appartement.',0,'PlainText','{\"placeholder\":\"\",\"maxLength\":\"30\",\"multiline\":\"\",\"initialRows\":\"4\"}','2017-06-05 17:47:42','2017-06-05 17:47:42','d1ffa5b1-a067-4735-8ea4-6d4251b4a5ba'),
	(31,4,'Pricing: Fitness Club','pricingFitnessClub','global','Fitness Club, Monthly Fee for 1 Adult',0,'PlainText','{\"placeholder\":\"\",\"maxLength\":\"30\",\"multiline\":\"\",\"initialRows\":\"4\"}','2017-06-05 17:48:19','2017-06-05 17:48:36','8de129a4-eca6-4cc8-a97c-b70d0bfff475'),
	(32,4,'Pricing: Coworking Space','pricingCoworkingSpace','global','Monthly subscription',0,'PlainText','{\"placeholder\":\"\",\"maxLength\":\"30\",\"multiline\":\"\",\"initialRows\":\"4\"}','2017-06-05 17:49:17','2017-06-05 17:49:17','b4681e2c-89ea-4e9b-a328-38e8792a356d'),
	(33,4,'Pricing: Sim Card','pricingSimCard','global','4G Sim card for a month',0,'PlainText','{\"placeholder\":\"\",\"maxLength\":\"30\",\"multiline\":\"\",\"initialRows\":\"4\"}','2017-06-05 17:49:42','2017-06-05 17:49:42','19fe637e-2ed1-4ce3-9150-8cf238a000c2'),
	(34,1,'Author','author','global','',0,'Entries','{\"sources\":[\"section:10\"],\"limit\":\"1\",\"selectionLabel\":\"\"}','2017-06-05 17:55:54','2017-06-13 21:02:28','bbc3db39-3360-4e96-8abd-916f495fe7c6'),
	(35,1,'Cover Image','coverImage','global','',0,'Assets','{\"useSingleFolder\":\"\",\"sources\":[\"folder:4\"],\"defaultUploadLocationSource\":\"4\",\"defaultUploadLocationSubpath\":\"\",\"singleUploadLocationSource\":\"4\",\"singleUploadLocationSubpath\":\"\",\"restrictFiles\":\"1\",\"allowedKinds\":[\"image\"],\"limit\":\"1\",\"viewMode\":\"large\",\"selectionLabel\":\"\"}','2017-06-05 18:09:33','2017-06-13 21:38:12','7c0b44a6-5ff3-4019-9094-174c86f6a9d2'),
	(36,4,'Update Log','updateLog','global','',0,'Table','{\"columns\":{\"col1\":{\"heading\":\"Date\",\"handle\":\"date\",\"width\":\"\",\"type\":\"singleline\"},\"col2\":{\"heading\":\"Author\",\"handle\":\"author\",\"width\":\"\",\"type\":\"singleline\"},\"col3\":{\"heading\":\"Link\",\"handle\":\"link\",\"width\":\"\",\"type\":\"singleline\"}},\"defaults\":{\"row1\":{\"col1\":\"\",\"col2\":\"\",\"col3\":\"\"}}}','2017-06-05 18:11:54','2017-06-05 18:11:54','07a54dce-6626-48c3-bced-801d8e9cbb7f'),
	(37,4,'Pro’s','pros','global','',0,'PlainText','{\"placeholder\":\"\",\"maxLength\":\"600\",\"multiline\":\"\",\"initialRows\":\"4\"}','2017-06-05 18:17:08','2017-06-14 22:09:37','23803087-6733-40c5-93e6-4ef6c3677b61'),
	(38,4,'Con’s','cons','global','',0,'PlainText','{\"placeholder\":\"\",\"maxLength\":\"600\",\"multiline\":\"\",\"initialRows\":\"4\"}','2017-06-05 18:18:09','2017-06-14 22:09:28','c982de2b-5f72-416c-be6d-f19702a7f268'),
	(39,5,'OG Image','ogImage','global','',0,'Assets','{\"useSingleFolder\":\"\",\"sources\":[\"folder:4\"],\"defaultUploadLocationSource\":\"4\",\"defaultUploadLocationSubpath\":\"\",\"singleUploadLocationSource\":\"4\",\"singleUploadLocationSubpath\":\"\",\"restrictFiles\":\"1\",\"allowedKinds\":[\"image\"],\"limit\":\"1\",\"viewMode\":\"large\",\"selectionLabel\":\"\"}','2017-06-05 18:26:31','2017-06-06 15:16:49','930fa553-ca59-485e-a18e-c2a6884408cb'),
	(40,6,'City','city','global','',0,'Entries','{\"sources\":[\"section:4\"],\"limit\":\"1\",\"selectionLabel\":\"\"}','2017-06-05 18:46:34','2017-06-05 18:46:34','98e586ef-307a-416e-acbd-0ec95d962bee'),
	(41,6,'Tags','neighborhoodsTags','global','',0,'Tags','{\"source\":\"taggroup:2\",\"selectionLabel\":\"\"}','2017-06-05 18:48:44','2017-06-05 18:48:55','110b0ec4-3cb4-49ea-bfee-b58b4ce1eac8'),
	(42,4,'Tags','citiesTags','global','',0,'Tags','{\"source\":\"taggroup:3\",\"selectionLabel\":\"\"}','2017-06-05 18:49:15','2017-06-05 18:49:24','58f32a7d-e7d6-4c33-bebc-f09c2602fcb2'),
	(43,1,'Medias Tags','mediasTags','global','',0,'Tags','{\"source\":\"taggroup:4\",\"selectionLabel\":\"\"}','2017-06-05 18:50:17','2017-06-05 18:50:17','b9709a90-f90e-4c5f-8738-b7b385ac06e4'),
	(44,3,'Specifications','specifications','global','',0,'Table','{\"columns\":{\"col1\":{\"heading\":\"specification\",\"handle\":\"specification\",\"width\":\"\",\"type\":\"singleline\"}},\"defaults\":{\"row1\":{\"col1\":\"\"}}}','2017-06-05 18:54:36','2017-06-05 18:54:36','731c1d98-6652-4296-b1ea-a0f29ec5a1d2'),
	(45,3,'Shop Link','shopLink','global','Referal or basic link to shop the product',0,'PlainText','{\"placeholder\":\"\",\"maxLength\":\"500\",\"multiline\":\"\",\"initialRows\":\"4\"}','2017-06-05 18:55:17','2017-06-05 18:55:17','ea7ccdbf-636f-41b0-837b-c98751ac05b7'),
	(46,3,'Categories','gearsCategories','global','',0,'Categories','{\"source\":\"group:1\",\"limit\":\"5\",\"selectionLabel\":\"\"}','2017-06-05 18:57:09','2017-06-05 18:58:46','adf6e065-e274-42dd-aef2-4142efaf2f4e'),
	(47,2,'Speciality','speciality','global','',0,'PlainText','{\"placeholder\":\"\",\"maxLength\":\"120\",\"multiline\":\"\",\"initialRows\":\"4\"}','2017-06-05 19:00:13','2017-06-05 19:00:13','8622b1fb-db33-42bb-b950-bd0501a19f98'),
	(48,2,'Vibe/Style','vibe','global','',0,'Dropdown','{\"options\":[{\"label\":\"Hipster\",\"value\":\"hipster\",\"default\":\"\"},{\"label\":\"Industial\",\"value\":\"industial\",\"default\":\"\"},{\"label\":\"Vintage\",\"value\":\"vintage\",\"default\":\"\"},{\"label\":\"Modern\",\"value\":\"modern\",\"default\":\"\"},{\"label\":\"Design\",\"value\":\"design\",\"default\":\"\"},{\"label\":\"Hippie\",\"value\":\"hippie\",\"default\":\"\"},{\"label\":\"Destroy\",\"value\":\"destroy\",\"default\":\"\"}]}','2017-06-05 19:01:42','2017-06-05 19:01:42','ca27c39f-0805-488e-9831-a08748ff6190'),
	(49,2,'Neighborhood','neighborhood','global','',0,'Entries','{\"sources\":[\"section:5\"],\"limit\":\"6\",\"selectionLabel\":\"\"}','2017-06-05 19:02:46','2017-06-05 19:02:46','a8eb2f6b-18e4-448e-8498-f9af91713ed5'),
	(50,2,'Place Type','placeType','global','',0,'Dropdown','{\"options\":[{\"label\":\"Fast Food\",\"value\":\"Fast Food\",\"default\":\"\"},{\"label\":\"Gastronomic\",\"value\":\"Gastronomic\",\"default\":\"\"},{\"label\":\"Bar\",\"value\":\"Bar\",\"default\":\"\"},{\"label\":\"Pub\",\"value\":\"Pub\",\"default\":\"\"},{\"label\":\"Caterer\",\"value\":\"Caterer\",\"default\":\"\"}]}','2017-06-05 19:04:16','2017-06-14 21:00:25','dd373f86-675c-4290-a9ca-5deb8566f86e'),
	(51,2,'Vegetarian/Vegan Options','veganOptions','global','',0,'Lightswitch','{\"default\":\"\"}','2017-06-05 19:04:49','2017-06-05 19:04:49','5e54ae37-ce06-49dc-a058-3b3ba09fdcf4'),
	(52,2,'Full Address','fullAddress','global','',0,'PlainText','{\"placeholder\":\"\",\"maxLength\":\"600\",\"multiline\":\"\",\"initialRows\":\"4\"}','2017-06-05 19:05:28','2017-06-05 19:05:28','b9960962-342e-43cc-a531-0775399442d2'),
	(53,2,'Google Map Link','googleMapLink','global','',0,'PlainText','{\"placeholder\":\"\",\"maxLength\":\"600\",\"multiline\":\"\",\"initialRows\":\"4\"}','2017-06-05 19:05:44','2017-06-05 19:05:44','74ee2070-7b2f-4600-8375-18cbdd051d62'),
	(54,2,'Phone','phone','global','',0,'PlainText','{\"placeholder\":\"\",\"maxLength\":\"30\",\"multiline\":\"\",\"initialRows\":\"4\"}','2017-06-05 19:06:01','2017-06-05 19:06:01','2528e317-0298-45b4-8c8e-d6b8c36a1458'),
	(55,2,'Website','website','global','',0,'PlainText','{\"placeholder\":\"\",\"maxLength\":\"120\",\"multiline\":\"\",\"initialRows\":\"4\"}','2017-06-05 19:06:13','2017-06-05 19:08:08','ea70835c-073b-4d89-909d-ba7ce59d4236'),
	(56,2,'Opening Hours','openingHours','global','',0,'Table','{\"columns\":{\"col1\":{\"heading\":\"Monday\",\"handle\":\"monday\",\"width\":\"\",\"type\":\"singleline\"},\"col2\":{\"heading\":\"Tuesday\",\"handle\":\"tuesday\",\"width\":\"\",\"type\":\"singleline\"},\"col3\":{\"heading\":\"Wednesday\",\"handle\":\"wednesday\",\"width\":\"\",\"type\":\"singleline\"},\"col4\":{\"heading\":\"Thursday\",\"handle\":\"thursday\",\"width\":\"\",\"type\":\"singleline\"},\"col5\":{\"heading\":\"Friday\",\"handle\":\"friday\",\"width\":\"\",\"type\":\"singleline\"},\"col6\":{\"heading\":\"Saturday\",\"handle\":\"saturday\",\"width\":\"\",\"type\":\"singleline\"},\"col7\":{\"heading\":\"Sunday\",\"handle\":\"sunday\",\"width\":\"\",\"type\":\"singleline\"}},\"defaults\":{\"row1\":{\"col1\":\"\",\"col2\":\"\",\"col3\":\"\",\"col4\":\"\",\"col5\":\"\",\"col6\":\"\",\"col7\":\"\"}}}','2017-06-05 19:07:21','2017-06-05 19:07:21','246684f9-8e5c-4823-98c6-606bf34b40c4'),
	(57,2,'Rating','rating','global','',0,'Number','{\"min\":\"0\",\"max\":\"5\",\"decimals\":\"1\"}','2017-06-05 19:07:56','2017-06-05 19:08:14','c66b3dc0-62c8-416a-a3a6-119be7cb6285'),
	(58,2,'Tags','placesTags','global','',0,'Tags','{\"source\":\"taggroup:5\",\"selectionLabel\":\"\"}','2017-06-05 19:11:21','2017-06-05 19:11:28','53ebacdf-0a15-40f9-a699-129759998020'),
	(59,1,'Cities','cities','global','',0,'Entries','{\"sources\":[\"section:4\"],\"limit\":\"24\",\"selectionLabel\":\"\"}','2017-06-05 21:10:43','2017-06-13 21:11:37','5c9a3f5f-cde1-4a1a-a19f-d30f765f3f0b'),
	(60,1,'Gears','gears','global','',0,'Entries','{\"sources\":[\"section:3\"],\"limit\":\"24\",\"selectionLabel\":\"\"}','2017-06-05 21:10:59','2017-06-13 21:11:29','15b24b47-d0eb-4b61-be69-d33ba97593ae'),
	(61,2,'Place Images','placeImages','global','',0,'Assets','{\"useSingleFolder\":\"\",\"sources\":[\"folder:3\"],\"defaultUploadLocationSource\":\"3\",\"defaultUploadLocationSubpath\":\"\",\"singleUploadLocationSource\":\"1\",\"singleUploadLocationSubpath\":\"\",\"restrictFiles\":\"1\",\"allowedKinds\":[\"image\"],\"limit\":\"6\",\"viewMode\":\"large\",\"selectionLabel\":\"\"}','2017-06-06 15:13:27','2017-06-06 15:13:27','fb722dcd-ac3e-4ff7-af55-18ab14e12336'),
	(62,4,'City Cover Image','cityCoverImage','global','',0,'Assets','{\"useSingleFolder\":\"\",\"sources\":[\"folder:1\"],\"defaultUploadLocationSource\":\"1\",\"defaultUploadLocationSubpath\":\"\",\"singleUploadLocationSource\":\"1\",\"singleUploadLocationSubpath\":\"\",\"restrictFiles\":\"1\",\"allowedKinds\":[\"image\"],\"limit\":\"1\",\"viewMode\":\"large\",\"selectionLabel\":\"\"}','2017-06-06 15:18:10','2017-06-13 21:37:59','8993d50d-aeb0-4964-85ba-9f253dc3d70e'),
	(63,3,'Gear Images','gearImages','global','',0,'Assets','{\"useSingleFolder\":\"\",\"sources\":[\"folder:2\"],\"defaultUploadLocationSource\":\"2\",\"defaultUploadLocationSubpath\":\"\",\"singleUploadLocationSource\":\"1\",\"singleUploadLocationSubpath\":\"\",\"restrictFiles\":\"\",\"limit\":\"6\",\"viewMode\":\"large\",\"selectionLabel\":\"\"}','2017-06-06 15:48:56','2017-06-06 15:48:56','b5b9964d-0f71-4b10-9cec-c29143d95dfb'),
	(64,1,'Position','position','global','',0,'Number','{\"min\":\"0\",\"max\":\"1000\",\"decimals\":\"0\"}','2017-06-06 16:11:57','2017-06-06 16:11:57','a5ab40ba-117a-488c-86a0-2baecdff84f8'),
	(65,1,'Featured City','featuredCity','global','',0,'Entries','{\"sources\":[\"section:4\"],\"limit\":\"1\",\"selectionLabel\":\"\"}','2017-06-06 16:40:04','2017-06-06 16:40:04','02ac71d6-48b0-4a89-96aa-b9f5fc35e3b6'),
	(66,1,'Featured Gear','featuredGear','global','',0,'Entries','{\"sources\":[\"section:3\"],\"limit\":\"1\",\"selectionLabel\":\"\"}','2017-06-06 16:40:21','2017-06-06 16:40:21','7d4500c3-aa07-45e4-81a4-8ca450358bdb'),
	(67,1,'Featured Food Place','featuredFoodPlace','global','',0,'Entries','{\"sources\":[\"section:6\"],\"limit\":\"1\",\"selectionLabel\":\"\"}','2017-06-06 16:40:38','2017-06-06 16:40:38','17bb1e1a-2454-4870-b298-73684f08a638'),
	(68,1,'Featured Drink Place','featuredDrinkPlace','global','',0,'Entries','{\"sources\":[\"section:7\"],\"limit\":\"1\",\"selectionLabel\":\"\"}','2017-06-06 16:40:54','2017-06-06 16:40:54','9ab1df22-fbb5-4a4d-83d0-62c7b54ca8bf'),
	(69,1,'Featured Working/Living Place','featuredWorkingLivingPlace','global','',0,'Entries','{\"sources\":[\"section:8\"],\"limit\":\"1\",\"selectionLabel\":\"\"}','2017-06-06 16:41:10','2017-06-06 16:44:05','fd0f9fa4-63b4-451e-9caa-4a5b5b8db0bc'),
	(71,7,'Announcer Name','announcerName','global','',0,'PlainText','{\"placeholder\":\"\",\"maxLength\":\"120\",\"multiline\":\"\",\"initialRows\":\"4\"}','2017-06-06 16:56:52','2017-06-06 16:56:52','0b8e0a04-f090-4beb-97ee-3ddddc009f72'),
	(72,7,'Promotion Link','promotionLink','global','',0,'PlainText','{\"placeholder\":\"\",\"maxLength\":\"\",\"multiline\":\"\",\"initialRows\":\"4\"}','2017-06-06 16:57:08','2017-06-06 18:10:44','647d9d2a-c5d0-485c-963f-4e46b89c9296'),
	(73,7,'Announcer Logo','announcerLogo','global','',0,'Assets','{\"useSingleFolder\":\"\",\"sources\":[\"folder:5\"],\"defaultUploadLocationSource\":\"5\",\"defaultUploadLocationSubpath\":\"\",\"singleUploadLocationSource\":\"1\",\"singleUploadLocationSubpath\":\"\",\"restrictFiles\":\"\",\"limit\":\"1\",\"viewMode\":\"large\",\"selectionLabel\":\"\"}','2017-06-06 16:58:55','2017-06-06 16:58:55','42f1ffef-0b2e-4c23-9c4d-b2540def3136'),
	(74,7,'Promotion Text','promotionText','global','',0,'RichText','{\"configFile\":\"Simple.json\",\"availableAssetSources\":\"\",\"availableTransforms\":\"\",\"cleanupHtml\":\"1\",\"purifyHtml\":\"1\",\"purifierConfig\":\"\",\"columnType\":\"text\"}','2017-06-06 16:59:36','2017-06-06 18:10:03','d7ab0722-fa9b-464e-a373-2f1ea9d87754'),
	(75,7,'Promotion Start At','promotionStartAt','global','',0,'Date','{\"minuteIncrement\":\"60\",\"showTime\":1,\"showDate\":1}','2017-06-06 17:20:48','2017-06-06 17:20:48','97f011cc-2558-4cb9-8a53-3cc908eddf88'),
	(76,7,'Promotion End At','promotionEndAt','global','',0,'Date','{\"minuteIncrement\":\"60\",\"showTime\":1,\"showDate\":1}','2017-06-06 17:22:31','2017-06-06 17:22:31','d15012ef-6515-4c78-85d1-198b737f16a5'),
	(77,7,'Promotion Active','promotionActive','global','',0,'Lightswitch','{\"default\":\"\"}','2017-06-06 17:54:04','2017-06-06 17:54:04','48cdd1bf-175b-4958-960f-e41caff0ff1a'),
	(78,7,'Promotion Image','promotionImage','global','',0,'Assets','{\"useSingleFolder\":\"\",\"sources\":[\"folder:5\"],\"defaultUploadLocationSource\":\"5\",\"defaultUploadLocationSubpath\":\"\",\"singleUploadLocationSource\":\"1\",\"singleUploadLocationSubpath\":\"\",\"restrictFiles\":\"1\",\"allowedKinds\":[\"image\"],\"limit\":\"1\",\"viewMode\":\"large\",\"selectionLabel\":\"\"}','2017-06-06 18:11:11','2017-06-06 18:11:11','34087774-4cfe-4d93-add3-e5580bc24491'),
	(79,8,'Name','fullname','global','',0,'PlainText','{\"placeholder\":\"\",\"maxLength\":\"60\",\"multiline\":\"\",\"initialRows\":\"4\"}','2017-06-13 20:56:24','2017-06-13 20:56:24','edf453e6-81a2-4060-aa7d-14370250f9cb'),
	(80,1,'URL','siteUrl','global','',0,'PlainText','{\"placeholder\":\"\",\"maxLength\":\"250\",\"multiline\":\"\",\"initialRows\":\"4\"}','2017-06-13 20:57:17','2017-06-13 20:57:17','4b7bae7e-ee2c-446b-a5b1-49822cbb001c'),
	(81,8,'Avatar','avatar','global','',0,'Assets','{\"useSingleFolder\":\"\",\"sources\":[\"folder:6\"],\"defaultUploadLocationSource\":\"6\",\"defaultUploadLocationSubpath\":\"\",\"singleUploadLocationSource\":\"1\",\"singleUploadLocationSubpath\":\"\",\"restrictFiles\":\"1\",\"allowedKinds\":[\"image\"],\"limit\":\"1\",\"viewMode\":\"large\",\"selectionLabel\":\"\"}','2017-06-13 20:59:45','2017-06-13 20:59:45','e49d4dfd-6c4c-4709-9ea4-2c1085fede29'),
	(82,2,'Places','places','global','',0,'Entries','{\"sources\":[\"section:7\",\"section:6\",\"section:9\",\"section:8\"],\"limit\":\"12\",\"selectionLabel\":\"\"}','2017-06-13 21:09:18','2017-06-13 21:09:18','06dacd0a-b7c9-4b86-ad4c-6ec437b5412d'),
	(83,9,'Facebook URL','facebookUrl','global','',0,'PlainText','{\"placeholder\":\"\",\"maxLength\":\"\",\"multiline\":\"\",\"initialRows\":\"4\"}','2017-06-13 22:09:11','2017-06-13 22:09:11','4893a660-5692-4139-b7a8-efbac018895a'),
	(84,9,'Instagram URL','instagramUrl','global','',0,'PlainText','{\"placeholder\":\"\",\"maxLength\":\"\",\"multiline\":\"\",\"initialRows\":\"4\"}','2017-06-13 22:09:20','2017-06-13 22:09:20','a1a7a4e9-3bfa-4c18-8f19-1f32f266166f'),
	(85,9,'Twitter URL','twitterUrl','global','',0,'PlainText','{\"placeholder\":\"\",\"maxLength\":\"\",\"multiline\":\"\",\"initialRows\":\"4\"}','2017-06-13 22:09:27','2017-06-13 22:09:27','c90950dd-3c3a-4000-b460-9c963db416c4'),
	(86,9,'Snapchat URL','snapchatUrl','global','',0,'PlainText','{\"placeholder\":\"\",\"maxLength\":\"\",\"multiline\":\"\",\"initialRows\":\"4\"}','2017-06-13 22:09:37','2017-06-13 22:09:37','4d3136b4-e012-4c9f-9719-f4f771090c5b'),
	(87,9,'Contact Email','contactEmail','global','',0,'PlainText','{\"placeholder\":\"\",\"maxLength\":\"\",\"multiline\":\"\",\"initialRows\":\"4\"}','2017-06-13 22:09:45','2017-06-13 22:10:10','165d6c49-3590-4327-b635-2b2d3b2c5fe2'),
	(88,9,'Support Email','supportEmail','global','',0,'PlainText','{\"placeholder\":\"\",\"maxLength\":\"\",\"multiline\":\"\",\"initialRows\":\"4\"}','2017-06-13 22:10:18','2017-06-13 22:10:18','e859dc5b-2a32-43c9-bd80-f6014fb613ea'),
	(89,1,'Tagline','tagline','global','',0,'RichText','{\"configFile\":\"Simple.json\",\"availableAssetSources\":\"\",\"availableTransforms\":\"\",\"cleanupHtml\":\"1\",\"purifyHtml\":\"1\",\"purifierConfig\":\"\",\"columnType\":\"text\"}','2017-06-14 14:11:16','2017-06-14 14:11:16','36fadbfb-03e7-4770-8d87-98d649405626'),
	(90,4,'Continent','continent','global','',0,'Dropdown','{\"options\":[{\"label\":\"Africa\",\"value\":\"Africa\",\"default\":\"\"},{\"label\":\"Asia\",\"value\":\"Asia\",\"default\":\"\"},{\"label\":\"Australia\",\"value\":\"Australia\",\"default\":\"\"},{\"label\":\"Europe\",\"value\":\"Europe\",\"default\":\"\"},{\"label\":\"North America\",\"value\":\"North America\",\"default\":\"\"},{\"label\":\"South America\",\"value\":\"South America\",\"default\":\"\"}]}','2017-06-14 18:58:05','2017-06-14 19:10:20','3f05a3d6-f0ad-4711-8efb-00170b7ef53c'),
	(91,10,'Company','company','global','',0,'PlainText','{\"placeholder\":\"\",\"maxLength\":\"60\",\"multiline\":\"\",\"initialRows\":\"4\"}','2017-06-15 16:42:03','2017-06-15 16:42:03','c2e9679a-02de-41a6-ba23-f87883b97980'),
	(92,10,'Date From','dateFrom','global','',0,'Date','{\"minuteIncrement\":\"60\",\"showDate\":1,\"showTime\":0}','2017-06-15 16:42:40','2017-06-15 16:42:40','b0646114-8971-42bd-a667-668eafdcbf58'),
	(93,10,'Duration','duration','global','',0,'Number','{\"min\":\"1\",\"max\":\"120\",\"decimals\":\"0\"}','2017-06-15 16:43:01','2017-06-15 16:43:01','e4955da8-8e2b-4c52-9cdf-05875b8e4d1a'),
	(95,10,'Location','location','global','',0,'PlainText','{\"placeholder\":\"\",\"maxLength\":\"80\",\"multiline\":\"\",\"initialRows\":\"4\"}','2017-06-15 16:43:59','2017-06-15 16:43:59','d3060fa6-b7ad-43bd-9e0f-4e629d69d72f'),
	(96,10,'Brief Cover Image','briefCoverImage','global','',0,'Assets','{\"useSingleFolder\":\"\",\"sources\":[\"folder:8\"],\"defaultUploadLocationSource\":\"8\",\"defaultUploadLocationSubpath\":\"\",\"singleUploadLocationSource\":\"1\",\"singleUploadLocationSubpath\":\"\",\"restrictFiles\":\"1\",\"allowedKinds\":[\"image\"],\"limit\":\"1\",\"viewMode\":\"large\",\"selectionLabel\":\"\"}','2017-06-15 16:46:13','2017-06-15 16:46:13','f7df07ed-cde9-4317-939a-21cb29fc08b1'),
	(97,1,'Briefs','briefs','global','',0,'Entries','{\"sources\":[\"section:11\"],\"limit\":\"12\",\"selectionLabel\":\"\"}','2017-06-15 16:47:02','2017-06-15 16:47:02','31ae67e0-f5ac-486f-974c-0aa3baa1d82d'),
	(98,1,'Briefs Website Link','briefslink','global','',0,'PlainText','{\"placeholder\":\"\",\"maxLength\":\"\",\"multiline\":\"\",\"initialRows\":\"4\"}','2017-06-21 13:38:34','2017-06-21 13:39:26','5a25f5a5-f80e-428e-ad03-593d7883d078');



# Affichage de la table guide_globalsets
# ------------------------------------------------------------


CREATE TABLE `guide_globalsets` (
  `id` int(11) NOT NULL,
  `name` varchar(255) COLLATE utf8_unicode_ci NOT NULL,
  `handle` varchar(255) COLLATE utf8_unicode_ci NOT NULL,
  `fieldLayoutId` int(10) DEFAULT NULL,
  `dateCreated` datetime NOT NULL,
  `dateUpdated` datetime NOT NULL,
  `uid` char(36) COLLATE utf8_unicode_ci NOT NULL DEFAULT '0',
  PRIMARY KEY (`id`),
  UNIQUE KEY `guide_globalsets_name_unq_idx` (`name`),
  UNIQUE KEY `guide_globalsets_handle_unq_idx` (`handle`),
  KEY `guide_globalsets_fieldLayoutId_fk` (`fieldLayoutId`),
  CONSTRAINT `guide_globalsets_fieldLayoutId_fk` FOREIGN KEY (`fieldLayoutId`) REFERENCES `guide_fieldlayouts` (`id`) ON DELETE SET NULL,
  CONSTRAINT `guide_globalsets_id_fk` FOREIGN KEY (`id`) REFERENCES `guide_elements` (`id`) ON DELETE CASCADE
) ENGINE=InnoDB DEFAULT CHARSET=utf8 COLLATE=utf8_unicode_ci;


INSERT INTO `guide_globalsets` (`id`, `name`, `handle`, `fieldLayoutId`, `dateCreated`, `dateUpdated`, `uid`)
VALUES
	(15,'Socials','socials',111,'2017-06-13 22:11:06','2017-06-13 22:11:06','2f22a965-64f4-4b32-9e12-d04381e52fb1'),
	(16,'SEO','seo',112,'2017-06-13 22:11:32','2017-06-13 22:11:32','717a97ce-8e1b-44b6-8271-2d5655e6b48b'),
	(69,'Links','globalLinks',130,'2017-06-21 13:38:10','2017-06-21 13:41:11','57baa483-e053-4583-a05d-7cf8258892fa');



# Affichage de la table guide_info
# ------------------------------------------------------------


CREATE TABLE `guide_info` (
  `id` int(11) NOT NULL AUTO_INCREMENT,
  `version` varchar(50) COLLATE utf8_unicode_ci NOT NULL,
  `schemaVersion` varchar(15) COLLATE utf8_unicode_ci NOT NULL,
  `edition` tinyint(1) unsigned NOT NULL DEFAULT '0',
  `siteName` varchar(100) COLLATE utf8_unicode_ci NOT NULL,
  `siteUrl` varchar(255) COLLATE utf8_unicode_ci NOT NULL,
  `timezone` varchar(30) COLLATE utf8_unicode_ci DEFAULT NULL,
  `on` tinyint(1) unsigned NOT NULL DEFAULT '0',
  `maintenance` tinyint(1) unsigned NOT NULL DEFAULT '0',
  `dateCreated` datetime NOT NULL,
  `dateUpdated` datetime NOT NULL,
  `uid` char(36) COLLATE utf8_unicode_ci NOT NULL DEFAULT '0',
  PRIMARY KEY (`id`)
) ENGINE=InnoDB DEFAULT CHARSET=utf8 COLLATE=utf8_unicode_ci;


INSERT INTO `guide_info` (`id`, `version`, `schemaVersion`, `edition`, `siteName`, `siteUrl`, `timezone`, `on`, `maintenance`, `dateCreated`, `dateUpdated`, `uid`)
VALUES
	(1,'2.6.2983','2.6.9',0,'Wanderbrief CityGuides','http://wanderbrief-guides.local','Europe/Amsterdam',1,0,'2017-06-05 15:46:29','2017-06-13 22:00:12','c1441219-9235-46d0-b943-821077c08b42');



# Affichage de la table guide_locales
# ------------------------------------------------------------


CREATE TABLE `guide_locales` (
  `locale` char(12) COLLATE utf8_unicode_ci NOT NULL,
  `sortOrder` smallint(6) unsigned DEFAULT NULL,
  `dateCreated` datetime NOT NULL,
  `dateUpdated` datetime NOT NULL,
  `uid` char(36) COLLATE utf8_unicode_ci NOT NULL DEFAULT '0',
  PRIMARY KEY (`locale`),
  KEY `guide_locales_sortOrder_idx` (`sortOrder`)
) ENGINE=InnoDB DEFAULT CHARSET=utf8 COLLATE=utf8_unicode_ci;


INSERT INTO `guide_locales` (`locale`, `sortOrder`, `dateCreated`, `dateUpdated`, `uid`)
VALUES
	('en',1,'2017-06-05 15:46:29','2017-06-05 15:46:29','b58f0511-cb5e-4670-80f9-36cfcc13a7d4');



# Affichage de la table guide_matrixblocks
# ------------------------------------------------------------


CREATE TABLE `guide_matrixblocks` (
  `id` int(11) NOT NULL,
  `ownerId` int(11) NOT NULL,
  `fieldId` int(11) NOT NULL,
  `typeId` int(11) DEFAULT NULL,
  `sortOrder` smallint(6) unsigned DEFAULT NULL,
  `ownerLocale` char(12) COLLATE utf8_unicode_ci DEFAULT NULL,
  `dateCreated` datetime NOT NULL,
  `dateUpdated` datetime NOT NULL,
  `uid` char(36) COLLATE utf8_unicode_ci NOT NULL DEFAULT '0',
  PRIMARY KEY (`id`),
  KEY `guide_matrixblocks_ownerId_idx` (`ownerId`),
  KEY `guide_matrixblocks_fieldId_idx` (`fieldId`),
  KEY `guide_matrixblocks_typeId_idx` (`typeId`),
  KEY `guide_matrixblocks_sortOrder_idx` (`sortOrder`),
  KEY `guide_matrixblocks_ownerLocale_fk` (`ownerLocale`),
  CONSTRAINT `guide_matrixblocks_fieldId_fk` FOREIGN KEY (`fieldId`) REFERENCES `guide_fields` (`id`) ON DELETE CASCADE,
  CONSTRAINT `guide_matrixblocks_id_fk` FOREIGN KEY (`id`) REFERENCES `guide_elements` (`id`) ON DELETE CASCADE,
  CONSTRAINT `guide_matrixblocks_ownerId_fk` FOREIGN KEY (`ownerId`) REFERENCES `guide_elements` (`id`) ON DELETE CASCADE,
  CONSTRAINT `guide_matrixblocks_ownerLocale_fk` FOREIGN KEY (`ownerLocale`) REFERENCES `guide_locales` (`locale`) ON DELETE CASCADE ON UPDATE CASCADE,
  CONSTRAINT `guide_matrixblocks_typeId_fk` FOREIGN KEY (`typeId`) REFERENCES `guide_matrixblocktypes` (`id`) ON DELETE CASCADE
) ENGINE=InnoDB DEFAULT CHARSET=utf8 COLLATE=utf8_unicode_ci;



# Affichage de la table guide_matrixblocktypes
# ------------------------------------------------------------


CREATE TABLE `guide_matrixblocktypes` (
  `id` int(11) NOT NULL AUTO_INCREMENT,
  `fieldId` int(11) NOT NULL,
  `fieldLayoutId` int(11) DEFAULT NULL,
  `name` varchar(255) COLLATE utf8_unicode_ci NOT NULL,
  `handle` varchar(255) COLLATE utf8_unicode_ci NOT NULL,
  `sortOrder` smallint(6) unsigned DEFAULT NULL,
  `dateCreated` datetime NOT NULL,
  `dateUpdated` datetime NOT NULL,
  `uid` char(36) COLLATE utf8_unicode_ci NOT NULL DEFAULT '0',
  PRIMARY KEY (`id`),
  UNIQUE KEY `guide_matrixblocktypes_name_fieldId_unq_idx` (`name`,`fieldId`),
  UNIQUE KEY `guide_matrixblocktypes_handle_fieldId_unq_idx` (`handle`,`fieldId`),
  KEY `guide_matrixblocktypes_fieldId_fk` (`fieldId`),
  KEY `guide_matrixblocktypes_fieldLayoutId_fk` (`fieldLayoutId`),
  CONSTRAINT `guide_matrixblocktypes_fieldId_fk` FOREIGN KEY (`fieldId`) REFERENCES `guide_fields` (`id`) ON DELETE CASCADE,
  CONSTRAINT `guide_matrixblocktypes_fieldLayoutId_fk` FOREIGN KEY (`fieldLayoutId`) REFERENCES `guide_fieldlayouts` (`id`) ON DELETE SET NULL
) ENGINE=InnoDB DEFAULT CHARSET=utf8 COLLATE=utf8_unicode_ci;



# Affichage de la table guide_migrations
# ------------------------------------------------------------


CREATE TABLE `guide_migrations` (
  `id` int(11) NOT NULL AUTO_INCREMENT,
  `pluginId` int(11) DEFAULT NULL,
  `version` varchar(255) COLLATE utf8_unicode_ci NOT NULL,
  `applyTime` datetime NOT NULL,
  `dateCreated` datetime NOT NULL,
  `dateUpdated` datetime NOT NULL,
  `uid` char(36) COLLATE utf8_unicode_ci NOT NULL DEFAULT '0',
  PRIMARY KEY (`id`),
  UNIQUE KEY `guide_migrations_version_unq_idx` (`version`),
  KEY `guide_migrations_pluginId_fk` (`pluginId`),
  CONSTRAINT `guide_migrations_pluginId_fk` FOREIGN KEY (`pluginId`) REFERENCES `guide_plugins` (`id`) ON DELETE CASCADE
) ENGINE=InnoDB DEFAULT CHARSET=utf8 COLLATE=utf8_unicode_ci;


INSERT INTO `guide_migrations` (`id`, `pluginId`, `version`, `applyTime`, `dateCreated`, `dateUpdated`, `uid`)
VALUES
	(1,NULL,'m000000_000000_base','2017-06-05 15:46:29','2017-06-05 15:46:29','2017-06-05 15:46:29','33825cb5-1a83-4349-96ed-0a279385d56b'),
	(2,NULL,'m140730_000001_add_filename_and_format_to_transformindex','2017-06-05 15:46:29','2017-06-05 15:46:29','2017-06-05 15:46:29','42cc0175-cabc-484f-9f23-f68360577053'),
	(3,NULL,'m140815_000001_add_format_to_transforms','2017-06-05 15:46:29','2017-06-05 15:46:29','2017-06-05 15:46:29','8557ea09-fd94-49b2-bed8-8401d6e7c495'),
	(4,NULL,'m140822_000001_allow_more_than_128_items_per_field','2017-06-05 15:46:29','2017-06-05 15:46:29','2017-06-05 15:46:29','1da9f8af-2574-46b8-a373-2fc769e7c45c'),
	(5,NULL,'m140829_000001_single_title_formats','2017-06-05 15:46:29','2017-06-05 15:46:29','2017-06-05 15:46:29','69f496d5-824d-46eb-a2ad-a84da5fe0c0e'),
	(6,NULL,'m140831_000001_extended_cache_keys','2017-06-05 15:46:29','2017-06-05 15:46:29','2017-06-05 15:46:29','9f2c3606-039a-4183-962b-cf576b5da925'),
	(7,NULL,'m140922_000001_delete_orphaned_matrix_blocks','2017-06-05 15:46:29','2017-06-05 15:46:29','2017-06-05 15:46:29','318295da-6c2d-43db-a1d0-5db68938f16d'),
	(8,NULL,'m141008_000001_elements_index_tune','2017-06-05 15:46:29','2017-06-05 15:46:29','2017-06-05 15:46:29','e5939256-1ece-4f9e-b9d4-bd863ad78c37'),
	(9,NULL,'m141009_000001_assets_source_handle','2017-06-05 15:46:29','2017-06-05 15:46:29','2017-06-05 15:46:29','019b6426-54a0-4e2f-aa79-23510db21b56'),
	(10,NULL,'m141024_000001_field_layout_tabs','2017-06-05 15:46:29','2017-06-05 15:46:29','2017-06-05 15:46:29','c133692a-73d4-4cd2-baa6-96fb65335ddf'),
	(11,NULL,'m141030_000000_plugin_schema_versions','2017-06-05 15:46:29','2017-06-05 15:46:29','2017-06-05 15:46:29','a3d38a79-c7d0-4c69-951b-18ebae507100'),
	(12,NULL,'m141030_000001_drop_structure_move_permission','2017-06-05 15:46:29','2017-06-05 15:46:29','2017-06-05 15:46:29','b7619915-f64b-45b9-bd1c-ff29885a8e57'),
	(13,NULL,'m141103_000001_tag_titles','2017-06-05 15:46:29','2017-06-05 15:46:29','2017-06-05 15:46:29','7cbe261a-7a39-471e-982b-f9c53d5d93e2'),
	(14,NULL,'m141109_000001_user_status_shuffle','2017-06-05 15:46:29','2017-06-05 15:46:29','2017-06-05 15:46:29','afdefe1e-e010-4e9b-aa5a-034a2910c4c5'),
	(15,NULL,'m141126_000001_user_week_start_day','2017-06-05 15:46:29','2017-06-05 15:46:29','2017-06-05 15:46:29','3959cdfe-a232-49e8-86ee-16934d1d553a'),
	(16,NULL,'m150210_000001_adjust_user_photo_size','2017-06-05 15:46:29','2017-06-05 15:46:29','2017-06-05 15:46:29','bbe7c9be-e399-47ea-9040-117ddde7e2f8'),
	(17,NULL,'m150724_000001_adjust_quality_settings','2017-06-05 15:46:29','2017-06-05 15:46:29','2017-06-05 15:46:29','bbd728aa-17b0-407e-938f-b0a5b0c39c42'),
	(18,NULL,'m150827_000000_element_index_settings','2017-06-05 15:46:29','2017-06-05 15:46:29','2017-06-05 15:46:29','fa60e2ec-71e3-40f1-9cba-008b8b1e058f'),
	(19,NULL,'m150918_000001_add_colspan_to_widgets','2017-06-05 15:46:29','2017-06-05 15:46:29','2017-06-05 15:46:29','ad807f5f-0b30-4de5-95a3-8cbceb702757'),
	(20,NULL,'m151007_000000_clear_asset_caches','2017-06-05 15:46:29','2017-06-05 15:46:29','2017-06-05 15:46:29','71a0b622-8fe5-4809-8473-895cecc63b2a'),
	(21,NULL,'m151109_000000_text_url_formats','2017-06-05 15:46:29','2017-06-05 15:46:29','2017-06-05 15:46:29','582fae71-b67b-4900-8be0-c56cb84ea1aa'),
	(22,NULL,'m151110_000000_move_logo','2017-06-05 15:46:29','2017-06-05 15:46:29','2017-06-05 15:46:29','2d3fb3e4-5e90-4487-aaf6-bf7f6c37408e'),
	(23,NULL,'m151117_000000_adjust_image_widthheight','2017-06-05 15:46:29','2017-06-05 15:46:29','2017-06-05 15:46:29','edcd3013-bfb3-434d-8475-9dbf540b37f8'),
	(24,NULL,'m151127_000000_clear_license_key_status','2017-06-05 15:46:29','2017-06-05 15:46:29','2017-06-05 15:46:29','d2b72154-07f3-47ee-9ea9-d2f596e5ed60'),
	(25,NULL,'m151127_000000_plugin_license_keys','2017-06-05 15:46:29','2017-06-05 15:46:29','2017-06-05 15:46:29','e6ee0ecf-fa2f-4034-8237-1535329aa69c'),
	(26,NULL,'m151130_000000_update_pt_widget_feeds','2017-06-05 15:46:29','2017-06-05 15:46:29','2017-06-05 15:46:29','fe6b0ed5-6154-4285-bbca-04ba1f31bd44'),
	(27,NULL,'m160114_000000_asset_sources_public_url_default_true','2017-06-05 15:46:29','2017-06-05 15:46:29','2017-06-05 15:46:29','49673837-49f3-44f2-8f75-e521d8d0c71f'),
	(28,NULL,'m160223_000000_sortorder_to_smallint','2017-06-05 15:46:29','2017-06-05 15:46:29','2017-06-05 15:46:29','095d016f-be0b-4dee-8062-b43529bc07e2'),
	(29,NULL,'m160229_000000_set_default_entry_statuses','2017-06-05 15:46:29','2017-06-05 15:46:29','2017-06-05 15:46:29','3bbb5a7a-cdf6-4183-abb1-226591d2e507'),
	(30,NULL,'m160304_000000_client_permissions','2017-06-05 15:46:29','2017-06-05 15:46:29','2017-06-05 15:46:29','d69814ac-3a93-481f-99ae-8951aadac08e'),
	(31,NULL,'m160322_000000_asset_filesize','2017-06-05 15:46:29','2017-06-05 15:46:29','2017-06-05 15:46:29','19738905-e5dd-4adf-89cd-7776aadf5601'),
	(32,NULL,'m160503_000000_orphaned_fieldlayouts','2017-06-05 15:46:29','2017-06-05 15:46:29','2017-06-05 15:46:29','e7ab8d0d-8edd-4078-9e9c-4b637caa759d'),
	(33,NULL,'m160510_000000_tasksettings','2017-06-05 15:46:29','2017-06-05 15:46:29','2017-06-05 15:46:29','5337f968-f15d-4a7f-8f22-3c3d16e5042e'),
	(34,NULL,'m160829_000000_pending_user_content_cleanup','2017-06-05 15:46:29','2017-06-05 15:46:29','2017-06-05 15:46:29','5d435000-2bc5-4dbb-8529-275fee1c7907'),
	(35,NULL,'m160830_000000_asset_index_uri_increase','2017-06-05 15:46:29','2017-06-05 15:46:29','2017-06-05 15:46:29','2af6d3bc-04ca-497e-8620-dac696334337'),
	(36,NULL,'m160919_000000_usergroup_handle_title_unique','2017-06-05 15:46:29','2017-06-05 15:46:29','2017-06-05 15:46:29','277beaaa-fb71-4327-8194-15c5d831e016'),
	(37,NULL,'m161108_000000_new_version_format','2017-06-05 15:46:29','2017-06-05 15:46:29','2017-06-05 15:46:29','46ae7ff6-3e23-471f-9dbc-a40dfc99b00f'),
	(38,NULL,'m161109_000000_index_shuffle','2017-06-05 15:46:29','2017-06-05 15:46:29','2017-06-05 15:46:29','26830652-01a3-4fee-8399-0b633c23ccde');



# Affichage de la table guide_plugins
# ------------------------------------------------------------


CREATE TABLE `guide_plugins` (
  `id` int(11) NOT NULL AUTO_INCREMENT,
  `class` varchar(150) COLLATE utf8_unicode_ci NOT NULL,
  `version` varchar(15) COLLATE utf8_unicode_ci NOT NULL,
  `schemaVersion` varchar(15) COLLATE utf8_unicode_ci DEFAULT NULL,
  `licenseKey` char(24) COLLATE utf8_unicode_ci DEFAULT NULL,
  `licenseKeyStatus` enum('valid','invalid','mismatched','unknown') COLLATE utf8_unicode_ci NOT NULL DEFAULT 'unknown',
  `enabled` tinyint(1) unsigned NOT NULL DEFAULT '0',
  `settings` text COLLATE utf8_unicode_ci,
  `installDate` datetime NOT NULL,
  `dateCreated` datetime NOT NULL,
  `dateUpdated` datetime NOT NULL,
  `uid` char(36) COLLATE utf8_unicode_ci NOT NULL DEFAULT '0',
  PRIMARY KEY (`id`)
) ENGINE=InnoDB DEFAULT CHARSET=utf8 COLLATE=utf8_unicode_ci;


INSERT INTO `guide_plugins` (`id`, `class`, `version`, `schemaVersion`, `licenseKey`, `licenseKeyStatus`, `enabled`, `settings`, `installDate`, `dateCreated`, `dateUpdated`, `uid`)
VALUES
	(1,'ElementApi','1.6.0','1.0.0',NULL,'unknown',1,NULL,'2017-06-05 19:27:44','2017-06-05 19:27:44','2017-06-21 15:08:41','0fbf9c27-1ae3-4a8d-be3c-d7613acfc383');




# Affichage de la table guide_relations
# ------------------------------------------------------------


CREATE TABLE `guide_relations` (
  `id` int(11) NOT NULL AUTO_INCREMENT,
  `fieldId` int(11) NOT NULL,
  `sourceId` int(11) NOT NULL,
  `sourceLocale` char(12) COLLATE utf8_unicode_ci DEFAULT NULL,
  `targetId` int(11) NOT NULL,
  `sortOrder` smallint(6) DEFAULT NULL,
  `dateCreated` datetime NOT NULL,
  `dateUpdated` datetime NOT NULL,
  `uid` char(36) COLLATE utf8_unicode_ci NOT NULL DEFAULT '0',
  PRIMARY KEY (`id`),
  UNIQUE KEY `guide_relations_fieldId_sourceId_sourceLocale_targetId_unq_idx` (`fieldId`,`sourceId`,`sourceLocale`,`targetId`),
  KEY `guide_relations_sourceId_fk` (`sourceId`),
  KEY `guide_relations_sourceLocale_fk` (`sourceLocale`),
  KEY `guide_relations_targetId_fk` (`targetId`),
  CONSTRAINT `guide_relations_fieldId_fk` FOREIGN KEY (`fieldId`) REFERENCES `guide_fields` (`id`) ON DELETE CASCADE,
  CONSTRAINT `guide_relations_sourceId_fk` FOREIGN KEY (`sourceId`) REFERENCES `guide_elements` (`id`) ON DELETE CASCADE,
  CONSTRAINT `guide_relations_sourceLocale_fk` FOREIGN KEY (`sourceLocale`) REFERENCES `guide_locales` (`locale`) ON DELETE CASCADE ON UPDATE CASCADE,
  CONSTRAINT `guide_relations_targetId_fk` FOREIGN KEY (`targetId`) REFERENCES `guide_elements` (`id`) ON DELETE CASCADE
) ENGINE=InnoDB DEFAULT CHARSET=utf8 COLLATE=utf8_unicode_ci;


INSERT INTO `guide_relations` (`id`, `fieldId`, `sourceId`, `sourceLocale`, `targetId`, `sortOrder`, `dateCreated`, `dateUpdated`, `uid`)
VALUES
	(21,67,2,NULL,7,1,'2017-06-08 15:04:31','2017-06-08 15:04:31','f0dad68a-2015-43c9-8782-530879b96ce2'),
	(38,62,2,NULL,8,1,'2017-06-13 21:35:53','2017-06-13 21:35:53','9fdb1790-66ea-4a05-954a-ccb6ee76063a'),
	(138,61,7,NULL,12,1,'2017-06-14 21:00:45','2017-06-14 21:00:45','5e0ca1ad-c27e-48cb-aee5-898bccc6ec84'),
	(141,49,28,NULL,5,1,'2017-06-14 21:01:00','2017-06-14 21:01:00','9db19816-352b-4c29-9468-47adb79a7c06'),
	(142,61,28,NULL,27,1,'2017-06-14 21:01:00','2017-06-14 21:01:00','40b72307-bc41-48a3-a1a4-f4c27df4dfb4'),
	(143,49,30,NULL,5,1,'2017-06-14 21:01:10','2017-06-14 21:01:10','c1156384-1d7e-4722-8956-226ace69285f'),
	(144,61,30,NULL,29,1,'2017-06-14 21:01:10','2017-06-14 21:01:10','2a6c0325-88be-41f4-bee4-d7de557e8346'),
	(300,46,13,NULL,46,1,'2017-06-15 15:07:16','2017-06-15 15:07:16','24b342a3-f1e5-417a-87f3-cb1da6eeb6f3'),
	(301,63,13,NULL,14,1,'2017-06-15 15:07:16','2017-06-15 15:07:16','b3ce8975-d18e-4179-8619-96962955541e'),
	(302,46,45,NULL,47,1,'2017-06-15 15:07:52','2017-06-15 15:07:52','58eaa8ff-dce0-4ea6-8d33-11e96254be0d'),
	(303,63,45,NULL,44,1,'2017-06-15 15:07:52','2017-06-15 15:07:52','472bd367-895e-4178-bcb4-bb516120895d'),
	(304,73,45,NULL,37,1,'2017-06-15 15:07:52','2017-06-15 15:07:52','7a4ee321-2aff-4674-8951-8851f85c92c4'),
	(330,96,53,NULL,52,1,'2017-06-15 16:59:39','2017-06-15 16:59:39','e865ea30-d976-4e61-b3aa-9d11d023a4b5'),
	(345,96,51,NULL,50,1,'2017-06-15 17:01:21','2017-06-15 17:01:21','a5b2bdb6-2f8d-4201-9bb0-2392f692adb9'),
	(346,96,49,NULL,48,1,'2017-06-15 17:04:00','2017-06-15 17:04:00','b4638bbd-c90c-4826-b427-0450cac1861a'),
	(584,35,5,NULL,62,1,'2017-06-21 14:12:30','2017-06-21 14:12:30','4933a144-d769-4a9d-9f92-169f9b06ee23'),
	(585,40,5,NULL,4,1,'2017-06-21 14:12:30','2017-06-21 14:12:30','ff3bbfad-d611-4bc0-bef6-741786aed7bc'),
	(586,6,5,NULL,7,1,'2017-06-21 14:12:30','2017-06-21 14:12:30','dfd73049-4d5a-4cb2-b36e-e3145c9124fe'),
	(587,8,5,NULL,28,1,'2017-06-21 14:12:30','2017-06-21 14:12:30','a7892719-be40-4e12-aa87-df6bc6e88146'),
	(588,7,5,NULL,30,1,'2017-06-21 14:12:30','2017-06-21 14:12:30','711eb937-a5f8-444c-9dca-c8a972923799'),
	(589,41,5,NULL,66,1,'2017-06-21 14:12:30','2017-06-21 14:12:30','ee887e7e-df62-4258-aa51-72057d59a621'),
	(590,41,5,NULL,67,2,'2017-06-21 14:12:30','2017-06-21 14:12:30','8d3d33d9-922e-4ba2-b2a7-efcd969c04b6'),
	(591,41,5,NULL,68,3,'2017-06-21 14:12:30','2017-06-21 14:12:30','7d2953fe-b7e1-4480-981e-1948ce5655a0'),
	(592,73,5,NULL,37,1,'2017-06-21 14:12:30','2017-06-21 14:12:30','86f73d58-3366-4ac0-aa1f-6946dba5d31c'),
	(636,35,72,NULL,60,1,'2017-06-21 16:31:28','2017-06-21 16:31:28','b591cce6-c50d-4d33-8539-5dea04cb2ca5'),
	(637,40,72,NULL,4,1,'2017-06-21 16:31:28','2017-06-21 16:31:28','2832ba4e-3c26-4b70-9ff3-1fbd9939f64e'),
	(638,6,72,NULL,7,1,'2017-06-21 16:31:28','2017-06-21 16:31:28','668e0f09-1de3-4648-9acf-62f629c07f40'),
	(639,8,72,NULL,28,1,'2017-06-21 16:31:28','2017-06-21 16:31:28','ebbd72c0-efe9-48d4-9ed7-2f628adfb3e3'),
	(640,41,72,NULL,71,1,'2017-06-21 16:31:28','2017-06-21 16:31:28','cb4666f9-4437-46c0-9a84-1d45da08c4b2'),
	(641,41,72,NULL,84,2,'2017-06-21 16:31:28','2017-06-21 16:31:28','b779649e-b6c1-4cb5-b755-228582373b9f'),
	(642,41,72,NULL,85,3,'2017-06-21 16:31:28','2017-06-21 16:31:28','ea4d74f6-3a3a-4816-b739-fefb024f8ac0'),
	(728,35,2,NULL,17,1,'2017-06-21 17:01:34','2017-06-21 17:01:34','578419b3-6860-479f-9780-2fa53579a6df'),
	(729,65,2,NULL,4,1,'2017-06-21 17:01:34','2017-06-21 17:01:34','00cc46a4-5178-4065-913b-b7eb3ed70d55'),
	(730,59,2,NULL,23,1,'2017-06-21 17:01:34','2017-06-21 17:01:34','cd60a714-1268-4686-9865-cd21bee666ac'),
	(731,59,2,NULL,24,2,'2017-06-21 17:01:34','2017-06-21 17:01:34','111f3280-f0e0-4b9e-8434-59cebc72ccc9'),
	(732,59,2,NULL,4,3,'2017-06-21 17:01:34','2017-06-21 17:01:34','76024385-4732-4a5d-92ab-7632bc944ff0'),
	(733,59,2,NULL,63,4,'2017-06-21 17:01:34','2017-06-21 17:01:34','f300151b-e6b1-4f2a-9acf-6fa8b68edcfc'),
	(734,59,2,NULL,43,5,'2017-06-21 17:01:34','2017-06-21 17:01:34','cc80ab6c-6b48-45e8-9361-5ec7142af4f5'),
	(735,59,2,NULL,65,6,'2017-06-21 17:01:34','2017-06-21 17:01:34','b164fe22-ddd8-4958-92ff-1f85fe3cffe7'),
	(736,82,2,NULL,7,1,'2017-06-21 17:01:34','2017-06-21 17:01:34','8e98c605-f8c8-4b72-b8cb-e822c0353bfc'),
	(737,82,2,NULL,28,2,'2017-06-21 17:01:34','2017-06-21 17:01:34','202a5cd3-6f32-4040-bc86-210d21c70fb0'),
	(738,82,2,NULL,30,3,'2017-06-21 17:01:34','2017-06-21 17:01:34','cf564781-8153-491a-8244-a3e11919de2a'),
	(739,97,2,NULL,49,1,'2017-06-21 17:01:34','2017-06-21 17:01:34','ecb82bdb-d0b6-4d34-88b4-bdde8211eafd'),
	(740,97,2,NULL,51,2,'2017-06-21 17:01:34','2017-06-21 17:01:34','06c66e8c-6380-488a-9fe7-12c24f0077a6'),
	(741,97,2,NULL,53,3,'2017-06-21 17:01:34','2017-06-21 17:01:34','cbaacba4-df39-4a01-a62f-408015aa21fd'),
	(742,66,2,NULL,55,1,'2017-06-21 17:01:34','2017-06-21 17:01:34','00fe9828-dbf9-45e8-8a30-4bd5aced9512'),
	(743,60,2,NULL,13,1,'2017-06-21 17:01:34','2017-06-21 17:01:34','99e169ec-b2f7-489d-8366-12731bd0478c'),
	(744,60,2,NULL,45,2,'2017-06-21 17:01:34','2017-06-21 17:01:34','25a0a4b0-a17c-47bc-9003-7d937862c039'),
	(785,35,86,NULL,9,1,'2017-06-22 10:49:57','2017-06-22 10:49:57','c3355d7c-2498-4b7c-8f43-efb4d22ff3f5'),
	(786,40,86,NULL,4,1,'2017-06-22 10:49:57','2017-06-22 10:49:57','c5b521f2-1d8c-45b8-83aa-e1fdf26072d0'),
	(787,8,86,NULL,28,1,'2017-06-22 10:49:57','2017-06-22 10:49:57','598f0bcb-6b3f-4027-979b-231984b547d1'),
	(803,63,55,NULL,57,1,'2017-06-22 14:30:21','2017-06-22 14:30:21','7a0d139d-3c5a-4af2-8dd6-ca32fc57dcf4'),
	(804,73,55,NULL,37,1,'2017-06-22 14:30:21','2017-06-22 14:30:21','163e35d8-7bbe-4302-a745-ab95cbfde48e'),
	(815,35,58,NULL,59,1,'2017-06-22 14:39:36','2017-06-22 14:39:36','864d2f18-92a5-464d-a009-7bc692f9ba93'),
	(816,42,58,NULL,81,1,'2017-06-22 14:39:36','2017-06-22 14:39:36','24f9e6e9-9a21-457f-badb-05b3730a9e94'),
	(817,42,58,NULL,79,2,'2017-06-22 14:39:36','2017-06-22 14:39:36','1ba981f4-c478-405d-be15-e512fe443006'),
	(818,42,58,NULL,78,3,'2017-06-22 14:39:36','2017-06-22 14:39:36','4ecf11c5-a203-4e95-97c8-6e6d9d1c6718'),
	(819,42,58,NULL,83,4,'2017-06-22 14:39:36','2017-06-22 14:39:36','dfed5ae9-9151-4f1b-8b94-0db3a2b6c8d3'),
	(820,42,58,NULL,76,5,'2017-06-22 14:39:36','2017-06-22 14:39:36','e017fd2b-ab32-40ba-9b30-b3ccaa918613'),
	(821,42,58,NULL,80,6,'2017-06-22 14:39:36','2017-06-22 14:39:36','1de6cd31-a9a2-450f-b5b8-7c8fd4a49b9b'),
	(822,42,58,NULL,82,7,'2017-06-22 14:39:36','2017-06-22 14:39:36','b6134c36-9190-4107-8aec-64443287db10'),
	(823,42,58,NULL,77,8,'2017-06-22 14:39:36','2017-06-22 14:39:36','aa2f5796-3173-4345-af82-20af7c5c4908'),
	(824,42,58,NULL,75,9,'2017-06-22 14:39:36','2017-06-22 14:39:36','68f197bf-6055-4b8e-9241-1907f0f0ad76'),
	(825,42,58,NULL,91,10,'2017-06-22 14:39:36','2017-06-22 14:39:36','b1b21642-2247-4ab2-a8e9-d491fd39d4c4'),
	(826,42,58,NULL,92,11,'2017-06-22 14:39:36','2017-06-22 14:39:36','176998ba-61d4-476d-aaa9-d44a1574fb37'),
	(827,42,58,NULL,93,12,'2017-06-22 14:39:36','2017-06-22 14:39:36','e0cfa05b-3ebc-4e86-8002-6cf951fff8f9'),
	(828,62,4,NULL,89,1,'2017-06-22 14:42:05','2017-06-22 14:42:05','9cc96d7e-d786-4eb5-b51b-6d31b9c47260'),
	(829,10,4,NULL,5,1,'2017-06-22 14:42:05','2017-06-22 14:42:05','b5477fad-9274-45e3-9978-77efee677ac2'),
	(830,10,4,NULL,72,2,'2017-06-22 14:42:05','2017-06-22 14:42:05','57943da8-5cde-43ae-9cc7-4eeabb406553'),
	(831,10,4,NULL,86,3,'2017-06-22 14:42:05','2017-06-22 14:42:05','bc6ad032-9bde-4aac-9104-f1345ce4bb4f'),
	(832,6,4,NULL,7,1,'2017-06-22 14:42:05','2017-06-22 14:42:05','c2e931de-e32c-4949-8253-095c18aa5c27'),
	(833,8,4,NULL,28,1,'2017-06-22 14:42:05','2017-06-22 14:42:05','55528ee8-0d41-4044-ad3a-07276ec04b68'),
	(834,7,4,NULL,30,1,'2017-06-22 14:42:05','2017-06-22 14:42:05','71ed7979-c23f-41f3-ba92-ac5b8b600074'),
	(835,42,4,NULL,75,1,'2017-06-22 14:42:05','2017-06-22 14:42:05','f0cd1bf2-80f7-4fa8-93ec-baf7009105ca'),
	(836,42,4,NULL,76,2,'2017-06-22 14:42:05','2017-06-22 14:42:05','14864dda-68e3-4758-9a63-0072b24f909b'),
	(837,42,4,NULL,78,3,'2017-06-22 14:42:05','2017-06-22 14:42:05','3aa45f82-a275-4ae2-8e2a-6c52cf12c852'),
	(838,42,4,NULL,79,4,'2017-06-22 14:42:05','2017-06-22 14:42:05','57251990-e4ce-4ab9-9885-18240e4a80ce'),
	(839,42,4,NULL,82,5,'2017-06-22 14:42:05','2017-06-22 14:42:05','b7794117-153a-43f6-a1b7-f9b449444de7'),
	(840,73,4,NULL,37,1,'2017-06-22 14:42:05','2017-06-22 14:42:05','2849b1c4-c30d-4953-890f-fbe7a896bd52'),
	(841,62,43,NULL,42,1,'2017-06-22 14:42:20','2017-06-22 14:42:20','9908cdd7-6c1c-4794-8ff4-567e5ae1e303'),
	(842,6,43,NULL,7,1,'2017-06-22 14:42:20','2017-06-22 14:42:20','019c83d0-4e8d-4e7d-ba0e-a0a2e004249c'),
	(843,8,43,NULL,28,1,'2017-06-22 14:42:20','2017-06-22 14:42:20','b90b3a06-f3a4-4ac7-8f35-2470c8365336'),
	(844,7,43,NULL,30,1,'2017-06-22 14:42:20','2017-06-22 14:42:20','31734714-fc20-4c33-93bf-dc1009131d63'),
	(845,42,43,NULL,80,1,'2017-06-22 14:42:20','2017-06-22 14:42:20','5936e175-828a-40c7-8b37-e17fa8615850'),
	(846,42,43,NULL,77,2,'2017-06-22 14:42:20','2017-06-22 14:42:20','ae71a4e5-4469-4811-a091-8d6c5621b21f'),
	(847,42,43,NULL,91,3,'2017-06-22 14:42:20','2017-06-22 14:42:20','e7367985-3a8d-4f45-92a7-dcdc0b53c4c3'),
	(848,73,43,NULL,37,1,'2017-06-22 14:42:20','2017-06-22 14:42:20','c5ec1b95-6a99-45ba-a38f-9ef71737e984'),
	(849,62,63,NULL,10,1,'2017-06-22 14:42:48','2017-06-22 14:42:48','b143e900-6ace-4a98-ab44-ff306d1f2a13'),
	(850,42,63,NULL,79,1,'2017-06-22 14:42:48','2017-06-22 14:42:48','8ac87dcb-89bc-443c-abc8-1a2ae384eaf1'),
	(851,42,63,NULL,81,2,'2017-06-22 14:42:48','2017-06-22 14:42:48','0af19d69-1a9e-4d0c-bc40-a6ef418c905e'),
	(852,42,63,NULL,76,3,'2017-06-22 14:42:48','2017-06-22 14:42:48','98cad021-fae5-4504-8a69-0ff91a0be10b'),
	(857,62,24,NULL,39,1,'2017-06-22 14:43:24','2017-06-22 14:43:24','920dc811-f375-495f-a0d1-c2e91294d3d7'),
	(858,42,24,NULL,91,1,'2017-06-22 14:43:24','2017-06-22 14:43:24','99da5fca-a9c7-4626-804c-ded0688da0b0'),
	(859,42,24,NULL,82,2,'2017-06-22 14:43:24','2017-06-22 14:43:24','42508cd5-83e9-4280-9c82-35f69c89985a'),
	(860,62,23,NULL,70,1,'2017-06-22 14:43:55','2017-06-22 14:43:55','7f90a50a-0d86-4326-a84a-0cf52604ba9d'),
	(861,6,23,NULL,7,1,'2017-06-22 14:43:55','2017-06-22 14:43:55','ba8b5c61-1b1a-4a6c-84ec-22046140e565'),
	(862,8,23,NULL,28,1,'2017-06-22 14:43:55','2017-06-22 14:43:55','6d634c01-cc40-4998-bf2a-cd4dc4400072'),
	(863,7,23,NULL,30,1,'2017-06-22 14:43:55','2017-06-22 14:43:55','a53dbdb0-4f09-4c0c-a974-bd006bb3179b'),
	(864,42,23,NULL,82,1,'2017-06-22 14:43:55','2017-06-22 14:43:55','0a2ab3d8-e602-4002-8e12-751611a4271c'),
	(865,42,23,NULL,77,2,'2017-06-22 14:43:55','2017-06-22 14:43:55','e76263ec-f9f2-43a2-89d7-e21a3cfd9393'),
	(866,42,23,NULL,76,3,'2017-06-22 14:43:55','2017-06-22 14:43:55','8b526280-d461-4bc2-9f2d-1233396b13c2'),
	(867,42,23,NULL,81,4,'2017-06-22 14:43:55','2017-06-22 14:43:55','a74f0385-9aee-4726-a7de-a1f8cd6d4246'),
	(868,42,23,NULL,83,5,'2017-06-22 14:43:55','2017-06-22 14:43:55','58462ef9-2408-49a4-8895-c551d3674287'),
	(869,62,65,NULL,64,1,'2017-06-22 14:44:43','2017-06-22 14:44:43','0b71fabd-ea0d-46e2-aa24-0ba89954ce90'),
	(870,42,65,NULL,91,1,'2017-06-22 14:44:43','2017-06-22 14:44:43','bba84205-8f82-48c1-bfdb-25e245059696'),
	(871,42,65,NULL,77,2,'2017-06-22 14:44:43','2017-06-22 14:44:43','3aa612ed-2dd8-4f7e-998f-adcf6d68d608'),
	(872,42,65,NULL,75,3,'2017-06-22 14:44:43','2017-06-22 14:44:43','d84332bb-0069-494f-8c57-b0dcd3e6bb6f'),
	(873,42,65,NULL,80,4,'2017-06-22 14:44:43','2017-06-22 14:44:43','a4ba7f7f-a348-468f-aa2e-fccbfb007f77');



# Affichage de la table guide_routes
# ------------------------------------------------------------


CREATE TABLE `guide_routes` (
  `id` int(11) NOT NULL AUTO_INCREMENT,
  `locale` char(12) COLLATE utf8_unicode_ci DEFAULT NULL,
  `urlParts` varchar(255) COLLATE utf8_unicode_ci NOT NULL,
  `urlPattern` varchar(255) COLLATE utf8_unicode_ci NOT NULL,
  `template` varchar(255) COLLATE utf8_unicode_ci NOT NULL,
  `sortOrder` smallint(6) unsigned DEFAULT NULL,
  `dateCreated` datetime NOT NULL,
  `dateUpdated` datetime NOT NULL,
  `uid` char(36) COLLATE utf8_unicode_ci NOT NULL DEFAULT '0',
  PRIMARY KEY (`id`),
  UNIQUE KEY `guide_routes_urlPattern_unq_idx` (`urlPattern`),
  KEY `guide_routes_locale_idx` (`locale`),
  CONSTRAINT `guide_routes_locale_fk` FOREIGN KEY (`locale`) REFERENCES `guide_locales` (`locale`) ON DELETE CASCADE ON UPDATE CASCADE
) ENGINE=InnoDB DEFAULT CHARSET=utf8 COLLATE=utf8_unicode_ci;


INSERT INTO `guide_routes` (`id`, `locale`, `urlParts`, `urlPattern`, `template`, `sortOrder`, `dateCreated`, `dateUpdated`, `uid`)
VALUES
	(1,NULL,'{\"0\":\"cities\\/\",\"1\":[\"slug\",\"[^\\\\\\/]+\"],\"3\":\"\\/neighborhoods\"}','cities\\/(?P<slug>[^\\/]+)\\/neighborhoods','neighborhoods/index',1,'2017-06-21 15:01:17','2017-06-22 08:24:25','fa5b6876-3d54-406e-a1c5-fb674d640cf0'),
	(2,NULL,'[\"cities\\/\",[\"slug\",\"[^\\\\\\/]+\"],\"\\/places\\/\",[\"*\",\"[^\\\\\\/]+\"]]','cities\\/(?P<slug>[^\\/]+)\\/places\\/([^\\/]+)','places/index',2,'2017-06-22 08:26:26','2017-06-22 08:26:26','3471dc88-991c-42a4-a2cc-b24b6ea33202'),
	(3,NULL,'[\"cities\\/\",[\"slug\",\"[^\\\\\\/]+\"],\"\\/neighborhoods\\/\",[\"slug\",\"[^\\\\\\/]+\"],\"\\/places\\/\",[\"*\",\"[^\\\\\\/]+\"]]','cities\\/(?P<slug>[^\\/]+)\\/neighborhoods\\/(?P<slug2>[^\\/]+)\\/places\\/([^\\/]+)','places/index',3,'2017-06-22 08:27:07','2017-06-22 08:30:09','6f79fd11-638f-4ff8-b1ed-23e14d07f740');



# Affichage de la table guide_searchindex
# ------------------------------------------------------------


CREATE TABLE `guide_searchindex` (
  `elementId` int(11) NOT NULL,
  `attribute` varchar(25) COLLATE utf8_unicode_ci NOT NULL,
  `fieldId` int(11) NOT NULL,
  `locale` char(12) COLLATE utf8_unicode_ci NOT NULL,
  `keywords` text COLLATE utf8_unicode_ci NOT NULL,
  PRIMARY KEY (`elementId`,`attribute`,`fieldId`,`locale`),
  FULLTEXT KEY `guide_searchindex_keywords_idx` (`keywords`)
) ENGINE=MyISAM DEFAULT CHARSET=utf8 COLLATE=utf8_unicode_ci;


INSERT INTO `guide_searchindex` (`elementId`, `attribute`, `fieldId`, `locale`, `keywords`)
VALUES
	(1,'username',0,'en',' wanderbrief '),
	(1,'firstname',0,'en',''),
	(1,'lastname',0,'en',''),
	(1,'fullname',0,'en',''),
	(1,'email',0,'en',' cguillou wanderbrief com '),
	(1,'slug',0,'en',''),
	(2,'slug',0,'en',' homepage '),
	(2,'title',0,'en',' home '),
	(2,'field',1,'en',' it s true this site doesn t have a whole lot of content yet but don t worry our web developers have just installed the cms and they re setting things up for the content editors this very moment soon wanderbrief guides local will be an oasis of fresh perspectives sharp analyses and astute opinions that will keep you coming back again and again '),
	(4,'field',37,'en',' where else in the world can you enjoy the hipster city life and within a few minutes find yourself in a geothermal pool in the middle of a game of thrones set '),
	(4,'field',38,'en',''),
	(4,'field',10,'en',' noord west centrum '),
	(4,'field',14,'en',''),
	(4,'field',18,'en',' 1 '),
	(4,'field',15,'en',' high '),
	(4,'field',16,'en',' medium '),
	(4,'field',17,'en',' low '),
	(4,'field',22,'en',''),
	(4,'field',35,'en',''),
	(4,'field',4,'en',' where else in the world can you enjoy the hipster city life and within a few minutes find yourself in a geothermal pool in the middle of a game of thrones set '),
	(4,'field',21,'en',''),
	(4,'field',23,'en',''),
	(4,'field',24,'en',''),
	(4,'field',25,'en',''),
	(4,'field',26,'en',''),
	(4,'field',27,'en',''),
	(4,'field',28,'en',''),
	(4,'field',19,'en',''),
	(4,'field',29,'en',''),
	(4,'field',30,'en',''),
	(4,'field',20,'en',''),
	(4,'field',32,'en',''),
	(4,'field',31,'en',''),
	(4,'field',33,'en',''),
	(4,'field',6,'en',' starbucks '),
	(4,'field',8,'en',' cafe parvis '),
	(4,'field',7,'en',' le tableau blanc '),
	(4,'field',42,'en',' wanderbriefers worthy artsy party hardy loved by locals architecture '),
	(4,'field',36,'en',''),
	(4,'field',11,'en',''),
	(4,'field',12,'en',''),
	(4,'slug',0,'en',' amsterdam '),
	(4,'title',0,'en',' amsterdam '),
	(5,'field',35,'en',' vadim sherbakov 41909 min '),
	(5,'field',4,'en',' lorem ipsum dolot sit amet '),
	(5,'field',40,'en',' amsterdam '),
	(5,'field',6,'en',' starbucks '),
	(5,'field',8,'en',' cafe parvis '),
	(5,'field',7,'en',' le tableau blanc '),
	(5,'field',41,'en',' historic loved by locals architecture '),
	(5,'field',36,'en',''),
	(5,'field',11,'en',''),
	(5,'field',12,'en',''),
	(5,'field',39,'en',''),
	(5,'slug',0,'en',' noord '),
	(5,'title',0,'en',' noord '),
	(2,'field',35,'en',' hero '),
	(2,'field',59,'en',' tokyo sydney amsterdam new york phuket da nang '),
	(2,'field',6,'en',''),
	(2,'field',8,'en',''),
	(2,'field',7,'en',''),
	(2,'field',60,'en',' gopro hero 5 oneplus 5 '),
	(2,'field',11,'en',' wanderbrief cityguides curated by local nomads '),
	(2,'field',12,'en',' wanderbrief city guides help you plan the perfect remote working trip with information on the best coffee internet speed co working spaces local adventures and meetups with like minded nomads across the city '),
	(2,'field',39,'en',''),
	(9,'extension',0,'en',' jpg '),
	(9,'filename',0,'en',' 2249 jpg '),
	(9,'field',43,'en',''),
	(9,'field',34,'en',''),
	(9,'field',1,'en',''),
	(4,'field',62,'en',' rob bye 66757 min '),
	(4,'field',64,'en',' 0 '),
	(4,'field',71,'en',' uber '),
	(4,'field',73,'en',' logo uber '),
	(4,'field',72,'en',' https uber com '),
	(4,'field',74,'en',''),
	(4,'field',75,'en',' 2017 06 04 '),
	(4,'field',76,'en',' 2017 06 27 '),
	(4,'field',77,'en',' 1 '),
	(7,'field',4,'en',''),
	(7,'field',49,'en',''),
	(7,'field',61,'en',' 35847 '),
	(7,'field',57,'en',' 0 0 '),
	(7,'field',34,'en',''),
	(7,'field',50,'en',' fast food '),
	(7,'field',48,'en',' hipster '),
	(7,'field',47,'en',''),
	(7,'field',51,'en',' 0 '),
	(7,'field',56,'en',''),
	(7,'field',52,'en',''),
	(7,'field',53,'en',''),
	(7,'field',54,'en',''),
	(7,'field',55,'en',''),
	(7,'field',58,'en',''),
	(7,'field',77,'en',' 1 '),
	(7,'field',71,'en',' starbucks '),
	(7,'field',73,'en',''),
	(7,'field',78,'en',''),
	(7,'field',74,'en',''),
	(7,'field',72,'en',''),
	(7,'field',75,'en',' 2017 06 05 '),
	(7,'field',76,'en',' 2017 06 12 '),
	(7,'field',36,'en',''),
	(7,'field',11,'en',''),
	(7,'field',12,'en',''),
	(7,'field',39,'en',''),
	(7,'slug',0,'en',' starbucks '),
	(7,'title',0,'en',' starbucks '),
	(2,'field',65,'en',' amsterdam '),
	(2,'field',67,'en',' starbucks '),
	(2,'field',68,'en',''),
	(2,'field',69,'en',''),
	(2,'field',82,'en',' starbucks cafe parvis le tableau blanc '),
	(4,'field',78,'en',''),
	(8,'field',1,'en',''),
	(8,'field',34,'en',''),
	(8,'field',43,'en',''),
	(8,'filename',0,'en',' 2249 jpg '),
	(8,'extension',0,'en',' jpg '),
	(8,'kind',0,'en',' image '),
	(8,'slug',0,'en',' 2249 '),
	(8,'title',0,'en',' 2249 '),
	(2,'field',62,'en',' 2249 '),
	(2,'field',66,'en',' monthly gears selection '),
	(9,'kind',0,'en',' image '),
	(9,'slug',0,'en',' 2249 '),
	(9,'title',0,'en',' 2249 '),
	(10,'field',1,'en',''),
	(10,'field',34,'en',''),
	(10,'field',43,'en',''),
	(10,'filename',0,'en',' 1899 jpg '),
	(10,'extension',0,'en',' jpg '),
	(10,'kind',0,'en',' image '),
	(10,'slug',0,'en',' 1899 '),
	(10,'title',0,'en',' 1899 '),
	(13,'field',4,'en',' lorem ipsum dolor sit amet '),
	(13,'field',1,'en',' lorem ipsum dolor sit amet consectetur adipiscing elit nam sit amet fermentum nisi in sollicitudin pulvinar turpis sed fermentum ut vehicula odio nec semper tincidunt sed gravida tempus dignissim aenean varius sapien ut congue consectetur aliquam pellentesque accumsan purus dapibus accumsan nibh porttitor eget etiam commodo vehicula ipsum sit amet gravida nullam iaculis sapien nulla quis vulputate felis consectetur ac quisque elementum tortor eget odio condimentum ut efficitur libero convallis ut luctus lacus nec pharetra rhoncus pellentesque vel purus tristique sollicitudin purus sed vehicula odio aenean hendrerit enim nec posuere tincidunt pellentesque luctus justo nisi mauris at placerat nisl quisque varius ligula non mi dapibus bibendum maecenas nec congue purus nullam lacinia nisi et nunc laoreet nec fermentum sapien volutpat pellentesque non luctus risus phasellus sed scelerisque erat nam facilisis euismod ornare donec rhoncus tempor eros vitae mattis duis elementum dolor eu vestibulum tristique enim ipsum aliquet tortor id pharetra massa nisl sed nunc duis gravida ipsum turpis non varius elit suscipit et nunc in vestibulum orci ut viverra neque nec risus mollis sit amet pharetra tellus suscipit curabitur gravida nisi at nisl auctor eleifend aenean viverra suscipit egestas cras rutrum odio condimentum erat malesuada quis ultrices quam ornare nullam at ornare augue '),
	(12,'field',1,'en',' cafe '),
	(12,'field',34,'en',''),
	(12,'field',43,'en',''),
	(12,'filename',0,'en',' 35847 jpg '),
	(12,'extension',0,'en',' jpg '),
	(12,'kind',0,'en',' image '),
	(12,'slug',0,'en',' jazmin quaynor 35847 '),
	(12,'title',0,'en',' 35847 '),
	(13,'field',46,'en',' camera '),
	(13,'field',45,'en',' https amazon com '),
	(13,'field',44,'en',' specification 1 specification 1 specification 2 specification 2 specification 3 specification 3 '),
	(13,'field',63,'en',' gopro '),
	(13,'field',64,'en',' 0 '),
	(13,'field',77,'en',' 0 '),
	(13,'field',71,'en',''),
	(13,'field',73,'en',''),
	(13,'field',78,'en',''),
	(13,'field',74,'en',''),
	(13,'field',72,'en',''),
	(13,'field',75,'en',''),
	(13,'field',76,'en',''),
	(13,'slug',0,'en',' gopro hero 5 '),
	(13,'title',0,'en',' gopro hero 5 '),
	(14,'field',1,'en',''),
	(14,'field',34,'en',''),
	(14,'field',43,'en',''),
	(14,'filename',0,'en',' gopro jpg '),
	(14,'extension',0,'en',' jpg '),
	(14,'kind',0,'en',' image '),
	(14,'slug',0,'en',' gopro '),
	(14,'title',0,'en',' gopro '),
	(15,'field',87,'en',' contact wanderbrief com '),
	(15,'field',88,'en',' support wanderbrief com '),
	(15,'field',83,'en',' https www facebook com wanderbrief '),
	(15,'field',84,'en',' https www instagram com wanderbrief '),
	(15,'field',85,'en',' https twitter com wanderbrief '),
	(15,'field',86,'en',''),
	(15,'slug',0,'en',''),
	(16,'field',11,'en',''),
	(16,'field',12,'en',''),
	(16,'field',39,'en',''),
	(16,'slug',0,'en',''),
	(2,'field',89,'en',' work live abroad like a local '),
	(17,'field',1,'en',''),
	(17,'field',34,'en',''),
	(17,'field',43,'en',''),
	(17,'filename',0,'en',' kaci baum 266662 min jpg '),
	(17,'extension',0,'en',' jpg '),
	(17,'kind',0,'en',' image '),
	(17,'slug',0,'en',' hero '),
	(17,'title',0,'en',' hero '),
	(23,'field',62,'en',' andre benz 250740 min '),
	(23,'field',4,'en',' lorem ipsum dolor sit amet '),
	(23,'field',37,'en',' with world class museums quirky festivals theatre live music laid back bars and delightful restaurants there s never a shortage of things to do in amsterdam '),
	(23,'field',38,'en',''),
	(23,'field',10,'en',''),
	(23,'field',64,'en',' 0 '),
	(23,'field',14,'en',''),
	(23,'field',18,'en',' 1 '),
	(23,'field',15,'en',' medium '),
	(23,'field',16,'en',' medium '),
	(23,'field',17,'en',' medium '),
	(23,'field',22,'en',''),
	(23,'field',21,'en',''),
	(23,'field',23,'en',''),
	(23,'field',24,'en',''),
	(23,'field',25,'en',''),
	(23,'field',26,'en',''),
	(23,'field',27,'en',''),
	(23,'field',28,'en',''),
	(23,'field',19,'en',''),
	(23,'field',29,'en',''),
	(23,'field',30,'en',''),
	(23,'field',20,'en',''),
	(23,'field',32,'en',''),
	(23,'field',31,'en',''),
	(23,'field',33,'en',''),
	(23,'field',6,'en',' starbucks '),
	(23,'field',8,'en',' cafe parvis '),
	(23,'field',7,'en',' le tableau blanc '),
	(23,'field',42,'en',' architecture famous for food artsy culture authentic '),
	(23,'field',77,'en',' 0 '),
	(23,'field',71,'en',''),
	(23,'field',73,'en',''),
	(23,'field',78,'en',''),
	(23,'field',74,'en',''),
	(23,'field',72,'en',''),
	(23,'field',75,'en',''),
	(23,'field',76,'en',''),
	(23,'field',36,'en',''),
	(23,'field',11,'en',''),
	(23,'field',12,'en',''),
	(23,'slug',0,'en',' tokyo '),
	(23,'title',0,'en',' tokyo '),
	(24,'field',62,'en',' matthew kane 171732 min '),
	(24,'field',4,'en',' lorem ipsum dolor sit amet '),
	(24,'field',37,'en',' with world class museums quirky festivals theatre live music laid back bars and delightful restaurants there s never a shortage of things to do in amsterdam '),
	(24,'field',38,'en',''),
	(24,'field',10,'en',''),
	(24,'field',64,'en',' 0 '),
	(24,'field',14,'en',''),
	(24,'field',18,'en',' 1 '),
	(24,'field',15,'en',' medium '),
	(24,'field',16,'en',' medium '),
	(24,'field',17,'en',' medium '),
	(24,'field',22,'en',''),
	(24,'field',21,'en',''),
	(24,'field',23,'en',''),
	(24,'field',24,'en',''),
	(24,'field',25,'en',''),
	(24,'field',26,'en',''),
	(24,'field',27,'en',''),
	(24,'field',28,'en',''),
	(24,'field',19,'en',''),
	(24,'field',29,'en',''),
	(24,'field',30,'en',''),
	(24,'field',20,'en',''),
	(24,'field',32,'en',''),
	(24,'field',31,'en',''),
	(24,'field',33,'en',''),
	(24,'field',6,'en',''),
	(24,'field',8,'en',''),
	(24,'field',7,'en',''),
	(24,'field',42,'en',' nature architecture '),
	(24,'field',77,'en',' 0 '),
	(24,'field',71,'en',''),
	(24,'field',73,'en',''),
	(24,'field',78,'en',''),
	(24,'field',74,'en',''),
	(24,'field',72,'en',''),
	(24,'field',75,'en',''),
	(24,'field',76,'en',''),
	(24,'field',36,'en',''),
	(24,'field',11,'en',''),
	(24,'field',12,'en',''),
	(24,'slug',0,'en',' sydney '),
	(24,'title',0,'en',' sydney '),
	(24,'field',90,'en',' australia '),
	(23,'field',90,'en',' asia '),
	(4,'field',90,'en',' europe '),
	(25,'filename',0,'en',' heineken icon svg '),
	(25,'extension',0,'en',' svg '),
	(25,'kind',0,'en',' image '),
	(25,'slug',0,'en',' heineken icon '),
	(25,'title',0,'en',' heineken icon '),
	(26,'filename',0,'en',' logo heineken png '),
	(26,'extension',0,'en',' png '),
	(26,'kind',0,'en',' image '),
	(26,'slug',0,'en',' logo heineken '),
	(26,'title',0,'en',' logo heineken '),
	(27,'field',1,'en',' cafe '),
	(27,'field',34,'en',''),
	(27,'field',43,'en',''),
	(27,'filename',0,'en',' patrick tomasso 42345 min jpg '),
	(27,'extension',0,'en',' jpg '),
	(27,'kind',0,'en',' image '),
	(27,'slug',0,'en',' patrick tomasso 42345 min '),
	(27,'title',0,'en',' cafe '),
	(28,'field',4,'en',''),
	(28,'field',49,'en',' noord '),
	(28,'field',61,'en',' cafe '),
	(28,'field',57,'en',' 0 0 '),
	(28,'field',34,'en',''),
	(28,'field',50,'en',' pub '),
	(28,'field',47,'en',''),
	(28,'field',48,'en',' hipster '),
	(28,'field',56,'en',''),
	(28,'field',52,'en',''),
	(28,'field',53,'en',''),
	(28,'field',54,'en',''),
	(28,'field',55,'en',''),
	(28,'field',58,'en',''),
	(28,'field',77,'en',' 0 '),
	(28,'field',71,'en',''),
	(28,'field',73,'en',''),
	(28,'field',78,'en',''),
	(28,'field',74,'en',''),
	(28,'field',72,'en',''),
	(28,'field',75,'en',''),
	(28,'field',76,'en',''),
	(28,'field',36,'en',''),
	(28,'field',11,'en',''),
	(28,'field',12,'en',''),
	(28,'field',39,'en',''),
	(28,'slug',0,'en',' cafe parvis '),
	(28,'title',0,'en',' cafe parvis '),
	(29,'field',1,'en',''),
	(29,'field',34,'en',''),
	(29,'field',43,'en',''),
	(29,'filename',0,'en',' 19126134_10210672482501367_280490407_o jpg '),
	(29,'extension',0,'en',' jpg '),
	(29,'kind',0,'en',' image '),
	(29,'slug',0,'en',' 19126134 10210672482501367 280490407 o '),
	(29,'title',0,'en',' 19126134 10210672482501367 280490407 o '),
	(30,'field',4,'en',' lorem ipsum '),
	(30,'field',49,'en',' noord '),
	(30,'field',61,'en',' 19126134 10210672482501367 280490407 o '),
	(30,'field',57,'en',' 0 0 '),
	(30,'field',34,'en',''),
	(30,'field',50,'en',' caterer '),
	(30,'field',47,'en',''),
	(30,'field',48,'en',' hipster '),
	(30,'field',14,'en',''),
	(30,'field',56,'en',''),
	(30,'field',52,'en',''),
	(30,'field',53,'en',''),
	(30,'field',54,'en',''),
	(30,'field',55,'en',''),
	(30,'field',58,'en',''),
	(30,'field',77,'en',' 0 '),
	(30,'field',71,'en',''),
	(30,'field',73,'en',''),
	(30,'field',78,'en',''),
	(30,'field',74,'en',''),
	(30,'field',72,'en',''),
	(30,'field',75,'en',''),
	(30,'field',76,'en',''),
	(30,'field',36,'en',''),
	(30,'field',11,'en',''),
	(30,'field',12,'en',''),
	(30,'field',39,'en',''),
	(30,'slug',0,'en',' le tableau blanc '),
	(30,'title',0,'en',' le tableau blanc '),
	(40,'field',34,'en',''),
	(40,'field',43,'en',''),
	(40,'filename',0,'en',' matthew kane 171732 min jpg '),
	(31,'field',1,'en',''),
	(31,'field',34,'en',''),
	(31,'field',43,'en',''),
	(31,'filename',0,'en',' dasha vdovichenko 41596 jpg '),
	(31,'extension',0,'en',' jpg '),
	(31,'kind',0,'en',' image '),
	(31,'slug',0,'en',' dasha vdovichenko 41596 '),
	(31,'title',0,'en',' dasha vdovichenko 41596 '),
	(40,'field',1,'en',''),
	(32,'field',1,'en',''),
	(32,'field',34,'en',''),
	(32,'field',43,'en',''),
	(32,'filename',0,'en',' anthony tori 115580 min jpg '),
	(32,'extension',0,'en',' jpg '),
	(32,'kind',0,'en',' image '),
	(32,'slug',0,'en',' anthony tori 115580 min '),
	(32,'title',0,'en',' anthony tori 115580 min '),
	(38,'filename',0,'en',' matthew kane 278419 jpg '),
	(38,'extension',0,'en',' jpg '),
	(38,'kind',0,'en',' image '),
	(38,'slug',0,'en',' matthew kane 278419 '),
	(38,'title',0,'en',' matthew kane 278419 '),
	(38,'field',43,'en',''),
	(38,'field',1,'en',''),
	(38,'field',34,'en',''),
	(37,'filename',0,'en',' logo uber png '),
	(35,'field',1,'en',''),
	(35,'field',34,'en',''),
	(35,'field',43,'en',''),
	(35,'filename',0,'en',' img_20150710_152245 min jpg '),
	(35,'extension',0,'en',' jpg '),
	(35,'kind',0,'en',' image '),
	(35,'slug',0,'en',' img 20150710 152245 min '),
	(35,'title',0,'en',' img 20150710 152245 min '),
	(36,'field',1,'en',''),
	(36,'field',34,'en',''),
	(36,'field',43,'en',''),
	(36,'filename',0,'en',' clay banks 170882 jpg '),
	(36,'extension',0,'en',' jpg '),
	(36,'kind',0,'en',' image '),
	(36,'slug',0,'en',' clay banks 170882 '),
	(36,'title',0,'en',' clay banks 170882 '),
	(37,'extension',0,'en',' png '),
	(37,'kind',0,'en',' image '),
	(37,'slug',0,'en',' logo uber '),
	(37,'title',0,'en',' logo uber '),
	(39,'field',1,'en',''),
	(39,'field',34,'en',''),
	(39,'field',43,'en',''),
	(39,'filename',0,'en',' matthew kane 171732 min jpg '),
	(39,'extension',0,'en',' jpg '),
	(39,'kind',0,'en',' image '),
	(39,'slug',0,'en',' matthew kane 171732 min '),
	(39,'title',0,'en',' matthew kane 171732 min '),
	(40,'extension',0,'en',' jpg '),
	(40,'kind',0,'en',' image '),
	(40,'slug',0,'en',' matthew kane 171732 min '),
	(40,'title',0,'en',' matthew kane 171732 min '),
	(44,'field',1,'en',''),
	(41,'field',1,'en',''),
	(41,'field',34,'en',''),
	(41,'field',43,'en',''),
	(41,'filename',0,'en',' jonny clow 35081 min jpg '),
	(41,'extension',0,'en',' jpg '),
	(41,'kind',0,'en',' image '),
	(41,'slug',0,'en',' jonny clow 35081 min '),
	(41,'title',0,'en',' jonny clow 35081 min '),
	(42,'field',1,'en',''),
	(42,'field',34,'en',''),
	(42,'field',43,'en',''),
	(42,'filename',0,'en',' jonny clow 35081 min jpg '),
	(42,'extension',0,'en',' jpg '),
	(42,'kind',0,'en',' image '),
	(42,'slug',0,'en',' jonny clow 35081 min '),
	(42,'title',0,'en',' jonny clow 35081 min '),
	(43,'field',90,'en',' asia '),
	(43,'field',62,'en',' jonny clow 35081 min '),
	(43,'field',4,'en',' lorem ipsum dolor sit amet consectetur adipiscing elit sed pharetra placerat justo ac porttitor tortor rhoncus sit amet donec a ex ac odio consectetur laoreet '),
	(43,'field',37,'en',' lorem ipsum dolor sit amet consectetur adipiscing elit sed pharetra placerat justo ac porttitor tortor rhoncus sit amet donec a ex ac odio consectetur laoreet '),
	(43,'field',38,'en',''),
	(43,'field',10,'en',''),
	(43,'field',64,'en',' 0 '),
	(43,'field',14,'en',''),
	(43,'field',18,'en',' 1 '),
	(43,'field',15,'en',' medium '),
	(43,'field',16,'en',' medium '),
	(43,'field',17,'en',' medium '),
	(43,'field',22,'en',''),
	(43,'field',21,'en',''),
	(43,'field',23,'en',''),
	(43,'field',24,'en',''),
	(43,'field',25,'en',''),
	(43,'field',26,'en',''),
	(43,'field',27,'en',''),
	(43,'field',28,'en',''),
	(43,'field',19,'en',''),
	(43,'field',29,'en',''),
	(43,'field',30,'en',''),
	(43,'field',20,'en',''),
	(43,'field',32,'en',''),
	(43,'field',31,'en',''),
	(43,'field',33,'en',''),
	(43,'field',6,'en',' starbucks '),
	(43,'field',8,'en',' cafe parvis '),
	(43,'field',7,'en',' le tableau blanc '),
	(43,'field',42,'en',' adventurous famous for food nature '),
	(43,'field',77,'en',' 1 '),
	(43,'field',71,'en',' uber '),
	(43,'field',73,'en',' logo uber '),
	(43,'field',78,'en',''),
	(43,'field',74,'en',''),
	(43,'field',72,'en',''),
	(43,'field',75,'en',''),
	(43,'field',76,'en',''),
	(43,'field',36,'en',''),
	(43,'field',11,'en',''),
	(43,'field',12,'en',''),
	(43,'slug',0,'en',' phuket '),
	(43,'title',0,'en',' phuket '),
	(44,'field',34,'en',''),
	(44,'field',43,'en',''),
	(44,'filename',0,'en',' product 03 jpg '),
	(44,'extension',0,'en',' jpg '),
	(44,'kind',0,'en',' image '),
	(44,'slug',0,'en',' product 03 '),
	(44,'title',0,'en',' product 03 '),
	(45,'field',4,'en',' lorem ipsum dolor sit amet '),
	(45,'field',1,'en',' lorem ipsum dolor sit amet '),
	(45,'field',46,'en',' phone '),
	(45,'field',45,'en',' https oneplus net '),
	(45,'field',44,'en',''),
	(45,'field',63,'en',' product 03 '),
	(45,'field',64,'en',' 0 '),
	(45,'field',77,'en',' 1 '),
	(45,'field',71,'en',' uber '),
	(45,'field',73,'en',' logo uber '),
	(45,'field',78,'en',''),
	(45,'field',74,'en',''),
	(45,'field',72,'en',''),
	(45,'field',75,'en',''),
	(45,'field',76,'en',''),
	(45,'slug',0,'en',' oneplus 5 '),
	(45,'title',0,'en',' oneplus 5 '),
	(46,'slug',0,'en',' camera '),
	(46,'title',0,'en',' camera '),
	(47,'slug',0,'en',' phone '),
	(47,'title',0,'en',' phone '),
	(48,'filename',0,'en',' 2qifuf jpg '),
	(48,'extension',0,'en',' jpg '),
	(48,'kind',0,'en',' image '),
	(48,'slug',0,'en',' 2q ifu f '),
	(48,'title',0,'en',' 2q ifu f '),
	(49,'field',91,'en',' vodafone '),
	(49,'field',95,'en',' reykjavik iceland '),
	(49,'field',92,'en',' 2017 07 31 '),
	(49,'field',93,'en',' 20 '),
	(49,'field',80,'en',' https wanderbrief com briefs 2qifuf '),
	(49,'field',96,'en',' 2q ifu f '),
	(49,'field',77,'en',' 0 '),
	(49,'field',71,'en',''),
	(49,'field',73,'en',''),
	(49,'field',78,'en',''),
	(49,'field',72,'en',''),
	(49,'field',74,'en',''),
	(49,'field',75,'en',''),
	(49,'field',76,'en',''),
	(49,'slug',0,'en',' graphic designer '),
	(49,'title',0,'en',' graphic designer '),
	(2,'field',97,'en',' graphic designer motion designer video producer '),
	(50,'filename',0,'en',' 1tzpgr jpg '),
	(50,'extension',0,'en',' jpg '),
	(50,'kind',0,'en',' image '),
	(50,'slug',0,'en',' 1tzp gr '),
	(50,'title',0,'en',' 1tzp gr '),
	(51,'field',91,'en',' porsche hq '),
	(51,'field',95,'en',' stuttgart germany '),
	(51,'field',92,'en',' 2017 07 02 '),
	(51,'field',93,'en',' 11 '),
	(51,'field',80,'en',' https wanderbrief com briefs 1tzpgr '),
	(51,'field',96,'en',' 1tzp gr '),
	(51,'field',77,'en',' 0 '),
	(51,'field',71,'en',''),
	(51,'field',73,'en',''),
	(51,'field',78,'en',''),
	(51,'field',72,'en',''),
	(51,'field',74,'en',''),
	(51,'field',75,'en',''),
	(51,'field',76,'en',''),
	(51,'slug',0,'en',' motion graphic designer '),
	(51,'title',0,'en',' motion designer '),
	(52,'filename',0,'en',' z2q31u2 jpg '),
	(52,'extension',0,'en',' jpg '),
	(52,'kind',0,'en',' image '),
	(52,'slug',0,'en',' z2q31u2 '),
	(52,'title',0,'en',' z2q31u2 '),
	(53,'field',91,'en',' hi usa '),
	(53,'field',95,'en',' chicago united states '),
	(53,'field',92,'en',' 2017 09 13 '),
	(53,'field',93,'en',' 14 '),
	(53,'field',80,'en',' https wanderbrief com briefs z2q31u2 '),
	(53,'field',96,'en',' z2q31u2 '),
	(53,'field',77,'en',' 0 '),
	(53,'field',71,'en',''),
	(53,'field',73,'en',''),
	(53,'field',78,'en',''),
	(53,'field',72,'en',''),
	(53,'field',74,'en',''),
	(53,'field',75,'en',''),
	(53,'field',76,'en',''),
	(53,'slug',0,'en',' video producer '),
	(53,'title',0,'en',' video producer '),
	(5,'field',77,'en',' 1 '),
	(54,'field',1,'en',''),
	(54,'field',34,'en',''),
	(54,'field',43,'en',''),
	(54,'filename',0,'en',' bag jpg '),
	(54,'extension',0,'en',' jpg '),
	(54,'kind',0,'en',' image '),
	(54,'slug',0,'en',' bag '),
	(54,'title',0,'en',' bag '),
	(55,'field',4,'en',' lorem ipsum '),
	(55,'field',1,'en',' lorem ipsum '),
	(55,'field',46,'en',''),
	(55,'field',45,'en',''),
	(55,'field',44,'en',''),
	(55,'field',63,'en',' todd glaser packing list 4 '),
	(55,'field',64,'en',' 1 '),
	(55,'field',77,'en',' 1 '),
	(55,'field',71,'en',' uber '),
	(55,'field',73,'en',' logo uber '),
	(55,'field',78,'en',''),
	(55,'field',74,'en',''),
	(55,'field',72,'en',''),
	(55,'field',75,'en',''),
	(55,'field',76,'en',''),
	(55,'slug',0,'en',' monthly gears selection '),
	(55,'title',0,'en',' monthly essentials selection '),
	(56,'field',1,'en',''),
	(56,'field',34,'en',''),
	(56,'field',43,'en',''),
	(56,'filename',0,'en',' unpacked jpg '),
	(56,'extension',0,'en',' jpg '),
	(56,'kind',0,'en',' image '),
	(56,'slug',0,'en',' unpacked '),
	(56,'title',0,'en',' unpacked '),
	(57,'field',1,'en',''),
	(57,'field',34,'en',''),
	(57,'field',43,'en',''),
	(57,'filename',0,'en',' todd glaser packing list 4 jpg '),
	(57,'extension',0,'en',' jpg '),
	(57,'kind',0,'en',' image '),
	(57,'slug',0,'en',' todd glaser packing list 4 '),
	(57,'title',0,'en',' todd glaser packing list 4 '),
	(5,'field',71,'en',' uber '),
	(5,'field',73,'en',' logo uber '),
	(5,'field',78,'en',''),
	(5,'field',74,'en',' bla bla bla '),
	(5,'field',72,'en',''),
	(5,'field',75,'en',''),
	(5,'field',76,'en',''),
	(58,'slug',0,'en',' cities '),
	(58,'title',0,'en',' cities '),
	(58,'field',35,'en',' john towner 117301 min '),
	(58,'field',89,'en',' top cities '),
	(59,'field',1,'en',''),
	(59,'field',34,'en',''),
	(59,'field',43,'en',''),
	(59,'filename',0,'en',' john towner 117301 min jpg '),
	(59,'extension',0,'en',' jpg '),
	(59,'kind',0,'en',' image '),
	(59,'slug',0,'en',' john towner 117301 min '),
	(59,'title',0,'en',' john towner 117301 min '),
	(60,'field',1,'en',''),
	(60,'field',34,'en',''),
	(60,'field',43,'en',''),
	(60,'filename',0,'en',' noah silliman 155839 min jpg '),
	(60,'extension',0,'en',' jpg '),
	(60,'kind',0,'en',' image '),
	(60,'slug',0,'en',' noah silliman 155839 min '),
	(60,'title',0,'en',' noah silliman 155839 min '),
	(61,'field',1,'en',''),
	(61,'field',34,'en',''),
	(61,'field',43,'en',''),
	(61,'filename',0,'en',' annie spratt 126510 min jpg '),
	(61,'extension',0,'en',' jpg '),
	(61,'kind',0,'en',' image '),
	(61,'slug',0,'en',' annie spratt 126510 min '),
	(61,'title',0,'en',' annie spratt 126510 min '),
	(62,'field',1,'en',''),
	(62,'field',34,'en',''),
	(62,'field',43,'en',''),
	(62,'filename',0,'en',' vadim sherbakov 41909 min jpg '),
	(62,'extension',0,'en',' jpg '),
	(62,'kind',0,'en',' image '),
	(62,'slug',0,'en',' vadim sherbakov 41909 min '),
	(62,'title',0,'en',' vadim sherbakov 41909 min '),
	(63,'field',90,'en',' north america '),
	(63,'field',62,'en',' 1899 '),
	(63,'field',4,'en',' lorem ipsum dolor sit amet '),
	(63,'field',37,'en',' ​lorem ipsum dolor sit amet '),
	(63,'field',38,'en',''),
	(63,'field',10,'en',''),
	(63,'field',64,'en',' 0 '),
	(63,'field',14,'en',''),
	(63,'field',18,'en',' 1 '),
	(63,'field',15,'en',' medium '),
	(63,'field',16,'en',' medium '),
	(63,'field',17,'en',' medium '),
	(63,'field',22,'en',''),
	(63,'field',21,'en',''),
	(63,'field',23,'en',''),
	(63,'field',24,'en',''),
	(63,'field',25,'en',''),
	(63,'field',26,'en',''),
	(63,'field',27,'en',''),
	(63,'field',28,'en',''),
	(63,'field',19,'en',''),
	(63,'field',29,'en',''),
	(63,'field',30,'en',''),
	(63,'field',20,'en',''),
	(63,'field',32,'en',''),
	(63,'field',31,'en',''),
	(63,'field',33,'en',''),
	(63,'field',6,'en',''),
	(63,'field',8,'en',''),
	(63,'field',7,'en',''),
	(63,'field',42,'en',' loved by locals culture artsy '),
	(63,'field',77,'en',' 0 '),
	(63,'field',71,'en',''),
	(63,'field',73,'en',''),
	(63,'field',78,'en',''),
	(63,'field',74,'en',''),
	(63,'field',72,'en',''),
	(63,'field',75,'en',''),
	(63,'field',76,'en',''),
	(63,'field',36,'en',''),
	(63,'field',11,'en',''),
	(63,'field',12,'en',''),
	(63,'slug',0,'en',' new york '),
	(63,'title',0,'en',' new york '),
	(64,'field',1,'en',''),
	(64,'field',34,'en',''),
	(64,'field',43,'en',''),
	(64,'filename',0,'en',' annie spratt 126510 min jpg '),
	(64,'extension',0,'en',' jpg '),
	(64,'kind',0,'en',' image '),
	(64,'slug',0,'en',' annie spratt 126510 min '),
	(64,'title',0,'en',' annie spratt 126510 min '),
	(65,'field',90,'en',' asia '),
	(65,'field',62,'en',' annie spratt 126510 min '),
	(65,'field',4,'en',' lorem ipsum dolor sit amet '),
	(65,'field',37,'en',' ​lorem ipsum dolor sit amet '),
	(65,'field',38,'en',''),
	(65,'field',10,'en',''),
	(65,'field',64,'en',' 0 '),
	(65,'field',14,'en',''),
	(65,'field',18,'en',' 1 '),
	(65,'field',15,'en',' medium '),
	(65,'field',16,'en',' medium '),
	(65,'field',17,'en',' medium '),
	(65,'field',22,'en',''),
	(65,'field',21,'en',''),
	(65,'field',23,'en',''),
	(65,'field',24,'en',''),
	(65,'field',25,'en',''),
	(65,'field',26,'en',''),
	(65,'field',27,'en',''),
	(65,'field',28,'en',''),
	(65,'field',19,'en',''),
	(65,'field',29,'en',''),
	(65,'field',30,'en',''),
	(65,'field',20,'en',''),
	(65,'field',32,'en',''),
	(65,'field',31,'en',''),
	(65,'field',33,'en',''),
	(65,'field',6,'en',''),
	(65,'field',8,'en',''),
	(65,'field',7,'en',''),
	(65,'field',42,'en',' nature famous for food wanderbriefers worthy adventurous '),
	(65,'field',77,'en',' 0 '),
	(65,'field',71,'en',''),
	(65,'field',73,'en',''),
	(65,'field',78,'en',''),
	(65,'field',74,'en',''),
	(65,'field',72,'en',''),
	(65,'field',75,'en',''),
	(65,'field',76,'en',''),
	(65,'field',36,'en',''),
	(65,'field',11,'en',''),
	(65,'field',12,'en',''),
	(65,'slug',0,'en',' da nang '),
	(65,'title',0,'en',' da nang '),
	(66,'name',0,'en',' historic '),
	(66,'slug',0,'en',' historic '),
	(66,'title',0,'en',' historic '),
	(67,'name',0,'en',' loved by locals '),
	(67,'slug',0,'en',' loved by locals '),
	(67,'title',0,'en',' loved by locals '),
	(68,'name',0,'en',' architecture '),
	(68,'slug',0,'en',' architecture '),
	(68,'title',0,'en',' architecture '),
	(69,'slug',0,'en',''),
	(69,'field',98,'en',' https wanderbrief com '),
	(70,'field',1,'en',''),
	(70,'field',34,'en',''),
	(70,'field',43,'en',''),
	(70,'filename',0,'en',' andre benz 250740 min jpg '),
	(70,'extension',0,'en',' jpg '),
	(70,'kind',0,'en',' image '),
	(70,'slug',0,'en',' andre benz 250740 min '),
	(70,'title',0,'en',' andre benz 250740 min '),
	(71,'name',0,'en',' artsy '),
	(71,'slug',0,'en',' artsy '),
	(71,'title',0,'en',' artsy '),
	(72,'field',35,'en',' noah silliman 155839 min '),
	(72,'field',4,'en',' lorem ipsum dolor sit amet '),
	(72,'field',40,'en',' amsterdam '),
	(72,'field',6,'en',' starbucks '),
	(72,'field',8,'en',' cafe parvis '),
	(72,'field',7,'en',''),
	(72,'field',41,'en',' artsy adventurous famous for food '),
	(72,'field',77,'en',' 0 '),
	(72,'field',71,'en',''),
	(72,'field',73,'en',''),
	(72,'field',78,'en',''),
	(72,'field',74,'en',''),
	(72,'field',72,'en',''),
	(72,'field',75,'en',''),
	(72,'field',76,'en',''),
	(72,'field',36,'en',''),
	(72,'field',11,'en',''),
	(72,'field',12,'en',''),
	(72,'field',39,'en',''),
	(72,'slug',0,'en',' west '),
	(72,'title',0,'en',' west '),
	(89,'field',1,'en',''),
	(88,'title',0,'en',' places '),
	(87,'slug',0,'en',' neighborhoods '),
	(87,'title',0,'en',' neighborhoods '),
	(88,'slug',0,'en',' places '),
	(75,'name',0,'en',' wanderbriefers worthy '),
	(75,'slug',0,'en',' wanderbriefers worthy '),
	(75,'title',0,'en',' wanderbriefers worthy '),
	(76,'name',0,'en',' artsy '),
	(76,'slug',0,'en',' artsy '),
	(76,'title',0,'en',' artsy '),
	(77,'name',0,'en',' famous for food '),
	(77,'slug',0,'en',' famous for food '),
	(77,'title',0,'en',' famous for food '),
	(78,'name',0,'en',' party hardy '),
	(78,'slug',0,'en',' party hardy '),
	(78,'title',0,'en',' party hardy '),
	(79,'name',0,'en',' loved by locals '),
	(79,'slug',0,'en',' loved by locals '),
	(79,'title',0,'en',' loved by locals '),
	(80,'name',0,'en',' adventurous '),
	(80,'slug',0,'en',' adventurous '),
	(80,'title',0,'en',' adventurous '),
	(81,'name',0,'en',' culture '),
	(81,'slug',0,'en',' culture '),
	(81,'title',0,'en',' culture '),
	(82,'name',0,'en',' architecture '),
	(82,'slug',0,'en',' architecture '),
	(82,'title',0,'en',' architecture '),
	(83,'name',0,'en',' authentic '),
	(83,'slug',0,'en',' authentic '),
	(83,'title',0,'en',' authentic '),
	(84,'name',0,'en',' adventurous '),
	(84,'slug',0,'en',' adventurous '),
	(84,'title',0,'en',' adventurous '),
	(85,'name',0,'en',' famous for food '),
	(85,'slug',0,'en',' famous for food '),
	(85,'title',0,'en',' famous for food '),
	(86,'field',35,'en',' 2249 '),
	(86,'field',4,'en',' lorem ipsum dolor sit amet '),
	(86,'field',40,'en',' amsterdam '),
	(86,'field',6,'en',''),
	(86,'field',8,'en',' cafe parvis '),
	(86,'field',7,'en',''),
	(86,'field',41,'en',''),
	(86,'field',77,'en',' 0 '),
	(86,'field',71,'en',''),
	(86,'field',73,'en',''),
	(86,'field',78,'en',''),
	(86,'field',74,'en',''),
	(86,'field',72,'en',''),
	(86,'field',75,'en',''),
	(86,'field',76,'en',''),
	(86,'field',36,'en',''),
	(86,'field',11,'en',''),
	(86,'field',12,'en',''),
	(86,'field',39,'en',''),
	(86,'slug',0,'en',' centrum '),
	(86,'title',0,'en',' centrum '),
	(89,'field',34,'en',''),
	(89,'field',43,'en',''),
	(89,'filename',0,'en',' rob bye 66757 min jpg '),
	(89,'extension',0,'en',' jpg '),
	(89,'kind',0,'en',' image '),
	(89,'slug',0,'en',' rob bye 66757 min '),
	(89,'title',0,'en',' rob bye 66757 min '),
	(58,'field',42,'en',' culture loved by locals party hardy authentic artsy adventurous architecture famous for food wanderbriefers worthy nature bucketlist historic '),
	(90,'slug',0,'en',' essentials '),
	(90,'title',0,'en',' essentials '),
	(91,'name',0,'en',' nature '),
	(91,'slug',0,'en',' nature '),
	(91,'title',0,'en',' nature '),
	(92,'name',0,'en',' bucketlist '),
	(92,'slug',0,'en',' bucketlist '),
	(92,'title',0,'en',' bucketlist '),
	(93,'name',0,'en',' historic '),
	(93,'slug',0,'en',' historic '),
	(93,'title',0,'en',' historic ');



# Affichage de la table guide_sections
# ------------------------------------------------------------


CREATE TABLE `guide_sections` (
  `id` int(11) NOT NULL AUTO_INCREMENT,
  `structureId` int(11) DEFAULT NULL,
  `name` varchar(255) COLLATE utf8_unicode_ci NOT NULL,
  `handle` varchar(255) COLLATE utf8_unicode_ci NOT NULL,
  `type` enum('single','channel','structure') COLLATE utf8_unicode_ci NOT NULL DEFAULT 'channel',
  `hasUrls` tinyint(1) unsigned NOT NULL DEFAULT '1',
  `template` varchar(500) COLLATE utf8_unicode_ci DEFAULT NULL,
  `enableVersioning` tinyint(1) unsigned NOT NULL DEFAULT '0',
  `dateCreated` datetime NOT NULL,
  `dateUpdated` datetime NOT NULL,
  `uid` char(36) COLLATE utf8_unicode_ci NOT NULL DEFAULT '0',
  PRIMARY KEY (`id`),
  UNIQUE KEY `guide_sections_name_unq_idx` (`name`),
  UNIQUE KEY `guide_sections_handle_unq_idx` (`handle`),
  KEY `guide_sections_structureId_fk` (`structureId`),
  CONSTRAINT `guide_sections_structureId_fk` FOREIGN KEY (`structureId`) REFERENCES `guide_structures` (`id`) ON DELETE SET NULL
) ENGINE=InnoDB DEFAULT CHARSET=utf8 COLLATE=utf8_unicode_ci;


INSERT INTO `guide_sections` (`id`, `structureId`, `name`, `handle`, `type`, `hasUrls`, `template`, `enableVersioning`, `dateCreated`, `dateUpdated`, `uid`)
VALUES
	(1,NULL,'Homepage','homepage','single',1,'index',1,'2017-06-05 15:46:30','2017-06-05 15:46:30','1550d8ed-4cea-41a0-850a-351bcba7de14'),
	(3,NULL,'Essential','gear','channel',1,'gears/_entry',1,'2017-06-05 15:47:44','2017-06-22 14:31:04','b18d3387-88b8-4671-8c76-7021b0b281eb'),
	(4,NULL,'City','city','channel',1,'cities/_entry',1,'2017-06-05 15:48:17','2017-06-16 13:49:26','8fff3934-df58-4bf1-b419-f91870ccb45b'),
	(5,NULL,'Neighborhood','neighborhood','channel',1,'neighborhoods/_entry',1,'2017-06-05 15:48:51','2017-06-21 14:38:55','d57b85c4-c38d-48bc-9219-d667e6b2b6cf'),
	(6,NULL,'Food place','foodPlace','channel',1,'places/_entry',1,'2017-06-05 16:45:52','2017-06-16 13:49:40','e802250c-a72d-4b26-8515-153746e14935'),
	(7,NULL,'Drink place','drinkPlace','channel',1,'places/_entry',1,'2017-06-05 16:46:19','2017-06-16 13:49:35','61d7550d-e4f5-4f7a-8bb2-c878b89b35fe'),
	(8,NULL,'Working place','workingPlace','channel',1,'places/_entry',1,'2017-06-05 16:47:18','2017-06-16 13:50:00','53c8236e-818a-4db8-8283-4abb7ad5d1b1'),
	(9,NULL,'Living place','livingPlace','channel',1,'places/_entry',1,'2017-06-05 16:47:56','2017-06-16 13:49:51','3ef41bfc-cb33-40fb-83c4-816db58c4cdc'),
	(10,NULL,'Author','author','channel',0,NULL,1,'2017-06-13 20:55:38','2017-06-16 13:49:08','d9fe1460-3d11-4034-8fb8-e184eee601c6'),
	(11,NULL,'Brief','brief','channel',0,NULL,1,'2017-06-15 16:41:29','2017-06-16 13:49:13','20dce902-0875-4374-8f5c-d3602b2b4119'),
	(12,NULL,'Cities','cities','single',1,'cities/index',1,'2017-06-16 13:50:18','2017-06-16 13:50:18','e70d8855-865e-4898-a34d-a6fb479a07fb'),
	(15,NULL,'Neighborhoods','neighborhoods','single',1,'neighborhoods/index',1,'2017-06-22 08:24:54','2017-06-22 08:24:54','97774ad5-2ff5-452f-a4a5-508da82cbf3d'),
	(16,NULL,'Places','places','single',1,'places/index',1,'2017-06-22 08:25:27','2017-06-22 08:25:27','5d0f9e6c-0102-4887-ae35-d9e11f7af21f'),
	(17,NULL,'Essentials','essentials','single',1,'gears/index',1,'2017-06-22 14:32:16','2017-06-22 14:32:16','a5910665-9098-4769-b864-954dc4591478');



# Affichage de la table guide_sections_i18n
# ------------------------------------------------------------


CREATE TABLE `guide_sections_i18n` (
  `id` int(11) NOT NULL AUTO_INCREMENT,
  `sectionId` int(11) NOT NULL,
  `locale` char(12) COLLATE utf8_unicode_ci NOT NULL,
  `enabledByDefault` tinyint(1) unsigned NOT NULL DEFAULT '1',
  `urlFormat` text COLLATE utf8_unicode_ci,
  `nestedUrlFormat` text COLLATE utf8_unicode_ci,
  `dateCreated` datetime NOT NULL,
  `dateUpdated` datetime NOT NULL,
  `uid` char(36) COLLATE utf8_unicode_ci NOT NULL DEFAULT '0',
  PRIMARY KEY (`id`),
  UNIQUE KEY `guide_sections_i18n_sectionId_locale_unq_idx` (`sectionId`,`locale`),
  KEY `guide_sections_i18n_locale_fk` (`locale`),
  CONSTRAINT `guide_sections_i18n_locale_fk` FOREIGN KEY (`locale`) REFERENCES `guide_locales` (`locale`) ON DELETE CASCADE ON UPDATE CASCADE,
  CONSTRAINT `guide_sections_i18n_sectionId_fk` FOREIGN KEY (`sectionId`) REFERENCES `guide_sections` (`id`) ON DELETE CASCADE
) ENGINE=InnoDB DEFAULT CHARSET=utf8 COLLATE=utf8_unicode_ci;


INSERT INTO `guide_sections_i18n` (`id`, `sectionId`, `locale`, `enabledByDefault`, `urlFormat`, `nestedUrlFormat`, `dateCreated`, `dateUpdated`, `uid`)
VALUES
	(1,1,'en',1,'__home__',NULL,'2017-06-05 15:46:30','2017-06-05 15:46:30','ec328f81-4719-4d9d-9b3f-cfc93ca8da83'),
	(3,3,'en',0,'essentials/{slug}',NULL,'2017-06-05 15:47:44','2017-06-22 14:31:04','8ef56370-80da-41ca-9875-6a35b75e580c'),
	(4,4,'en',0,'cities/{slug}',NULL,'2017-06-05 15:48:17','2017-06-05 15:48:17','d7b86bcc-2105-46b5-886f-83177410ba40'),
	(5,5,'en',0,'neighborhoods/{slug}',NULL,'2017-06-05 15:48:51','2017-06-21 14:32:20','a1c13ab8-fecc-4b80-a2a1-ec0637887263'),
	(6,6,'en',1,'places/food/{slug}',NULL,'2017-06-05 16:45:52','2017-06-05 16:45:52','71ea6380-6517-42f6-a48f-d855002ce723'),
	(7,7,'en',0,'places/drink/{slug}',NULL,'2017-06-05 16:46:19','2017-06-05 16:46:19','4bff8845-f9f4-4140-9f40-bdf5a2270561'),
	(8,8,'en',0,'places/working/{slug}',NULL,'2017-06-05 16:47:18','2017-06-05 16:48:06','a1a9149c-9bca-48bd-aabb-e5e5aa29972e'),
	(9,9,'en',0,'places/living/{slug}',NULL,'2017-06-05 16:47:56','2017-06-05 16:47:56','9b11a4b3-06ad-4cba-ab65-602a23ed12f9'),
	(10,10,'en',0,NULL,NULL,'2017-06-13 20:55:38','2017-06-13 20:55:38','2a8add20-9b99-4cef-85b9-8d2650d96a01'),
	(11,11,'en',1,NULL,NULL,'2017-06-15 16:41:29','2017-06-15 16:41:29','1cd36459-7b8c-4f6c-b3a3-56fc39543531'),
	(12,12,'en',1,'cities',NULL,'2017-06-16 13:50:18','2017-06-16 13:50:18','1c787ff9-12dd-47d3-87d1-14e31da1232a'),
	(15,15,'en',1,'neighborhoods',NULL,'2017-06-22 08:24:54','2017-06-22 08:24:54','ca4ae542-ff24-4b0d-b7a6-0f1e920c8ed0'),
	(16,16,'en',1,'places',NULL,'2017-06-22 08:25:27','2017-06-22 08:25:27','ed8870f2-be30-40bd-b443-aaef1436cf42'),
	(17,17,'en',1,'essentials',NULL,'2017-06-22 14:32:16','2017-06-22 14:32:16','779845dc-2a08-42b7-b1f0-cced4c72ca12');



# Affichage de la table guide_shunnedmessages
# ------------------------------------------------------------


CREATE TABLE `guide_shunnedmessages` (
  `id` int(11) NOT NULL AUTO_INCREMENT,
  `userId` int(11) NOT NULL,
  `message` varchar(255) COLLATE utf8_unicode_ci NOT NULL,
  `expiryDate` datetime DEFAULT NULL,
  `dateCreated` datetime NOT NULL,
  `dateUpdated` datetime NOT NULL,
  `uid` char(36) COLLATE utf8_unicode_ci NOT NULL DEFAULT '0',
  PRIMARY KEY (`id`),
  UNIQUE KEY `guide_shunnedmessages_userId_message_unq_idx` (`userId`,`message`),
  CONSTRAINT `guide_shunnedmessages_userId_fk` FOREIGN KEY (`userId`) REFERENCES `guide_users` (`id`) ON DELETE CASCADE
) ENGINE=InnoDB DEFAULT CHARSET=utf8 COLLATE=utf8_unicode_ci;



# Affichage de la table guide_structureelements
# ------------------------------------------------------------


CREATE TABLE `guide_structureelements` (
  `id` int(11) NOT NULL AUTO_INCREMENT,
  `structureId` int(11) NOT NULL,
  `elementId` int(11) DEFAULT NULL,
  `root` int(11) unsigned DEFAULT NULL,
  `lft` int(11) unsigned NOT NULL,
  `rgt` int(11) unsigned NOT NULL,
  `level` smallint(6) unsigned NOT NULL,
  `dateCreated` datetime NOT NULL,
  `dateUpdated` datetime NOT NULL,
  `uid` char(36) COLLATE utf8_unicode_ci NOT NULL DEFAULT '0',
  PRIMARY KEY (`id`),
  UNIQUE KEY `guide_structureelements_structureId_elementId_unq_idx` (`structureId`,`elementId`),
  KEY `guide_structureelements_root_idx` (`root`),
  KEY `guide_structureelements_lft_idx` (`lft`),
  KEY `guide_structureelements_rgt_idx` (`rgt`),
  KEY `guide_structureelements_level_idx` (`level`),
  KEY `guide_structureelements_elementId_fk` (`elementId`),
  CONSTRAINT `guide_structureelements_elementId_fk` FOREIGN KEY (`elementId`) REFERENCES `guide_elements` (`id`) ON DELETE CASCADE,
  CONSTRAINT `guide_structureelements_structureId_fk` FOREIGN KEY (`structureId`) REFERENCES `guide_structures` (`id`) ON DELETE CASCADE
) ENGINE=InnoDB DEFAULT CHARSET=utf8 COLLATE=utf8_unicode_ci;


INSERT INTO `guide_structureelements` (`id`, `structureId`, `elementId`, `root`, `lft`, `rgt`, `level`, `dateCreated`, `dateUpdated`, `uid`)
VALUES
	(1,1,NULL,1,1,6,0,'2017-06-15 15:06:46','2017-06-15 15:06:46','0cec926b-f75d-4070-8a4d-5b38f9ffe5ab'),
	(2,1,46,1,2,3,1,'2017-06-15 15:06:46','2017-06-15 15:06:46','477d5937-d0d2-4b13-8f0e-124c9f648684'),
	(3,1,47,1,4,5,1,'2017-06-15 15:06:53','2017-06-15 15:06:53','4fe52cbd-1397-432c-a4f9-737941d573de');



# Affichage de la table guide_structures
# ------------------------------------------------------------


CREATE TABLE `guide_structures` (
  `id` int(11) NOT NULL AUTO_INCREMENT,
  `maxLevels` smallint(6) unsigned DEFAULT NULL,
  `dateCreated` datetime NOT NULL,
  `dateUpdated` datetime NOT NULL,
  `uid` char(36) COLLATE utf8_unicode_ci NOT NULL DEFAULT '0',
  PRIMARY KEY (`id`)
) ENGINE=InnoDB DEFAULT CHARSET=utf8 COLLATE=utf8_unicode_ci;


INSERT INTO `guide_structures` (`id`, `maxLevels`, `dateCreated`, `dateUpdated`, `uid`)
VALUES
	(1,1,'2017-06-05 18:56:37','2017-06-05 18:56:37','0e13c8c5-e39a-4ac6-a8af-42451a4e36a6');



# Affichage de la table guide_systemsettings
# ------------------------------------------------------------


CREATE TABLE `guide_systemsettings` (
  `id` int(11) NOT NULL AUTO_INCREMENT,
  `category` varchar(15) COLLATE utf8_unicode_ci NOT NULL,
  `settings` text COLLATE utf8_unicode_ci,
  `dateCreated` datetime NOT NULL,
  `dateUpdated` datetime NOT NULL,
  `uid` char(36) COLLATE utf8_unicode_ci NOT NULL DEFAULT '0',
  PRIMARY KEY (`id`),
  UNIQUE KEY `guide_systemsettings_category_unq_idx` (`category`)
) ENGINE=InnoDB DEFAULT CHARSET=utf8 COLLATE=utf8_unicode_ci;


INSERT INTO `guide_systemsettings` (`id`, `category`, `settings`, `dateCreated`, `dateUpdated`, `uid`)
VALUES
	(1,'email','{\"protocol\":\"php\",\"emailAddress\":\"support@wanderbrief.com\",\"senderName\":\"Wanderbrief Guides\"}','2017-06-05 15:46:30','2017-06-13 21:59:18','1fc1811f-87f8-43a7-97ae-6c45c3f9a146');



# Affichage de la table guide_taggroups
# ------------------------------------------------------------


CREATE TABLE `guide_taggroups` (
  `id` int(11) NOT NULL AUTO_INCREMENT,
  `name` varchar(255) COLLATE utf8_unicode_ci NOT NULL,
  `handle` varchar(255) COLLATE utf8_unicode_ci NOT NULL,
  `fieldLayoutId` int(10) DEFAULT NULL,
  `dateCreated` datetime NOT NULL,
  `dateUpdated` datetime NOT NULL,
  `uid` char(36) COLLATE utf8_unicode_ci NOT NULL DEFAULT '0',
  PRIMARY KEY (`id`),
  UNIQUE KEY `guide_taggroups_name_unq_idx` (`name`),
  UNIQUE KEY `guide_taggroups_handle_unq_idx` (`handle`),
  KEY `guide_taggroups_fieldLayoutId_fk` (`fieldLayoutId`),
  CONSTRAINT `guide_taggroups_fieldLayoutId_fk` FOREIGN KEY (`fieldLayoutId`) REFERENCES `guide_fieldlayouts` (`id`) ON DELETE SET NULL
) ENGINE=InnoDB DEFAULT CHARSET=utf8 COLLATE=utf8_unicode_ci;


INSERT INTO `guide_taggroups` (`id`, `name`, `handle`, `fieldLayoutId`, `dateCreated`, `dateUpdated`, `uid`)
VALUES
	(1,'Default','default',1,'2017-06-05 15:46:30','2017-06-05 15:46:30','cf01fa5d-4085-45d6-b503-f87fb69e038e'),
	(2,'Neighborhoods','neighborhoods',28,'2017-06-05 18:47:55','2017-06-05 18:47:55','161840e0-e254-4e0c-84a5-911a2ea12a3c'),
	(3,'Cities','cities',29,'2017-06-05 18:48:02','2017-06-05 18:48:02','d51fad02-b570-4acb-bbef-9233d063f3f5'),
	(4,'Medias','medias',30,'2017-06-05 18:49:48','2017-06-05 18:49:48','373030e8-0508-4aa5-bc53-9a503ec0dbdd'),
	(5,'Places','places',40,'2017-06-05 19:11:01','2017-06-05 19:11:01','18e81320-4ee7-4e49-979b-2df090f6a76f');



# Affichage de la table guide_tags
# ------------------------------------------------------------


CREATE TABLE `guide_tags` (
  `id` int(11) NOT NULL,
  `groupId` int(11) NOT NULL,
  `dateCreated` datetime NOT NULL,
  `dateUpdated` datetime NOT NULL,
  `uid` char(36) COLLATE utf8_unicode_ci NOT NULL DEFAULT '0',
  PRIMARY KEY (`id`),
  KEY `guide_tags_groupId_fk` (`groupId`),
  CONSTRAINT `guide_tags_groupId_fk` FOREIGN KEY (`groupId`) REFERENCES `guide_taggroups` (`id`) ON DELETE CASCADE,
  CONSTRAINT `guide_tags_id_fk` FOREIGN KEY (`id`) REFERENCES `guide_elements` (`id`) ON DELETE CASCADE
) ENGINE=InnoDB DEFAULT CHARSET=utf8 COLLATE=utf8_unicode_ci;


INSERT INTO `guide_tags` (`id`, `groupId`, `dateCreated`, `dateUpdated`, `uid`)
VALUES
	(66,2,'2017-06-21 09:56:36','2017-06-21 09:56:36','45f5cd6f-c111-43ed-9ce3-bcea657ad9e8'),
	(67,2,'2017-06-21 09:56:45','2017-06-21 09:56:45','a05ffcc4-78b3-49f8-a435-1e2dd6e786ef'),
	(68,2,'2017-06-21 09:56:52','2017-06-21 09:56:52','a2dd8c65-ef87-4ee9-b61e-2364a9801b18'),
	(71,2,'2017-06-21 14:10:04','2017-06-21 14:10:04','4c58446a-d78c-4d8d-8a6b-652a44ec02e0'),
	(75,3,'2017-06-21 15:23:17','2017-06-21 15:23:17','eabe9ada-1ac9-4245-9d02-ae4f6d57d662'),
	(76,3,'2017-06-21 15:23:41','2017-06-21 15:23:41','2b065811-45ab-44ae-8388-b283e19f67e4'),
	(77,3,'2017-06-21 15:23:47','2017-06-21 15:23:47','91a7a373-fca2-431c-bc38-38ee48e37f8a'),
	(78,3,'2017-06-21 15:23:52','2017-06-21 15:23:52','d0046f40-b640-44b0-87ef-fb7774b2fe28'),
	(79,3,'2017-06-21 15:24:31','2017-06-21 15:24:31','6bef1a4b-266d-41a2-b490-13b60651c15c'),
	(80,3,'2017-06-21 16:12:48','2017-06-21 16:12:48','27bef014-8979-4c8b-9314-58dccb16d9ed'),
	(81,3,'2017-06-21 16:12:52','2017-06-21 16:12:52','48c007f6-dc13-4e04-ba76-92b52551fdf7'),
	(82,3,'2017-06-21 16:12:59','2017-06-21 16:12:59','8e3c2a6b-72c3-4842-9dff-555338425146'),
	(83,3,'2017-06-21 16:13:04','2017-06-21 16:13:04','d174b6a0-9b0f-460a-a206-25ea9c9fba10'),
	(84,2,'2017-06-21 16:31:25','2017-06-21 16:31:25','5dba7bab-9e94-47c9-b3c6-3b95f0f3dd8d'),
	(85,2,'2017-06-21 16:31:26','2017-06-21 16:31:26','d3bbec8a-4a2b-4cf8-9604-d86f240ee2a0'),
	(91,3,'2017-06-22 14:38:46','2017-06-22 14:38:46','22110321-da5a-45ea-bfc5-4123c9515ba6'),
	(92,3,'2017-06-22 14:38:50','2017-06-22 14:38:50','1366b678-aeb9-490c-96c3-9b5f19ebe63a'),
	(93,3,'2017-06-22 14:39:35','2017-06-22 14:39:35','7110bc85-7d2a-4d3a-b2c7-c9e371dcd2d4');



# Affichage de la table guide_tasks
# ------------------------------------------------------------


CREATE TABLE `guide_tasks` (
  `id` int(11) NOT NULL AUTO_INCREMENT,
  `root` int(11) unsigned DEFAULT NULL,
  `lft` int(11) unsigned NOT NULL,
  `rgt` int(11) unsigned NOT NULL,
  `level` smallint(6) unsigned NOT NULL,
  `currentStep` int(11) unsigned DEFAULT NULL,
  `totalSteps` int(11) unsigned DEFAULT NULL,
  `status` enum('pending','error','running') COLLATE utf8_unicode_ci DEFAULT NULL,
  `type` varchar(150) COLLATE utf8_unicode_ci NOT NULL,
  `description` varchar(255) COLLATE utf8_unicode_ci DEFAULT NULL,
  `settings` mediumtext COLLATE utf8_unicode_ci,
  `dateCreated` datetime NOT NULL,
  `dateUpdated` datetime NOT NULL,
  `uid` char(36) COLLATE utf8_unicode_ci NOT NULL DEFAULT '0',
  PRIMARY KEY (`id`),
  KEY `guide_tasks_root_idx` (`root`),
  KEY `guide_tasks_lft_idx` (`lft`),
  KEY `guide_tasks_rgt_idx` (`rgt`),
  KEY `guide_tasks_level_idx` (`level`)
) ENGINE=InnoDB DEFAULT CHARSET=utf8 COLLATE=utf8_unicode_ci;



# Affichage de la table guide_templatecachecriteria
# ------------------------------------------------------------


CREATE TABLE `guide_templatecachecriteria` (
  `id` int(11) NOT NULL AUTO_INCREMENT,
  `cacheId` int(11) NOT NULL,
  `type` varchar(150) COLLATE utf8_unicode_ci NOT NULL,
  `criteria` text COLLATE utf8_unicode_ci NOT NULL,
  PRIMARY KEY (`id`),
  KEY `guide_templatecachecriteria_cacheId_fk` (`cacheId`),
  KEY `guide_templatecachecriteria_type_idx` (`type`),
  CONSTRAINT `guide_templatecachecriteria_cacheId_fk` FOREIGN KEY (`cacheId`) REFERENCES `guide_templatecaches` (`id`) ON DELETE CASCADE
) ENGINE=InnoDB DEFAULT CHARSET=utf8 COLLATE=utf8_unicode_ci;



# Affichage de la table guide_templatecacheelements
# ------------------------------------------------------------


CREATE TABLE `guide_templatecacheelements` (
  `cacheId` int(11) NOT NULL,
  `elementId` int(11) NOT NULL,
  KEY `guide_templatecacheelements_cacheId_fk` (`cacheId`),
  KEY `guide_templatecacheelements_elementId_fk` (`elementId`),
  CONSTRAINT `guide_templatecacheelements_cacheId_fk` FOREIGN KEY (`cacheId`) REFERENCES `guide_templatecaches` (`id`) ON DELETE CASCADE,
  CONSTRAINT `guide_templatecacheelements_elementId_fk` FOREIGN KEY (`elementId`) REFERENCES `guide_elements` (`id`) ON DELETE CASCADE
) ENGINE=InnoDB DEFAULT CHARSET=utf8 COLLATE=utf8_unicode_ci;



# Affichage de la table guide_templatecaches
# ------------------------------------------------------------


CREATE TABLE `guide_templatecaches` (
  `id` int(11) NOT NULL AUTO_INCREMENT,
  `cacheKey` varchar(255) COLLATE utf8_unicode_ci NOT NULL,
  `locale` char(12) COLLATE utf8_unicode_ci NOT NULL,
  `path` varchar(255) COLLATE utf8_unicode_ci DEFAULT NULL,
  `expiryDate` datetime NOT NULL,
  `body` mediumtext COLLATE utf8_unicode_ci NOT NULL,
  PRIMARY KEY (`id`),
  KEY `guide_templatecaches_expiryDate_cacheKey_locale_path_idx` (`expiryDate`,`cacheKey`,`locale`,`path`),
  KEY `guide_templatecaches_locale_fk` (`locale`),
  CONSTRAINT `guide_templatecaches_locale_fk` FOREIGN KEY (`locale`) REFERENCES `guide_locales` (`locale`) ON DELETE CASCADE ON UPDATE CASCADE
) ENGINE=InnoDB DEFAULT CHARSET=utf8 COLLATE=utf8_unicode_ci;



# Affichage de la table guide_usergroups
# ------------------------------------------------------------


CREATE TABLE `guide_usergroups` (
  `id` int(11) NOT NULL AUTO_INCREMENT,
  `name` varchar(255) COLLATE utf8_unicode_ci NOT NULL,
  `handle` varchar(255) COLLATE utf8_unicode_ci NOT NULL,
  `dateCreated` datetime NOT NULL,
  `dateUpdated` datetime NOT NULL,
  `uid` char(36) COLLATE utf8_unicode_ci NOT NULL DEFAULT '0',
  PRIMARY KEY (`id`),
  UNIQUE KEY `guide_usergroups_name_unq_idx` (`name`),
  UNIQUE KEY `guide_usergroups_handle_unq_idx` (`handle`)
) ENGINE=InnoDB DEFAULT CHARSET=utf8 COLLATE=utf8_unicode_ci;



# Affichage de la table guide_usergroups_users
# ------------------------------------------------------------


CREATE TABLE `guide_usergroups_users` (
  `id` int(11) NOT NULL AUTO_INCREMENT,
  `groupId` int(11) NOT NULL,
  `userId` int(11) NOT NULL,
  `dateCreated` datetime NOT NULL,
  `dateUpdated` datetime NOT NULL,
  `uid` char(36) COLLATE utf8_unicode_ci NOT NULL DEFAULT '0',
  PRIMARY KEY (`id`),
  UNIQUE KEY `guide_usergroups_users_groupId_userId_unq_idx` (`groupId`,`userId`),
  KEY `guide_usergroups_users_userId_fk` (`userId`),
  CONSTRAINT `guide_usergroups_users_groupId_fk` FOREIGN KEY (`groupId`) REFERENCES `guide_usergroups` (`id`) ON DELETE CASCADE,
  CONSTRAINT `guide_usergroups_users_userId_fk` FOREIGN KEY (`userId`) REFERENCES `guide_users` (`id`) ON DELETE CASCADE
) ENGINE=InnoDB DEFAULT CHARSET=utf8 COLLATE=utf8_unicode_ci;



# Affichage de la table guide_userpermissions
# ------------------------------------------------------------


CREATE TABLE `guide_userpermissions` (
  `id` int(11) NOT NULL AUTO_INCREMENT,
  `name` varchar(255) COLLATE utf8_unicode_ci NOT NULL,
  `dateCreated` datetime NOT NULL,
  `dateUpdated` datetime NOT NULL,
  `uid` char(36) COLLATE utf8_unicode_ci NOT NULL DEFAULT '0',
  PRIMARY KEY (`id`),
  UNIQUE KEY `guide_userpermissions_name_unq_idx` (`name`)
) ENGINE=InnoDB DEFAULT CHARSET=utf8 COLLATE=utf8_unicode_ci;



# Affichage de la table guide_userpermissions_usergroups
# ------------------------------------------------------------


CREATE TABLE `guide_userpermissions_usergroups` (
  `id` int(11) NOT NULL AUTO_INCREMENT,
  `permissionId` int(11) NOT NULL,
  `groupId` int(11) NOT NULL,
  `dateCreated` datetime NOT NULL,
  `dateUpdated` datetime NOT NULL,
  `uid` char(36) COLLATE utf8_unicode_ci NOT NULL DEFAULT '0',
  PRIMARY KEY (`id`),
  UNIQUE KEY `guide_userpermissions_usergroups_permissionId_groupId_unq_idx` (`permissionId`,`groupId`),
  KEY `guide_userpermissions_usergroups_groupId_fk` (`groupId`),
  CONSTRAINT `guide_userpermissions_usergroups_groupId_fk` FOREIGN KEY (`groupId`) REFERENCES `guide_usergroups` (`id`) ON DELETE CASCADE,
  CONSTRAINT `guide_userpermissions_usergroups_permissionId_fk` FOREIGN KEY (`permissionId`) REFERENCES `guide_userpermissions` (`id`) ON DELETE CASCADE
) ENGINE=InnoDB DEFAULT CHARSET=utf8 COLLATE=utf8_unicode_ci;



# Affichage de la table guide_userpermissions_users
# ------------------------------------------------------------


CREATE TABLE `guide_userpermissions_users` (
  `id` int(11) NOT NULL AUTO_INCREMENT,
  `permissionId` int(11) NOT NULL,
  `userId` int(11) NOT NULL,
  `dateCreated` datetime NOT NULL,
  `dateUpdated` datetime NOT NULL,
  `uid` char(36) COLLATE utf8_unicode_ci NOT NULL DEFAULT '0',
  PRIMARY KEY (`id`),
  UNIQUE KEY `guide_userpermissions_users_permissionId_userId_unq_idx` (`permissionId`,`userId`),
  KEY `guide_userpermissions_users_userId_fk` (`userId`),
  CONSTRAINT `guide_userpermissions_users_permissionId_fk` FOREIGN KEY (`permissionId`) REFERENCES `guide_userpermissions` (`id`) ON DELETE CASCADE,
  CONSTRAINT `guide_userpermissions_users_userId_fk` FOREIGN KEY (`userId`) REFERENCES `guide_users` (`id`) ON DELETE CASCADE
) ENGINE=InnoDB DEFAULT CHARSET=utf8 COLLATE=utf8_unicode_ci;


# Affichage de la table guide_widgets
# ------------------------------------------------------------


CREATE TABLE `guide_widgets` (
  `id` int(11) NOT NULL AUTO_INCREMENT,
  `userId` int(11) NOT NULL,
  `type` varchar(150) COLLATE utf8_unicode_ci NOT NULL,
  `sortOrder` smallint(6) unsigned DEFAULT NULL,
  `colspan` tinyint(4) unsigned DEFAULT NULL,
  `settings` text COLLATE utf8_unicode_ci,
  `enabled` tinyint(1) unsigned NOT NULL DEFAULT '1',
  `dateCreated` datetime NOT NULL,
  `dateUpdated` datetime NOT NULL,
  `uid` char(36) COLLATE utf8_unicode_ci NOT NULL DEFAULT '0',
  PRIMARY KEY (`id`),
  KEY `guide_widgets_userId_fk` (`userId`),
  CONSTRAINT `guide_widgets_userId_fk` FOREIGN KEY (`userId`) REFERENCES `guide_users` (`id`) ON DELETE CASCADE
) ENGINE=InnoDB DEFAULT CHARSET=utf8 COLLATE=utf8_unicode_ci;


INSERT INTO `guide_widgets` (`id`, `userId`, `type`, `sortOrder`, `colspan`, `settings`, `enabled`, `dateCreated`, `dateUpdated`, `uid`)
VALUES
	(1,1,'RecentEntries',2,4,'{\"section\":\"*\",\"limit\":\"12\"}',1,'2017-06-05 15:46:34','2017-06-06 18:20:06','6adbe497-fe2f-4b08-aca6-73a8c7b1b8cb'),
	(2,1,'GetHelp',3,4,NULL,0,'2017-06-05 15:46:34','2017-06-06 18:19:40','c051b884-2e81-4cda-89cb-06189d5615bf'),
	(3,1,'Updates',1,4,NULL,1,'2017-06-05 15:46:34','2017-06-05 19:39:16','82331f73-298c-4523-8ec8-5ceebbfd12fa'),
	(4,1,'Feed',4,NULL,'{\"url\":\"https:\\/\\/craftcms.com\\/news.rss\",\"title\":\"Craft News\"}',0,'2017-06-05 15:46:34','2017-06-05 19:38:53','851e38d2-e071-414d-86f3-d36a480543b1');




